Jul 28 11:16:45.187317 n-d-851359-1 devstack@placement-api.service[105372]: DEBUG placement.requestlog [req-ffc9692c-d7e0-4fae-ad0a-ba3a0079f173 req-0087ca47-0be6-4017-9a71-09461f99f59c None None] Starting request: 10.222.0.81 "GET /placement/allocations/f7abfb09-60d4-40db-8abb-9b16c0367757" {{(pid=105372) __call__ /opt/stack/placement/placement/requestlog.py:55}}
Jul 28 11:16:45.206210 n-d-851359-1 devstack@placement-api.service[105372]: INFO placement.requestlog [req-ffc9692c-d7e0-4fae-ad0a-ba3a0079f173 req-0087ca47-0be6-4017-9a71-09461f99f59c service placement] 10.222.0.81 "GET /placement/allocations/f7abfb09-60d4-40db-8abb-9b16c0367757" status: 200 len: 259 microversion: 1.28
Jul 28 11:16:45.207339 n-d-851359-1 devstack@placement-api.service[105372]: [pid: 105372|app: 0|req: 152/309] 10.222.0.81 () {60 vars in 1377 bytes} [Thu Jul 28 11:16:45 2022] GET /placement/allocations/f7abfb09-60d4-40db-8abb-9b16c0367757 => generated 259 bytes in 21 msecs (HTTP/1.1 200) 8 headers in 296 bytes (2 switches on core 0)
Jul 28 11:16:46.387098 n-d-851359-1 devstack@placement-api.service[105371]: DEBUG placement.requestlog [req-43c88bae-2fc8-41f2-b3c2-b14510bbb9f1 req-8127b691-877d-46ff-81f6-061bca788be4 None None] Starting request: 10.222.0.81 "DELETE /placement/allocations/23ee238e-7d86-4820-8d99-9a82979961e7" {{(pid=105371) __call__ /opt/stack/placement/placement/requestlog.py:55}}
Jul 28 11:16:46.485866 n-d-851359-1 devstack@placement-api.service[105371]: DEBUG placement.handlers.allocation [req-43c88bae-2fc8-41f2-b3c2-b14510bbb9f1 req-8127b691-877d-46ff-81f6-061bca788be4 service placement] Successfully deleted allocations [, , ] {{(pid=105371) delete_allocations /opt/stack/placement/placement/handlers/allocation.py:627}}
Jul 28 11:16:46.486491 n-d-851359-1 devstack@placement-api.service[105371]: INFO placement.requestlog [req-43c88bae-2fc8-41f2-b3c2-b14510bbb9f1 req-8127b691-877d-46ff-81f6-061bca788be4 service placement] 10.222.0.81 "DELETE /placement/allocations/23ee238e-7d86-4820-8d99-9a82979961e7" status: 204 len: 0 microversion: 1.0
Jul 28 11:16:46.487070 n-d-851359-1 devstack@placement-api.service[105371]: [pid: 105371|app: 0|req: 158/310] 10.222.0.81 () {60 vars in 1355 bytes} [Thu Jul 28 11:16:46 2022] DELETE /placement/allocations/23ee238e-7d86-4820-8d99-9a82979961e7 => generated 0 bytes in 101 msecs (HTTP/1.1 204) 5 headers in 198 bytes (1 switches on core 0)
Jul 28 11:16:46.788888 n-d-851359-1 devstack@placement-api.service[105372]: DEBUG placement.requestlog [req-67a4671e-87e2-4c73-9958-686bb849c0d1 req-64737bfd-ba56-43d8-933f-7d406b0c6ab0 None None] Starting request: 10.222.0.81 "DELETE /placement/allocations/ea341915-1a45-48a2-ae9e-4a36358446be" {{(pid=105372) __call__ /opt/stack/placement/placement/requestlog.py:55}}
Jul 28 11:16:46.860980 n-d-851359-1 devstack@placement-api.service[105371]: DEBUG placement.requestlog [req-b57b25b5-f41a-4491-ad19-e068eaaa874b req-07e07f8e-20bf-4fff-9198-eb28f482ebb5 None None] Starting request: 10.222.0.20 "DELETE /placement/allocations/e3af6826-f8d5-4c60-8c88-f4e98800d41b" {{(pid=105371) __call__ /opt/stack/placement/placement/requestlog.py:55}}
Jul 28 11:16:46.869101 n-d-851359-1 devstack@placement-api.service[105372]: DEBUG placement.handlers.allocation [req-67a4671e-87e2-4c73-9958-686bb849c0d1 req-64737bfd-ba56-43d8-933f-7d406b0c6ab0 service placement] Successfully deleted allocations [, , ] {{(pid=105372) delete_allocations /opt/stack/placement/placement/handlers/allocation.py:627}}
Jul 28 11:16:46.869610 n-d-851359-1 devstack@placement-api.service[105372]: INFO placement.requestlog [req-67a4671e-87e2-4c73-9958-686bb849c0d1 req-64737bfd-ba56-43d8-933f-7d406b0c6ab0 service placement] 10.222.0.81 "DELETE /placement/allocations/ea341915-1a45-48a2-ae9e-4a36358446be" status: 204 len: 0 microversion: 1.0
Jul 28 11:16:46.877619 n-d-851359-1 devstack@placement-api.service[105372]: [pid: 105372|app: 0|req: 153/311] 10.222.0.81 () {60 vars in 1355 bytes} [Thu Jul 28 11:16:46 2022] DELETE /placement/allocations/ea341915-1a45-48a2-ae9e-4a36358446be => generated 0 bytes in 89 msecs (HTTP/1.1 204) 5 headers in 198 bytes (1 switches on core 0)
Jul 28 11:16:46.919953 n-d-851359-1 devstack@placement-api.service[105371]: DEBUG placement.handlers.allocation [req-b57b25b5-f41a-4491-ad19-e068eaaa874b req-07e07f8e-20bf-4fff-9198-eb28f482ebb5 service placement] Successfully deleted allocations [, , ] {{(pid=105371) delete_allocations /opt/stack/placement/placement/handlers/allocation.py:627}}
Jul 28 11:16:46.920225 n-d-851359-1 devstack@placement-api.service[105371]: INFO placement.requestlog [req-b57b25b5-f41a-4491-ad19-e068eaaa874b req-07e07f8e-20bf-4fff-9198-eb28f482ebb5 service placement] 10.222.0.20 "DELETE /placement/allocations/e3af6826-f8d5-4c60-8c88-f4e98800d41b" status: 204 len: 0 microversion: 1.0
Jul 28 11:16:46.920500 n-d-851359-1 devstack@placement-api.service[105371]: [pid: 105371|app: 0|req: 159/312] 10.222.0.20 () {60 vars in 1355 bytes} [Thu Jul 28 11:16:46 2022] DELETE /placement/allocations/e3af6826-f8d5-4c60-8c88-f4e98800d41b => generated 0 bytes in 60 msecs (HTTP/1.1 204) 5 headers in 198 bytes (1 switches on core 0)
Jul 28 11:16:51.106509 n-d-851359-1 devstack@placement-api.service[105372]: DEBUG placement.requestlog [req-02a0313a-bfdf-4785-9805-28080f8af77e req-70091803-f0fd-4df6-b343-3132824797e8 None None] Starting request: 10.222.0.20 "DELETE /placement/allocations/10d21814-d648-458e-9cf2-f1378bb9ffc9" {{(pid=105372) __call__ /opt/stack/placement/placement/requestlog.py:55}}
Jul 28 11:16:51.140440 n-d-851359-1 devstack@placement-api.service[105372]: DEBUG placement.handlers.allocation [req-02a0313a-bfdf-4785-9805-28080f8af77e req-70091803-f0fd-4df6-b343-3132824797e8 service placement] Successfully deleted allocations [, , ] {{(pid=105372) delete_allocations /opt/stack/placement/placement/handlers/allocation.py:627}}
Jul 28 11:16:51.141402 n-d-851359-1 devstack@placement-api.service[105372]: INFO placement.requestlog [req-02a0313a-bfdf-4785-9805-28080f8af77e req-70091803-f0fd-4df6-b343-3132824797e8 service placement] 10.222.0.20 "DELETE /placement/allocations/10d21814-d648-458e-9cf2-f1378bb9ffc9" status: 204 len: 0 microversion: 1.0
Jul 28 11:16:51.142236 n-d-851359-1 devstack@placement-api.service[105372]: [pid: 105372|app: 0|req: 154/313] 10.222.0.20 () {60 vars in 1355 bytes} [Thu Jul 28 11:16:51 2022] DELETE /placement/allocations/10d21814-d648-458e-9cf2-f1378bb9ffc9 => generated 0 bytes in 36 msecs (HTTP/1.1 204) 5 headers in 198 bytes (1 switches on core 0)
Jul 28 11:16:55.995179 n-d-851359-1 devstack@placement-api.service[105371]: DEBUG placement.requestlog [None req-bae4bdb9-6f7a-4350-a6b9-e9b9fc9e6767 None None] Starting request: 10.222.0.60 "GET /placement/resource_providers/10eb06d6-508a-4e79-8c83-9d6791c11154/aggregates" {{(pid=105371) __call__ /opt/stack/placement/placement/requestlog.py:55}}
Jul 28 11:16:56.106144 n-d-851359-1 devstack@placement-api.service[105371]: INFO placement.requestlog [None req-bae4bdb9-6f7a-4350-a6b9-e9b9fc9e6767 service placement] 10.222.0.60 "GET /placement/resource_providers/10eb06d6-508a-4e79-8c83-9d6791c11154/aggregates" status: 404 len: 235 microversion: 1.1
Jul 28 11:16:56.114784 n-d-851359-1 devstack@placement-api.service[105372]: DEBUG placement.requestlog [None req-15403a67-970a-49ec-8df3-4d822bef4f5d None None] Starting request: 10.222.0.60 "DELETE /placement/resource_providers/10eb06d6-508a-4e79-8c83-9d6791c11154" {{(pid=105372) __call__ /opt/stack/placement/placement/requestlog.py:55}}
Jul 28 11:16:56.124562 n-d-851359-1 devstack@placement-api.service[105371]: [pid: 105371|app: 0|req: 160/314] 10.222.0.60 () {58 vars in 1362 bytes} [Thu Jul 28 11:16:55 2022] GET /placement/resource_providers/10eb06d6-508a-4e79-8c83-9d6791c11154/aggregates => generated 235 bytes in 119 msecs (HTTP/1.1 404) 5 headers in 202 bytes (2 switches on core 0)
Jul 28 11:16:56.126756 n-d-851359-1 devstack@placement-api.service[105372]: DEBUG placement.wsgi_wrapper [None req-15403a67-970a-49ec-8df3-4d822bef4f5d service placement] Placement API returning an error response: No resource provider with uuid 10eb06d6-508a-4e79-8c83-9d6791c11154 found for delete {{(pid=105372) call_func /opt/stack/placement/placement/wsgi_wrapper.py:31}}
Jul 28 11:16:56.134607 n-d-851359-1 devstack@placement-api.service[105372]: INFO placement.requestlog [None req-15403a67-970a-49ec-8df3-4d822bef4f5d service placement] 10.222.0.60 "DELETE /placement/resource_providers/10eb06d6-508a-4e79-8c83-9d6791c11154" status: 404 len: 246 microversion: 1.1
Jul 28 11:16:56.136645 n-d-851359-1 devstack@placement-api.service[105372]: [pid: 105372|app: 0|req: 155/315] 10.222.0.60 () {60 vars in 1351 bytes} [Thu Jul 28 11:16:56 2022] DELETE /placement/resource_providers/10eb06d6-508a-4e79-8c83-9d6791c11154 => generated 246 bytes in 22 msecs (HTTP/1.1 404) 6 headers in 231 bytes (1 switches on core 0)
Jul 28 11:17:00.223118 n-d-851359-1 devstack@placement-api.service[105371]: DEBUG placement.requestlog [req-143eb102-cc9c-4ef4-84de-cc89ce8483d7 req-a91c240c-6af3-423a-99f7-9b4e53741139 None None] Starting request: 10.222.0.81 "GET /placement/allocations/ae5ffe5d-c877-407c-a642-dfa210ab5bbb" {{(pid=105371) __call__ /opt/stack/placement/placement/requestlog.py:55}}
Jul 28 11:17:00.265700 n-d-851359-1 devstack@placement-api.service[105371]: INFO placement.requestlog [req-143eb102-cc9c-4ef4-84de-cc89ce8483d7 req-a91c240c-6af3-423a-99f7-9b4e53741139 service placement] 10.222.0.81 "GET /placement/allocations/ae5ffe5d-c877-407c-a642-dfa210ab5bbb" status: 200 len: 258 microversion: 1.28
Jul 28 11:17:00.268901 n-d-851359-1 devstack@placement-api.service[105371]: [pid: 105371|app: 0|req: 161/316] 10.222.0.81 () {60 vars in 1377 bytes} [Thu Jul 28 11:17:00 2022] GET /placement/allocations/ae5ffe5d-c877-407c-a642-dfa210ab5bbb => generated 258 bytes in 46 msecs (HTTP/1.1 200) 8 headers in 296 bytes (1 switches on core 0)
Jul 28 11:17:00.902038 n-d-851359-1 devstack@placement-api.service[105372]: DEBUG placement.requestlog [req-172f4bd5-8259-4a1c-be63-25411441160e req-fe5e354d-8500-43e3-b64a-2e103f4c798a None None] Starting request: 10.222.0.20 "DELETE /placement/allocations/f2b20527-c120-4951-9b58-fbf8fecc5a70" {{(pid=105372) __call__ /opt/stack/placement/placement/requestlog.py:55}}
Jul 28 11:17:00.910286 n-d-851359-1 devstack@placement-api.service[105372]: DEBUG dbcounter [-] [105372] Writing DB stats placement:DELETE=11,placement:SELECT=64,placement:INSERT=4,placement:UPDATE=3 {{(pid=105372) stat_writer /usr/local/lib/python3.8/dist-packages/dbcounter.py:114}}
Jul 28 11:17:00.940401 n-d-851359-1 devstack@placement-api.service[105372]: DEBUG placement.handlers.allocation [req-172f4bd5-8259-4a1c-be63-25411441160e req-fe5e354d-8500-43e3-b64a-2e103f4c798a service placement] Successfully deleted allocations [, , ] {{(pid=105372) delete_allocations /opt/stack/placement/placement/handlers/allocation.py:627}}
Jul 28 11:17:00.941643 n-d-851359-1 devstack@placement-api.service[105372]: INFO placement.requestlog [req-172f4bd5-8259-4a1c-be63-25411441160e req-fe5e354d-8500-43e3-b64a-2e103f4c798a service placement] 10.222.0.20 "DELETE /placement/allocations/f2b20527-c120-4951-9b58-fbf8fecc5a70" status: 204 len: 0 microversion: 1.0
Jul 28 11:17:00.942642 n-d-851359-1 devstack@placement-api.service[105372]: [pid: 105372|app: 0|req: 156/317] 10.222.0.20 () {60 vars in 1355 bytes} [Thu Jul 28 11:17:00 2022] DELETE /placement/allocations/f2b20527-c120-4951-9b58-fbf8fecc5a70 => generated 0 bytes in 41 msecs (HTTP/1.1 204) 5 headers in 198 bytes (2 switches on core 0)
Jul 28 11:17:01.746669 n-d-851359-1 devstack@placement-api.service[105371]: DEBUG placement.requestlog [None req-1b2c6880-2511-4924-bd09-12104b2c0fd5 None None] Starting request: 10.222.0.60 "GET /placement/resource_providers/57ee3780-4c0d-4988-b9de-d6793db514e3/aggregates" {{(pid=105371) __call__ /opt/stack/placement/placement/requestlog.py:55}}
Jul 28 11:17:01.763494 n-d-851359-1 devstack@placement-api.service[105371]: INFO placement.requestlog [None req-1b2c6880-2511-4924-bd09-12104b2c0fd5 service placement] 10.222.0.60 "GET /placement/resource_providers/57ee3780-4c0d-4988-b9de-d6793db514e3/aggregates" status: 404 len: 235 microversion: 1.1
Jul 28 11:17:01.765067 n-d-851359-1 devstack@placement-api.service[105371]: [pid: 105371|app: 0|req: 162/318] 10.222.0.60 () {58 vars in 1362 bytes} [Thu Jul 28 11:17:01 2022] GET /placement/resource_providers/57ee3780-4c0d-4988-b9de-d6793db514e3/aggregates => generated 235 bytes in 18 msecs (HTTP/1.1 404) 5 headers in 202 bytes (1 switches on core 0)
Jul 28 11:17:01.828800 n-d-851359-1 devstack@placement-api.service[105372]: DEBUG placement.requestlog [None req-1a89d066-b24a-4a42-8fc1-40ec2ecdb29b None None] Starting request: 10.222.0.60 "DELETE /placement/resource_providers/57ee3780-4c0d-4988-b9de-d6793db514e3" {{(pid=105372) __call__ /opt/stack/placement/placement/requestlog.py:55}}
Jul 28 11:17:01.847126 n-d-851359-1 devstack@placement-api.service[105372]: DEBUG placement.wsgi_wrapper [None req-1a89d066-b24a-4a42-8fc1-40ec2ecdb29b service placement] Placement API returning an error response: No resource provider with uuid 57ee3780-4c0d-4988-b9de-d6793db514e3 found for delete {{(pid=105372) call_func /opt/stack/placement/placement/wsgi_wrapper.py:31}}
Jul 28 11:17:01.852251 n-d-851359-1 devstack@placement-api.service[105372]: INFO placement.requestlog [None req-1a89d066-b24a-4a42-8fc1-40ec2ecdb29b service placement] 10.222.0.60 "DELETE /placement/resource_providers/57ee3780-4c0d-4988-b9de-d6793db514e3" status: 404 len: 246 microversion: 1.1
Jul 28 11:17:01.852946 n-d-851359-1 devstack@placement-api.service[105372]: [pid: 105372|app: 0|req: 157/319] 10.222.0.60 () {60 vars in 1351 bytes} [Thu Jul 28 11:17:01 2022] DELETE /placement/resource_providers/57ee3780-4c0d-4988-b9de-d6793db514e3 => generated 246 bytes in 24 msecs (HTTP/1.1 404) 6 headers in 231 bytes (1 switches on core 0)
Jul 28 11:17:11.759185 n-d-851359-1 devstack@placement-api.service[105371]: DEBUG dbcounter [-] [105371] Writing DB stats placement:SELECT=55,placement:DELETE=8,placement:INSERT=6,placement:UPDATE=2 {{(pid=105371) stat_writer /usr/local/lib/python3.8/dist-packages/dbcounter.py:114}}
Jul 28 11:17:11.850704 n-d-851359-1 devstack@placement-api.service[105372]: DEBUG dbcounter [-] [105372] Writing DB stats placement:SELECT=8,placement:DELETE=2 {{(pid=105372) stat_writer /usr/local/lib/python3.8/dist-packages/dbcounter.py:114}}
Jul 28 11:17:12.399505 n-d-851359-1 devstack@placement-api.service[105371]: DEBUG placement.requestlog [req-aff4ae8e-b012-4d3c-b3de-b53805088f28 req-48f6fcbd-3c86-4029-a355-6da4870b712a None None] Starting request: 10.222.0.20 "GET /placement/resource_providers/60e6c54d-d029-477b-95ef-1d18b15777c8/allocations" {{(pid=105371) __call__ /opt/stack/placement/placement/requestlog.py:55}}
Jul 28 11:17:12.463483 n-d-851359-1 devstack@placement-api.service[105371]: INFO placement.requestlog [req-aff4ae8e-b012-4d3c-b3de-b53805088f28 req-48f6fcbd-3c86-4029-a355-6da4870b712a service placement] 10.222.0.20 "GET /placement/resource_providers/60e6c54d-d029-477b-95ef-1d18b15777c8/allocations" status: 200 len: 457 microversion: 1.0
Jul 28 11:17:12.464105 n-d-851359-1 devstack@placement-api.service[105371]: [pid: 105371|app: 0|req: 163/320] 10.222.0.20 () {58 vars in 1390 bytes} [Thu Jul 28 11:17:12 2022] GET /placement/resource_providers/60e6c54d-d029-477b-95ef-1d18b15777c8/allocations => generated 457 bytes in 65 msecs (HTTP/1.1 200) 6 headers in 224 bytes (1 switches on core 0)
Jul 28 11:17:12.897028 n-d-851359-1 devstack@placement-api.service[105372]: DEBUG placement.requestlog [req-03ceda4e-378d-42e7-b89e-1a966bf96d0f req-684a9407-5e32-4c58-ba63-888bca2a21a3 None None] Starting request: 10.222.0.60 "GET /placement/allocation_candidates?limit=1000&resources=DISK_GB%3A1%2CMEMORY_MB%3A1024%2CVCPU%3A1&root_required=%21COMPUTE_STATUS_DISABLED" {{(pid=105372) __call__ /opt/stack/placement/placement/requestlog.py:55}}
Jul 28 11:17:13.016048 n-d-851359-1 devstack@placement-api.service[105372]: DEBUG placement.objects.research_context [req-03ceda4e-378d-42e7-b89e-1a966bf96d0f req-684a9407-5e32-4c58-ba63-888bca2a21a3 service placement] getting providers with 1 DISK_GB {{(pid=105372) __init__ /opt/stack/placement/placement/objects/research_context.py:136}}
Jul 28 11:17:13.030799 n-d-851359-1 devstack@placement-api.service[105372]: DEBUG placement.objects.research_context [req-03ceda4e-378d-42e7-b89e-1a966bf96d0f req-684a9407-5e32-4c58-ba63-888bca2a21a3 service placement] getting providers with 1024 MEMORY_MB {{(pid=105372) __init__ /opt/stack/placement/placement/objects/research_context.py:136}}
Jul 28 11:17:13.038653 n-d-851359-1 devstack@placement-api.service[105372]: DEBUG placement.objects.research_context [req-03ceda4e-378d-42e7-b89e-1a966bf96d0f req-684a9407-5e32-4c58-ba63-888bca2a21a3 service placement] getting providers with 1 VCPU {{(pid=105372) __init__ /opt/stack/placement/placement/objects/research_context.py:136}}
Jul 28 11:17:13.047345 n-d-851359-1 devstack@placement-api.service[105372]: DEBUG placement.objects.research_context [req-03ceda4e-378d-42e7-b89e-1a966bf96d0f req-684a9407-5e32-4c58-ba63-888bca2a21a3 service placement] found 2 providers with available 1 DISK_GB {{(pid=105372) get_provider_ids_matching /opt/stack/placement/placement/objects/research_context.py:563}}
Jul 28 11:17:13.047832 n-d-851359-1 devstack@placement-api.service[105372]: DEBUG placement.objects.research_context [req-03ceda4e-378d-42e7-b89e-1a966bf96d0f req-684a9407-5e32-4c58-ba63-888bca2a21a3 service placement] found 2 providers with available 1024 MEMORY_MB {{(pid=105372) get_provider_ids_matching /opt/stack/placement/placement/objects/research_context.py:563}}
Jul 28 11:17:13.048356 n-d-851359-1 devstack@placement-api.service[105372]: DEBUG placement.objects.research_context [req-03ceda4e-378d-42e7-b89e-1a966bf96d0f req-684a9407-5e32-4c58-ba63-888bca2a21a3 service placement] found 2 providers after filtering by previous result {{(pid=105372) get_provider_ids_matching /opt/stack/placement/placement/objects/research_context.py:594}}
Jul 28 11:17:13.048793 n-d-851359-1 devstack@placement-api.service[105372]: DEBUG placement.objects.research_context [req-03ceda4e-378d-42e7-b89e-1a966bf96d0f req-684a9407-5e32-4c58-ba63-888bca2a21a3 service placement] found 2 providers with available 1 VCPU {{(pid=105372) get_provider_ids_matching /opt/stack/placement/placement/objects/research_context.py:563}}
Jul 28 11:17:13.049514 n-d-851359-1 devstack@placement-api.service[105372]: DEBUG placement.objects.research_context [req-03ceda4e-378d-42e7-b89e-1a966bf96d0f req-684a9407-5e32-4c58-ba63-888bca2a21a3 service placement] found 2 providers after filtering by previous result {{(pid=105372) get_provider_ids_matching /opt/stack/placement/placement/objects/research_context.py:594}}
Jul 28 11:17:13.065448 n-d-851359-1 devstack@placement-api.service[105372]: DEBUG placement.objects.allocation_candidate [req-03ceda4e-378d-42e7-b89e-1a966bf96d0f req-684a9407-5e32-4c58-ba63-888bca2a21a3 service placement] RequestGroup(use_same_provider=False, resources={DISK_GB:1, MEMORY_MB:1024, VCPU:1}, traits=(), aggregates=[]) (suffix '') returned 2 matches {{(pid=105372) _get_by_requests /opt/stack/placement/placement/objects/allocation_candidate.py:156}}
Jul 28 11:17:13.066547 n-d-851359-1 devstack@placement-api.service[105372]: DEBUG placement.objects.allocation_candidate [req-03ceda4e-378d-42e7-b89e-1a966bf96d0f req-684a9407-5e32-4c58-ba63-888bca2a21a3 service placement] Merging candidates yields 2 allocation requests and 2 provider summaries {{(pid=105372) _merge_candidates /opt/stack/placement/placement/objects/allocation_candidate.py:809}}
Jul 28 11:17:13.069239 n-d-851359-1 devstack@placement-api.service[105372]: INFO placement.requestlog [req-03ceda4e-378d-42e7-b89e-1a966bf96d0f req-684a9407-5e32-4c58-ba63-888bca2a21a3 service placement] 10.222.0.60 "GET /placement/allocation_candidates?limit=1000&resources=DISK_GB%3A1%2CMEMORY_MB%3A1024%2CVCPU%3A1&root_required=%21COMPUTE_STATUS_DISABLED" status: 200 len: 1309 microversion: 1.36
Jul 28 11:17:13.070277 n-d-851359-1 devstack@placement-api.service[105372]: [pid: 105372|app: 0|req: 158/321] 10.222.0.60 () {60 vars in 1506 bytes} [Thu Jul 28 11:17:12 2022] GET /placement/allocation_candidates?limit=1000&resources=DISK_GB%3A1%2CMEMORY_MB%3A1024%2CVCPU%3A1&root_required=%21COMPUTE_STATUS_DISABLED => generated 1309 bytes in 173 msecs (HTTP/1.1 200) 8 headers in 297 bytes (1 switches on core 0)
Jul 28 11:17:13.197656 n-d-851359-1 devstack@placement-api.service[105371]: DEBUG placement.requestlog [req-03ceda4e-378d-42e7-b89e-1a966bf96d0f req-d32cf41b-7e97-4e38-91c1-f10a0585ad33 None None] Starting request: 10.222.0.60 "GET /placement/allocations/88846389-ab6f-4fab-a1a5-30c7cdf72ba8" {{(pid=105371) __call__ /opt/stack/placement/placement/requestlog.py:55}}
Jul 28 11:17:13.212920 n-d-851359-1 devstack@placement-api.service[105371]: INFO placement.requestlog [req-03ceda4e-378d-42e7-b89e-1a966bf96d0f req-d32cf41b-7e97-4e38-91c1-f10a0585ad33 service placement] 10.222.0.60 "GET /placement/allocations/88846389-ab6f-4fab-a1a5-30c7cdf72ba8" status: 200 len: 19 microversion: 1.28
Jul 28 11:17:13.220975 n-d-851359-1 devstack@placement-api.service[105371]: [pid: 105371|app: 0|req: 164/322] 10.222.0.60 () {60 vars in 1380 bytes} [Thu Jul 28 11:17:13 2022] GET /placement/allocations/88846389-ab6f-4fab-a1a5-30c7cdf72ba8 => generated 19 bytes in 22 msecs (HTTP/1.1 200) 8 headers in 295 bytes (1 switches on core 0)
Jul 28 11:17:13.224530 n-d-851359-1 devstack@placement-api.service[105372]: DEBUG placement.requestlog [req-03ceda4e-378d-42e7-b89e-1a966bf96d0f req-614a684d-32fe-4e5b-9009-b929d847e425 None None] Starting request: 10.222.0.60 "PUT /placement/allocations/88846389-ab6f-4fab-a1a5-30c7cdf72ba8" {{(pid=105372) __call__ /opt/stack/placement/placement/requestlog.py:55}}
Jul 28 11:17:13.316390 n-d-851359-1 devstack@placement-api.service[105371]: DEBUG placement.requestlog [req-6b9094dd-15c5-42b6-bcf8-be021eb338fe req-7f4650d6-5681-4038-804e-1c06d3e495d5 None None] Starting request: 10.222.0.81 "GET /placement/allocations/ae323069-4ade-413d-a582-6a2f9fc3fabb" {{(pid=105371) __call__ /opt/stack/placement/placement/requestlog.py:55}}
Jul 28 11:17:13.346619 n-d-851359-1 devstack@placement-api.service[105371]: INFO placement.requestlog [req-6b9094dd-15c5-42b6-bcf8-be021eb338fe req-7f4650d6-5681-4038-804e-1c06d3e495d5 service placement] 10.222.0.81 "GET /placement/allocations/ae323069-4ade-413d-a582-6a2f9fc3fabb" status: 200 len: 259 microversion: 1.28
Jul 28 11:17:13.348986 n-d-851359-1 devstack@placement-api.service[105371]: [pid: 105371|app: 0|req: 165/323] 10.222.0.81 () {60 vars in 1377 bytes} [Thu Jul 28 11:17:13 2022] GET /placement/allocations/ae323069-4ade-413d-a582-6a2f9fc3fabb => generated 259 bytes in 33 msecs (HTTP/1.1 200) 8 headers in 296 bytes (2 switches on core 0)
Jul 28 11:17:13.364804 n-d-851359-1 devstack@placement-api.service[105372]: DEBUG placement.handlers.allocation [req-03ceda4e-378d-42e7-b89e-1a966bf96d0f req-614a684d-32fe-4e5b-9009-b929d847e425 service placement] Successfully wrote allocations [, , ] {{(pid=105372) _update_consumers_and_create_allocations /opt/stack/placement/placement/handlers/allocation.py:462}}
Jul 28 11:17:13.369740 n-d-851359-1 devstack@placement-api.service[105371]: DEBUG placement.requestlog [req-6b9094dd-15c5-42b6-bcf8-be021eb338fe req-dcae46a1-8e5b-4870-828a-e1335bfb2c35 None None] Starting request: 10.222.0.81 "GET /placement/allocations/ae323069-4ade-413d-a582-6a2f9fc3fabb" {{(pid=105371) __call__ /opt/stack/placement/placement/requestlog.py:55}}
Jul 28 11:17:13.371498 n-d-851359-1 devstack@placement-api.service[105372]: INFO placement.requestlog [req-03ceda4e-378d-42e7-b89e-1a966bf96d0f req-614a684d-32fe-4e5b-9009-b929d847e425 service placement] 10.222.0.60 "PUT /placement/allocations/88846389-ab6f-4fab-a1a5-30c7cdf72ba8" status: 204 len: 0 microversion: 1.36
Jul 28 11:17:13.372231 n-d-851359-1 devstack@placement-api.service[105372]: [pid: 105372|app: 0|req: 159/324] 10.222.0.60 () {64 vars in 1433 bytes} [Thu Jul 28 11:17:13 2022] PUT /placement/allocations/88846389-ab6f-4fab-a1a5-30c7cdf72ba8 => generated 0 bytes in 148 msecs (HTTP/1.1 204) 5 headers in 199 bytes (1 switches on core 0)
Jul 28 11:17:13.428533 n-d-851359-1 devstack@placement-api.service[105371]: INFO placement.requestlog [req-6b9094dd-15c5-42b6-bcf8-be021eb338fe req-dcae46a1-8e5b-4870-828a-e1335bfb2c35 service placement] 10.222.0.81 "GET /placement/allocations/ae323069-4ade-413d-a582-6a2f9fc3fabb" status: 200 len: 259 microversion: 1.28
Jul 28 11:17:13.430346 n-d-851359-1 devstack@placement-api.service[105371]: [pid: 105371|app: 0|req: 166/325] 10.222.0.81 () {60 vars in 1377 bytes} [Thu Jul 28 11:17:13 2022] GET /placement/allocations/ae323069-4ade-413d-a582-6a2f9fc3fabb => generated 259 bytes in 62 msecs (HTTP/1.1 200) 8 headers in 296 bytes (1 switches on core 0)
Jul 28 11:17:13.440545 n-d-851359-1 devstack@placement-api.service[105372]: DEBUG placement.requestlog [req-6b9094dd-15c5-42b6-bcf8-be021eb338fe req-05af6b6e-d3fb-481c-ad32-947c90754c32 None None] Starting request: 10.222.0.81 "GET /placement/allocations/ae5ffe5d-c877-407c-a642-dfa210ab5bbb" {{(pid=105372) __call__ /opt/stack/placement/placement/requestlog.py:55}}
Jul 28 11:17:13.469899 n-d-851359-1 devstack@placement-api.service[105372]: INFO placement.requestlog [req-6b9094dd-15c5-42b6-bcf8-be021eb338fe req-05af6b6e-d3fb-481c-ad32-947c90754c32 service placement] 10.222.0.81 "GET /placement/allocations/ae5ffe5d-c877-407c-a642-dfa210ab5bbb" status: 200 len: 258 microversion: 1.28
Jul 28 11:17:13.470616 n-d-851359-1 devstack@placement-api.service[105372]: [pid: 105372|app: 0|req: 160/326] 10.222.0.81 () {60 vars in 1377 bytes} [Thu Jul 28 11:17:13 2022] GET /placement/allocations/ae5ffe5d-c877-407c-a642-dfa210ab5bbb => generated 258 bytes in 30 msecs (HTTP/1.1 200) 8 headers in 296 bytes (1 switches on core 0)
Jul 28 11:17:13.487587 n-d-851359-1 devstack@placement-api.service[105371]: DEBUG placement.requestlog [req-6b9094dd-15c5-42b6-bcf8-be021eb338fe req-b827b110-3d97-4165-9590-9ebe36f0f0f3 None None] Starting request: 10.222.0.81 "POST /placement/allocations" {{(pid=105371) __call__ /opt/stack/placement/placement/requestlog.py:55}}
Jul 28 11:17:13.788518 n-d-851359-1 devstack@placement-api.service[105371]: DEBUG placement.handlers.allocation [req-6b9094dd-15c5-42b6-bcf8-be021eb338fe req-b827b110-3d97-4165-9590-9ebe36f0f0f3 service placement] Successfully wrote allocations [, , , , , ] {{(pid=105371) _update_consumers_and_create_allocations /opt/stack/placement/placement/handlers/allocation.py:572}}
Jul 28 11:17:13.800143 n-d-851359-1 devstack@placement-api.service[105371]: INFO placement.requestlog [req-6b9094dd-15c5-42b6-bcf8-be021eb338fe req-b827b110-3d97-4165-9590-9ebe36f0f0f3 service placement] 10.222.0.81 "POST /placement/allocations" status: 204 len: 0 microversion: 1.28
Jul 28 11:17:13.801337 n-d-851359-1 devstack@placement-api.service[105371]: [pid: 105371|app: 0|req: 167/327] 10.222.0.81 () {64 vars in 1320 bytes} [Thu Jul 28 11:17:13 2022] POST /placement/allocations => generated 0 bytes in 314 msecs (HTTP/1.1 204) 5 headers in 199 bytes (1 switches on core 0)
Jul 28 11:17:14.145278 n-d-851359-1 devstack@placement-api.service[105372]: DEBUG placement.requestlog [req-03ceda4e-378d-42e7-b89e-1a966bf96d0f req-f085dcce-91da-4103-91b1-539d1e87fe97 None None] Starting request: 10.222.0.20 "GET /placement/allocations/88846389-ab6f-4fab-a1a5-30c7cdf72ba8" {{(pid=105372) __call__ /opt/stack/placement/placement/requestlog.py:55}}
Jul 28 11:17:14.215674 n-d-851359-1 devstack@placement-api.service[105372]: INFO placement.requestlog [req-03ceda4e-378d-42e7-b89e-1a966bf96d0f req-f085dcce-91da-4103-91b1-539d1e87fe97 service placement] 10.222.0.20 "GET /placement/allocations/88846389-ab6f-4fab-a1a5-30c7cdf72ba8" status: 200 len: 259 microversion: 1.28
Jul 28 11:17:14.219153 n-d-851359-1 devstack@placement-api.service[105372]: [pid: 105372|app: 0|req: 161/328] 10.222.0.20 () {60 vars in 1377 bytes} [Thu Jul 28 11:17:14 2022] GET /placement/allocations/88846389-ab6f-4fab-a1a5-30c7cdf72ba8 => generated 259 bytes in 75 msecs (HTTP/1.1 200) 8 headers in 296 bytes (1 switches on core 0)
Jul 28 11:17:23.175358 n-d-851359-1 devstack@placement-api.service[105371]: DEBUG placement.requestlog [req-42d567f5-58e0-4025-aaec-ec56f2ae19c5 req-f15daba4-6167-4a4d-a9e2-2f13c1a33cf2 None None] Starting request: 10.222.0.20 "GET /placement/resource_providers/60e6c54d-d029-477b-95ef-1d18b15777c8/allocations" {{(pid=105371) __call__ /opt/stack/placement/placement/requestlog.py:55}}
Jul 28 11:17:23.233750 n-d-851359-1 devstack@placement-api.service[105371]: INFO placement.requestlog [req-42d567f5-58e0-4025-aaec-ec56f2ae19c5 req-f15daba4-6167-4a4d-a9e2-2f13c1a33cf2 service placement] 10.222.0.20 "GET /placement/resource_providers/60e6c54d-d029-477b-95ef-1d18b15777c8/allocations" status: 200 len: 558 microversion: 1.0
Jul 28 11:17:23.237116 n-d-851359-1 devstack@placement-api.service[105371]: [pid: 105371|app: 0|req: 168/329] 10.222.0.20 () {58 vars in 1390 bytes} [Thu Jul 28 11:17:23 2022] GET /placement/resource_providers/60e6c54d-d029-477b-95ef-1d18b15777c8/allocations => generated 558 bytes in 62 msecs (HTTP/1.1 200) 6 headers in 224 bytes (1 switches on core 0)
Jul 28 11:17:23.582312 n-d-851359-1 devstack@placement-api.service[105372]: DEBUG placement.requestlog [req-42d567f5-58e0-4025-aaec-ec56f2ae19c5 req-67f2d9d8-0857-4843-ae9d-99cd776d6bd0 None None] Starting request: 10.222.0.20 "GET /placement/allocations/6ad100e4-a45c-4396-81dd-89d8610b35b4" {{(pid=105372) __call__ /opt/stack/placement/placement/requestlog.py:55}}
Jul 28 11:17:23.614330 n-d-851359-1 devstack@placement-api.service[105372]: INFO placement.requestlog [req-42d567f5-58e0-4025-aaec-ec56f2ae19c5 req-67f2d9d8-0857-4843-ae9d-99cd776d6bd0 service placement] 10.222.0.20 "GET /placement/allocations/6ad100e4-a45c-4396-81dd-89d8610b35b4" status: 200 len: 259 microversion: 1.28
Jul 28 11:17:23.614934 n-d-851359-1 devstack@placement-api.service[105372]: [pid: 105372|app: 0|req: 162/330] 10.222.0.20 () {60 vars in 1377 bytes} [Thu Jul 28 11:17:23 2022] GET /placement/allocations/6ad100e4-a45c-4396-81dd-89d8610b35b4 => generated 259 bytes in 33 msecs (HTTP/1.1 200) 8 headers in 296 bytes (1 switches on core 0)
Jul 28 11:17:23.623617 n-d-851359-1 devstack@placement-api.service[105371]: DEBUG placement.requestlog [req-42d567f5-58e0-4025-aaec-ec56f2ae19c5 req-2b71d16e-3ecb-4949-acf5-3438c2fabf26 None None] Starting request: 10.222.0.20 "PUT /placement/allocations/6ad100e4-a45c-4396-81dd-89d8610b35b4" {{(pid=105371) __call__ /opt/stack/placement/placement/requestlog.py:55}}
Jul 28 11:17:23.768122 n-d-851359-1 devstack@placement-api.service[105371]: DEBUG placement.handlers.allocation [req-42d567f5-58e0-4025-aaec-ec56f2ae19c5 req-2b71d16e-3ecb-4949-acf5-3438c2fabf26 service placement] Successfully wrote allocations [, , ] {{(pid=105371) _update_consumers_and_create_allocations /opt/stack/placement/placement/handlers/allocation.py:462}}
Jul 28 11:17:23.773684 n-d-851359-1 devstack@placement-api.service[105371]: INFO placement.requestlog [req-42d567f5-58e0-4025-aaec-ec56f2ae19c5 req-2b71d16e-3ecb-4949-acf5-3438c2fabf26 service placement] 10.222.0.20 "PUT /placement/allocations/6ad100e4-a45c-4396-81dd-89d8610b35b4" status: 204 len: 0 microversion: 1.28
Jul 28 11:17:23.774193 n-d-851359-1 devstack@placement-api.service[105371]: [pid: 105371|app: 0|req: 169/331] 10.222.0.20 () {64 vars in 1430 bytes} [Thu Jul 28 11:17:23 2022] PUT /placement/allocations/6ad100e4-a45c-4396-81dd-89d8610b35b4 => generated 0 bytes in 151 msecs (HTTP/1.1 204) 5 headers in 199 bytes (1 switches on core 0)
Jul 28 11:17:24.420187 n-d-851359-1 devstack@placement-api.service[105372]: DEBUG placement.requestlog [req-26a172f9-8eba-4cbb-82d4-9e2fbf5cbe13 req-ea1d9674-3c7b-4ef4-8afc-061006f5ac73 None None] Starting request: 10.222.0.60 "GET /placement/allocation_candidates?limit=1000&resources=DISK_GB%3A1%2CMEMORY_MB%3A1024%2CVCPU%3A1&root_required=%21COMPUTE_STATUS_DISABLED" {{(pid=105372) __call__ /opt/stack/placement/placement/requestlog.py:55}}
Jul 28 11:17:24.791481 n-d-851359-1 devstack@placement-api.service[105372]: DEBUG placement.objects.research_context [req-26a172f9-8eba-4cbb-82d4-9e2fbf5cbe13 req-ea1d9674-3c7b-4ef4-8afc-061006f5ac73 service placement] getting providers with 1 DISK_GB {{(pid=105372) __init__ /opt/stack/placement/placement/objects/research_context.py:136}}
Jul 28 11:17:24.802532 n-d-851359-1 devstack@placement-api.service[105372]: DEBUG placement.objects.research_context [req-26a172f9-8eba-4cbb-82d4-9e2fbf5cbe13 req-ea1d9674-3c7b-4ef4-8afc-061006f5ac73 service placement] getting providers with 1024 MEMORY_MB {{(pid=105372) __init__ /opt/stack/placement/placement/objects/research_context.py:136}}
Jul 28 11:17:24.816517 n-d-851359-1 devstack@placement-api.service[105372]: DEBUG placement.objects.research_context [req-26a172f9-8eba-4cbb-82d4-9e2fbf5cbe13 req-ea1d9674-3c7b-4ef4-8afc-061006f5ac73 service placement] getting providers with 1 VCPU {{(pid=105372) __init__ /opt/stack/placement/placement/objects/research_context.py:136}}
Jul 28 11:17:24.826021 n-d-851359-1 devstack@placement-api.service[105372]: DEBUG placement.objects.research_context [req-26a172f9-8eba-4cbb-82d4-9e2fbf5cbe13 req-ea1d9674-3c7b-4ef4-8afc-061006f5ac73 service placement] found 2 providers with available 1 DISK_GB {{(pid=105372) get_provider_ids_matching /opt/stack/placement/placement/objects/research_context.py:563}}
Jul 28 11:17:24.826339 n-d-851359-1 devstack@placement-api.service[105372]: DEBUG placement.objects.research_context [req-26a172f9-8eba-4cbb-82d4-9e2fbf5cbe13 req-ea1d9674-3c7b-4ef4-8afc-061006f5ac73 service placement] found 2 providers with available 1024 MEMORY_MB {{(pid=105372) get_provider_ids_matching /opt/stack/placement/placement/objects/research_context.py:563}}
Jul 28 11:17:24.826570 n-d-851359-1 devstack@placement-api.service[105372]: DEBUG placement.objects.research_context [req-26a172f9-8eba-4cbb-82d4-9e2fbf5cbe13 req-ea1d9674-3c7b-4ef4-8afc-061006f5ac73 service placement] found 2 providers after filtering by previous result {{(pid=105372) get_provider_ids_matching /opt/stack/placement/placement/objects/research_context.py:594}}
Jul 28 11:17:24.826836 n-d-851359-1 devstack@placement-api.service[105372]: DEBUG placement.objects.research_context [req-26a172f9-8eba-4cbb-82d4-9e2fbf5cbe13 req-ea1d9674-3c7b-4ef4-8afc-061006f5ac73 service placement] found 2 providers with available 1 VCPU {{(pid=105372) get_provider_ids_matching /opt/stack/placement/placement/objects/research_context.py:563}}
Jul 28 11:17:24.827187 n-d-851359-1 devstack@placement-api.service[105372]: DEBUG placement.objects.research_context [req-26a172f9-8eba-4cbb-82d4-9e2fbf5cbe13 req-ea1d9674-3c7b-4ef4-8afc-061006f5ac73 service placement] found 2 providers after filtering by previous result {{(pid=105372) get_provider_ids_matching /opt/stack/placement/placement/objects/research_context.py:594}}
Jul 28 11:17:24.843455 n-d-851359-1 devstack@placement-api.service[105372]: DEBUG placement.objects.allocation_candidate [req-26a172f9-8eba-4cbb-82d4-9e2fbf5cbe13 req-ea1d9674-3c7b-4ef4-8afc-061006f5ac73 service placement] RequestGroup(use_same_provider=False, resources={DISK_GB:1, MEMORY_MB:1024, VCPU:1}, traits=(), aggregates=[]) (suffix '') returned 2 matches {{(pid=105372) _get_by_requests /opt/stack/placement/placement/objects/allocation_candidate.py:156}}
Jul 28 11:17:24.843865 n-d-851359-1 devstack@placement-api.service[105372]: DEBUG placement.objects.allocation_candidate [req-26a172f9-8eba-4cbb-82d4-9e2fbf5cbe13 req-ea1d9674-3c7b-4ef4-8afc-061006f5ac73 service placement] Merging candidates yields 2 allocation requests and 2 provider summaries {{(pid=105372) _merge_candidates /opt/stack/placement/placement/objects/allocation_candidate.py:809}}
Jul 28 11:17:24.845979 n-d-851359-1 devstack@placement-api.service[105372]: INFO placement.requestlog [req-26a172f9-8eba-4cbb-82d4-9e2fbf5cbe13 req-ea1d9674-3c7b-4ef4-8afc-061006f5ac73 service placement] 10.222.0.60 "GET /placement/allocation_candidates?limit=1000&resources=DISK_GB%3A1%2CMEMORY_MB%3A1024%2CVCPU%3A1&root_required=%21COMPUTE_STATUS_DISABLED" status: 200 len: 1309 microversion: 1.36
Jul 28 11:17:24.846683 n-d-851359-1 devstack@placement-api.service[105372]: [pid: 105372|app: 0|req: 163/332] 10.222.0.60 () {60 vars in 1506 bytes} [Thu Jul 28 11:17:24 2022] GET /placement/allocation_candidates?limit=1000&resources=DISK_GB%3A1%2CMEMORY_MB%3A1024%2CVCPU%3A1&root_required=%21COMPUTE_STATUS_DISABLED => generated 1309 bytes in 427 msecs (HTTP/1.1 200) 8 headers in 297 bytes (1 switches on core 0)
Jul 28 11:17:25.075983 n-d-851359-1 devstack@placement-api.service[105371]: DEBUG placement.requestlog [req-26a172f9-8eba-4cbb-82d4-9e2fbf5cbe13 req-80c85400-e89f-4077-b8bd-4d2a20800421 None None] Starting request: 10.222.0.60 "GET /placement/allocations/7cb5a7eb-786d-4002-afc9-1f12ce98b894" {{(pid=105371) __call__ /opt/stack/placement/placement/requestlog.py:55}}
Jul 28 11:17:25.088073 n-d-851359-1 devstack@placement-api.service[105371]: INFO placement.requestlog [req-26a172f9-8eba-4cbb-82d4-9e2fbf5cbe13 req-80c85400-e89f-4077-b8bd-4d2a20800421 service placement] 10.222.0.60 "GET /placement/allocations/7cb5a7eb-786d-4002-afc9-1f12ce98b894" status: 200 len: 19 microversion: 1.28
Jul 28 11:17:25.096044 n-d-851359-1 devstack@placement-api.service[105371]: [pid: 105371|app: 0|req: 170/333] 10.222.0.60 () {60 vars in 1380 bytes} [Thu Jul 28 11:17:25 2022] GET /placement/allocations/7cb5a7eb-786d-4002-afc9-1f12ce98b894 => generated 19 bytes in 20 msecs (HTTP/1.1 200) 8 headers in 295 bytes (1 switches on core 0)
Jul 28 11:17:25.101008 n-d-851359-1 devstack@placement-api.service[105372]: DEBUG placement.requestlog [req-26a172f9-8eba-4cbb-82d4-9e2fbf5cbe13 req-532f35e3-a11e-48e4-89a7-ef5750f1e12d None None] Starting request: 10.222.0.60 "PUT /placement/allocations/7cb5a7eb-786d-4002-afc9-1f12ce98b894" {{(pid=105372) __call__ /opt/stack/placement/placement/requestlog.py:55}}
Jul 28 11:17:25.199092 n-d-851359-1 devstack@placement-api.service[105372]: DEBUG placement.handlers.allocation [req-26a172f9-8eba-4cbb-82d4-9e2fbf5cbe13 req-532f35e3-a11e-48e4-89a7-ef5750f1e12d service placement] Successfully wrote allocations [, , ] {{(pid=105372) _update_consumers_and_create_allocations /opt/stack/placement/placement/handlers/allocation.py:462}}
Jul 28 11:17:25.203508 n-d-851359-1 devstack@placement-api.service[105372]: INFO placement.requestlog [req-26a172f9-8eba-4cbb-82d4-9e2fbf5cbe13 req-532f35e3-a11e-48e4-89a7-ef5750f1e12d service placement] 10.222.0.60 "PUT /placement/allocations/7cb5a7eb-786d-4002-afc9-1f12ce98b894" status: 204 len: 0 microversion: 1.36
Jul 28 11:17:25.204325 n-d-851359-1 devstack@placement-api.service[105372]: [pid: 105372|app: 0|req: 164/334] 10.222.0.60 () {64 vars in 1433 bytes} [Thu Jul 28 11:17:25 2022] PUT /placement/allocations/7cb5a7eb-786d-4002-afc9-1f12ce98b894 => generated 0 bytes in 104 msecs (HTTP/1.1 204) 5 headers in 199 bytes (1 switches on core 0)
Jul 28 11:17:25.986007 n-d-851359-1 devstack@placement-api.service[105371]: DEBUG placement.requestlog [req-26a172f9-8eba-4cbb-82d4-9e2fbf5cbe13 req-fa9e327a-3fb9-4cfe-9f9e-3546f88c9fb8 None None] Starting request: 10.222.0.20 "GET /placement/allocations/7cb5a7eb-786d-4002-afc9-1f12ce98b894" {{(pid=105371) __call__ /opt/stack/placement/placement/requestlog.py:55}}
Jul 28 11:17:26.015333 n-d-851359-1 devstack@placement-api.service[105371]: INFO placement.requestlog [req-26a172f9-8eba-4cbb-82d4-9e2fbf5cbe13 req-fa9e327a-3fb9-4cfe-9f9e-3546f88c9fb8 service placement] 10.222.0.20 "GET /placement/allocations/7cb5a7eb-786d-4002-afc9-1f12ce98b894" status: 200 len: 259 microversion: 1.28
Jul 28 11:17:26.018281 n-d-851359-1 devstack@placement-api.service[105371]: [pid: 105371|app: 0|req: 171/335] 10.222.0.20 () {60 vars in 1377 bytes} [Thu Jul 28 11:17:25 2022] GET /placement/allocations/7cb5a7eb-786d-4002-afc9-1f12ce98b894 => generated 259 bytes in 32 msecs (HTTP/1.1 200) 8 headers in 296 bytes (1 switches on core 0)
Jul 28 11:17:29.861100 n-d-851359-1 devstack@placement-api.service[105372]: DEBUG placement.requestlog [req-eae4ae27-69e5-408d-9cc7-158d15b88e59 req-c347be17-04e2-437f-83b4-466a572c1d33 None None] Starting request: 10.222.0.60 "GET /placement/allocation_candidates?limit=1000&resources=DISK_GB%3A1%2CMEMORY_MB%3A1024%2CVCPU%3A1&root_required=%21COMPUTE_STATUS_DISABLED" {{(pid=105372) __call__ /opt/stack/placement/placement/requestlog.py:55}}
Jul 28 11:17:29.950833 n-d-851359-1 devstack@placement-api.service[105372]: DEBUG placement.objects.research_context [req-eae4ae27-69e5-408d-9cc7-158d15b88e59 req-c347be17-04e2-437f-83b4-466a572c1d33 service placement] getting providers with 1 DISK_GB {{(pid=105372) __init__ /opt/stack/placement/placement/objects/research_context.py:136}}
Jul 28 11:17:29.968316 n-d-851359-1 devstack@placement-api.service[105372]: DEBUG placement.objects.research_context [req-eae4ae27-69e5-408d-9cc7-158d15b88e59 req-c347be17-04e2-437f-83b4-466a572c1d33 service placement] getting providers with 1024 MEMORY_MB {{(pid=105372) __init__ /opt/stack/placement/placement/objects/research_context.py:136}}
Jul 28 11:17:29.975606 n-d-851359-1 devstack@placement-api.service[105372]: DEBUG placement.objects.research_context [req-eae4ae27-69e5-408d-9cc7-158d15b88e59 req-c347be17-04e2-437f-83b4-466a572c1d33 service placement] getting providers with 1 VCPU {{(pid=105372) __init__ /opt/stack/placement/placement/objects/research_context.py:136}}
Jul 28 11:17:29.988818 n-d-851359-1 devstack@placement-api.service[105372]: DEBUG placement.objects.research_context [req-eae4ae27-69e5-408d-9cc7-158d15b88e59 req-c347be17-04e2-437f-83b4-466a572c1d33 service placement] found 2 providers with available 1 DISK_GB {{(pid=105372) get_provider_ids_matching /opt/stack/placement/placement/objects/research_context.py:563}}
Jul 28 11:17:29.989665 n-d-851359-1 devstack@placement-api.service[105372]: DEBUG placement.objects.research_context [req-eae4ae27-69e5-408d-9cc7-158d15b88e59 req-c347be17-04e2-437f-83b4-466a572c1d33 service placement] found 2 providers with available 1024 MEMORY_MB {{(pid=105372) get_provider_ids_matching /opt/stack/placement/placement/objects/research_context.py:563}}
Jul 28 11:17:29.990378 n-d-851359-1 devstack@placement-api.service[105372]: DEBUG placement.objects.research_context [req-eae4ae27-69e5-408d-9cc7-158d15b88e59 req-c347be17-04e2-437f-83b4-466a572c1d33 service placement] found 2 providers after filtering by previous result {{(pid=105372) get_provider_ids_matching /opt/stack/placement/placement/objects/research_context.py:594}}
Jul 28 11:17:29.991204 n-d-851359-1 devstack@placement-api.service[105372]: DEBUG placement.objects.research_context [req-eae4ae27-69e5-408d-9cc7-158d15b88e59 req-c347be17-04e2-437f-83b4-466a572c1d33 service placement] found 2 providers with available 1 VCPU {{(pid=105372) get_provider_ids_matching /opt/stack/placement/placement/objects/research_context.py:563}}
Jul 28 11:17:29.991895 n-d-851359-1 devstack@placement-api.service[105372]: DEBUG placement.objects.research_context [req-eae4ae27-69e5-408d-9cc7-158d15b88e59 req-c347be17-04e2-437f-83b4-466a572c1d33 service placement] found 2 providers after filtering by previous result {{(pid=105372) get_provider_ids_matching /opt/stack/placement/placement/objects/research_context.py:594}}
Jul 28 11:17:30.038351 n-d-851359-1 devstack@placement-api.service[105372]: DEBUG placement.objects.allocation_candidate [req-eae4ae27-69e5-408d-9cc7-158d15b88e59 req-c347be17-04e2-437f-83b4-466a572c1d33 service placement] RequestGroup(use_same_provider=False, resources={DISK_GB:1, MEMORY_MB:1024, VCPU:1}, traits=(), aggregates=[]) (suffix '') returned 2 matches {{(pid=105372) _get_by_requests /opt/stack/placement/placement/objects/allocation_candidate.py:156}}
Jul 28 11:17:30.039074 n-d-851359-1 devstack@placement-api.service[105372]: DEBUG placement.objects.allocation_candidate [req-eae4ae27-69e5-408d-9cc7-158d15b88e59 req-c347be17-04e2-437f-83b4-466a572c1d33 service placement] Merging candidates yields 2 allocation requests and 2 provider summaries {{(pid=105372) _merge_candidates /opt/stack/placement/placement/objects/allocation_candidate.py:809}}
Jul 28 11:17:30.041709 n-d-851359-1 devstack@placement-api.service[105372]: INFO placement.requestlog [req-eae4ae27-69e5-408d-9cc7-158d15b88e59 req-c347be17-04e2-437f-83b4-466a572c1d33 service placement] 10.222.0.60 "GET /placement/allocation_candidates?limit=1000&resources=DISK_GB%3A1%2CMEMORY_MB%3A1024%2CVCPU%3A1&root_required=%21COMPUTE_STATUS_DISABLED" status: 200 len: 1309 microversion: 1.36
Jul 28 11:17:30.042726 n-d-851359-1 devstack@placement-api.service[105372]: [pid: 105372|app: 0|req: 165/336] 10.222.0.60 () {60 vars in 1506 bytes} [Thu Jul 28 11:17:29 2022] GET /placement/allocation_candidates?limit=1000&resources=DISK_GB%3A1%2CMEMORY_MB%3A1024%2CVCPU%3A1&root_required=%21COMPUTE_STATUS_DISABLED => generated 1309 bytes in 182 msecs (HTTP/1.1 200) 8 headers in 297 bytes (1 switches on core 0)
Jul 28 11:17:30.168125 n-d-851359-1 devstack@placement-api.service[105371]: DEBUG placement.requestlog [req-eae4ae27-69e5-408d-9cc7-158d15b88e59 req-9566c92d-8d80-4b28-8818-8ddbc13df816 None None] Starting request: 10.222.0.60 "GET /placement/allocations/d70a5129-b24d-4b60-adf8-a2da5a1fe885" {{(pid=105371) __call__ /opt/stack/placement/placement/requestlog.py:55}}
Jul 28 11:17:30.190209 n-d-851359-1 devstack@placement-api.service[105371]: INFO placement.requestlog [req-eae4ae27-69e5-408d-9cc7-158d15b88e59 req-9566c92d-8d80-4b28-8818-8ddbc13df816 service placement] 10.222.0.60 "GET /placement/allocations/d70a5129-b24d-4b60-adf8-a2da5a1fe885" status: 200 len: 19 microversion: 1.28
Jul 28 11:17:30.195855 n-d-851359-1 devstack@placement-api.service[105371]: [pid: 105371|app: 0|req: 172/337] 10.222.0.60 () {60 vars in 1380 bytes} [Thu Jul 28 11:17:30 2022] GET /placement/allocations/d70a5129-b24d-4b60-adf8-a2da5a1fe885 => generated 19 bytes in 28 msecs (HTTP/1.1 200) 8 headers in 295 bytes (1 switches on core 0)
Jul 28 11:17:30.198066 n-d-851359-1 devstack@placement-api.service[105372]: DEBUG placement.requestlog [req-eae4ae27-69e5-408d-9cc7-158d15b88e59 req-14d11a77-99ed-4748-81db-c79a37f81310 None None] Starting request: 10.222.0.60 "PUT /placement/allocations/d70a5129-b24d-4b60-adf8-a2da5a1fe885" {{(pid=105372) __call__ /opt/stack/placement/placement/requestlog.py:55}}
Jul 28 11:17:30.249220 n-d-851359-1 devstack@placement-api.service[105372]: DEBUG dbcounter [-] [105372] Writing DB stats placement:SELECT=81,placement:INSERT=11,placement:DELETE=4,placement:UPDATE=4 {{(pid=105372) stat_writer /usr/local/lib/python3.8/dist-packages/dbcounter.py:114}}
Jul 28 11:17:30.412521 n-d-851359-1 devstack@placement-api.service[105372]: DEBUG placement.handlers.allocation [req-eae4ae27-69e5-408d-9cc7-158d15b88e59 req-14d11a77-99ed-4748-81db-c79a37f81310 service placement] Successfully wrote allocations [, , ] {{(pid=105372) _update_consumers_and_create_allocations /opt/stack/placement/placement/handlers/allocation.py:462}}
Jul 28 11:17:30.423675 n-d-851359-1 devstack@placement-api.service[105372]: INFO placement.requestlog [req-eae4ae27-69e5-408d-9cc7-158d15b88e59 req-14d11a77-99ed-4748-81db-c79a37f81310 service placement] 10.222.0.60 "PUT /placement/allocations/d70a5129-b24d-4b60-adf8-a2da5a1fe885" status: 204 len: 0 microversion: 1.36
Jul 28 11:17:30.423675 n-d-851359-1 devstack@placement-api.service[105372]: [pid: 105372|app: 0|req: 166/338] 10.222.0.60 () {64 vars in 1433 bytes} [Thu Jul 28 11:17:30 2022] PUT /placement/allocations/d70a5129-b24d-4b60-adf8-a2da5a1fe885 => generated 0 bytes in 226 msecs (HTTP/1.1 204) 5 headers in 199 bytes (1 switches on core 0)
Jul 28 11:17:30.991277 n-d-851359-1 devstack@placement-api.service[105371]: DEBUG placement.requestlog [req-eae4ae27-69e5-408d-9cc7-158d15b88e59 req-949e0677-a6cf-4cc2-8e60-492c28997868 None None] Starting request: 10.222.0.81 "GET /placement/allocations/d70a5129-b24d-4b60-adf8-a2da5a1fe885" {{(pid=105371) __call__ /opt/stack/placement/placement/requestlog.py:55}}
Jul 28 11:17:31.018182 n-d-851359-1 devstack@placement-api.service[105371]: INFO placement.requestlog [req-eae4ae27-69e5-408d-9cc7-158d15b88e59 req-949e0677-a6cf-4cc2-8e60-492c28997868 service placement] 10.222.0.81 "GET /placement/allocations/d70a5129-b24d-4b60-adf8-a2da5a1fe885" status: 200 len: 259 microversion: 1.28
Jul 28 11:17:31.018945 n-d-851359-1 devstack@placement-api.service[105371]: [pid: 105371|app: 0|req: 173/339] 10.222.0.81 () {60 vars in 1377 bytes} [Thu Jul 28 11:17:30 2022] GET /placement/allocations/d70a5129-b24d-4b60-adf8-a2da5a1fe885 => generated 259 bytes in 28 msecs (HTTP/1.1 200) 8 headers in 296 bytes (1 switches on core 0)
Jul 28 11:17:32.694716 n-d-851359-1 devstack@placement-api.service[105372]: DEBUG placement.requestlog [req-57f5e5cc-29e9-4361-90f8-f1e670983dbb req-91e42866-6730-47ba-95c9-9c1ef82523f8 None None] Starting request: 10.222.0.81 "GET /placement/resource_providers/1bf5cac1-fb37-486f-8d39-b58aca2951c2/allocations" {{(pid=105372) __call__ /opt/stack/placement/placement/requestlog.py:55}}
Jul 28 11:17:32.752537 n-d-851359-1 devstack@placement-api.service[105372]: INFO placement.requestlog [req-57f5e5cc-29e9-4361-90f8-f1e670983dbb req-91e42866-6730-47ba-95c9-9c1ef82523f8 service placement] 10.222.0.81 "GET /placement/resource_providers/1bf5cac1-fb37-486f-8d39-b58aca2951c2/allocations" status: 200 len: 961 microversion: 1.0
