Aug 23 16:53:25.923801 n-d-851358-7 devstack@placement-api.service[114820]: INFO placement.requestlog [req-db90d7f8-6f23-4a70-90cb-c2031ff9d4ea req-ad11d60a-a38c-4791-b18d-da584bd07a5b service placement] 10.222.0.40 "GET /placement/allocations/d08a2abf-63a3-429b-8dc1-db3cf791a25f" status: 200 len: 258 microversion: 1.28
Aug 23 16:53:25.926496 n-d-851358-7 devstack@placement-api.service[114820]: [pid: 114820|app: 0|req: 474/940] 10.222.0.40 () {60 vars in 1377 bytes} [Tue Aug 23 16:53:25 2022] GET /placement/allocations/d08a2abf-63a3-429b-8dc1-db3cf791a25f => generated 258 bytes in 67 msecs (HTTP/1.1 200) 8 headers in 296 bytes (1 switches on core 0)
Aug 23 16:53:25.934521 n-d-851358-7 devstack@placement-api.service[114819]: DEBUG placement.requestlog [req-db90d7f8-6f23-4a70-90cb-c2031ff9d4ea req-92b09448-2ccb-4966-a245-871123eab150 None None] Starting request: 10.222.0.40 "GET /placement/allocations/3505f363-a318-4b5f-98aa-80ce14068fb9" {{(pid=114819) __call__ /opt/stack/placement/placement/requestlog.py:55}}
Aug 23 16:53:25.966129 n-d-851358-7 devstack@placement-api.service[114819]: INFO placement.requestlog [req-db90d7f8-6f23-4a70-90cb-c2031ff9d4ea req-92b09448-2ccb-4966-a245-871123eab150 service placement] 10.222.0.40 "GET /placement/allocations/3505f363-a318-4b5f-98aa-80ce14068fb9" status: 200 len: 259 microversion: 1.28
Aug 23 16:53:25.967025 n-d-851358-7 devstack@placement-api.service[114819]: [pid: 114819|app: 0|req: 467/941] 10.222.0.40 () {60 vars in 1377 bytes} [Tue Aug 23 16:53:25 2022] GET /placement/allocations/3505f363-a318-4b5f-98aa-80ce14068fb9 => generated 259 bytes in 33 msecs (HTTP/1.1 200) 8 headers in 296 bytes (1 switches on core 0)
Aug 23 16:53:25.974098 n-d-851358-7 devstack@placement-api.service[114820]: DEBUG placement.requestlog [req-db90d7f8-6f23-4a70-90cb-c2031ff9d4ea req-89570557-e6ba-49aa-9c39-5e85a403dba9 None None] Starting request: 10.222.0.40 "GET /placement/allocations/d1d0b23d-7a48-4d9a-9f8a-806da68a5de7" {{(pid=114820) __call__ /opt/stack/placement/placement/requestlog.py:55}}
Aug 23 16:53:26.000180 n-d-851358-7 devstack@placement-api.service[114820]: INFO placement.requestlog [req-db90d7f8-6f23-4a70-90cb-c2031ff9d4ea req-89570557-e6ba-49aa-9c39-5e85a403dba9 service placement] 10.222.0.40 "GET /placement/allocations/d1d0b23d-7a48-4d9a-9f8a-806da68a5de7" status: 200 len: 259 microversion: 1.28
Aug 23 16:53:26.000884 n-d-851358-7 devstack@placement-api.service[114820]: [pid: 114820|app: 0|req: 475/942] 10.222.0.40 () {60 vars in 1377 bytes} [Tue Aug 23 16:53:25 2022] GET /placement/allocations/d1d0b23d-7a48-4d9a-9f8a-806da68a5de7 => generated 259 bytes in 27 msecs (HTTP/1.1 200) 8 headers in 296 bytes (1 switches on core 0)
Aug 23 16:53:26.007137 n-d-851358-7 devstack@placement-api.service[114819]: DEBUG placement.requestlog [req-db90d7f8-6f23-4a70-90cb-c2031ff9d4ea req-b27b844c-a10e-424d-aec9-a943b888ccd8 None None] Starting request: 10.222.0.40 "GET /placement/allocations/b81f86e4-d183-4f25-995f-760d2268922d" {{(pid=114819) __call__ /opt/stack/placement/placement/requestlog.py:55}}
Aug 23 16:53:26.034225 n-d-851358-7 devstack@placement-api.service[114819]: INFO placement.requestlog [req-db90d7f8-6f23-4a70-90cb-c2031ff9d4ea req-b27b844c-a10e-424d-aec9-a943b888ccd8 service placement] 10.222.0.40 "GET /placement/allocations/b81f86e4-d183-4f25-995f-760d2268922d" status: 200 len: 259 microversion: 1.28
Aug 23 16:53:26.034675 n-d-851358-7 devstack@placement-api.service[114819]: [pid: 114819|app: 0|req: 468/943] 10.222.0.40 () {60 vars in 1377 bytes} [Tue Aug 23 16:53:26 2022] GET /placement/allocations/b81f86e4-d183-4f25-995f-760d2268922d => generated 259 bytes in 28 msecs (HTTP/1.1 200) 8 headers in 296 bytes (1 switches on core 0)
Aug 23 16:53:29.424268 n-d-851358-7 devstack@placement-api.service[114820]: DEBUG placement.requestlog [req-ab8f9d45-2b4e-4a68-b33a-2f2217f35d7f req-a7db1e34-a235-47b9-9faa-f842e426ab52 None None] Starting request: 10.222.0.73 "GET /placement/resource_providers/a38df60d-6ef8-4e58-96c6-0c41ae44c685/allocations" {{(pid=114820) __call__ /opt/stack/placement/placement/requestlog.py:55}}
Aug 23 16:53:29.484481 n-d-851358-7 devstack@placement-api.service[114820]: INFO placement.requestlog [req-ab8f9d45-2b4e-4a68-b33a-2f2217f35d7f req-a7db1e34-a235-47b9-9faa-f842e426ab52 service placement] 10.222.0.73 "GET /placement/resource_providers/a38df60d-6ef8-4e58-96c6-0c41ae44c685/allocations" status: 200 len: 760 microversion: 1.0
Aug 23 16:53:29.484481 n-d-851358-7 devstack@placement-api.service[114820]: [pid: 114820|app: 0|req: 476/944] 10.222.0.73 () {58 vars in 1390 bytes} [Tue Aug 23 16:53:29 2022] GET /placement/resource_providers/a38df60d-6ef8-4e58-96c6-0c41ae44c685/allocations => generated 760 bytes in 59 msecs (HTTP/1.1 200) 6 headers in 224 bytes (1 switches on core 0)
Aug 23 16:53:29.492118 n-d-851358-7 devstack@placement-api.service[114819]: DEBUG placement.requestlog [req-ab8f9d45-2b4e-4a68-b33a-2f2217f35d7f req-f1d76c98-9698-47ca-9b2b-05aa87da77b1 None None] Starting request: 10.222.0.73 "GET /placement/allocations/aa40de3d-6378-4664-8f14-2dd1165f5d6f" {{(pid=114819) __call__ /opt/stack/placement/placement/requestlog.py:55}}
Aug 23 16:53:29.521741 n-d-851358-7 devstack@placement-api.service[114820]: DEBUG placement.requestlog [req-16d71410-1a0f-49ee-8cbe-472b7a2b6e59 req-e83ff668-68ba-4541-b7fb-6dce329374b2 None None] Starting request: 10.222.0.73 "GET /placement/resource_providers/a38df60d-6ef8-4e58-96c6-0c41ae44c685/allocations" {{(pid=114820) __call__ /opt/stack/placement/placement/requestlog.py:55}}
Aug 23 16:53:29.534932 n-d-851358-7 devstack@placement-api.service[114819]: INFO placement.requestlog [req-ab8f9d45-2b4e-4a68-b33a-2f2217f35d7f req-f1d76c98-9698-47ca-9b2b-05aa87da77b1 service placement] 10.222.0.73 "GET /placement/allocations/aa40de3d-6378-4664-8f14-2dd1165f5d6f" status: 200 len: 259 microversion: 1.28
Aug 23 16:53:29.535260 n-d-851358-7 devstack@placement-api.service[114819]: [pid: 114819|app: 0|req: 469/945] 10.222.0.73 () {60 vars in 1377 bytes} [Tue Aug 23 16:53:29 2022] GET /placement/allocations/aa40de3d-6378-4664-8f14-2dd1165f5d6f => generated 259 bytes in 43 msecs (HTTP/1.1 200) 8 headers in 296 bytes (1 switches on core 0)
Aug 23 16:53:29.542839 n-d-851358-7 devstack@placement-api.service[114819]: DEBUG placement.requestlog [req-ab8f9d45-2b4e-4a68-b33a-2f2217f35d7f req-9fceb58a-4ac1-4d93-8526-cd031b7108da None None] Starting request: 10.222.0.73 "GET /placement/allocations/81d11da3-3171-4e32-a5c5-4db675af13c3" {{(pid=114819) __call__ /opt/stack/placement/placement/requestlog.py:55}}
Aug 23 16:53:29.600015 n-d-851358-7 devstack@placement-api.service[114820]: INFO placement.requestlog [req-16d71410-1a0f-49ee-8cbe-472b7a2b6e59 req-e83ff668-68ba-4541-b7fb-6dce329374b2 service placement] 10.222.0.73 "GET /placement/resource_providers/a38df60d-6ef8-4e58-96c6-0c41ae44c685/allocations" status: 200 len: 760 microversion: 1.0
Aug 23 16:53:29.604794 n-d-851358-7 devstack@placement-api.service[114819]: INFO placement.requestlog [req-ab8f9d45-2b4e-4a68-b33a-2f2217f35d7f req-9fceb58a-4ac1-4d93-8526-cd031b7108da service placement] 10.222.0.73 "GET /placement/allocations/81d11da3-3171-4e32-a5c5-4db675af13c3" status: 200 len: 259 microversion: 1.28
Aug 23 16:53:29.605773 n-d-851358-7 devstack@placement-api.service[114820]: [pid: 114820|app: 0|req: 477/946] 10.222.0.73 () {58 vars in 1390 bytes} [Tue Aug 23 16:53:29 2022] GET /placement/resource_providers/a38df60d-6ef8-4e58-96c6-0c41ae44c685/allocations => generated 760 bytes in 84 msecs (HTTP/1.1 200) 6 headers in 224 bytes (2 switches on core 0)
Aug 23 16:53:29.608608 n-d-851358-7 devstack@placement-api.service[114819]: [pid: 114819|app: 0|req: 470/947] 10.222.0.73 () {60 vars in 1377 bytes} [Tue Aug 23 16:53:29 2022] GET /placement/allocations/81d11da3-3171-4e32-a5c5-4db675af13c3 => generated 259 bytes in 66 msecs (HTTP/1.1 200) 8 headers in 296 bytes (1 switches on core 0)
Aug 23 16:53:29.620379 n-d-851358-7 devstack@placement-api.service[114820]: DEBUG placement.requestlog [req-16d71410-1a0f-49ee-8cbe-472b7a2b6e59 req-1d6e2a11-7d3c-4db3-a2bd-6422b50cbc9b None None] Starting request: 10.222.0.73 "GET /placement/allocations/aa40de3d-6378-4664-8f14-2dd1165f5d6f" {{(pid=114820) __call__ /opt/stack/placement/placement/requestlog.py:55}}
Aug 23 16:53:29.621439 n-d-851358-7 devstack@placement-api.service[114819]: DEBUG placement.requestlog [req-ab8f9d45-2b4e-4a68-b33a-2f2217f35d7f req-c038533e-0413-4292-bca3-b84fb2b040aa None None] Starting request: 10.222.0.73 "GET /placement/allocations/da96dbdf-03dd-4b3b-b50e-01cbd876c51c" {{(pid=114819) __call__ /opt/stack/placement/placement/requestlog.py:55}}
Aug 23 16:53:29.675108 n-d-851358-7 devstack@placement-api.service[114820]: INFO placement.requestlog [req-16d71410-1a0f-49ee-8cbe-472b7a2b6e59 req-1d6e2a11-7d3c-4db3-a2bd-6422b50cbc9b service placement] 10.222.0.73 "GET /placement/allocations/aa40de3d-6378-4664-8f14-2dd1165f5d6f" status: 200 len: 259 microversion: 1.28
Aug 23 16:53:29.679256 n-d-851358-7 devstack@placement-api.service[114820]: [pid: 114820|app: 0|req: 478/948] 10.222.0.73 () {60 vars in 1377 bytes} [Tue Aug 23 16:53:29 2022] GET /placement/allocations/aa40de3d-6378-4664-8f14-2dd1165f5d6f => generated 259 bytes in 58 msecs (HTTP/1.1 200) 8 headers in 296 bytes (1 switches on core 0)
Aug 23 16:53:29.681243 n-d-851358-7 devstack@placement-api.service[114819]: INFO placement.requestlog [req-ab8f9d45-2b4e-4a68-b33a-2f2217f35d7f req-c038533e-0413-4292-bca3-b84fb2b040aa service placement] 10.222.0.73 "GET /placement/allocations/da96dbdf-03dd-4b3b-b50e-01cbd876c51c" status: 200 len: 259 microversion: 1.28
Aug 23 16:53:29.681663 n-d-851358-7 devstack@placement-api.service[114819]: [pid: 114819|app: 0|req: 471/949] 10.222.0.73 () {60 vars in 1377 bytes} [Tue Aug 23 16:53:29 2022] GET /placement/allocations/da96dbdf-03dd-4b3b-b50e-01cbd876c51c => generated 259 bytes in 60 msecs (HTTP/1.1 200) 8 headers in 296 bytes (1 switches on core 0)
Aug 23 16:53:29.689417 n-d-851358-7 devstack@placement-api.service[114820]: DEBUG placement.requestlog [req-16d71410-1a0f-49ee-8cbe-472b7a2b6e59 req-156dfd00-d10a-47a3-95a3-8037a04c19ef None None] Starting request: 10.222.0.73 "GET /placement/allocations/81d11da3-3171-4e32-a5c5-4db675af13c3" {{(pid=114820) __call__ /opt/stack/placement/placement/requestlog.py:55}}
Aug 23 16:53:29.695238 n-d-851358-7 devstack@placement-api.service[114819]: DEBUG placement.requestlog [req-ab8f9d45-2b4e-4a68-b33a-2f2217f35d7f req-d73d4418-c3cf-4ec6-abbb-4304aadaaec0 None None] Starting request: 10.222.0.73 "GET /placement/allocations/a281ab7c-93ec-475b-b650-89108b2c8cd2" {{(pid=114819) __call__ /opt/stack/placement/placement/requestlog.py:55}}
Aug 23 16:53:29.758463 n-d-851358-7 devstack@placement-api.service[114820]: INFO placement.requestlog [req-16d71410-1a0f-49ee-8cbe-472b7a2b6e59 req-156dfd00-d10a-47a3-95a3-8037a04c19ef service placement] 10.222.0.73 "GET /placement/allocations/81d11da3-3171-4e32-a5c5-4db675af13c3" status: 200 len: 259 microversion: 1.28
Aug 23 16:53:29.759500 n-d-851358-7 devstack@placement-api.service[114819]: INFO placement.requestlog [req-ab8f9d45-2b4e-4a68-b33a-2f2217f35d7f req-d73d4418-c3cf-4ec6-abbb-4304aadaaec0 service placement] 10.222.0.73 "GET /placement/allocations/a281ab7c-93ec-475b-b650-89108b2c8cd2" status: 200 len: 259 microversion: 1.28
Aug 23 16:53:29.760321 n-d-851358-7 devstack@placement-api.service[114820]: [pid: 114820|app: 0|req: 479/950] 10.222.0.73 () {60 vars in 1377 bytes} [Tue Aug 23 16:53:29 2022] GET /placement/allocations/81d11da3-3171-4e32-a5c5-4db675af13c3 => generated 259 bytes in 72 msecs (HTTP/1.1 200) 8 headers in 296 bytes (1 switches on core 0)
Aug 23 16:53:29.762719 n-d-851358-7 devstack@placement-api.service[114819]: [pid: 114819|app: 0|req: 472/951] 10.222.0.73 () {60 vars in 1377 bytes} [Tue Aug 23 16:53:29 2022] GET /placement/allocations/a281ab7c-93ec-475b-b650-89108b2c8cd2 => generated 259 bytes in 70 msecs (HTTP/1.1 200) 8 headers in 296 bytes (1 switches on core 0)
Aug 23 16:53:29.773509 n-d-851358-7 devstack@placement-api.service[114820]: DEBUG placement.requestlog [req-16d71410-1a0f-49ee-8cbe-472b7a2b6e59 req-cd99a72f-2c98-4c9c-a10f-e154d8aaa52b None None] Starting request: 10.222.0.73 "GET /placement/allocations/da96dbdf-03dd-4b3b-b50e-01cbd876c51c" {{(pid=114820) __call__ /opt/stack/placement/placement/requestlog.py:55}}
Aug 23 16:53:29.774044 n-d-851358-7 devstack@placement-api.service[114819]: DEBUG placement.requestlog [req-ab8f9d45-2b4e-4a68-b33a-2f2217f35d7f req-69a5d2d2-de7c-48a1-9cf0-fbde06bd4f2a None None] Starting request: 10.222.0.73 "GET /placement/allocations/f2f7267d-5391-474d-9d33-53a9bed01731" {{(pid=114819) __call__ /opt/stack/placement/placement/requestlog.py:55}}
Aug 23 16:53:29.810536 n-d-851358-7 devstack@placement-api.service[114820]: DEBUG dbcounter [-] [114820] Writing DB stats placement:SELECT=96,placement:DELETE=2,placement:UPDATE=2 {{(pid=114820) stat_writer /usr/local/lib/python3.8/dist-packages/dbcounter.py:114}}
Aug 23 16:53:29.827127 n-d-851358-7 devstack@placement-api.service[114820]: INFO placement.requestlog [req-16d71410-1a0f-49ee-8cbe-472b7a2b6e59 req-cd99a72f-2c98-4c9c-a10f-e154d8aaa52b service placement] 10.222.0.73 "GET /placement/allocations/da96dbdf-03dd-4b3b-b50e-01cbd876c51c" status: 200 len: 259 microversion: 1.28
Aug 23 16:53:29.828548 n-d-851358-7 devstack@placement-api.service[114820]: [pid: 114820|app: 0|req: 480/952] 10.222.0.73 () {60 vars in 1377 bytes} [Tue Aug 23 16:53:29 2022] GET /placement/allocations/da96dbdf-03dd-4b3b-b50e-01cbd876c51c => generated 259 bytes in 57 msecs (HTTP/1.1 200) 8 headers in 296 bytes (1 switches on core 0)
Aug 23 16:53:29.836193 n-d-851358-7 devstack@placement-api.service[114820]: DEBUG placement.requestlog [req-16d71410-1a0f-49ee-8cbe-472b7a2b6e59 req-066dc7f6-69ab-4064-bfe2-8b2734c33be2 None None] Starting request: 10.222.0.73 "GET /placement/allocations/a281ab7c-93ec-475b-b650-89108b2c8cd2" {{(pid=114820) __call__ /opt/stack/placement/placement/requestlog.py:55}}
Aug 23 16:53:29.840853 n-d-851358-7 devstack@placement-api.service[114819]: INFO placement.requestlog [req-ab8f9d45-2b4e-4a68-b33a-2f2217f35d7f req-69a5d2d2-de7c-48a1-9cf0-fbde06bd4f2a service placement] 10.222.0.73 "GET /placement/allocations/f2f7267d-5391-474d-9d33-53a9bed01731" status: 200 len: 259 microversion: 1.28
Aug 23 16:53:29.845526 n-d-851358-7 devstack@placement-api.service[114819]: [pid: 114819|app: 0|req: 473/953] 10.222.0.73 () {60 vars in 1377 bytes} [Tue Aug 23 16:53:29 2022] GET /placement/allocations/f2f7267d-5391-474d-9d33-53a9bed01731 => generated 259 bytes in 69 msecs (HTTP/1.1 200) 8 headers in 296 bytes (1 switches on core 0)
Aug 23 16:53:29.851110 n-d-851358-7 devstack@placement-api.service[114819]: DEBUG placement.requestlog [req-ab8f9d45-2b4e-4a68-b33a-2f2217f35d7f req-797ee055-c8bb-48a5-a070-68a55f21fe86 None None] Starting request: 10.222.0.73 "GET /placement/allocations/f32b1dc5-927e-4beb-85ff-e8f08c174caa" {{(pid=114819) __call__ /opt/stack/placement/placement/requestlog.py:55}}
Aug 23 16:53:29.882354 n-d-851358-7 devstack@placement-api.service[114819]: INFO placement.requestlog [req-ab8f9d45-2b4e-4a68-b33a-2f2217f35d7f req-797ee055-c8bb-48a5-a070-68a55f21fe86 service placement] 10.222.0.73 "GET /placement/allocations/f32b1dc5-927e-4beb-85ff-e8f08c174caa" status: 200 len: 259 microversion: 1.28
Aug 23 16:53:29.883344 n-d-851358-7 devstack@placement-api.service[114819]: [pid: 114819|app: 0|req: 474/954] 10.222.0.73 () {60 vars in 1377 bytes} [Tue Aug 23 16:53:29 2022] GET /placement/allocations/f32b1dc5-927e-4beb-85ff-e8f08c174caa => generated 259 bytes in 34 msecs (HTTP/1.1 200) 8 headers in 296 bytes (1 switches on core 0)
Aug 23 16:53:29.891479 n-d-851358-7 devstack@placement-api.service[114819]: DEBUG placement.requestlog [req-ab8f9d45-2b4e-4a68-b33a-2f2217f35d7f req-aaa2a1c2-fa42-4ca7-9f53-24689e7e76fa None None] Starting request: 10.222.0.73 "GET /placement/allocations/dc74deb6-ac81-490d-9fa6-be3790d7a9db" {{(pid=114819) __call__ /opt/stack/placement/placement/requestlog.py:55}}
Aug 23 16:53:29.899614 n-d-851358-7 devstack@placement-api.service[114820]: INFO placement.requestlog [req-16d71410-1a0f-49ee-8cbe-472b7a2b6e59 req-066dc7f6-69ab-4064-bfe2-8b2734c33be2 service placement] 10.222.0.73 "GET /placement/allocations/a281ab7c-93ec-475b-b650-89108b2c8cd2" status: 200 len: 259 microversion: 1.28
Aug 23 16:53:29.900018 n-d-851358-7 devstack@placement-api.service[114820]: [pid: 114820|app: 0|req: 481/955] 10.222.0.73 () {60 vars in 1377 bytes} [Tue Aug 23 16:53:29 2022] GET /placement/allocations/a281ab7c-93ec-475b-b650-89108b2c8cd2 => generated 259 bytes in 64 msecs (HTTP/1.1 200) 8 headers in 296 bytes (1 switches on core 0)
Aug 23 16:53:29.907829 n-d-851358-7 devstack@placement-api.service[114820]: DEBUG placement.requestlog [req-16d71410-1a0f-49ee-8cbe-472b7a2b6e59 req-90d9a80a-821f-4a1f-abea-00b80f347235 None None] Starting request: 10.222.0.73 "GET /placement/allocations/f2f7267d-5391-474d-9d33-53a9bed01731" {{(pid=114820) __call__ /opt/stack/placement/placement/requestlog.py:55}}
Aug 23 16:53:29.919995 n-d-851358-7 devstack@placement-api.service[114819]: INFO placement.requestlog [req-ab8f9d45-2b4e-4a68-b33a-2f2217f35d7f req-aaa2a1c2-fa42-4ca7-9f53-24689e7e76fa service placement] 10.222.0.73 "GET /placement/allocations/dc74deb6-ac81-490d-9fa6-be3790d7a9db" status: 200 len: 259 microversion: 1.28
Aug 23 16:53:29.925729 n-d-851358-7 devstack@placement-api.service[114819]: [pid: 114819|app: 0|req: 475/956] 10.222.0.73 () {60 vars in 1377 bytes} [Tue Aug 23 16:53:29 2022] GET /placement/allocations/dc74deb6-ac81-490d-9fa6-be3790d7a9db => generated 259 bytes in 30 msecs (HTTP/1.1 200) 8 headers in 296 bytes (2 switches on core 0)
Aug 23 16:53:29.969821 n-d-851358-7 devstack@placement-api.service[114820]: INFO placement.requestlog [req-16d71410-1a0f-49ee-8cbe-472b7a2b6e59 req-90d9a80a-821f-4a1f-abea-00b80f347235 service placement] 10.222.0.73 "GET /placement/allocations/f2f7267d-5391-474d-9d33-53a9bed01731" status: 200 len: 259 microversion: 1.28
Aug 23 16:53:29.970216 n-d-851358-7 devstack@placement-api.service[114820]: [pid: 114820|app: 0|req: 482/957] 10.222.0.73 () {60 vars in 1377 bytes} [Tue Aug 23 16:53:29 2022] GET /placement/allocations/f2f7267d-5391-474d-9d33-53a9bed01731 => generated 259 bytes in 63 msecs (HTTP/1.1 200) 8 headers in 296 bytes (1 switches on core 0)
Aug 23 16:53:30.165154 n-d-851358-7 devstack@placement-api.service[114819]: DEBUG placement.requestlog [req-16d71410-1a0f-49ee-8cbe-472b7a2b6e59 req-dffc769d-b5c5-4ecd-aef8-c097b5ecd8e8 None None] Starting request: 10.222.0.73 "GET /placement/allocations/f32b1dc5-927e-4beb-85ff-e8f08c174caa" {{(pid=114819) __call__ /opt/stack/placement/placement/requestlog.py:55}}
Aug 23 16:53:30.192400 n-d-851358-7 devstack@placement-api.service[114820]: DEBUG placement.requestlog [req-ab8f9d45-2b4e-4a68-b33a-2f2217f35d7f req-e1e167b7-7c50-4938-9af0-1539ef056979 None None] Starting request: 10.222.0.73 "DELETE /placement/allocations/81d11da3-3171-4e32-a5c5-4db675af13c3" {{(pid=114820) __call__ /opt/stack/placement/placement/requestlog.py:55}}
Aug 23 16:53:30.217077 n-d-851358-7 devstack@placement-api.service[114819]: INFO placement.requestlog [req-16d71410-1a0f-49ee-8cbe-472b7a2b6e59 req-dffc769d-b5c5-4ecd-aef8-c097b5ecd8e8 service placement] 10.222.0.73 "GET /placement/allocations/f32b1dc5-927e-4beb-85ff-e8f08c174caa" status: 200 len: 259 microversion: 1.28
Aug 23 16:53:30.217077 n-d-851358-7 devstack@placement-api.service[114819]: [pid: 114819|app: 0|req: 476/958] 10.222.0.73 () {60 vars in 1377 bytes} [Tue Aug 23 16:53:30 2022] GET /placement/allocations/f32b1dc5-927e-4beb-85ff-e8f08c174caa => generated 259 bytes in 41 msecs (HTTP/1.1 200) 8 headers in 296 bytes (1 switches on core 0)
Aug 23 16:53:30.217077 n-d-851358-7 devstack@placement-api.service[114819]: DEBUG placement.requestlog [req-16d71410-1a0f-49ee-8cbe-472b7a2b6e59 req-e6617996-e646-4306-aca9-0e6d6be13b57 None None] Starting request: 10.222.0.73 "GET /placement/allocations/dc74deb6-ac81-490d-9fa6-be3790d7a9db" {{(pid=114819) __call__ /opt/stack/placement/placement/requestlog.py:55}}
Aug 23 16:53:30.279469 n-d-851358-7 devstack@placement-api.service[114819]: INFO placement.requestlog [req-16d71410-1a0f-49ee-8cbe-472b7a2b6e59 req-e6617996-e646-4306-aca9-0e6d6be13b57 service placement] 10.222.0.73 "GET /placement/allocations/dc74deb6-ac81-490d-9fa6-be3790d7a9db" status: 200 len: 259 microversion: 1.28
Aug 23 16:53:30.280232 n-d-851358-7 devstack@placement-api.service[114819]: [pid: 114819|app: 0|req: 477/959] 10.222.0.73 () {60 vars in 1377 bytes} [Tue Aug 23 16:53:30 2022] GET /placement/allocations/dc74deb6-ac81-490d-9fa6-be3790d7a9db => generated 259 bytes in 69 msecs (HTTP/1.1 200) 8 headers in 296 bytes (1 switches on core 0)
Aug 23 16:53:30.443897 n-d-851358-7 devstack@placement-api.service[114820]: DEBUG placement.handlers.allocation [req-ab8f9d45-2b4e-4a68-b33a-2f2217f35d7f req-e1e167b7-7c50-4938-9af0-1539ef056979 service placement] Successfully deleted allocations [, , ] {{(pid=114820) delete_allocations /opt/stack/placement/placement/handlers/allocation.py:627}}
Aug 23 16:53:30.445341 n-d-851358-7 devstack@placement-api.service[114820]: INFO placement.requestlog [req-ab8f9d45-2b4e-4a68-b33a-2f2217f35d7f req-e1e167b7-7c50-4938-9af0-1539ef056979 service placement] 10.222.0.73 "DELETE /placement/allocations/81d11da3-3171-4e32-a5c5-4db675af13c3" status: 204 len: 0 microversion: 1.0
Aug 23 16:53:30.446242 n-d-851358-7 devstack@placement-api.service[114820]: [pid: 114820|app: 0|req: 483/960] 10.222.0.73 () {60 vars in 1355 bytes} [Tue Aug 23 16:53:30 2022] DELETE /placement/allocations/81d11da3-3171-4e32-a5c5-4db675af13c3 => generated 0 bytes in 254 msecs (HTTP/1.1 204) 5 headers in 198 bytes (1 switches on core 0)
Aug 23 16:53:30.583071 n-d-851358-7 devstack@placement-api.service[114819]: DEBUG placement.requestlog [req-16d71410-1a0f-49ee-8cbe-472b7a2b6e59 req-17dff212-8a78-4467-8e8e-651ffcb0dda9 None None] Starting request: 10.222.0.73 "DELETE /placement/allocations/f2f7267d-5391-474d-9d33-53a9bed01731" {{(pid=114819) __call__ /opt/stack/placement/placement/requestlog.py:55}}
Aug 23 16:53:30.683859 n-d-851358-7 devstack@placement-api.service[114819]: DEBUG dbcounter [-] [114819] Writing DB stats placement:SELECT=91,placement:INSERT=4,placement:DELETE=3,placement:UPDATE=2 {{(pid=114819) stat_writer /usr/local/lib/python3.8/dist-packages/dbcounter.py:114}}
Aug 23 16:53:30.797411 n-d-851358-7 devstack@placement-api.service[114819]: DEBUG placement.handlers.allocation [req-16d71410-1a0f-49ee-8cbe-472b7a2b6e59 req-17dff212-8a78-4467-8e8e-651ffcb0dda9 service placement] Successfully deleted allocations [, , ] {{(pid=114819) delete_allocations /opt/stack/placement/placement/handlers/allocation.py:627}}
Aug 23 16:53:30.797875 n-d-851358-7 devstack@placement-api.service[114819]: INFO placement.requestlog [req-16d71410-1a0f-49ee-8cbe-472b7a2b6e59 req-17dff212-8a78-4467-8e8e-651ffcb0dda9 service placement] 10.222.0.73 "DELETE /placement/allocations/f2f7267d-5391-474d-9d33-53a9bed01731" status: 204 len: 0 microversion: 1.0
Aug 23 16:53:30.798359 n-d-851358-7 devstack@placement-api.service[114819]: [pid: 114819|app: 0|req: 478/961] 10.222.0.73 () {60 vars in 1355 bytes} [Tue Aug 23 16:53:30 2022] DELETE /placement/allocations/f2f7267d-5391-474d-9d33-53a9bed01731 => generated 0 bytes in 216 msecs (HTTP/1.1 204) 5 headers in 198 bytes (1 switches on core 0)
Aug 23 16:53:31.471798 n-d-851358-7 devstack@placement-api.service[114820]: DEBUG placement.requestlog [req-ec33f8c4-65f6-4d89-ba7a-f605f0e41238 req-2d4b6ec4-c8e2-4bdc-a86d-ac9d2ab5cc3e None None] Starting request: 10.222.0.73 "GET /placement/resource_providers/a38df60d-6ef8-4e58-96c6-0c41ae44c685/allocations" {{(pid=114820) __call__ /opt/stack/placement/placement/requestlog.py:55}}
Aug 23 16:53:31.534960 n-d-851358-7 devstack@placement-api.service[114820]: INFO placement.requestlog [req-ec33f8c4-65f6-4d89-ba7a-f605f0e41238 req-2d4b6ec4-c8e2-4bdc-a86d-ac9d2ab5cc3e service placement] 10.222.0.73 "GET /placement/resource_providers/a38df60d-6ef8-4e58-96c6-0c41ae44c685/allocations" status: 200 len: 558 microversion: 1.0
Aug 23 16:53:31.540825 n-d-851358-7 devstack@placement-api.service[114820]: [pid: 114820|app: 0|req: 484/962] 10.222.0.73 () {58 vars in 1390 bytes} [Tue Aug 23 16:53:31 2022] GET /placement/resource_providers/a38df60d-6ef8-4e58-96c6-0c41ae44c685/allocations => generated 558 bytes in 64 msecs (HTTP/1.1 200) 6 headers in 224 bytes (1 switches on core 0)
Aug 23 16:53:31.740852 n-d-851358-7 devstack@placement-api.service[114819]: DEBUG placement.requestlog [req-ec33f8c4-65f6-4d89-ba7a-f605f0e41238 req-fbea31bb-c42c-4745-885a-3da3babb5f27 None None] Starting request: 10.222.0.73 "GET /placement/resource_providers/a38df60d-6ef8-4e58-96c6-0c41ae44c685/allocations" {{(pid=114819) __call__ /opt/stack/placement/placement/requestlog.py:55}}
Aug 23 16:53:31.812325 n-d-851358-7 devstack@placement-api.service[114819]: INFO placement.requestlog [req-ec33f8c4-65f6-4d89-ba7a-f605f0e41238 req-fbea31bb-c42c-4745-885a-3da3babb5f27 service placement] 10.222.0.73 "GET /placement/resource_providers/a38df60d-6ef8-4e58-96c6-0c41ae44c685/allocations" status: 200 len: 558 microversion: 1.0
Aug 23 16:53:31.812982 n-d-851358-7 devstack@placement-api.service[114819]: [pid: 114819|app: 0|req: 479/963] 10.222.0.73 () {58 vars in 1390 bytes} [Tue Aug 23 16:53:31 2022] GET /placement/resource_providers/a38df60d-6ef8-4e58-96c6-0c41ae44c685/allocations => generated 558 bytes in 73 msecs (HTTP/1.1 200) 6 headers in 224 bytes (2 switches on core 0)
Aug 23 16:53:31.820246 n-d-851358-7 devstack@placement-api.service[114820]: DEBUG placement.requestlog [req-ec33f8c4-65f6-4d89-ba7a-f605f0e41238 req-af5bcb0a-0891-4bb6-b198-b99b0a1663d3 None None] Starting request: 10.222.0.73 "GET /placement/allocations/aa40de3d-6378-4664-8f14-2dd1165f5d6f" {{(pid=114820) __call__ /opt/stack/placement/placement/requestlog.py:55}}
Aug 23 16:53:31.866222 n-d-851358-7 devstack@placement-api.service[114820]: INFO placement.requestlog [req-ec33f8c4-65f6-4d89-ba7a-f605f0e41238 req-af5bcb0a-0891-4bb6-b198-b99b0a1663d3 service placement] 10.222.0.73 "GET /placement/allocations/aa40de3d-6378-4664-8f14-2dd1165f5d6f" status: 200 len: 259 microversion: 1.28
Aug 23 16:53:31.866222 n-d-851358-7 devstack@placement-api.service[114820]: [pid: 114820|app: 0|req: 485/964] 10.222.0.73 () {60 vars in 1377 bytes} [Tue Aug 23 16:53:31 2022] GET /placement/allocations/aa40de3d-6378-4664-8f14-2dd1165f5d6f => generated 259 bytes in 45 msecs (HTTP/1.1 200) 8 headers in 296 bytes (1 switches on core 0)
Aug 23 16:53:31.872081 n-d-851358-7 devstack@placement-api.service[114819]: DEBUG placement.requestlog [req-ec33f8c4-65f6-4d89-ba7a-f605f0e41238 req-91a4c581-6dc8-4594-b0c3-9556c615c73e None None] Starting request: 10.222.0.73 "GET /placement/allocations/f32b1dc5-927e-4beb-85ff-e8f08c174caa" {{(pid=114819) __call__ /opt/stack/placement/placement/requestlog.py:55}}
Aug 23 16:53:31.942547 n-d-851358-7 devstack@placement-api.service[114819]: INFO placement.requestlog [req-ec33f8c4-65f6-4d89-ba7a-f605f0e41238 req-91a4c581-6dc8-4594-b0c3-9556c615c73e service placement] 10.222.0.73 "GET /placement/allocations/f32b1dc5-927e-4beb-85ff-e8f08c174caa" status: 200 len: 259 microversion: 1.28
Aug 23 16:53:31.951126 n-d-851358-7 devstack@placement-api.service[114820]: DEBUG placement.requestlog [req-ec33f8c4-65f6-4d89-ba7a-f605f0e41238 req-ecec61bf-8df1-4d04-85d4-7074cfe2156f None None] Starting request: 10.222.0.73 "GET /placement/allocations/da96dbdf-03dd-4b3b-b50e-01cbd876c51c" {{(pid=114820) __call__ /opt/stack/placement/placement/requestlog.py:55}}
Aug 23 16:53:31.962833 n-d-851358-7 devstack@placement-api.service[114819]: [pid: 114819|app: 0|req: 480/965] 10.222.0.73 () {60 vars in 1377 bytes} [Tue Aug 23 16:53:31 2022] GET /placement/allocations/f32b1dc5-927e-4beb-85ff-e8f08c174caa => generated 259 bytes in 91 msecs (HTTP/1.1 200) 8 headers in 296 bytes (1 switches on core 0)
Aug 23 16:53:32.002599 n-d-851358-7 devstack@placement-api.service[114820]: INFO placement.requestlog [req-ec33f8c4-65f6-4d89-ba7a-f605f0e41238 req-ecec61bf-8df1-4d04-85d4-7074cfe2156f service placement] 10.222.0.73 "GET /placement/allocations/da96dbdf-03dd-4b3b-b50e-01cbd876c51c" status: 200 len: 259 microversion: 1.28
Aug 23 16:53:32.002999 n-d-851358-7 devstack@placement-api.service[114820]: [pid: 114820|app: 0|req: 486/966] 10.222.0.73 () {60 vars in 1377 bytes} [Tue Aug 23 16:53:31 2022] GET /placement/allocations/da96dbdf-03dd-4b3b-b50e-01cbd876c51c => generated 259 bytes in 52 msecs (HTTP/1.1 200) 8 headers in 296 bytes (2 switches on core 0)
Aug 23 16:53:32.010577 n-d-851358-7 devstack@placement-api.service[114819]: DEBUG placement.requestlog [req-ec33f8c4-65f6-4d89-ba7a-f605f0e41238 req-9ef5a3d5-0532-4f21-abdd-60f3975e16ec None None] Starting request: 10.222.0.73 "GET /placement/allocations/a281ab7c-93ec-475b-b650-89108b2c8cd2" {{(pid=114819) __call__ /opt/stack/placement/placement/requestlog.py:55}}
Aug 23 16:53:32.053130 n-d-851358-7 devstack@placement-api.service[114819]: INFO placement.requestlog [req-ec33f8c4-65f6-4d89-ba7a-f605f0e41238 req-9ef5a3d5-0532-4f21-abdd-60f3975e16ec service placement] 10.222.0.73 "GET /placement/allocations/a281ab7c-93ec-475b-b650-89108b2c8cd2" status: 200 len: 259 microversion: 1.28
Aug 23 16:53:32.054737 n-d-851358-7 devstack@placement-api.service[114819]: [pid: 114819|app: 0|req: 481/967] 10.222.0.73 () {60 vars in 1377 bytes} [Tue Aug 23 16:53:32 2022] GET /placement/allocations/a281ab7c-93ec-475b-b650-89108b2c8cd2 => generated 259 bytes in 44 msecs (HTTP/1.1 200) 8 headers in 296 bytes (1 switches on core 0)
Aug 23 16:53:32.062518 n-d-851358-7 devstack@placement-api.service[114820]: DEBUG placement.requestlog [req-ec33f8c4-65f6-4d89-ba7a-f605f0e41238 req-9f20aafb-ad27-4405-b59f-17f66abd8483 None None] Starting request: 10.222.0.73 "GET /placement/allocations/dc74deb6-ac81-490d-9fa6-be3790d7a9db" {{(pid=114820) __call__ /opt/stack/placement/placement/requestlog.py:55}}
Aug 23 16:53:32.104244 n-d-851358-7 devstack@placement-api.service[114820]: INFO placement.requestlog [req-ec33f8c4-65f6-4d89-ba7a-f605f0e41238 req-9f20aafb-ad27-4405-b59f-17f66abd8483 service placement] 10.222.0.73 "GET /placement/allocations/dc74deb6-ac81-490d-9fa6-be3790d7a9db" status: 200 len: 259 microversion: 1.28
Aug 23 16:53:32.104976 n-d-851358-7 devstack@placement-api.service[114820]: [pid: 114820|app: 0|req: 487/968] 10.222.0.73 () {60 vars in 1377 bytes} [Tue Aug 23 16:53:32 2022] GET /placement/allocations/dc74deb6-ac81-490d-9fa6-be3790d7a9db => generated 259 bytes in 43 msecs (HTTP/1.1 200) 8 headers in 296 bytes (2 switches on core 0)
Aug 23 16:53:33.273798 n-d-851358-7 devstack@placement-api.service[114819]: DEBUG placement.requestlog [req-6307fcf3-095c-40c6-83b6-36d9c05878a6 req-739e65cd-cae1-4f30-a55c-ef267e480025 None None] Starting request: 10.222.0.73 "GET /placement/resource_providers/a38df60d-6ef8-4e58-96c6-0c41ae44c685/allocations" {{(pid=114819) __call__ /opt/stack/placement/placement/requestlog.py:55}}
Aug 23 16:53:33.301670 n-d-851358-7 devstack@placement-api.service[114819]: INFO placement.requestlog [req-6307fcf3-095c-40c6-83b6-36d9c05878a6 req-739e65cd-cae1-4f30-a55c-ef267e480025 service placement] 10.222.0.73 "GET /placement/resource_providers/a38df60d-6ef8-4e58-96c6-0c41ae44c685/allocations" status: 200 len: 558 microversion: 1.0
Aug 23 16:53:33.302492 n-d-851358-7 devstack@placement-api.service[114819]: [pid: 114819|app: 0|req: 482/969] 10.222.0.73 () {58 vars in 1390 bytes} [Tue Aug 23 16:53:33 2022] GET /placement/resource_providers/a38df60d-6ef8-4e58-96c6-0c41ae44c685/allocations => generated 558 bytes in 29 msecs (HTTP/1.1 200) 6 headers in 224 bytes (1 switches on core 0)
Aug 23 16:53:33.310148 n-d-851358-7 devstack@placement-api.service[114820]: DEBUG placement.requestlog [req-6307fcf3-095c-40c6-83b6-36d9c05878a6 req-209ce600-0c46-4435-acc6-96c456bd2e3b None None] Starting request: 10.222.0.73 "GET /placement/allocations/aa40de3d-6378-4664-8f14-2dd1165f5d6f" {{(pid=114820) __call__ /opt/stack/placement/placement/requestlog.py:55}}
Aug 23 16:53:33.335343 n-d-851358-7 devstack@placement-api.service[114820]: INFO placement.requestlog [req-6307fcf3-095c-40c6-83b6-36d9c05878a6 req-209ce600-0c46-4435-acc6-96c456bd2e3b service placement] 10.222.0.73 "GET /placement/allocations/aa40de3d-6378-4664-8f14-2dd1165f5d6f" status: 200 len: 259 microversion: 1.28
Aug 23 16:53:33.335822 n-d-851358-7 devstack@placement-api.service[114820]: [pid: 114820|app: 0|req: 488/970] 10.222.0.73 () {60 vars in 1377 bytes} [Tue Aug 23 16:53:33 2022] GET /placement/allocations/aa40de3d-6378-4664-8f14-2dd1165f5d6f => generated 259 bytes in 26 msecs (HTTP/1.1 200) 8 headers in 296 bytes (1 switches on core 0)
Aug 23 16:53:33.353681 n-d-851358-7 devstack@placement-api.service[114819]: DEBUG placement.requestlog [req-6307fcf3-095c-40c6-83b6-36d9c05878a6 req-6b838ca1-707f-46ea-a26b-1256f6403ae8 None None] Starting request: 10.222.0.73 "GET /placement/allocations/f32b1dc5-927e-4beb-85ff-e8f08c174caa" {{(pid=114819) __call__ /opt/stack/placement/placement/requestlog.py:55}}
Aug 23 16:53:33.375441 n-d-851358-7 devstack@placement-api.service[114819]: INFO placement.requestlog [req-6307fcf3-095c-40c6-83b6-36d9c05878a6 req-6b838ca1-707f-46ea-a26b-1256f6403ae8 service placement] 10.222.0.73 "GET /placement/allocations/f32b1dc5-927e-4beb-85ff-e8f08c174caa" status: 200 len: 259 microversion: 1.28
Aug 23 16:53:33.375795 n-d-851358-7 devstack@placement-api.service[114819]: [pid: 114819|app: 0|req: 483/971] 10.222.0.73 () {60 vars in 1377 bytes} [Tue Aug 23 16:53:33 2022] GET /placement/allocations/f32b1dc5-927e-4beb-85ff-e8f08c174caa => generated 259 bytes in 22 msecs (HTTP/1.1 200) 8 headers in 296 bytes (1 switches on core 0)
Aug 23 16:53:33.840280 n-d-851358-7 devstack@placement-api.service[114820]: DEBUG placement.requestlog [req-6307fcf3-095c-40c6-83b6-36d9c05878a6 req-2c416c88-5826-4da8-80aa-3d0498ba5b64 None None] Starting request: 10.222.0.73 "GET /placement/allocations/da96dbdf-03dd-4b3b-b50e-01cbd876c51c" {{(pid=114820) __call__ /opt/stack/placement/placement/requestlog.py:55}}
Aug 23 16:53:33.898334 n-d-851358-7 devstack@placement-api.service[114820]: INFO placement.requestlog [req-6307fcf3-095c-40c6-83b6-36d9c05878a6 req-2c416c88-5826-4da8-80aa-3d0498ba5b64 service placement] 10.222.0.73 "GET /placement/allocations/da96dbdf-03dd-4b3b-b50e-01cbd876c51c" status: 200 len: 259 microversion: 1.28
Aug 23 16:53:33.899372 n-d-851358-7 devstack@placement-api.service[114820]: [pid: 114820|app: 0|req: 489/972] 10.222.0.73 () {60 vars in 1377 bytes} [Tue Aug 23 16:53:33 2022] GET /placement/allocations/da96dbdf-03dd-4b3b-b50e-01cbd876c51c => generated 259 bytes in 59 msecs (HTTP/1.1 200) 8 headers in 296 bytes (1 switches on core 0)
Aug 23 16:53:33.907153 n-d-851358-7 devstack@placement-api.service[114819]: DEBUG placement.requestlog [req-6307fcf3-095c-40c6-83b6-36d9c05878a6 req-dc4d0588-f1a7-4876-8d1e-160c0839390a None None] Starting request: 10.222.0.73 "GET /placement/allocations/a281ab7c-93ec-475b-b650-89108b2c8cd2" {{(pid=114819) __call__ /opt/stack/placement/placement/requestlog.py:55}}
Aug 23 16:53:33.941876 n-d-851358-7 devstack@placement-api.service[114819]: INFO placement.requestlog [req-6307fcf3-095c-40c6-83b6-36d9c05878a6 req-dc4d0588-f1a7-4876-8d1e-160c0839390a service placement] 10.222.0.73 "GET /placement/allocations/a281ab7c-93ec-475b-b650-89108b2c8cd2" status: 200 len: 259 microversion: 1.28
Aug 23 16:53:33.942559 n-d-851358-7 devstack@placement-api.service[114819]: [pid: 114819|app: 0|req: 484/973] 10.222.0.73 () {60 vars in 1377 bytes} [Tue Aug 23 16:53:33 2022] GET /placement/allocations/a281ab7c-93ec-475b-b650-89108b2c8cd2 => generated 259 bytes in 36 msecs (HTTP/1.1 200) 8 headers in 296 bytes (1 switches on core 0)
Aug 23 16:53:33.956054 n-d-851358-7 devstack@placement-api.service[114820]: DEBUG placement.requestlog [req-6307fcf3-095c-40c6-83b6-36d9c05878a6 req-c55db995-9e93-4e71-87b8-13b082d11d3d None None] Starting request: 10.222.0.73 "GET /placement/allocations/dc74deb6-ac81-490d-9fa6-be3790d7a9db" {{(pid=114820) __call__ /opt/stack/placement/placement/requestlog.py:55}}
Aug 23 16:53:33.998757 n-d-851358-7 devstack@placement-api.service[114820]: INFO placement.requestlog [req-6307fcf3-095c-40c6-83b6-36d9c05878a6 req-c55db995-9e93-4e71-87b8-13b082d11d3d service placement] 10.222.0.73 "GET /placement/allocations/dc74deb6-ac81-490d-9fa6-be3790d7a9db" status: 200 len: 259 microversion: 1.28
Aug 23 16:53:34.005712 n-d-851358-7 devstack@placement-api.service[114820]: [pid: 114820|app: 0|req: 490/974] 10.222.0.73 () {60 vars in 1377 bytes} [Tue Aug 23 16:53:33 2022] GET /placement/allocations/dc74deb6-ac81-490d-9fa6-be3790d7a9db => generated 259 bytes in 44 msecs (HTTP/1.1 200) 8 headers in 296 bytes (1 switches on core 0)
Aug 23 16:53:34.394766 n-d-851358-7 devstack@placement-api.service[114819]: DEBUG placement.requestlog [req-6307fcf3-095c-40c6-83b6-36d9c05878a6 req-acee159b-b1a3-4906-b784-93de89fab362 None None] Starting request: 10.222.0.73 "DELETE /placement/allocations/f32b1dc5-927e-4beb-85ff-e8f08c174caa" {{(pid=114819) __call__ /opt/stack/placement/placement/requestlog.py:55}}
Aug 23 16:53:34.820199 n-d-851358-7 devstack@placement-api.service[114819]: DEBUG placement.handlers.allocation [req-6307fcf3-095c-40c6-83b6-36d9c05878a6 req-acee159b-b1a3-4906-b784-93de89fab362 service placement] Successfully deleted allocations [, , ] {{(pid=114819) delete_allocations /opt/stack/placement/placement/handlers/allocation.py:627}}
Aug 23 16:53:34.820987 n-d-851358-7 devstack@placement-api.service[114819]: INFO placement.requestlog [req-6307fcf3-095c-40c6-83b6-36d9c05878a6 req-acee159b-b1a3-4906-b784-93de89fab362 service placement] 10.222.0.73 "DELETE /placement/allocations/f32b1dc5-927e-4beb-85ff-e8f08c174caa" status: 204 len: 0 microversion: 1.0
Aug 23 16:53:34.821387 n-d-851358-7 devstack@placement-api.service[114819]: [pid: 114819|app: 0|req: 485/975] 10.222.0.73 () {60 vars in 1355 bytes} [Tue Aug 23 16:53:34 2022] DELETE /placement/allocations/f32b1dc5-927e-4beb-85ff-e8f08c174caa => generated 0 bytes in 427 msecs (HTTP/1.1 204) 5 headers in 198 bytes (1 switches on core 0)
Aug 23 16:53:37.471847 n-d-851358-7 devstack@placement-api.service[114820]: DEBUG placement.requestlog [req-46778792-7b1c-4d20-9784-148711cd7272 req-689317ff-399e-40b4-b317-dcef64b17399 None None] Starting request: 10.222.0.30 "GET /placement/allocation_candidates?limit=1000&resources=DISK_GB%3A1%2CMEMORY_MB%3A1024%2CVCPU%3A1&root_required=%21COMPUTE_STATUS_DISABLED" {{(pid=114820) __call__ /opt/stack/placement/placement/requestlog.py:55}}
Aug 23 16:53:37.573132 n-d-851358-7 devstack@placement-api.service[114820]: DEBUG placement.objects.research_context [req-46778792-7b1c-4d20-9784-148711cd7272 req-689317ff-399e-40b4-b317-dcef64b17399 service placement] getting providers with 1 DISK_GB {{(pid=114820) __init__ /opt/stack/placement/placement/objects/research_context.py:136}}
Aug 23 16:53:37.573132 n-d-851358-7 devstack@placement-api.service[114820]: DEBUG placement.objects.research_context [req-46778792-7b1c-4d20-9784-148711cd7272 req-689317ff-399e-40b4-b317-dcef64b17399 service placement] getting providers with 1024 MEMORY_MB {{(pid=114820) __init__ /opt/stack/placement/placement/objects/research_context.py:136}}
Aug 23 16:53:37.573132 n-d-851358-7 devstack@placement-api.service[114820]: DEBUG placement.objects.research_context [req-46778792-7b1c-4d20-9784-148711cd7272 req-689317ff-399e-40b4-b317-dcef64b17399 service placement] getting providers with 1 VCPU {{(pid=114820) __init__ /opt/stack/placement/placement/objects/research_context.py:136}}
Aug 23 16:53:37.573132 n-d-851358-7 devstack@placement-api.service[114820]: DEBUG placement.objects.research_context [req-46778792-7b1c-4d20-9784-148711cd7272 req-689317ff-399e-40b4-b317-dcef64b17399 service placement] found 2 providers with available 1 DISK_GB {{(pid=114820) get_provider_ids_matching /opt/stack/placement/placement/objects/research_context.py:563}}
Aug 23 16:53:37.573132 n-d-851358-7 devstack@placement-api.service[114820]: DEBUG placement.objects.research_context [req-46778792-7b1c-4d20-9784-148711cd7272 req-689317ff-399e-40b4-b317-dcef64b17399 service placement] found 2 providers with available 1024 MEMORY_MB {{(pid=114820) get_provider_ids_matching /opt/stack/placement/placement/objects/research_context.py:563}}
Aug 23 16:53:37.573132 n-d-851358-7 devstack@placement-api.service[114820]: DEBUG placement.objects.research_context [req-46778792-7b1c-4d20-9784-148711cd7272 req-689317ff-399e-40b4-b317-dcef64b17399 service placement] found 2 providers after filtering by previous result {{(pid=114820) get_provider_ids_matching /opt/stack/placement/placement/objects/research_context.py:594}}
Aug 23 16:53:37.573132 n-d-851358-7 devstack@placement-api.service[114820]: DEBUG placement.objects.research_context [req-46778792-7b1c-4d20-9784-148711cd7272 req-689317ff-399e-40b4-b317-dcef64b17399 service placement] found 2 providers with available 1 VCPU {{(pid=114820) get_provider_ids_matching /opt/stack/placement/placement/objects/research_context.py:563}}
Aug 23 16:53:37.573132 n-d-851358-7 devstack@placement-api.service[114820]: DEBUG placement.objects.research_context [req-46778792-7b1c-4d20-9784-148711cd7272 req-689317ff-399e-40b4-b317-dcef64b17399 service placement] found 2 providers after filtering by previous result {{(pid=114820) get_provider_ids_matching /opt/stack/placement/placement/objects/research_context.py:594}}
Aug 23 16:53:37.583952 n-d-851358-7 devstack@placement-api.service[114820]: DEBUG placement.objects.allocation_candidate [req-46778792-7b1c-4d20-9784-148711cd7272 req-689317ff-399e-40b4-b317-dcef64b17399 service placement] RequestGroup(use_same_provider=False, resources={DISK_GB:1, MEMORY_MB:1024, VCPU:1}, traits=(), aggregates=[]) (suffix '') returned 2 matches {{(pid=114820) _get_by_requests /opt/stack/placement/placement/objects/allocation_candidate.py:156}}
Aug 23 16:53:37.584409 n-d-851358-7 devstack@placement-api.service[114820]: DEBUG placement.objects.allocation_candidate [req-46778792-7b1c-4d20-9784-148711cd7272 req-689317ff-399e-40b4-b317-dcef64b17399 service placement] Merging candidates yields 2 allocation requests and 2 provider summaries {{(pid=114820) _merge_candidates /opt/stack/placement/placement/objects/allocation_candidate.py:809}}
Aug 23 16:53:37.596653 n-d-851358-7 devstack@placement-api.service[114820]: INFO placement.requestlog [req-46778792-7b1c-4d20-9784-148711cd7272 req-689317ff-399e-40b4-b317-dcef64b17399 service placement] 10.222.0.30 "GET /placement/allocation_candidates?limit=1000&resources=DISK_GB%3A1%2CMEMORY_MB%3A1024%2CVCPU%3A1&root_required=%21COMPUTE_STATUS_DISABLED" status: 200 len: 1311 microversion: 1.36
Aug 23 16:53:37.597927 n-d-851358-7 devstack@placement-api.service[114820]: [pid: 114820|app: 0|req: 491/976] 10.222.0.30 () {60 vars in 1506 bytes} [Tue Aug 23 16:53:37 2022] GET /placement/allocation_candidates?limit=1000&resources=DISK_GB%3A1%2CMEMORY_MB%3A1024%2CVCPU%3A1&root_required=%21COMPUTE_STATUS_DISABLED => generated 1311 bytes in 126 msecs (HTTP/1.1 200) 8 headers in 297 bytes (1 switches on core 0)
Aug 23 16:53:37.769325 n-d-851358-7 devstack@placement-api.service[114819]: DEBUG placement.requestlog [req-46778792-7b1c-4d20-9784-148711cd7272 req-0e24e506-64c5-4cdf-b10f-cb45aaeba5bd None None] Starting request: 10.222.0.30 "GET /placement/allocations/2533790f-b809-46ae-b771-e2972d1c5193" {{(pid=114819) __call__ /opt/stack/placement/placement/requestlog.py:55}}
Aug 23 16:53:37.769325 n-d-851358-7 devstack@placement-api.service[114819]: INFO placement.requestlog [req-46778792-7b1c-4d20-9784-148711cd7272 req-0e24e506-64c5-4cdf-b10f-cb45aaeba5bd service placement] 10.222.0.30 "GET /placement/allocations/2533790f-b809-46ae-b771-e2972d1c5193" status: 200 len: 19 microversion: 1.28
Aug 23 16:53:37.769325 n-d-851358-7 devstack@placement-api.service[114819]: [pid: 114819|app: 0|req: 486/977] 10.222.0.30 () {60 vars in 1380 bytes} [Tue Aug 23 16:53:37 2022] GET /placement/allocations/2533790f-b809-46ae-b771-e2972d1c5193 => generated 19 bytes in 30 msecs (HTTP/1.1 200) 8 headers in 295 bytes (1 switches on core 0)
Aug 23 16:53:37.770562 n-d-851358-7 devstack@placement-api.service[114820]: DEBUG placement.requestlog [req-46778792-7b1c-4d20-9784-148711cd7272 req-5995aff1-e78b-45c9-b9b8-9396604d2e3e None None] Starting request: 10.222.0.30 "PUT /placement/allocations/2533790f-b809-46ae-b771-e2972d1c5193" {{(pid=114820) __call__ /opt/stack/placement/placement/requestlog.py:55}}
Aug 23 16:53:37.882106 n-d-851358-7 devstack@placement-api.service[114819]: DEBUG placement.requestlog [req-d4a4848a-d5b2-4c91-83ae-f17879287ea9 req-03ace331-6de0-479c-b33e-bc4717457c19 None None] Starting request: 10.222.0.30 "GET /placement/resource_providers/a38df60d-6ef8-4e58-96c6-0c41ae44c685/traits" {{(pid=114819) __call__ /opt/stack/placement/placement/requestlog.py:55}}
Aug 23 16:53:38.312949 n-d-851358-7 devstack@placement-api.service[114819]: INFO placement.requestlog [req-d4a4848a-d5b2-4c91-83ae-f17879287ea9 req-03ace331-6de0-479c-b33e-bc4717457c19 service placement] 10.222.0.30 "GET /placement/resource_providers/a38df60d-6ef8-4e58-96c6-0c41ae44c685/traits" status: 200 len: 212 microversion: 1.6
Aug 23 16:53:38.312949 n-d-851358-7 devstack@placement-api.service[114819]: [pid: 114819|app: 0|req: 487/978] 10.222.0.30 () {60 vars in 1412 bytes} [Tue Aug 23 16:53:37 2022] GET /placement/resource_providers/a38df60d-6ef8-4e58-96c6-0c41ae44c685/traits => generated 212 bytes in 427 msecs (HTTP/1.1 200) 6 headers in 224 bytes (2 switches on core 0)
Aug 23 16:53:38.357550 n-d-851358-7 devstack@placement-api.service[114820]: DEBUG placement.handlers.allocation [req-46778792-7b1c-4d20-9784-148711cd7272 req-5995aff1-e78b-45c9-b9b8-9396604d2e3e service placement] Successfully wrote allocations [, , ] {{(pid=114820) _update_consumers_and_create_allocations /opt/stack/placement/placement/handlers/allocation.py:462}}
Aug 23 16:53:38.520082 n-d-851358-7 devstack@placement-api.service[114820]: INFO placement.requestlog [req-46778792-7b1c-4d20-9784-148711cd7272 req-5995aff1-e78b-45c9-b9b8-9396604d2e3e service placement] 10.222.0.30 "PUT /placement/allocations/2533790f-b809-46ae-b771-e2972d1c5193" status: 204 len: 0 microversion: 1.36
Aug 23 16:53:38.533945 n-d-851358-7 devstack@placement-api.service[114820]: [pid: 114820|app: 0|req: 492/979] 10.222.0.30 () {64 vars in 1433 bytes} [Tue Aug 23 16:53:37 2022] PUT /placement/allocations/2533790f-b809-46ae-b771-e2972d1c5193 => generated 0 bytes in 765 msecs (HTTP/1.1 204) 5 headers in 199 bytes (1 switches on core 0)
Aug 23 16:53:39.387222 n-d-851358-7 devstack@placement-api.service[114819]: DEBUG placement.requestlog [req-fc76efc8-f195-4a38-b909-c7471dcef226 req-4c31c099-9028-4cc6-bc91-fba489bc6c3c None None] Starting request: 10.222.0.40 "GET /placement/resource_providers/34af0b7b-7266-47ce-a810-e244c3f142e3/allocations" {{(pid=114819) __call__ /opt/stack/placement/placement/requestlog.py:55}}
Aug 23 16:53:39.486055 n-d-851358-7 devstack@placement-api.service[114819]: INFO placement.requestlog [req-fc76efc8-f195-4a38-b909-c7471dcef226 req-4c31c099-9028-4cc6-bc91-fba489bc6c3c service placement] 10.222.0.40 "GET /placement/resource_providers/34af0b7b-7266-47ce-a810-e244c3f142e3/allocations" status: 200 len: 1062 microversion: 1.0
Aug 23 16:53:39.486862 n-d-851358-7 devstack@placement-api.service[114819]: [pid: 114819|app: 0|req: 488/980] 10.222.0.40 () {58 vars in 1390 bytes} [Tue Aug 23 16:53:39 2022] GET /placement/resource_providers/34af0b7b-7266-47ce-a810-e244c3f142e3/allocations => generated 1062 bytes in 101 msecs (HTTP/1.1 200) 6 headers in 225 bytes (1 switches on core 0)
Aug 23 16:53:39.516810 n-d-851358-7 devstack@placement-api.service[114820]: DEBUG placement.requestlog [req-fc76efc8-f195-4a38-b909-c7471dcef226 req-1591c354-09b1-4581-9b9b-614492e5cc69 None None] Starting request: 10.222.0.40 "GET /placement/allocations/d2ee6c7f-afc7-4a93-ac41-5154e0fda518" {{(pid=114820) __call__ /opt/stack/placement/placement/requestlog.py:55}}
Aug 23 16:53:39.543935 n-d-851358-7 devstack@placement-api.service[114820]: INFO placement.requestlog [req-fc76efc8-f195-4a38-b909-c7471dcef226 req-1591c354-09b1-4581-9b9b-614492e5cc69 service placement] 10.222.0.40 "GET /placement/allocations/d2ee6c7f-afc7-4a93-ac41-5154e0fda518" status: 200 len: 259 microversion: 1.28
Aug 23 16:53:39.545790 n-d-851358-7 devstack@placement-api.service[114820]: [pid: 114820|app: 0|req: 493/981] 10.222.0.40 () {60 vars in 1377 bytes} [Tue Aug 23 16:53:39 2022] GET /placement/allocations/d2ee6c7f-afc7-4a93-ac41-5154e0fda518 => generated 259 bytes in 38 msecs (HTTP/1.1 200) 8 headers in 296 bytes (1 switches on core 0)
Aug 23 16:53:39.557022 n-d-851358-7 devstack@placement-api.service[114819]: DEBUG placement.requestlog [req-81308a82-a271-4554-bf05-64fd9bc1dc89 req-bb2936fb-43cb-4bdc-a7f3-0cf1345777b8 None None] Starting request: 10.222.0.40 "GET /placement/resource_providers/34af0b7b-7266-47ce-a810-e244c3f142e3/allocations" {{(pid=114819) __call__ /opt/stack/placement/placement/requestlog.py:55}}
Aug 23 16:53:39.565885 n-d-851358-7 devstack@placement-api.service[114820]: DEBUG placement.requestlog [req-fc76efc8-f195-4a38-b909-c7471dcef226 req-df01b223-8920-483e-883e-4872d5a3727b None None] Starting request: 10.222.0.40 "GET /placement/allocations/60209727-139a-467d-9db8-b6ecc63a47d0" {{(pid=114820) __call__ /opt/stack/placement/placement/requestlog.py:55}}
