Aug 23 16:53:39.595012 n-d-851358-7 devstack@placement-api.service[114820]: INFO placement.requestlog [req-fc76efc8-f195-4a38-b909-c7471dcef226 req-df01b223-8920-483e-883e-4872d5a3727b service placement] 10.222.0.40 "GET /placement/allocations/60209727-139a-467d-9db8-b6ecc63a47d0" status: 200 len: 259 microversion: 1.28
Aug 23 16:53:39.599407 n-d-851358-7 devstack@placement-api.service[114820]: [pid: 114820|app: 0|req: 494/982] 10.222.0.40 () {60 vars in 1377 bytes} [Tue Aug 23 16:53:39 2022] GET /placement/allocations/60209727-139a-467d-9db8-b6ecc63a47d0 => generated 259 bytes in 34 msecs (HTTP/1.1 200) 8 headers in 296 bytes (1 switches on core 0)
Aug 23 16:53:39.607792 n-d-851358-7 devstack@placement-api.service[114820]: DEBUG placement.requestlog [req-fc76efc8-f195-4a38-b909-c7471dcef226 req-29702694-86f2-4092-bc9c-874af35477e7 None None] Starting request: 10.222.0.40 "GET /placement/allocations/1c3521d9-4ce0-4486-988a-e689dc037553" {{(pid=114820) __call__ /opt/stack/placement/placement/requestlog.py:55}}
Aug 23 16:53:39.626561 n-d-851358-7 devstack@placement-api.service[114819]: INFO placement.requestlog [req-81308a82-a271-4554-bf05-64fd9bc1dc89 req-bb2936fb-43cb-4bdc-a7f3-0cf1345777b8 service placement] 10.222.0.40 "GET /placement/resource_providers/34af0b7b-7266-47ce-a810-e244c3f142e3/allocations" status: 200 len: 1062 microversion: 1.0
Aug 23 16:53:39.637330 n-d-851358-7 devstack@placement-api.service[114820]: INFO placement.requestlog [req-fc76efc8-f195-4a38-b909-c7471dcef226 req-29702694-86f2-4092-bc9c-874af35477e7 service placement] 10.222.0.40 "GET /placement/allocations/1c3521d9-4ce0-4486-988a-e689dc037553" status: 200 len: 259 microversion: 1.28
Aug 23 16:53:39.643140 n-d-851358-7 devstack@placement-api.service[114820]: [pid: 114820|app: 0|req: 495/984] 10.222.0.40 () {60 vars in 1377 bytes} [Tue Aug 23 16:53:39 2022] GET /placement/allocations/1c3521d9-4ce0-4486-988a-e689dc037553 => generated 259 bytes in 35 msecs (HTTP/1.1 200) 8 headers in 296 bytes (1 switches on core 0)
Aug 23 16:53:39.644224 n-d-851358-7 devstack@placement-api.service[114820]: DEBUG placement.requestlog [req-81308a82-a271-4554-bf05-64fd9bc1dc89 req-f76359c5-f2ec-4779-a235-7c1cd13f043a None None] Starting request: 10.222.0.40 "GET /placement/allocations/d2ee6c7f-afc7-4a93-ac41-5154e0fda518" {{(pid=114820) __call__ /opt/stack/placement/placement/requestlog.py:55}}
Aug 23 16:53:39.650151 n-d-851358-7 devstack@placement-api.service[114819]: [pid: 114819|app: 0|req: 489/984] 10.222.0.40 () {58 vars in 1390 bytes} [Tue Aug 23 16:53:39 2022] GET /placement/resource_providers/34af0b7b-7266-47ce-a810-e244c3f142e3/allocations => generated 1062 bytes in 71 msecs (HTTP/1.1 200) 6 headers in 225 bytes (1 switches on core 0)
Aug 23 16:53:39.650962 n-d-851358-7 devstack@placement-api.service[114819]: DEBUG placement.requestlog [req-fc76efc8-f195-4a38-b909-c7471dcef226 req-31dba5ed-ef30-450e-99d4-bad4101f6805 None None] Starting request: 10.222.0.40 "GET /placement/allocations/7228d59f-9d17-46d0-b668-7a43ee0be021" {{(pid=114819) __call__ /opt/stack/placement/placement/requestlog.py:55}}
Aug 23 16:53:39.684322 n-d-851358-7 devstack@placement-api.service[114820]: DEBUG dbcounter [-] [114820] Writing DB stats placement:SELECT=88,placement:DELETE=4,placement:INSERT=6,placement:UPDATE=2 {{(pid=114820) stat_writer /usr/local/lib/python3.8/dist-packages/dbcounter.py:114}}
Aug 23 16:53:39.706787 n-d-851358-7 devstack@placement-api.service[114819]: INFO placement.requestlog [req-fc76efc8-f195-4a38-b909-c7471dcef226 req-31dba5ed-ef30-450e-99d4-bad4101f6805 service placement] 10.222.0.40 "GET /placement/allocations/7228d59f-9d17-46d0-b668-7a43ee0be021" status: 200 len: 259 microversion: 1.28
Aug 23 16:53:39.708196 n-d-851358-7 devstack@placement-api.service[114820]: INFO placement.requestlog [req-81308a82-a271-4554-bf05-64fd9bc1dc89 req-f76359c5-f2ec-4779-a235-7c1cd13f043a service placement] 10.222.0.40 "GET /placement/allocations/d2ee6c7f-afc7-4a93-ac41-5154e0fda518" status: 200 len: 259 microversion: 1.28
Aug 23 16:53:39.710437 n-d-851358-7 devstack@placement-api.service[114819]: [pid: 114819|app: 0|req: 490/985] 10.222.0.40 () {60 vars in 1377 bytes} [Tue Aug 23 16:53:39 2022] GET /placement/allocations/7228d59f-9d17-46d0-b668-7a43ee0be021 => generated 259 bytes in 60 msecs (HTTP/1.1 200) 8 headers in 296 bytes (1 switches on core 0)
Aug 23 16:53:39.714992 n-d-851358-7 devstack@placement-api.service[114820]: [pid: 114820|app: 0|req: 496/986] 10.222.0.40 () {60 vars in 1377 bytes} [Tue Aug 23 16:53:39 2022] GET /placement/allocations/d2ee6c7f-afc7-4a93-ac41-5154e0fda518 => generated 259 bytes in 71 msecs (HTTP/1.1 200) 8 headers in 296 bytes (1 switches on core 0)
Aug 23 16:53:39.721775 n-d-851358-7 devstack@placement-api.service[114819]: DEBUG placement.requestlog [req-fc76efc8-f195-4a38-b909-c7471dcef226 req-5d40e89f-b49f-4266-a8f6-83bac5ab3d8a None None] Starting request: 10.222.0.40 "GET /placement/allocations/d689c641-8d81-4d92-b665-401735bfe161" {{(pid=114819) __call__ /opt/stack/placement/placement/requestlog.py:55}}
Aug 23 16:53:39.721940 n-d-851358-7 devstack@placement-api.service[114820]: DEBUG placement.requestlog [req-81308a82-a271-4554-bf05-64fd9bc1dc89 req-cd974bbe-ab60-4599-99d8-b21c11469470 None None] Starting request: 10.222.0.40 "GET /placement/allocations/60209727-139a-467d-9db8-b6ecc63a47d0" {{(pid=114820) __call__ /opt/stack/placement/placement/requestlog.py:55}}
Aug 23 16:53:39.766037 n-d-851358-7 devstack@placement-api.service[114819]: INFO placement.requestlog [req-fc76efc8-f195-4a38-b909-c7471dcef226 req-5d40e89f-b49f-4266-a8f6-83bac5ab3d8a service placement] 10.222.0.40 "GET /placement/allocations/d689c641-8d81-4d92-b665-401735bfe161" status: 200 len: 259 microversion: 1.28
Aug 23 16:53:39.768930 n-d-851358-7 devstack@placement-api.service[114819]: [pid: 114819|app: 0|req: 491/987] 10.222.0.40 () {60 vars in 1377 bytes} [Tue Aug 23 16:53:39 2022] GET /placement/allocations/d689c641-8d81-4d92-b665-401735bfe161 => generated 259 bytes in 48 msecs (HTTP/1.1 200) 8 headers in 296 bytes (1 switches on core 0)
Aug 23 16:53:39.772924 n-d-851358-7 devstack@placement-api.service[114820]: INFO placement.requestlog [req-81308a82-a271-4554-bf05-64fd9bc1dc89 req-cd974bbe-ab60-4599-99d8-b21c11469470 service placement] 10.222.0.40 "GET /placement/allocations/60209727-139a-467d-9db8-b6ecc63a47d0" status: 200 len: 259 microversion: 1.28
Aug 23 16:53:39.773754 n-d-851358-7 devstack@placement-api.service[114820]: [pid: 114820|app: 0|req: 497/988] 10.222.0.40 () {60 vars in 1377 bytes} [Tue Aug 23 16:53:39 2022] GET /placement/allocations/60209727-139a-467d-9db8-b6ecc63a47d0 => generated 259 bytes in 53 msecs (HTTP/1.1 200) 8 headers in 296 bytes (1 switches on core 0)
Aug 23 16:53:39.774803 n-d-851358-7 devstack@placement-api.service[114819]: DEBUG placement.requestlog [req-fc76efc8-f195-4a38-b909-c7471dcef226 req-018b62b6-0ab6-41b8-9675-2a4c0c5ca293 None None] Starting request: 10.222.0.40 "GET /placement/allocations/74dc93b4-f063-484c-a6df-ecda12cc6a46" {{(pid=114819) __call__ /opt/stack/placement/placement/requestlog.py:55}}
Aug 23 16:53:39.786603 n-d-851358-7 devstack@placement-api.service[114820]: DEBUG placement.requestlog [req-81308a82-a271-4554-bf05-64fd9bc1dc89 req-f7112164-aa98-4ce6-a40b-72a533b35901 None None] Starting request: 10.222.0.40 "GET /placement/allocations/1c3521d9-4ce0-4486-988a-e689dc037553" {{(pid=114820) __call__ /opt/stack/placement/placement/requestlog.py:55}}
Aug 23 16:53:39.837870 n-d-851358-7 devstack@placement-api.service[114819]: INFO placement.requestlog [req-fc76efc8-f195-4a38-b909-c7471dcef226 req-018b62b6-0ab6-41b8-9675-2a4c0c5ca293 service placement] 10.222.0.40 "GET /placement/allocations/74dc93b4-f063-484c-a6df-ecda12cc6a46" status: 200 len: 259 microversion: 1.28
Aug 23 16:53:39.838156 n-d-851358-7 devstack@placement-api.service[114820]: INFO placement.requestlog [req-81308a82-a271-4554-bf05-64fd9bc1dc89 req-f7112164-aa98-4ce6-a40b-72a533b35901 service placement] 10.222.0.40 "GET /placement/allocations/1c3521d9-4ce0-4486-988a-e689dc037553" status: 200 len: 259 microversion: 1.28
Aug 23 16:53:39.838156 n-d-851358-7 devstack@placement-api.service[114820]: [pid: 114820|app: 0|req: 498/989] 10.222.0.40 () {60 vars in 1377 bytes} [Tue Aug 23 16:53:39 2022] GET /placement/allocations/1c3521d9-4ce0-4486-988a-e689dc037553 => generated 259 bytes in 46 msecs (HTTP/1.1 200) 8 headers in 296 bytes (1 switches on core 0)
Aug 23 16:53:39.838401 n-d-851358-7 devstack@placement-api.service[114819]: [pid: 114819|app: 0|req: 492/990] 10.222.0.40 () {60 vars in 1377 bytes} [Tue Aug 23 16:53:39 2022] GET /placement/allocations/74dc93b4-f063-484c-a6df-ecda12cc6a46 => generated 259 bytes in 58 msecs (HTTP/1.1 200) 8 headers in 296 bytes (1 switches on core 0)
Aug 23 16:53:39.843763 n-d-851358-7 devstack@placement-api.service[114819]: DEBUG placement.requestlog [req-fc76efc8-f195-4a38-b909-c7471dcef226 req-042220c2-55cf-45e9-8bdb-9a9f336fe6c8 None None] Starting request: 10.222.0.40 "GET /placement/allocations/d08a2abf-63a3-429b-8dc1-db3cf791a25f" {{(pid=114819) __call__ /opt/stack/placement/placement/requestlog.py:55}}
Aug 23 16:53:39.843953 n-d-851358-7 devstack@placement-api.service[114820]: DEBUG placement.requestlog [req-81308a82-a271-4554-bf05-64fd9bc1dc89 req-288317a9-15ae-457f-ab94-5aeb9ba85358 None None] Starting request: 10.222.0.40 "GET /placement/allocations/7228d59f-9d17-46d0-b668-7a43ee0be021" {{(pid=114820) __call__ /opt/stack/placement/placement/requestlog.py:55}}
Aug 23 16:53:39.866030 n-d-851358-7 devstack@placement-api.service[114819]: INFO placement.requestlog [req-fc76efc8-f195-4a38-b909-c7471dcef226 req-042220c2-55cf-45e9-8bdb-9a9f336fe6c8 service placement] 10.222.0.40 "GET /placement/allocations/d08a2abf-63a3-429b-8dc1-db3cf791a25f" status: 200 len: 258 microversion: 1.28
Aug 23 16:53:39.866768 n-d-851358-7 devstack@placement-api.service[114819]: [pid: 114819|app: 0|req: 493/991] 10.222.0.40 () {60 vars in 1377 bytes} [Tue Aug 23 16:53:39 2022] GET /placement/allocations/d08a2abf-63a3-429b-8dc1-db3cf791a25f => generated 258 bytes in 23 msecs (HTTP/1.1 200) 8 headers in 296 bytes (1 switches on core 0)
Aug 23 16:53:39.875272 n-d-851358-7 devstack@placement-api.service[114819]: DEBUG placement.requestlog [req-fc76efc8-f195-4a38-b909-c7471dcef226 req-928d806d-aa54-4ac7-b31e-6439bbbf57c1 None None] Starting request: 10.222.0.40 "GET /placement/allocations/3505f363-a318-4b5f-98aa-80ce14068fb9" {{(pid=114819) __call__ /opt/stack/placement/placement/requestlog.py:55}}
Aug 23 16:53:39.877078 n-d-851358-7 devstack@placement-api.service[114820]: INFO placement.requestlog [req-81308a82-a271-4554-bf05-64fd9bc1dc89 req-288317a9-15ae-457f-ab94-5aeb9ba85358 service placement] 10.222.0.40 "GET /placement/allocations/7228d59f-9d17-46d0-b668-7a43ee0be021" status: 200 len: 259 microversion: 1.28
Aug 23 16:53:39.877721 n-d-851358-7 devstack@placement-api.service[114820]: [pid: 114820|app: 0|req: 499/992] 10.222.0.40 () {60 vars in 1377 bytes} [Tue Aug 23 16:53:39 2022] GET /placement/allocations/7228d59f-9d17-46d0-b668-7a43ee0be021 => generated 259 bytes in 35 msecs (HTTP/1.1 200) 8 headers in 296 bytes (1 switches on core 0)
Aug 23 16:53:39.887106 n-d-851358-7 devstack@placement-api.service[114820]: DEBUG placement.requestlog [req-81308a82-a271-4554-bf05-64fd9bc1dc89 req-12a1e741-a6dc-4440-a25a-6cbf65401662 None None] Starting request: 10.222.0.40 "GET /placement/allocations/d689c641-8d81-4d92-b665-401735bfe161" {{(pid=114820) __call__ /opt/stack/placement/placement/requestlog.py:55}}
Aug 23 16:53:39.913070 n-d-851358-7 devstack@placement-api.service[114819]: INFO placement.requestlog [req-fc76efc8-f195-4a38-b909-c7471dcef226 req-928d806d-aa54-4ac7-b31e-6439bbbf57c1 service placement] 10.222.0.40 "GET /placement/allocations/3505f363-a318-4b5f-98aa-80ce14068fb9" status: 200 len: 259 microversion: 1.28
Aug 23 16:53:39.913939 n-d-851358-7 devstack@placement-api.service[114819]: [pid: 114819|app: 0|req: 494/993] 10.222.0.40 () {60 vars in 1377 bytes} [Tue Aug 23 16:53:39 2022] GET /placement/allocations/3505f363-a318-4b5f-98aa-80ce14068fb9 => generated 259 bytes in 40 msecs (HTTP/1.1 200) 8 headers in 296 bytes (1 switches on core 0)
Aug 23 16:53:39.920886 n-d-851358-7 devstack@placement-api.service[114819]: DEBUG placement.requestlog [req-fc76efc8-f195-4a38-b909-c7471dcef226 req-b601be94-7268-41e2-8c6b-2ac18ef5513f None None] Starting request: 10.222.0.40 "GET /placement/allocations/d1d0b23d-7a48-4d9a-9f8a-806da68a5de7" {{(pid=114819) __call__ /opt/stack/placement/placement/requestlog.py:55}}
Aug 23 16:53:39.923408 n-d-851358-7 devstack@placement-api.service[114820]: INFO placement.requestlog [req-81308a82-a271-4554-bf05-64fd9bc1dc89 req-12a1e741-a6dc-4440-a25a-6cbf65401662 service placement] 10.222.0.40 "GET /placement/allocations/d689c641-8d81-4d92-b665-401735bfe161" status: 200 len: 259 microversion: 1.28
Aug 23 16:53:39.925128 n-d-851358-7 devstack@placement-api.service[114820]: [pid: 114820|app: 0|req: 500/994] 10.222.0.40 () {60 vars in 1377 bytes} [Tue Aug 23 16:53:39 2022] GET /placement/allocations/d689c641-8d81-4d92-b665-401735bfe161 => generated 259 bytes in 39 msecs (HTTP/1.1 200) 8 headers in 296 bytes (1 switches on core 0)
Aug 23 16:53:39.934181 n-d-851358-7 devstack@placement-api.service[114820]: DEBUG placement.requestlog [req-81308a82-a271-4554-bf05-64fd9bc1dc89 req-403b734a-f2b4-4d1e-bf3b-b5a743d806c6 None None] Starting request: 10.222.0.40 "GET /placement/allocations/74dc93b4-f063-484c-a6df-ecda12cc6a46" {{(pid=114820) __call__ /opt/stack/placement/placement/requestlog.py:55}}
Aug 23 16:53:39.956880 n-d-851358-7 devstack@placement-api.service[114819]: INFO placement.requestlog [req-fc76efc8-f195-4a38-b909-c7471dcef226 req-b601be94-7268-41e2-8c6b-2ac18ef5513f service placement] 10.222.0.40 "GET /placement/allocations/d1d0b23d-7a48-4d9a-9f8a-806da68a5de7" status: 200 len: 259 microversion: 1.28
Aug 23 16:53:39.962516 n-d-851358-7 devstack@placement-api.service[114819]: [pid: 114819|app: 0|req: 495/995] 10.222.0.40 () {60 vars in 1377 bytes} [Tue Aug 23 16:53:39 2022] GET /placement/allocations/d1d0b23d-7a48-4d9a-9f8a-806da68a5de7 => generated 259 bytes in 37 msecs (HTTP/1.1 200) 8 headers in 296 bytes (2 switches on core 0)
Aug 23 16:53:39.965243 n-d-851358-7 devstack@placement-api.service[114819]: DEBUG placement.requestlog [req-fc76efc8-f195-4a38-b909-c7471dcef226 req-ea9f66ed-284c-47a5-a835-7e0fd62803a2 None None] Starting request: 10.222.0.40 "GET /placement/allocations/b81f86e4-d183-4f25-995f-760d2268922d" {{(pid=114819) __call__ /opt/stack/placement/placement/requestlog.py:55}}
Aug 23 16:53:39.985116 n-d-851358-7 devstack@placement-api.service[114820]: INFO placement.requestlog [req-81308a82-a271-4554-bf05-64fd9bc1dc89 req-403b734a-f2b4-4d1e-bf3b-b5a743d806c6 service placement] 10.222.0.40 "GET /placement/allocations/74dc93b4-f063-484c-a6df-ecda12cc6a46" status: 200 len: 259 microversion: 1.28
Aug 23 16:53:39.987524 n-d-851358-7 devstack@placement-api.service[114820]: [pid: 114820|app: 0|req: 501/996] 10.222.0.40 () {60 vars in 1377 bytes} [Tue Aug 23 16:53:39 2022] GET /placement/allocations/74dc93b4-f063-484c-a6df-ecda12cc6a46 => generated 259 bytes in 53 msecs (HTTP/1.1 200) 8 headers in 296 bytes (1 switches on core 0)
Aug 23 16:53:40.003881 n-d-851358-7 devstack@placement-api.service[114819]: INFO placement.requestlog [req-fc76efc8-f195-4a38-b909-c7471dcef226 req-ea9f66ed-284c-47a5-a835-7e0fd62803a2 service placement] 10.222.0.40 "GET /placement/allocations/b81f86e4-d183-4f25-995f-760d2268922d" status: 200 len: 259 microversion: 1.28
Aug 23 16:53:40.003881 n-d-851358-7 devstack@placement-api.service[114819]: [pid: 114819|app: 0|req: 496/997] 10.222.0.40 () {60 vars in 1377 bytes} [Tue Aug 23 16:53:39 2022] GET /placement/allocations/b81f86e4-d183-4f25-995f-760d2268922d => generated 259 bytes in 35 msecs (HTTP/1.1 200) 8 headers in 296 bytes (1 switches on core 0)
Aug 23 16:53:40.004080 n-d-851358-7 devstack@placement-api.service[114820]: DEBUG placement.requestlog [req-81308a82-a271-4554-bf05-64fd9bc1dc89 req-8754596b-4b70-48e9-a977-f6cf20485d35 None None] Starting request: 10.222.0.40 "GET /placement/allocations/d08a2abf-63a3-429b-8dc1-db3cf791a25f" {{(pid=114820) __call__ /opt/stack/placement/placement/requestlog.py:55}}
Aug 23 16:53:40.043601 n-d-851358-7 devstack@placement-api.service[114820]: INFO placement.requestlog [req-81308a82-a271-4554-bf05-64fd9bc1dc89 req-8754596b-4b70-48e9-a977-f6cf20485d35 service placement] 10.222.0.40 "GET /placement/allocations/d08a2abf-63a3-429b-8dc1-db3cf791a25f" status: 200 len: 258 microversion: 1.28
Aug 23 16:53:40.044298 n-d-851358-7 devstack@placement-api.service[114820]: [pid: 114820|app: 0|req: 502/998] 10.222.0.40 () {60 vars in 1377 bytes} [Tue Aug 23 16:53:39 2022] GET /placement/allocations/d08a2abf-63a3-429b-8dc1-db3cf791a25f => generated 258 bytes in 48 msecs (HTTP/1.1 200) 8 headers in 296 bytes (1 switches on core 0)
Aug 23 16:53:40.169547 n-d-851358-7 devstack@placement-api.service[114819]: DEBUG placement.requestlog [req-d4a4848a-d5b2-4c91-83ae-f17879287ea9 req-2f4e9b06-f838-4512-9ef0-1187ca9df77a None None] Starting request: 10.222.0.30 "GET /placement/allocations/dc74deb6-ac81-490d-9fa6-be3790d7a9db" {{(pid=114819) __call__ /opt/stack/placement/placement/requestlog.py:55}}
Aug 23 16:53:40.278287 n-d-851358-7 devstack@placement-api.service[114820]: DEBUG placement.requestlog [req-81308a82-a271-4554-bf05-64fd9bc1dc89 req-0e1764dc-515a-44fa-88b8-22d7efc0cbd5 None None] Starting request: 10.222.0.40 "GET /placement/allocations/3505f363-a318-4b5f-98aa-80ce14068fb9" {{(pid=114820) __call__ /opt/stack/placement/placement/requestlog.py:55}}
Aug 23 16:53:40.308017 n-d-851358-7 devstack@placement-api.service[114820]: INFO placement.requestlog [req-81308a82-a271-4554-bf05-64fd9bc1dc89 req-0e1764dc-515a-44fa-88b8-22d7efc0cbd5 service placement] 10.222.0.40 "GET /placement/allocations/3505f363-a318-4b5f-98aa-80ce14068fb9" status: 200 len: 259 microversion: 1.28
Aug 23 16:53:40.308422 n-d-851358-7 devstack@placement-api.service[114820]: [pid: 114820|app: 0|req: 503/999] 10.222.0.40 () {60 vars in 1377 bytes} [Tue Aug 23 16:53:40 2022] GET /placement/allocations/3505f363-a318-4b5f-98aa-80ce14068fb9 => generated 259 bytes in 31 msecs (HTTP/1.1 200) 8 headers in 296 bytes (2 switches on core 0)
Aug 23 16:53:40.311127 n-d-851358-7 devstack@placement-api.service[114820]: DEBUG placement.requestlog [req-fc76efc8-f195-4a38-b909-c7471dcef226 req-9cb9b225-2544-4557-8660-ea49b059e8ef None None] Starting request: 10.222.0.40 "DELETE /placement/allocations/1c3521d9-4ce0-4486-988a-e689dc037553" {{(pid=114820) __call__ /opt/stack/placement/placement/requestlog.py:55}}
Aug 23 16:53:40.486057 n-d-851358-7 devstack@placement-api.service[114819]: INFO placement.requestlog [req-d4a4848a-d5b2-4c91-83ae-f17879287ea9 req-2f4e9b06-f838-4512-9ef0-1187ca9df77a service placement] 10.222.0.30 "GET /placement/allocations/dc74deb6-ac81-490d-9fa6-be3790d7a9db" status: 200 len: 259 microversion: 1.28
Aug 23 16:53:40.495583 n-d-851358-7 devstack@placement-api.service[114819]: [pid: 114819|app: 0|req: 497/1000] 10.222.0.30 () {60 vars in 1380 bytes} [Tue Aug 23 16:53:40 2022] GET /placement/allocations/dc74deb6-ac81-490d-9fa6-be3790d7a9db => generated 259 bytes in 320 msecs (HTTP/1.1 200) 8 headers in 296 bytes (1 switches on core 0)
Aug 23 16:53:40.496816 n-d-851358-7 devstack@placement-api.service[114819]: DEBUG placement.requestlog [req-81308a82-a271-4554-bf05-64fd9bc1dc89 req-906c849e-1124-4f4e-bb19-e81cf79ff669 None None] Starting request: 10.222.0.40 "GET /placement/allocations/d1d0b23d-7a48-4d9a-9f8a-806da68a5de7" {{(pid=114819) __call__ /opt/stack/placement/placement/requestlog.py:55}}
Aug 23 16:53:40.529237 n-d-851358-7 devstack@placement-api.service[114819]: INFO placement.requestlog [req-81308a82-a271-4554-bf05-64fd9bc1dc89 req-906c849e-1124-4f4e-bb19-e81cf79ff669 service placement] 10.222.0.40 "GET /placement/allocations/d1d0b23d-7a48-4d9a-9f8a-806da68a5de7" status: 200 len: 259 microversion: 1.28
Aug 23 16:53:40.530125 n-d-851358-7 devstack@placement-api.service[114819]: [pid: 114819|app: 0|req: 498/1001] 10.222.0.40 () {60 vars in 1377 bytes} [Tue Aug 23 16:53:40 2022] GET /placement/allocations/d1d0b23d-7a48-4d9a-9f8a-806da68a5de7 => generated 259 bytes in 34 msecs (HTTP/1.1 200) 8 headers in 296 bytes (1 switches on core 0)
Aug 23 16:53:40.531500 n-d-851358-7 devstack@placement-api.service[114819]: DEBUG placement.requestlog [req-d4a4848a-d5b2-4c91-83ae-f17879287ea9 req-0d37836c-9c36-444a-8058-8d1f8ce1a995 None None] Starting request: 10.222.0.30 "GET /placement/allocations/dc74deb6-ac81-490d-9fa6-be3790d7a9db" {{(pid=114819) __call__ /opt/stack/placement/placement/requestlog.py:55}}
Aug 23 16:53:40.572922 n-d-851358-7 devstack@placement-api.service[114819]: INFO placement.requestlog [req-d4a4848a-d5b2-4c91-83ae-f17879287ea9 req-0d37836c-9c36-444a-8058-8d1f8ce1a995 service placement] 10.222.0.30 "GET /placement/allocations/dc74deb6-ac81-490d-9fa6-be3790d7a9db" status: 200 len: 259 microversion: 1.28
Aug 23 16:53:40.604761 n-d-851358-7 devstack@placement-api.service[114819]: [pid: 114819|app: 0|req: 499/1002] 10.222.0.30 () {60 vars in 1380 bytes} [Tue Aug 23 16:53:40 2022] GET /placement/allocations/dc74deb6-ac81-490d-9fa6-be3790d7a9db => generated 259 bytes in 73 msecs (HTTP/1.1 200) 8 headers in 296 bytes (1 switches on core 0)
Aug 23 16:53:40.605966 n-d-851358-7 devstack@placement-api.service[114819]: DEBUG placement.requestlog [req-81308a82-a271-4554-bf05-64fd9bc1dc89 req-6f8f9261-16ea-4a67-845f-46e32d8e6309 None None] Starting request: 10.222.0.40 "GET /placement/allocations/b81f86e4-d183-4f25-995f-760d2268922d" {{(pid=114819) __call__ /opt/stack/placement/placement/requestlog.py:55}}
Aug 23 16:53:40.620290 n-d-851358-7 devstack@placement-api.service[114820]: DEBUG placement.handlers.allocation [req-fc76efc8-f195-4a38-b909-c7471dcef226 req-9cb9b225-2544-4557-8660-ea49b059e8ef service placement] Successfully deleted allocations [, , ] {{(pid=114820) delete_allocations /opt/stack/placement/placement/handlers/allocation.py:627}}
Aug 23 16:53:40.620863 n-d-851358-7 devstack@placement-api.service[114820]: INFO placement.requestlog [req-fc76efc8-f195-4a38-b909-c7471dcef226 req-9cb9b225-2544-4557-8660-ea49b059e8ef service placement] 10.222.0.40 "DELETE /placement/allocations/1c3521d9-4ce0-4486-988a-e689dc037553" status: 204 len: 0 microversion: 1.0
Aug 23 16:53:40.621516 n-d-851358-7 devstack@placement-api.service[114820]: [pid: 114820|app: 0|req: 504/1003] 10.222.0.40 () {60 vars in 1355 bytes} [Tue Aug 23 16:53:40 2022] DELETE /placement/allocations/1c3521d9-4ce0-4486-988a-e689dc037553 => generated 0 bytes in 312 msecs (HTTP/1.1 204) 5 headers in 198 bytes (1 switches on core 0)
Aug 23 16:53:40.622164 n-d-851358-7 devstack@placement-api.service[114820]: DEBUG placement.requestlog [req-d4a4848a-d5b2-4c91-83ae-f17879287ea9 req-1efb9151-2be9-49ee-974f-98dea5a209b8 None None] Starting request: 10.222.0.30 "GET /placement/allocations/473a44f7-e105-40db-b8de-f9771cdbcede" {{(pid=114820) __call__ /opt/stack/placement/placement/requestlog.py:55}}
Aug 23 16:53:40.649291 n-d-851358-7 devstack@placement-api.service[114820]: INFO placement.requestlog [req-d4a4848a-d5b2-4c91-83ae-f17879287ea9 req-1efb9151-2be9-49ee-974f-98dea5a209b8 service placement] 10.222.0.30 "GET /placement/allocations/473a44f7-e105-40db-b8de-f9771cdbcede" status: 200 len: 19 microversion: 1.28
Aug 23 16:53:40.649794 n-d-851358-7 devstack@placement-api.service[114820]: [pid: 114820|app: 0|req: 505/1004] 10.222.0.30 () {60 vars in 1380 bytes} [Tue Aug 23 16:53:40 2022] GET /placement/allocations/473a44f7-e105-40db-b8de-f9771cdbcede => generated 19 bytes in 28 msecs (HTTP/1.1 200) 8 headers in 295 bytes (1 switches on core 0)
Aug 23 16:53:40.660782 n-d-851358-7 devstack@placement-api.service[114820]: DEBUG placement.requestlog [req-d4a4848a-d5b2-4c91-83ae-f17879287ea9 req-ffa720e0-a154-4040-8d2f-83297e89294d None None] Starting request: 10.222.0.30 "POST /placement/allocations" {{(pid=114820) __call__ /opt/stack/placement/placement/requestlog.py:55}}
Aug 23 16:53:40.678811 n-d-851358-7 devstack@placement-api.service[114819]: DEBUG dbcounter [-] [114819] Writing DB stats placement:DELETE=3,placement:SELECT=97 {{(pid=114819) stat_writer /usr/local/lib/python3.8/dist-packages/dbcounter.py:114}}
Aug 23 16:53:40.690670 n-d-851358-7 devstack@placement-api.service[114819]: INFO placement.requestlog [req-81308a82-a271-4554-bf05-64fd9bc1dc89 req-6f8f9261-16ea-4a67-845f-46e32d8e6309 service placement] 10.222.0.40 "GET /placement/allocations/b81f86e4-d183-4f25-995f-760d2268922d" status: 200 len: 259 microversion: 1.28
Aug 23 16:53:40.693820 n-d-851358-7 devstack@placement-api.service[114819]: [pid: 114819|app: 0|req: 500/1005] 10.222.0.40 () {60 vars in 1377 bytes} [Tue Aug 23 16:53:40 2022] GET /placement/allocations/b81f86e4-d183-4f25-995f-760d2268922d => generated 259 bytes in 86 msecs (HTTP/1.1 200) 8 headers in 296 bytes (1 switches on core 0)
Aug 23 16:53:40.974102 n-d-851358-7 devstack@placement-api.service[114820]: DEBUG placement.handlers.allocation [req-d4a4848a-d5b2-4c91-83ae-f17879287ea9 req-ffa720e0-a154-4040-8d2f-83297e89294d service placement] Successfully wrote allocations [, , , , , ] {{(pid=114820) _update_consumers_and_create_allocations /opt/stack/placement/placement/handlers/allocation.py:572}}
Aug 23 16:53:41.001051 n-d-851358-7 devstack@placement-api.service[114819]: DEBUG placement.requestlog [req-81308a82-a271-4554-bf05-64fd9bc1dc89 req-a76552a3-af5b-4a27-9eae-d80389235c27 None None] Starting request: 10.222.0.40 "DELETE /placement/allocations/7228d59f-9d17-46d0-b668-7a43ee0be021" {{(pid=114819) __call__ /opt/stack/placement/placement/requestlog.py:55}}
Aug 23 16:53:41.157581 n-d-851358-7 devstack@placement-api.service[114820]: INFO placement.requestlog [req-d4a4848a-d5b2-4c91-83ae-f17879287ea9 req-ffa720e0-a154-4040-8d2f-83297e89294d service placement] 10.222.0.30 "POST /placement/allocations" status: 204 len: 0 microversion: 1.28
Aug 23 16:53:41.162262 n-d-851358-7 devstack@placement-api.service[114820]: [pid: 114820|app: 0|req: 506/1006] 10.222.0.30 () {64 vars in 1323 bytes} [Tue Aug 23 16:53:40 2022] POST /placement/allocations => generated 0 bytes in 498 msecs (HTTP/1.1 204) 5 headers in 199 bytes (1 switches on core 0)
Aug 23 16:53:41.209136 n-d-851358-7 devstack@placement-api.service[114820]: DEBUG placement.requestlog [req-46778792-7b1c-4d20-9784-148711cd7272 req-7c0a0796-8207-4db3-8265-95af2dc253fa None None] Starting request: 10.222.0.73 "GET /placement/allocations/2533790f-b809-46ae-b771-e2972d1c5193" {{(pid=114820) __call__ /opt/stack/placement/placement/requestlog.py:55}}
Aug 23 16:53:41.250182 n-d-851358-7 devstack@placement-api.service[114820]: INFO placement.requestlog [req-46778792-7b1c-4d20-9784-148711cd7272 req-7c0a0796-8207-4db3-8265-95af2dc253fa service placement] 10.222.0.73 "GET /placement/allocations/2533790f-b809-46ae-b771-e2972d1c5193" status: 200 len: 259 microversion: 1.28
Aug 23 16:53:41.250718 n-d-851358-7 devstack@placement-api.service[114820]: [pid: 114820|app: 0|req: 507/1007] 10.222.0.73 () {60 vars in 1377 bytes} [Tue Aug 23 16:53:41 2022] GET /placement/allocations/2533790f-b809-46ae-b771-e2972d1c5193 => generated 259 bytes in 42 msecs (HTTP/1.1 200) 8 headers in 296 bytes (1 switches on core 0)
Aug 23 16:53:41.271007 n-d-851358-7 devstack@placement-api.service[114820]: DEBUG placement.requestlog [req-d4a4848a-d5b2-4c91-83ae-f17879287ea9 req-436bcfa0-3782-4789-a165-b55a400bd327 None None] Starting request: 10.222.0.30 "GET /placement/allocation_candidates?limit=1000&resources=DISK_GB%3A1%2CMEMORY_MB%3A1024%2CVCPU%3A1&root_required=%21COMPUTE_STATUS_DISABLED" {{(pid=114820) __call__ /opt/stack/placement/placement/requestlog.py:55}}
Aug 23 16:53:41.324215 n-d-851358-7 devstack@placement-api.service[114820]: DEBUG placement.objects.research_context [req-d4a4848a-d5b2-4c91-83ae-f17879287ea9 req-436bcfa0-3782-4789-a165-b55a400bd327 service placement] getting providers with 1 DISK_GB {{(pid=114820) __init__ /opt/stack/placement/placement/objects/research_context.py:136}}
Aug 23 16:53:41.332814 n-d-851358-7 devstack@placement-api.service[114820]: DEBUG placement.objects.research_context [req-d4a4848a-d5b2-4c91-83ae-f17879287ea9 req-436bcfa0-3782-4789-a165-b55a400bd327 service placement] getting providers with 1024 MEMORY_MB {{(pid=114820) __init__ /opt/stack/placement/placement/objects/research_context.py:136}}
Aug 23 16:53:41.339536 n-d-851358-7 devstack@placement-api.service[114820]: DEBUG placement.objects.research_context [req-d4a4848a-d5b2-4c91-83ae-f17879287ea9 req-436bcfa0-3782-4789-a165-b55a400bd327 service placement] getting providers with 1 VCPU {{(pid=114820) __init__ /opt/stack/placement/placement/objects/research_context.py:136}}
Aug 23 16:53:41.347299 n-d-851358-7 devstack@placement-api.service[114820]: DEBUG placement.objects.research_context [req-d4a4848a-d5b2-4c91-83ae-f17879287ea9 req-436bcfa0-3782-4789-a165-b55a400bd327 service placement] found 2 providers with available 1 DISK_GB {{(pid=114820) get_provider_ids_matching /opt/stack/placement/placement/objects/research_context.py:563}}
Aug 23 16:53:41.347576 n-d-851358-7 devstack@placement-api.service[114820]: DEBUG placement.objects.research_context [req-d4a4848a-d5b2-4c91-83ae-f17879287ea9 req-436bcfa0-3782-4789-a165-b55a400bd327 service placement] found 2 providers with available 1024 MEMORY_MB {{(pid=114820) get_provider_ids_matching /opt/stack/placement/placement/objects/research_context.py:563}}
Aug 23 16:53:41.347847 n-d-851358-7 devstack@placement-api.service[114820]: DEBUG placement.objects.research_context [req-d4a4848a-d5b2-4c91-83ae-f17879287ea9 req-436bcfa0-3782-4789-a165-b55a400bd327 service placement] found 2 providers after filtering by previous result {{(pid=114820) get_provider_ids_matching /opt/stack/placement/placement/objects/research_context.py:594}}
Aug 23 16:53:41.348269 n-d-851358-7 devstack@placement-api.service[114820]: DEBUG placement.objects.research_context [req-d4a4848a-d5b2-4c91-83ae-f17879287ea9 req-436bcfa0-3782-4789-a165-b55a400bd327 service placement] found 2 providers with available 1 VCPU {{(pid=114820) get_provider_ids_matching /opt/stack/placement/placement/objects/research_context.py:563}}
Aug 23 16:53:41.348584 n-d-851358-7 devstack@placement-api.service[114820]: DEBUG placement.objects.research_context [req-d4a4848a-d5b2-4c91-83ae-f17879287ea9 req-436bcfa0-3782-4789-a165-b55a400bd327 service placement] found 2 providers after filtering by previous result {{(pid=114820) get_provider_ids_matching /opt/stack/placement/placement/objects/research_context.py:594}}
Aug 23 16:53:41.361097 n-d-851358-7 devstack@placement-api.service[114820]: DEBUG placement.objects.allocation_candidate [req-d4a4848a-d5b2-4c91-83ae-f17879287ea9 req-436bcfa0-3782-4789-a165-b55a400bd327 service placement] RequestGroup(use_same_provider=False, resources={DISK_GB:1, MEMORY_MB:1024, VCPU:1}, traits=(), aggregates=[]) (suffix '') returned 2 matches {{(pid=114820) _get_by_requests /opt/stack/placement/placement/objects/allocation_candidate.py:156}}
Aug 23 16:53:41.361622 n-d-851358-7 devstack@placement-api.service[114820]: DEBUG placement.objects.allocation_candidate [req-d4a4848a-d5b2-4c91-83ae-f17879287ea9 req-436bcfa0-3782-4789-a165-b55a400bd327 service placement] Merging candidates yields 2 allocation requests and 2 provider summaries {{(pid=114820) _merge_candidates /opt/stack/placement/placement/objects/allocation_candidate.py:809}}
Aug 23 16:53:41.363410 n-d-851358-7 devstack@placement-api.service[114820]: INFO placement.requestlog [req-d4a4848a-d5b2-4c91-83ae-f17879287ea9 req-436bcfa0-3782-4789-a165-b55a400bd327 service placement] 10.222.0.30 "GET /placement/allocation_candidates?limit=1000&resources=DISK_GB%3A1%2CMEMORY_MB%3A1024%2CVCPU%3A1&root_required=%21COMPUTE_STATUS_DISABLED" status: 200 len: 1309 microversion: 1.36
Aug 23 16:53:41.363801 n-d-851358-7 devstack@placement-api.service[114820]: [pid: 114820|app: 0|req: 508/1008] 10.222.0.30 () {60 vars in 1506 bytes} [Tue Aug 23 16:53:41 2022] GET /placement/allocation_candidates?limit=1000&resources=DISK_GB%3A1%2CMEMORY_MB%3A1024%2CVCPU%3A1&root_required=%21COMPUTE_STATUS_DISABLED => generated 1309 bytes in 93 msecs (HTTP/1.1 200) 8 headers in 297 bytes (1 switches on core 0)
Aug 23 16:53:41.385749 n-d-851358-7 devstack@placement-api.service[114819]: DEBUG placement.handlers.allocation [req-81308a82-a271-4554-bf05-64fd9bc1dc89 req-a76552a3-af5b-4a27-9eae-d80389235c27 service placement] Successfully deleted allocations [, , ] {{(pid=114819) delete_allocations /opt/stack/placement/placement/handlers/allocation.py:627}}
Aug 23 16:53:41.386535 n-d-851358-7 devstack@placement-api.service[114819]: INFO placement.requestlog [req-81308a82-a271-4554-bf05-64fd9bc1dc89 req-a76552a3-af5b-4a27-9eae-d80389235c27 service placement] 10.222.0.40 "DELETE /placement/allocations/7228d59f-9d17-46d0-b668-7a43ee0be021" status: 204 len: 0 microversion: 1.0
Aug 23 16:53:41.387468 n-d-851358-7 devstack@placement-api.service[114819]: [pid: 114819|app: 0|req: 501/1009] 10.222.0.40 () {60 vars in 1355 bytes} [Tue Aug 23 16:53:40 2022] DELETE /placement/allocations/7228d59f-9d17-46d0-b668-7a43ee0be021 => generated 0 bytes in 389 msecs (HTTP/1.1 204) 5 headers in 198 bytes (1 switches on core 0)
Aug 23 16:53:41.427921 n-d-851358-7 devstack@placement-api.service[114820]: DEBUG placement.requestlog [req-d4a4848a-d5b2-4c91-83ae-f17879287ea9 req-1d0ab05f-857b-4bbd-be04-13fcbe374f58 None None] Starting request: 10.222.0.30 "GET /placement/allocations/dc74deb6-ac81-490d-9fa6-be3790d7a9db" {{(pid=114820) __call__ /opt/stack/placement/placement/requestlog.py:55}}
Aug 23 16:53:41.440435 n-d-851358-7 devstack@placement-api.service[114820]: INFO placement.requestlog [req-d4a4848a-d5b2-4c91-83ae-f17879287ea9 req-1d0ab05f-857b-4bbd-be04-13fcbe374f58 service placement] 10.222.0.30 "GET /placement/allocations/dc74deb6-ac81-490d-9fa6-be3790d7a9db" status: 200 len: 19 microversion: 1.28
Aug 23 16:53:41.446513 n-d-851358-7 devstack@placement-api.service[114820]: [pid: 114820|app: 0|req: 509/1010] 10.222.0.30 () {60 vars in 1380 bytes} [Tue Aug 23 16:53:41 2022] GET /placement/allocations/dc74deb6-ac81-490d-9fa6-be3790d7a9db => generated 19 bytes in 13 msecs (HTTP/1.1 200) 8 headers in 295 bytes (1 switches on core 0)
Aug 23 16:53:41.457270 n-d-851358-7 devstack@placement-api.service[114819]: DEBUG placement.requestlog [req-d4a4848a-d5b2-4c91-83ae-f17879287ea9 req-ea4df48b-a1a8-4a1a-be02-396e7bbfb7ac None None] Starting request: 10.222.0.30 "PUT /placement/allocations/dc74deb6-ac81-490d-9fa6-be3790d7a9db" {{(pid=114819) __call__ /opt/stack/placement/placement/requestlog.py:55}}
Aug 23 16:53:41.642704 n-d-851358-7 devstack@placement-api.service[114819]: DEBUG placement.handlers.allocation [req-d4a4848a-d5b2-4c91-83ae-f17879287ea9 req-ea4df48b-a1a8-4a1a-be02-396e7bbfb7ac service placement] Successfully wrote allocations [, , ] {{(pid=114819) _update_consumers_and_create_allocations /opt/stack/placement/placement/handlers/allocation.py:462}}
Aug 23 16:53:41.768562 n-d-851358-7 devstack@placement-api.service[114819]: INFO placement.requestlog [req-d4a4848a-d5b2-4c91-83ae-f17879287ea9 req-ea4df48b-a1a8-4a1a-be02-396e7bbfb7ac service placement] 10.222.0.30 "PUT /placement/allocations/dc74deb6-ac81-490d-9fa6-be3790d7a9db" status: 204 len: 0 microversion: 1.36
Aug 23 16:53:41.769537 n-d-851358-7 devstack@placement-api.service[114819]: [pid: 114819|app: 0|req: 502/1011] 10.222.0.30 () {64 vars in 1433 bytes} [Tue Aug 23 16:53:41 2022] PUT /placement/allocations/dc74deb6-ac81-490d-9fa6-be3790d7a9db => generated 0 bytes in 313 msecs (HTTP/1.1 204) 5 headers in 199 bytes (1 switches on core 0)
Aug 23 16:53:41.931422 n-d-851358-7 devstack@placement-api.service[114820]: DEBUG placement.requestlog [req-46778792-7b1c-4d20-9784-148711cd7272 req-703278b3-e921-4202-b77a-6d96722a59a1 None None] Starting request: 10.222.0.73 "GET /placement/resource_providers/a38df60d-6ef8-4e58-96c6-0c41ae44c685/allocations" {{(pid=114820) __call__ /opt/stack/placement/placement/requestlog.py:55}}
Aug 23 16:53:41.964658 n-d-851358-7 devstack@placement-api.service[114820]: INFO placement.requestlog [req-46778792-7b1c-4d20-9784-148711cd7272 req-703278b3-e921-4202-b77a-6d96722a59a1 service placement] 10.222.0.73 "GET /placement/resource_providers/a38df60d-6ef8-4e58-96c6-0c41ae44c685/allocations" status: 200 len: 558 microversion: 1.0
Aug 23 16:53:41.965409 n-d-851358-7 devstack@placement-api.service[114820]: [pid: 114820|app: 0|req: 510/1012] 10.222.0.73 () {58 vars in 1390 bytes} [Tue Aug 23 16:53:41 2022] GET /placement/resource_providers/a38df60d-6ef8-4e58-96c6-0c41ae44c685/allocations => generated 558 bytes in 37 msecs (HTTP/1.1 200) 6 headers in 224 bytes (1 switches on core 0)
Aug 23 16:53:41.974806 n-d-851358-7 devstack@placement-api.service[114819]: DEBUG placement.requestlog [req-46778792-7b1c-4d20-9784-148711cd7272 req-022fcc25-37a5-4669-b058-51e2fad26e01 None None] Starting request: 10.222.0.73 "GET /placement/allocations/473a44f7-e105-40db-b8de-f9771cdbcede" {{(pid=114819) __call__ /opt/stack/placement/placement/requestlog.py:55}}
Aug 23 16:53:42.014083 n-d-851358-7 devstack@placement-api.service[114819]: INFO placement.requestlog [req-46778792-7b1c-4d20-9784-148711cd7272 req-022fcc25-37a5-4669-b058-51e2fad26e01 service placement] 10.222.0.73 "GET /placement/allocations/473a44f7-e105-40db-b8de-f9771cdbcede" status: 200 len: 259 microversion: 1.28
Aug 23 16:53:42.015882 n-d-851358-7 devstack@placement-api.service[114819]: [pid: 114819|app: 0|req: 503/1013] 10.222.0.73 () {60 vars in 1377 bytes} [Tue Aug 23 16:53:41 2022] GET /placement/allocations/473a44f7-e105-40db-b8de-f9771cdbcede => generated 259 bytes in 42 msecs (HTTP/1.1 200) 8 headers in 296 bytes (1 switches on core 0)
Aug 23 16:53:42.024785 n-d-851358-7 devstack@placement-api.service[114820]: DEBUG placement.requestlog [req-46778792-7b1c-4d20-9784-148711cd7272 req-d301f451-348f-4fc8-8e72-300a09e089b0 None None] Starting request: 10.222.0.73 "GET /placement/allocations/aa40de3d-6378-4664-8f14-2dd1165f5d6f" {{(pid=114820) __call__ /opt/stack/placement/placement/requestlog.py:55}}
Aug 23 16:53:42.050059 n-d-851358-7 devstack@placement-api.service[114820]: INFO placement.requestlog [req-46778792-7b1c-4d20-9784-148711cd7272 req-d301f451-348f-4fc8-8e72-300a09e089b0 service placement] 10.222.0.73 "GET /placement/allocations/aa40de3d-6378-4664-8f14-2dd1165f5d6f" status: 200 len: 259 microversion: 1.28
Aug 23 16:53:42.051072 n-d-851358-7 devstack@placement-api.service[114820]: [pid: 114820|app: 0|req: 511/1014] 10.222.0.73 () {60 vars in 1377 bytes} [Tue Aug 23 16:53:42 2022] GET /placement/allocations/aa40de3d-6378-4664-8f14-2dd1165f5d6f => generated 259 bytes in 27 msecs (HTTP/1.1 200) 8 headers in 296 bytes (2 switches on core 0)
Aug 23 16:53:42.065032 n-d-851358-7 devstack@placement-api.service[114819]: DEBUG placement.requestlog [req-46778792-7b1c-4d20-9784-148711cd7272 req-25a994fd-eddf-479b-85d5-3e59cf62548b None None] Starting request: 10.222.0.73 "GET /placement/allocations/2533790f-b809-46ae-b771-e2972d1c5193" {{(pid=114819) __call__ /opt/stack/placement/placement/requestlog.py:55}}
Aug 23 16:53:42.087116 n-d-851358-7 devstack@placement-api.service[114819]: INFO placement.requestlog [req-46778792-7b1c-4d20-9784-148711cd7272 req-25a994fd-eddf-479b-85d5-3e59cf62548b service placement] 10.222.0.73 "GET /placement/allocations/2533790f-b809-46ae-b771-e2972d1c5193" status: 200 len: 259 microversion: 1.28
Aug 23 16:53:42.087116 n-d-851358-7 devstack@placement-api.service[114819]: [pid: 114819|app: 0|req: 504/1015] 10.222.0.73 () {60 vars in 1377 bytes} [Tue Aug 23 16:53:42 2022] GET /placement/allocations/2533790f-b809-46ae-b771-e2972d1c5193 => generated 259 bytes in 22 msecs (HTTP/1.1 200) 8 headers in 296 bytes (1 switches on core 0)
Aug 23 16:53:42.095589 n-d-851358-7 devstack@placement-api.service[114820]: DEBUG placement.requestlog [req-46778792-7b1c-4d20-9784-148711cd7272 req-8297f533-c7c1-4bb9-8463-c289ff941d81 None None] Starting request: 10.222.0.73 "GET /placement/allocations/da96dbdf-03dd-4b3b-b50e-01cbd876c51c" {{(pid=114820) __call__ /opt/stack/placement/placement/requestlog.py:55}}
Aug 23 16:53:42.116910 n-d-851358-7 devstack@placement-api.service[114820]: INFO placement.requestlog [req-46778792-7b1c-4d20-9784-148711cd7272 req-8297f533-c7c1-4bb9-8463-c289ff941d81 service placement] 10.222.0.73 "GET /placement/allocations/da96dbdf-03dd-4b3b-b50e-01cbd876c51c" status: 200 len: 259 microversion: 1.28
Aug 23 16:53:42.117886 n-d-851358-7 devstack@placement-api.service[114820]: [pid: 114820|app: 0|req: 512/1016] 10.222.0.73 () {60 vars in 1377 bytes} [Tue Aug 23 16:53:42 2022] GET /placement/allocations/da96dbdf-03dd-4b3b-b50e-01cbd876c51c => generated 259 bytes in 23 msecs (HTTP/1.1 200) 8 headers in 296 bytes (2 switches on core 0)
Aug 23 16:53:42.126685 n-d-851358-7 devstack@placement-api.service[114819]: DEBUG placement.requestlog [req-46778792-7b1c-4d20-9784-148711cd7272 req-d2488302-afec-43b0-9792-dd9d7e568f4d None None] Starting request: 10.222.0.73 "GET /placement/allocations/a281ab7c-93ec-475b-b650-89108b2c8cd2" {{(pid=114819) __call__ /opt/stack/placement/placement/requestlog.py:55}}
Aug 23 16:53:42.144909 n-d-851358-7 devstack@placement-api.service[114819]: INFO placement.requestlog [req-46778792-7b1c-4d20-9784-148711cd7272 req-d2488302-afec-43b0-9792-dd9d7e568f4d service placement] 10.222.0.73 "GET /placement/allocations/a281ab7c-93ec-475b-b650-89108b2c8cd2" status: 200 len: 259 microversion: 1.28
Aug 23 16:53:42.145894 n-d-851358-7 devstack@placement-api.service[114819]: [pid: 114819|app: 0|req: 505/1017] 10.222.0.73 () {60 vars in 1377 bytes} [Tue Aug 23 16:53:42 2022] GET /placement/allocations/a281ab7c-93ec-475b-b650-89108b2c8cd2 => generated 259 bytes in 20 msecs (HTTP/1.1 200) 8 headers in 296 bytes (2 switches on core 0)
Aug 23 16:53:42.419826 n-d-851358-7 devstack@placement-api.service[114820]: DEBUG placement.requestlog [req-d4a4848a-d5b2-4c91-83ae-f17879287ea9 req-afecdc21-bd7f-4be8-90f4-ffe9883575f2 None None] Starting request: 10.222.0.40 "GET /placement/allocations/dc74deb6-ac81-490d-9fa6-be3790d7a9db" {{(pid=114820) __call__ /opt/stack/placement/placement/requestlog.py:55}}
Aug 23 16:53:42.468445 n-d-851358-7 devstack@placement-api.service[114820]: INFO placement.requestlog [req-d4a4848a-d5b2-4c91-83ae-f17879287ea9 req-afecdc21-bd7f-4be8-90f4-ffe9883575f2 service placement] 10.222.0.40 "GET /placement/allocations/dc74deb6-ac81-490d-9fa6-be3790d7a9db" status: 200 len: 259 microversion: 1.28
Aug 23 16:53:42.470049 n-d-851358-7 devstack@placement-api.service[114820]: [pid: 114820|app: 0|req: 513/1018] 10.222.0.40 () {60 vars in 1377 bytes} [Tue Aug 23 16:53:42 2022] GET /placement/allocations/dc74deb6-ac81-490d-9fa6-be3790d7a9db => generated 259 bytes in 51 msecs (HTTP/1.1 200) 8 headers in 296 bytes (2 switches on core 0)
Aug 23 16:53:43.334179 n-d-851358-7 devstack@placement-api.service[114819]: DEBUG placement.requestlog [req-d4a4848a-d5b2-4c91-83ae-f17879287ea9 req-7e3469e2-bae8-465c-a41c-71c3458c0eac None None] Starting request: 10.222.0.40 "GET /placement/resource_providers/34af0b7b-7266-47ce-a810-e244c3f142e3/allocations" {{(pid=114819) __call__ /opt/stack/placement/placement/requestlog.py:55}}
Aug 23 16:53:43.358978 n-d-851358-7 devstack@placement-api.service[114819]: INFO placement.requestlog [req-d4a4848a-d5b2-4c91-83ae-f17879287ea9 req-7e3469e2-bae8-465c-a41c-71c3458c0eac service placement] 10.222.0.40 "GET /placement/resource_providers/34af0b7b-7266-47ce-a810-e244c3f142e3/allocations" status: 200 len: 961 microversion: 1.0
Aug 23 16:53:43.359486 n-d-851358-7 devstack@placement-api.service[114819]: [pid: 114819|app: 0|req: 506/1019] 10.222.0.40 () {58 vars in 1390 bytes} [Tue Aug 23 16:53:43 2022] GET /placement/resource_providers/34af0b7b-7266-47ce-a810-e244c3f142e3/allocations => generated 961 bytes in 26 msecs (HTTP/1.1 200) 6 headers in 224 bytes (1 switches on core 0)
Aug 23 16:53:43.654862 n-d-851358-7 devstack@placement-api.service[114820]: DEBUG placement.requestlog [req-d4a4848a-d5b2-4c91-83ae-f17879287ea9 req-da612ce3-be69-4a55-8581-922b44276aa9 None None] Starting request: 10.222.0.40 "GET /placement/allocations/d2ee6c7f-afc7-4a93-ac41-5154e0fda518" {{(pid=114820) __call__ /opt/stack/placement/placement/requestlog.py:55}}
Aug 23 16:53:43.692605 n-d-851358-7 devstack@placement-api.service[114820]: INFO placement.requestlog [req-d4a4848a-d5b2-4c91-83ae-f17879287ea9 req-da612ce3-be69-4a55-8581-922b44276aa9 service placement] 10.222.0.40 "GET /placement/allocations/d2ee6c7f-afc7-4a93-ac41-5154e0fda518" status: 200 len: 259 microversion: 1.28
Aug 23 16:53:43.699419 n-d-851358-7 devstack@placement-api.service[114820]: [pid: 114820|app: 0|req: 514/1020] 10.222.0.40 () {60 vars in 1377 bytes} [Tue Aug 23 16:53:43 2022] GET /placement/allocations/d2ee6c7f-afc7-4a93-ac41-5154e0fda518 => generated 259 bytes in 45 msecs (HTTP/1.1 200) 8 headers in 296 bytes (1 switches on core 0)
Aug 23 16:53:43.710102 n-d-851358-7 devstack@placement-api.service[114819]: DEBUG placement.requestlog [req-d4a4848a-d5b2-4c91-83ae-f17879287ea9 req-48929712-1807-43d0-97fa-5d65cf0e06cb None None] Starting request: 10.222.0.40 "GET /placement/allocations/60209727-139a-467d-9db8-b6ecc63a47d0" {{(pid=114819) __call__ /opt/stack/placement/placement/requestlog.py:55}}
Aug 23 16:53:43.760507 n-d-851358-7 devstack@placement-api.service[114819]: INFO placement.requestlog [req-d4a4848a-d5b2-4c91-83ae-f17879287ea9 req-48929712-1807-43d0-97fa-5d65cf0e06cb service placement] 10.222.0.40 "GET /placement/allocations/60209727-139a-467d-9db8-b6ecc63a47d0" status: 200 len: 259 microversion: 1.28
Aug 23 16:53:43.760906 n-d-851358-7 devstack@placement-api.service[114819]: [pid: 114819|app: 0|req: 507/1021] 10.222.0.40 () {60 vars in 1377 bytes} [Tue Aug 23 16:53:43 2022] GET /placement/allocations/60209727-139a-467d-9db8-b6ecc63a47d0 => generated 259 bytes in 51 msecs (HTTP/1.1 200) 8 headers in 296 bytes (1 switches on core 0)
Aug 23 16:53:44.177955 n-d-851358-7 devstack@placement-api.service[114820]: DEBUG placement.requestlog [req-d4a4848a-d5b2-4c91-83ae-f17879287ea9 req-748f92aa-9c5e-47a5-9995-b37c72c53b4d None None] Starting request: 10.222.0.40 "GET /placement/allocations/d689c641-8d81-4d92-b665-401735bfe161" {{(pid=114820) __call__ /opt/stack/placement/placement/requestlog.py:55}}
Aug 23 16:53:44.198284 n-d-851358-7 devstack@placement-api.service[114820]: INFO placement.requestlog [req-d4a4848a-d5b2-4c91-83ae-f17879287ea9 req-748f92aa-9c5e-47a5-9995-b37c72c53b4d service placement] 10.222.0.40 "GET /placement/allocations/d689c641-8d81-4d92-b665-401735bfe161" status: 200 len: 259 microversion: 1.28
Aug 23 16:53:44.199097 n-d-851358-7 devstack@placement-api.service[114820]: [pid: 114820|app: 0|req: 515/1022] 10.222.0.40 () {60 vars in 1377 bytes} [Tue Aug 23 16:53:44 2022] GET /placement/allocations/d689c641-8d81-4d92-b665-401735bfe161 => generated 259 bytes in 22 msecs (HTTP/1.1 200) 8 headers in 296 bytes (1 switches on core 0)
Aug 23 16:53:44.207015 n-d-851358-7 devstack@placement-api.service[114819]: DEBUG placement.requestlog [req-d4a4848a-d5b2-4c91-83ae-f17879287ea9 req-0b63e671-9426-4377-9d2e-3ee4ac32b636 None None] Starting request: 10.222.0.40 "GET /placement/allocations/74dc93b4-f063-484c-a6df-ecda12cc6a46" {{(pid=114819) __call__ /opt/stack/placement/placement/requestlog.py:55}}
Aug 23 16:53:44.225638 n-d-851358-7 devstack@placement-api.service[114819]: INFO placement.requestlog [req-d4a4848a-d5b2-4c91-83ae-f17879287ea9 req-0b63e671-9426-4377-9d2e-3ee4ac32b636 service placement] 10.222.0.40 "GET /placement/allocations/74dc93b4-f063-484c-a6df-ecda12cc6a46" status: 200 len: 259 microversion: 1.28
Aug 23 16:53:44.226417 n-d-851358-7 devstack@placement-api.service[114819]: [pid: 114819|app: 0|req: 508/1023] 10.222.0.40 () {60 vars in 1377 bytes} [Tue Aug 23 16:53:44 2022] GET /placement/allocations/74dc93b4-f063-484c-a6df-ecda12cc6a46 => generated 259 bytes in 20 msecs (HTTP/1.1 200) 8 headers in 296 bytes (1 switches on core 0)
Aug 23 16:53:44.234186 n-d-851358-7 devstack@placement-api.service[114820]: DEBUG placement.requestlog [req-d4a4848a-d5b2-4c91-83ae-f17879287ea9 req-8d5fd110-5957-46ed-ab68-e7d3747af979 None None] Starting request: 10.222.0.40 "GET /placement/allocations/d08a2abf-63a3-429b-8dc1-db3cf791a25f" {{(pid=114820) __call__ /opt/stack/placement/placement/requestlog.py:55}}
Aug 23 16:53:44.256759 n-d-851358-7 devstack@placement-api.service[114820]: INFO placement.requestlog [req-d4a4848a-d5b2-4c91-83ae-f17879287ea9 req-8d5fd110-5957-46ed-ab68-e7d3747af979 service placement] 10.222.0.40 "GET /placement/allocations/d08a2abf-63a3-429b-8dc1-db3cf791a25f" status: 200 len: 258 microversion: 1.28
Aug 23 16:53:44.257626 n-d-851358-7 devstack@placement-api.service[114820]: [pid: 114820|app: 0|req: 516/1024] 10.222.0.40 () {60 vars in 1377 bytes} [Tue Aug 23 16:53:44 2022] GET /placement/allocations/d08a2abf-63a3-429b-8dc1-db3cf791a25f => generated 258 bytes in 24 msecs (HTTP/1.1 200) 8 headers in 296 bytes (1 switches on core 0)
Aug 23 16:53:44.272825 n-d-851358-7 devstack@placement-api.service[114819]: DEBUG placement.requestlog [req-d4a4848a-d5b2-4c91-83ae-f17879287ea9 req-0bbc822a-dacf-4da8-98d4-59a8f38a4bb3 None None] Starting request: 10.222.0.40 "GET /placement/allocations/dc74deb6-ac81-490d-9fa6-be3790d7a9db" {{(pid=114819) __call__ /opt/stack/placement/placement/requestlog.py:55}}
