Aug 05 04:56:22.764274 n-d-851337-6 devstack@placement-api.service[111882]: DEBUG placement.objects.research_context [req-2382ae6b-a504-4a2e-8d1a-576ab0b5598a req-58dbbf60-4c0a-40ef-86f8-9e65f83a5d95 service placement] found 2 providers with available 1 DISK_GB {{(pid=111882) get_provider_ids_matching /opt/stack/placement/placement/objects/research_context.py:563}}
Aug 05 04:56:22.765523 n-d-851337-6 devstack@placement-api.service[111882]: DEBUG placement.objects.research_context [req-2382ae6b-a504-4a2e-8d1a-576ab0b5598a req-58dbbf60-4c0a-40ef-86f8-9e65f83a5d95 service placement] found 2 providers with available 1024 MEMORY_MB {{(pid=111882) get_provider_ids_matching /opt/stack/placement/placement/objects/research_context.py:563}}
Aug 05 04:56:22.767291 n-d-851337-6 devstack@placement-api.service[111882]: DEBUG placement.objects.research_context [req-2382ae6b-a504-4a2e-8d1a-576ab0b5598a req-58dbbf60-4c0a-40ef-86f8-9e65f83a5d95 service placement] found 2 providers after filtering by previous result {{(pid=111882) get_provider_ids_matching /opt/stack/placement/placement/objects/research_context.py:594}}
Aug 05 04:56:22.767794 n-d-851337-6 devstack@placement-api.service[111882]: DEBUG placement.objects.research_context [req-2382ae6b-a504-4a2e-8d1a-576ab0b5598a req-58dbbf60-4c0a-40ef-86f8-9e65f83a5d95 service placement] found 2 providers with available 1 VCPU {{(pid=111882) get_provider_ids_matching /opt/stack/placement/placement/objects/research_context.py:563}}
Aug 05 04:56:22.768291 n-d-851337-6 devstack@placement-api.service[111882]: DEBUG placement.objects.research_context [req-2382ae6b-a504-4a2e-8d1a-576ab0b5598a req-58dbbf60-4c0a-40ef-86f8-9e65f83a5d95 service placement] found 2 providers after filtering by previous result {{(pid=111882) get_provider_ids_matching /opt/stack/placement/placement/objects/research_context.py:594}}
Aug 05 04:56:22.814147 n-d-851337-6 devstack@placement-api.service[111882]: DEBUG placement.objects.allocation_candidate [req-2382ae6b-a504-4a2e-8d1a-576ab0b5598a req-58dbbf60-4c0a-40ef-86f8-9e65f83a5d95 service placement] RequestGroup(use_same_provider=False, resources={DISK_GB:1, MEMORY_MB:1024, VCPU:1}, traits=(), aggregates=[]) (suffix '') returned 2 matches {{(pid=111882) _get_by_requests /opt/stack/placement/placement/objects/allocation_candidate.py:156}}
Aug 05 04:56:22.820302 n-d-851337-6 devstack@placement-api.service[111882]: DEBUG placement.objects.allocation_candidate [req-2382ae6b-a504-4a2e-8d1a-576ab0b5598a req-58dbbf60-4c0a-40ef-86f8-9e65f83a5d95 service placement] Merging candidates yields 2 allocation requests and 2 provider summaries {{(pid=111882) _merge_candidates /opt/stack/placement/placement/objects/allocation_candidate.py:809}}
Aug 05 04:56:22.828310 n-d-851337-6 devstack@placement-api.service[111882]: INFO placement.requestlog [req-2382ae6b-a504-4a2e-8d1a-576ab0b5598a req-58dbbf60-4c0a-40ef-86f8-9e65f83a5d95 service placement] 10.222.0.18 "GET /placement/allocation_candidates?limit=1000&resources=DISK_GB%3A1%2CMEMORY_MB%3A1024%2CVCPU%3A1&root_required=%21COMPUTE_STATUS_DISABLED" status: 200 len: 1309 microversion: 1.36
Aug 05 04:56:22.829024 n-d-851337-6 devstack@placement-api.service[111882]: [pid: 111882|app: 0|req: 313/616] 10.222.0.18 () {60 vars in 1506 bytes} [Fri Aug 5 04:56:22 2022] GET /placement/allocation_candidates?limit=1000&resources=DISK_GB%3A1%2CMEMORY_MB%3A1024%2CVCPU%3A1&root_required=%21COMPUTE_STATUS_DISABLED => generated 1309 bytes in 260 msecs (HTTP/1.1 200) 8 headers in 297 bytes (1 switches on core 0)
Aug 05 04:56:22.943014 n-d-851337-6 devstack@placement-api.service[111881]: DEBUG placement.requestlog [req-2382ae6b-a504-4a2e-8d1a-576ab0b5598a req-8ee4d4f6-7dae-43b6-99c1-ad358f7aed1b None None] Starting request: 10.222.0.18 "GET /placement/allocations/b2d07896-f650-4df2-99aa-9bd8397a9843" {{(pid=111881) __call__ /opt/stack/placement/placement/requestlog.py:55}}
Aug 05 04:56:22.959326 n-d-851337-6 devstack@placement-api.service[111881]: INFO placement.requestlog [req-2382ae6b-a504-4a2e-8d1a-576ab0b5598a req-8ee4d4f6-7dae-43b6-99c1-ad358f7aed1b service placement] 10.222.0.18 "GET /placement/allocations/b2d07896-f650-4df2-99aa-9bd8397a9843" status: 200 len: 19 microversion: 1.28
Aug 05 04:56:22.963763 n-d-851337-6 devstack@placement-api.service[111881]: [pid: 111881|app: 0|req: 304/617] 10.222.0.18 () {60 vars in 1380 bytes} [Fri Aug 5 04:56:22 2022] GET /placement/allocations/b2d07896-f650-4df2-99aa-9bd8397a9843 => generated 19 bytes in 21 msecs (HTTP/1.1 200) 8 headers in 295 bytes (1 switches on core 0)
Aug 05 04:56:22.967784 n-d-851337-6 devstack@placement-api.service[111882]: DEBUG placement.requestlog [req-2382ae6b-a504-4a2e-8d1a-576ab0b5598a req-21f2e8d0-e3ad-4ec2-ab69-f7658782fcbe None None] Starting request: 10.222.0.18 "PUT /placement/allocations/b2d07896-f650-4df2-99aa-9bd8397a9843" {{(pid=111882) __call__ /opt/stack/placement/placement/requestlog.py:55}}
Aug 05 04:56:23.155226 n-d-851337-6 devstack@placement-api.service[111882]: DEBUG placement.handlers.allocation [req-2382ae6b-a504-4a2e-8d1a-576ab0b5598a req-21f2e8d0-e3ad-4ec2-ab69-f7658782fcbe service placement] Successfully wrote allocations [, , ] {{(pid=111882) _update_consumers_and_create_allocations /opt/stack/placement/placement/handlers/allocation.py:462}}
Aug 05 04:56:23.162317 n-d-851337-6 devstack@placement-api.service[111882]: INFO placement.requestlog [req-2382ae6b-a504-4a2e-8d1a-576ab0b5598a req-21f2e8d0-e3ad-4ec2-ab69-f7658782fcbe service placement] 10.222.0.18 "PUT /placement/allocations/b2d07896-f650-4df2-99aa-9bd8397a9843" status: 204 len: 0 microversion: 1.36
Aug 05 04:56:23.163149 n-d-851337-6 devstack@placement-api.service[111882]: [pid: 111882|app: 0|req: 314/618] 10.222.0.18 () {64 vars in 1433 bytes} [Fri Aug 5 04:56:22 2022] PUT /placement/allocations/b2d07896-f650-4df2-99aa-9bd8397a9843 => generated 0 bytes in 195 msecs (HTTP/1.1 204) 5 headers in 199 bytes (2 switches on core 0)
Aug 05 04:56:23.978926 n-d-851337-6 devstack@placement-api.service[111881]: DEBUG placement.requestlog [req-2382ae6b-a504-4a2e-8d1a-576ab0b5598a req-9bbaca34-6463-47f0-9570-98a627dfcebb None None] Starting request: 10.222.0.33 "GET /placement/allocations/b2d07896-f650-4df2-99aa-9bd8397a9843" {{(pid=111881) __call__ /opt/stack/placement/placement/requestlog.py:55}}
Aug 05 04:56:24.026269 n-d-851337-6 devstack@placement-api.service[111881]: INFO placement.requestlog [req-2382ae6b-a504-4a2e-8d1a-576ab0b5598a req-9bbaca34-6463-47f0-9570-98a627dfcebb service placement] 10.222.0.33 "GET /placement/allocations/b2d07896-f650-4df2-99aa-9bd8397a9843" status: 200 len: 259 microversion: 1.28
Aug 05 04:56:24.029485 n-d-851337-6 devstack@placement-api.service[111881]: [pid: 111881|app: 0|req: 305/619] 10.222.0.33 () {60 vars in 1377 bytes} [Fri Aug 5 04:56:23 2022] GET /placement/allocations/b2d07896-f650-4df2-99aa-9bd8397a9843 => generated 259 bytes in 51 msecs (HTTP/1.1 200) 8 headers in 296 bytes (1 switches on core 0)
Aug 05 04:56:24.834211 n-d-851337-6 devstack@placement-api.service[111882]: DEBUG placement.requestlog [req-ee805137-d0b8-4e6b-a59e-358f7e106130 req-80d578b9-473a-46e2-8616-45b7dfd8f28b None None] Starting request: 10.222.0.33 "DELETE /placement/allocations/4243741e-8b5c-41d2-a81d-50a0ba96ae3b" {{(pid=111882) __call__ /opt/stack/placement/placement/requestlog.py:55}}
Aug 05 04:56:24.883427 n-d-851337-6 devstack@placement-api.service[111882]: DEBUG placement.handlers.allocation [req-ee805137-d0b8-4e6b-a59e-358f7e106130 req-80d578b9-473a-46e2-8616-45b7dfd8f28b service placement] Successfully deleted allocations [, , ] {{(pid=111882) delete_allocations /opt/stack/placement/placement/handlers/allocation.py:627}}
Aug 05 04:56:24.884353 n-d-851337-6 devstack@placement-api.service[111882]: INFO placement.requestlog [req-ee805137-d0b8-4e6b-a59e-358f7e106130 req-80d578b9-473a-46e2-8616-45b7dfd8f28b service placement] 10.222.0.33 "DELETE /placement/allocations/4243741e-8b5c-41d2-a81d-50a0ba96ae3b" status: 204 len: 0 microversion: 1.0
Aug 05 04:56:24.885804 n-d-851337-6 devstack@placement-api.service[111882]: [pid: 111882|app: 0|req: 315/620] 10.222.0.33 () {60 vars in 1355 bytes} [Fri Aug 5 04:56:24 2022] DELETE /placement/allocations/4243741e-8b5c-41d2-a81d-50a0ba96ae3b => generated 0 bytes in 51 msecs (HTTP/1.1 204) 5 headers in 198 bytes (1 switches on core 0)
Aug 05 04:56:27.351604 n-d-851337-6 devstack@placement-api.service[111881]: DEBUG placement.requestlog [req-96265969-8dfe-46f7-9442-3e92419c5bf2 req-7c8a1a2c-a3e1-491d-bd9f-486e9d5c680d None None] Starting request: 10.222.0.18 "GET /placement/allocation_candidates?limit=1000&resources=DISK_GB%3A1%2CMEMORY_MB%3A1024%2CVCPU%3A1&root_required=%21COMPUTE_STATUS_DISABLED" {{(pid=111881) __call__ /opt/stack/placement/placement/requestlog.py:55}}
Aug 05 04:56:27.435801 n-d-851337-6 devstack@placement-api.service[111881]: DEBUG placement.objects.research_context [req-96265969-8dfe-46f7-9442-3e92419c5bf2 req-7c8a1a2c-a3e1-491d-bd9f-486e9d5c680d service placement] getting providers with 1 DISK_GB {{(pid=111881) __init__ /opt/stack/placement/placement/objects/research_context.py:136}}
Aug 05 04:56:27.435801 n-d-851337-6 devstack@placement-api.service[111881]: DEBUG placement.objects.research_context [req-96265969-8dfe-46f7-9442-3e92419c5bf2 req-7c8a1a2c-a3e1-491d-bd9f-486e9d5c680d service placement] getting providers with 1024 MEMORY_MB {{(pid=111881) __init__ /opt/stack/placement/placement/objects/research_context.py:136}}
Aug 05 04:56:27.441438 n-d-851337-6 devstack@placement-api.service[111881]: DEBUG placement.objects.research_context [req-96265969-8dfe-46f7-9442-3e92419c5bf2 req-7c8a1a2c-a3e1-491d-bd9f-486e9d5c680d service placement] getting providers with 1 VCPU {{(pid=111881) __init__ /opt/stack/placement/placement/objects/research_context.py:136}}
Aug 05 04:56:27.448416 n-d-851337-6 devstack@placement-api.service[111881]: DEBUG placement.objects.research_context [req-96265969-8dfe-46f7-9442-3e92419c5bf2 req-7c8a1a2c-a3e1-491d-bd9f-486e9d5c680d service placement] found 2 providers with available 1 DISK_GB {{(pid=111881) get_provider_ids_matching /opt/stack/placement/placement/objects/research_context.py:563}}
Aug 05 04:56:27.448672 n-d-851337-6 devstack@placement-api.service[111881]: DEBUG placement.objects.research_context [req-96265969-8dfe-46f7-9442-3e92419c5bf2 req-7c8a1a2c-a3e1-491d-bd9f-486e9d5c680d service placement] found 2 providers with available 1024 MEMORY_MB {{(pid=111881) get_provider_ids_matching /opt/stack/placement/placement/objects/research_context.py:563}}
Aug 05 04:56:27.448941 n-d-851337-6 devstack@placement-api.service[111881]: DEBUG placement.objects.research_context [req-96265969-8dfe-46f7-9442-3e92419c5bf2 req-7c8a1a2c-a3e1-491d-bd9f-486e9d5c680d service placement] found 2 providers after filtering by previous result {{(pid=111881) get_provider_ids_matching /opt/stack/placement/placement/objects/research_context.py:594}}
Aug 05 04:56:27.449201 n-d-851337-6 devstack@placement-api.service[111881]: DEBUG placement.objects.research_context [req-96265969-8dfe-46f7-9442-3e92419c5bf2 req-7c8a1a2c-a3e1-491d-bd9f-486e9d5c680d service placement] found 2 providers with available 1 VCPU {{(pid=111881) get_provider_ids_matching /opt/stack/placement/placement/objects/research_context.py:563}}
Aug 05 04:56:27.449505 n-d-851337-6 devstack@placement-api.service[111881]: DEBUG placement.objects.research_context [req-96265969-8dfe-46f7-9442-3e92419c5bf2 req-7c8a1a2c-a3e1-491d-bd9f-486e9d5c680d service placement] found 2 providers after filtering by previous result {{(pid=111881) get_provider_ids_matching /opt/stack/placement/placement/objects/research_context.py:594}}
Aug 05 04:56:27.463212 n-d-851337-6 devstack@placement-api.service[111881]: DEBUG placement.objects.allocation_candidate [req-96265969-8dfe-46f7-9442-3e92419c5bf2 req-7c8a1a2c-a3e1-491d-bd9f-486e9d5c680d service placement] RequestGroup(use_same_provider=False, resources={DISK_GB:1, MEMORY_MB:1024, VCPU:1}, traits=(), aggregates=[]) (suffix '') returned 2 matches {{(pid=111881) _get_by_requests /opt/stack/placement/placement/objects/allocation_candidate.py:156}}
Aug 05 04:56:27.463668 n-d-851337-6 devstack@placement-api.service[111881]: DEBUG placement.objects.allocation_candidate [req-96265969-8dfe-46f7-9442-3e92419c5bf2 req-7c8a1a2c-a3e1-491d-bd9f-486e9d5c680d service placement] Merging candidates yields 2 allocation requests and 2 provider summaries {{(pid=111881) _merge_candidates /opt/stack/placement/placement/objects/allocation_candidate.py:809}}
Aug 05 04:56:27.465329 n-d-851337-6 devstack@placement-api.service[111881]: INFO placement.requestlog [req-96265969-8dfe-46f7-9442-3e92419c5bf2 req-7c8a1a2c-a3e1-491d-bd9f-486e9d5c680d service placement] 10.222.0.18 "GET /placement/allocation_candidates?limit=1000&resources=DISK_GB%3A1%2CMEMORY_MB%3A1024%2CVCPU%3A1&root_required=%21COMPUTE_STATUS_DISABLED" status: 200 len: 1309 microversion: 1.36
Aug 05 04:56:27.466087 n-d-851337-6 devstack@placement-api.service[111881]: [pid: 111881|app: 0|req: 306/621] 10.222.0.18 () {60 vars in 1506 bytes} [Fri Aug 5 04:56:27 2022] GET /placement/allocation_candidates?limit=1000&resources=DISK_GB%3A1%2CMEMORY_MB%3A1024%2CVCPU%3A1&root_required=%21COMPUTE_STATUS_DISABLED => generated 1309 bytes in 115 msecs (HTTP/1.1 200) 8 headers in 297 bytes (1 switches on core 0)
Aug 05 04:56:27.576964 n-d-851337-6 devstack@placement-api.service[111882]: DEBUG placement.requestlog [req-96265969-8dfe-46f7-9442-3e92419c5bf2 req-d58ba43a-ef0a-49d3-b51d-a830cd0cbca2 None None] Starting request: 10.222.0.18 "GET /placement/allocations/072be5db-1c22-4d6f-8e1f-8796cf8c5271" {{(pid=111882) __call__ /opt/stack/placement/placement/requestlog.py:55}}
Aug 05 04:56:27.596413 n-d-851337-6 devstack@placement-api.service[111882]: INFO placement.requestlog [req-96265969-8dfe-46f7-9442-3e92419c5bf2 req-d58ba43a-ef0a-49d3-b51d-a830cd0cbca2 service placement] 10.222.0.18 "GET /placement/allocations/072be5db-1c22-4d6f-8e1f-8796cf8c5271" status: 200 len: 19 microversion: 1.28
Aug 05 04:56:27.597439 n-d-851337-6 devstack@placement-api.service[111882]: [pid: 111882|app: 0|req: 316/622] 10.222.0.18 () {60 vars in 1380 bytes} [Fri Aug 5 04:56:27 2022] GET /placement/allocations/072be5db-1c22-4d6f-8e1f-8796cf8c5271 => generated 19 bytes in 21 msecs (HTTP/1.1 200) 8 headers in 295 bytes (2 switches on core 0)
Aug 05 04:56:27.604023 n-d-851337-6 devstack@placement-api.service[111881]: DEBUG placement.requestlog [req-96265969-8dfe-46f7-9442-3e92419c5bf2 req-4eea9a03-15cb-43df-b388-8971a281397d None None] Starting request: 10.222.0.18 "PUT /placement/allocations/072be5db-1c22-4d6f-8e1f-8796cf8c5271" {{(pid=111881) __call__ /opt/stack/placement/placement/requestlog.py:55}}
Aug 05 04:56:27.775386 n-d-851337-6 devstack@placement-api.service[111881]: DEBUG placement.handlers.allocation [req-96265969-8dfe-46f7-9442-3e92419c5bf2 req-4eea9a03-15cb-43df-b388-8971a281397d service placement] Successfully wrote allocations [, , ] {{(pid=111881) _update_consumers_and_create_allocations /opt/stack/placement/placement/handlers/allocation.py:462}}
Aug 05 04:56:27.785207 n-d-851337-6 devstack@placement-api.service[111881]: INFO placement.requestlog [req-96265969-8dfe-46f7-9442-3e92419c5bf2 req-4eea9a03-15cb-43df-b388-8971a281397d service placement] 10.222.0.18 "PUT /placement/allocations/072be5db-1c22-4d6f-8e1f-8796cf8c5271" status: 204 len: 0 microversion: 1.36
Aug 05 04:56:27.786975 n-d-851337-6 devstack@placement-api.service[111881]: [pid: 111881|app: 0|req: 307/623] 10.222.0.18 () {64 vars in 1433 bytes} [Fri Aug 5 04:56:27 2022] PUT /placement/allocations/072be5db-1c22-4d6f-8e1f-8796cf8c5271 => generated 0 bytes in 183 msecs (HTTP/1.1 204) 5 headers in 199 bytes (1 switches on core 0)
Aug 05 04:56:28.277546 n-d-851337-6 devstack@placement-api.service[111882]: DEBUG placement.requestlog [req-acbcb6bc-b396-4843-8283-b9252465633b req-6014db7b-8f3c-4db5-bc83-18722c82f2dd None None] Starting request: 10.222.0.23 "DELETE /placement/allocations/cfa5b6a9-c399-4fbf-abb4-3ea6d53468d6" {{(pid=111882) __call__ /opt/stack/placement/placement/requestlog.py:55}}
Aug 05 04:56:28.358368 n-d-851337-6 devstack@placement-api.service[111882]: DEBUG placement.handlers.allocation [req-acbcb6bc-b396-4843-8283-b9252465633b req-6014db7b-8f3c-4db5-bc83-18722c82f2dd service placement] Successfully deleted allocations [, , ] {{(pid=111882) delete_allocations /opt/stack/placement/placement/handlers/allocation.py:627}}
Aug 05 04:56:28.359082 n-d-851337-6 devstack@placement-api.service[111882]: INFO placement.requestlog [req-acbcb6bc-b396-4843-8283-b9252465633b req-6014db7b-8f3c-4db5-bc83-18722c82f2dd service placement] 10.222.0.23 "DELETE /placement/allocations/cfa5b6a9-c399-4fbf-abb4-3ea6d53468d6" status: 204 len: 0 microversion: 1.0
Aug 05 04:56:28.359947 n-d-851337-6 devstack@placement-api.service[111882]: [pid: 111882|app: 0|req: 317/624] 10.222.0.23 () {60 vars in 1355 bytes} [Fri Aug 5 04:56:28 2022] DELETE /placement/allocations/cfa5b6a9-c399-4fbf-abb4-3ea6d53468d6 => generated 0 bytes in 83 msecs (HTTP/1.1 204) 5 headers in 198 bytes (1 switches on core 0)
Aug 05 04:56:28.602713 n-d-851337-6 devstack@placement-api.service[111881]: DEBUG placement.requestlog [req-96265969-8dfe-46f7-9442-3e92419c5bf2 req-d94e4c86-b8bb-4288-8e7a-57237504c29c None None] Starting request: 10.222.0.33 "GET /placement/allocations/072be5db-1c22-4d6f-8e1f-8796cf8c5271" {{(pid=111881) __call__ /opt/stack/placement/placement/requestlog.py:55}}
Aug 05 04:56:28.673759 n-d-851337-6 devstack@placement-api.service[111881]: INFO placement.requestlog [req-96265969-8dfe-46f7-9442-3e92419c5bf2 req-d94e4c86-b8bb-4288-8e7a-57237504c29c service placement] 10.222.0.33 "GET /placement/allocations/072be5db-1c22-4d6f-8e1f-8796cf8c5271" status: 200 len: 259 microversion: 1.28
Aug 05 04:56:28.676141 n-d-851337-6 devstack@placement-api.service[111881]: [pid: 111881|app: 0|req: 308/625] 10.222.0.33 () {60 vars in 1377 bytes} [Fri Aug 5 04:56:28 2022] GET /placement/allocations/072be5db-1c22-4d6f-8e1f-8796cf8c5271 => generated 259 bytes in 74 msecs (HTTP/1.1 200) 8 headers in 296 bytes (1 switches on core 0)
Aug 05 04:56:35.033995 n-d-851337-6 devstack@placement-api.service[111882]: DEBUG placement.requestlog [req-bb2ab7c4-4aa0-4bfa-ba3b-3641b19f6ae0 req-68e75f3e-445e-4afd-93f4-32621fea399b None None] Starting request: 10.222.0.23 "DELETE /placement/allocations/efa27553-dc7d-4739-aefa-0ec72868ea96" {{(pid=111882) __call__ /opt/stack/placement/placement/requestlog.py:55}}
Aug 05 04:56:35.041828 n-d-851337-6 devstack@placement-api.service[111882]: DEBUG dbcounter [-] [111882] Writing DB stats placement:SELECT=58,placement:DELETE=8,placement:INSERT=6,placement:UPDATE=2 {{(pid=111882) stat_writer /usr/local/lib/python3.8/dist-packages/dbcounter.py:114}}
Aug 05 04:56:35.093364 n-d-851337-6 devstack@placement-api.service[111882]: DEBUG placement.handlers.allocation [req-bb2ab7c4-4aa0-4bfa-ba3b-3641b19f6ae0 req-68e75f3e-445e-4afd-93f4-32621fea399b service placement] Successfully deleted allocations [, , ] {{(pid=111882) delete_allocations /opt/stack/placement/placement/handlers/allocation.py:627}}
Aug 05 04:56:35.094295 n-d-851337-6 devstack@placement-api.service[111882]: INFO placement.requestlog [req-bb2ab7c4-4aa0-4bfa-ba3b-3641b19f6ae0 req-68e75f3e-445e-4afd-93f4-32621fea399b service placement] 10.222.0.23 "DELETE /placement/allocations/efa27553-dc7d-4739-aefa-0ec72868ea96" status: 204 len: 0 microversion: 1.0
Aug 05 04:56:35.094679 n-d-851337-6 devstack@placement-api.service[111882]: [pid: 111882|app: 0|req: 318/626] 10.222.0.23 () {60 vars in 1355 bytes} [Fri Aug 5 04:56:35 2022] DELETE /placement/allocations/efa27553-dc7d-4739-aefa-0ec72868ea96 => generated 0 bytes in 61 msecs (HTTP/1.1 204) 5 headers in 198 bytes (1 switches on core 0)
Aug 05 04:56:38.106140 n-d-851337-6 devstack@placement-api.service[111881]: DEBUG placement.requestlog [req-37f04dfc-6a84-459e-a5de-0386bafc78bb req-439a3dc5-9d86-4da7-a312-e2ab93d59f2b None None] Starting request: 10.222.0.33 "DELETE /placement/allocations/09d124e9-1929-49c7-8820-6de7569bf940" {{(pid=111881) __call__ /opt/stack/placement/placement/requestlog.py:55}}
Aug 05 04:56:38.157269 n-d-851337-6 devstack@placement-api.service[111881]: DEBUG placement.handlers.allocation [req-37f04dfc-6a84-459e-a5de-0386bafc78bb req-439a3dc5-9d86-4da7-a312-e2ab93d59f2b service placement] Successfully deleted allocations [, , ] {{(pid=111881) delete_allocations /opt/stack/placement/placement/handlers/allocation.py:627}}
Aug 05 04:56:38.158803 n-d-851337-6 devstack@placement-api.service[111881]: INFO placement.requestlog [req-37f04dfc-6a84-459e-a5de-0386bafc78bb req-439a3dc5-9d86-4da7-a312-e2ab93d59f2b service placement] 10.222.0.33 "DELETE /placement/allocations/09d124e9-1929-49c7-8820-6de7569bf940" status: 204 len: 0 microversion: 1.0
Aug 05 04:56:38.159938 n-d-851337-6 devstack@placement-api.service[111881]: [pid: 111881|app: 0|req: 309/627] 10.222.0.33 () {60 vars in 1355 bytes} [Fri Aug 5 04:56:38 2022] DELETE /placement/allocations/09d124e9-1929-49c7-8820-6de7569bf940 => generated 0 bytes in 54 msecs (HTTP/1.1 204) 5 headers in 198 bytes (1 switches on core 0)
Aug 05 04:56:38.757444 n-d-851337-6 devstack@placement-api.service[111882]: DEBUG placement.requestlog [req-1fb69820-91e0-45a2-ac4e-bd3e82fd5876 req-b56a6a1d-cff6-44f6-827b-b481e861bd44 None None] Starting request: 10.222.0.18 "GET /placement/allocation_candidates?limit=1000&resources=DISK_GB%3A1%2CMEMORY_MB%3A1024%2CVCPU%3A1&root_required=%21COMPUTE_STATUS_DISABLED" {{(pid=111882) __call__ /opt/stack/placement/placement/requestlog.py:55}}
Aug 05 04:56:38.816460 n-d-851337-6 devstack@placement-api.service[111882]: DEBUG placement.objects.research_context [req-1fb69820-91e0-45a2-ac4e-bd3e82fd5876 req-b56a6a1d-cff6-44f6-827b-b481e861bd44 service placement] getting providers with 1 DISK_GB {{(pid=111882) __init__ /opt/stack/placement/placement/objects/research_context.py:136}}
Aug 05 04:56:38.823772 n-d-851337-6 devstack@placement-api.service[111882]: DEBUG placement.objects.research_context [req-1fb69820-91e0-45a2-ac4e-bd3e82fd5876 req-b56a6a1d-cff6-44f6-827b-b481e861bd44 service placement] getting providers with 1024 MEMORY_MB {{(pid=111882) __init__ /opt/stack/placement/placement/objects/research_context.py:136}}
Aug 05 04:56:38.830872 n-d-851337-6 devstack@placement-api.service[111882]: DEBUG placement.objects.research_context [req-1fb69820-91e0-45a2-ac4e-bd3e82fd5876 req-b56a6a1d-cff6-44f6-827b-b481e861bd44 service placement] getting providers with 1 VCPU {{(pid=111882) __init__ /opt/stack/placement/placement/objects/research_context.py:136}}
Aug 05 04:56:38.837106 n-d-851337-6 devstack@placement-api.service[111882]: DEBUG placement.objects.research_context [req-1fb69820-91e0-45a2-ac4e-bd3e82fd5876 req-b56a6a1d-cff6-44f6-827b-b481e861bd44 service placement] found 2 providers with available 1 DISK_GB {{(pid=111882) get_provider_ids_matching /opt/stack/placement/placement/objects/research_context.py:563}}
Aug 05 04:56:38.837530 n-d-851337-6 devstack@placement-api.service[111882]: DEBUG placement.objects.research_context [req-1fb69820-91e0-45a2-ac4e-bd3e82fd5876 req-b56a6a1d-cff6-44f6-827b-b481e861bd44 service placement] found 2 providers with available 1024 MEMORY_MB {{(pid=111882) get_provider_ids_matching /opt/stack/placement/placement/objects/research_context.py:563}}
Aug 05 04:56:38.837803 n-d-851337-6 devstack@placement-api.service[111882]: DEBUG placement.objects.research_context [req-1fb69820-91e0-45a2-ac4e-bd3e82fd5876 req-b56a6a1d-cff6-44f6-827b-b481e861bd44 service placement] found 2 providers after filtering by previous result {{(pid=111882) get_provider_ids_matching /opt/stack/placement/placement/objects/research_context.py:594}}
Aug 05 04:56:38.838363 n-d-851337-6 devstack@placement-api.service[111882]: DEBUG placement.objects.research_context [req-1fb69820-91e0-45a2-ac4e-bd3e82fd5876 req-b56a6a1d-cff6-44f6-827b-b481e861bd44 service placement] found 2 providers with available 1 VCPU {{(pid=111882) get_provider_ids_matching /opt/stack/placement/placement/objects/research_context.py:563}}
Aug 05 04:56:38.838775 n-d-851337-6 devstack@placement-api.service[111882]: DEBUG placement.objects.research_context [req-1fb69820-91e0-45a2-ac4e-bd3e82fd5876 req-b56a6a1d-cff6-44f6-827b-b481e861bd44 service placement] found 2 providers after filtering by previous result {{(pid=111882) get_provider_ids_matching /opt/stack/placement/placement/objects/research_context.py:594}}
Aug 05 04:56:38.853888 n-d-851337-6 devstack@placement-api.service[111882]: DEBUG placement.objects.allocation_candidate [req-1fb69820-91e0-45a2-ac4e-bd3e82fd5876 req-b56a6a1d-cff6-44f6-827b-b481e861bd44 service placement] RequestGroup(use_same_provider=False, resources={DISK_GB:1, MEMORY_MB:1024, VCPU:1}, traits=(), aggregates=[]) (suffix '') returned 2 matches {{(pid=111882) _get_by_requests /opt/stack/placement/placement/objects/allocation_candidate.py:156}}
Aug 05 04:56:38.854159 n-d-851337-6 devstack@placement-api.service[111882]: DEBUG placement.objects.allocation_candidate [req-1fb69820-91e0-45a2-ac4e-bd3e82fd5876 req-b56a6a1d-cff6-44f6-827b-b481e861bd44 service placement] Merging candidates yields 2 allocation requests and 2 provider summaries {{(pid=111882) _merge_candidates /opt/stack/placement/placement/objects/allocation_candidate.py:809}}
Aug 05 04:56:38.855735 n-d-851337-6 devstack@placement-api.service[111882]: INFO placement.requestlog [req-1fb69820-91e0-45a2-ac4e-bd3e82fd5876 req-b56a6a1d-cff6-44f6-827b-b481e861bd44 service placement] 10.222.0.18 "GET /placement/allocation_candidates?limit=1000&resources=DISK_GB%3A1%2CMEMORY_MB%3A1024%2CVCPU%3A1&root_required=%21COMPUTE_STATUS_DISABLED" status: 200 len: 1309 microversion: 1.36
Aug 05 04:56:38.856539 n-d-851337-6 devstack@placement-api.service[111882]: [pid: 111882|app: 0|req: 319/628] 10.222.0.18 () {60 vars in 1506 bytes} [Fri Aug 5 04:56:38 2022] GET /placement/allocation_candidates?limit=1000&resources=DISK_GB%3A1%2CMEMORY_MB%3A1024%2CVCPU%3A1&root_required=%21COMPUTE_STATUS_DISABLED => generated 1309 bytes in 99 msecs (HTTP/1.1 200) 8 headers in 297 bytes (1 switches on core 0)
Aug 05 04:56:38.932994 n-d-851337-6 devstack@placement-api.service[111881]: DEBUG placement.requestlog [req-1fb69820-91e0-45a2-ac4e-bd3e82fd5876 req-79c3cb49-d4f7-4599-8b7c-453ce49bd047 None None] Starting request: 10.222.0.18 "GET /placement/allocations/b44c77c8-411f-486e-8dc5-b4f42ae936f0" {{(pid=111881) __call__ /opt/stack/placement/placement/requestlog.py:55}}
Aug 05 04:56:38.949836 n-d-851337-6 devstack@placement-api.service[111881]: INFO placement.requestlog [req-1fb69820-91e0-45a2-ac4e-bd3e82fd5876 req-79c3cb49-d4f7-4599-8b7c-453ce49bd047 service placement] 10.222.0.18 "GET /placement/allocations/b44c77c8-411f-486e-8dc5-b4f42ae936f0" status: 200 len: 19 microversion: 1.28
Aug 05 04:56:38.950364 n-d-851337-6 devstack@placement-api.service[111881]: [pid: 111881|app: 0|req: 310/629] 10.222.0.18 () {60 vars in 1380 bytes} [Fri Aug 5 04:56:38 2022] GET /placement/allocations/b44c77c8-411f-486e-8dc5-b4f42ae936f0 => generated 19 bytes in 19 msecs (HTTP/1.1 200) 8 headers in 295 bytes (1 switches on core 0)
Aug 05 04:56:38.956313 n-d-851337-6 devstack@placement-api.service[111882]: DEBUG placement.requestlog [req-1fb69820-91e0-45a2-ac4e-bd3e82fd5876 req-1d666b49-c1d3-4ffa-b825-2634ac077d48 None None] Starting request: 10.222.0.18 "PUT /placement/allocations/b44c77c8-411f-486e-8dc5-b4f42ae936f0" {{(pid=111882) __call__ /opt/stack/placement/placement/requestlog.py:55}}
Aug 05 04:56:39.065631 n-d-851337-6 devstack@placement-api.service[111882]: DEBUG placement.handlers.allocation [req-1fb69820-91e0-45a2-ac4e-bd3e82fd5876 req-1d666b49-c1d3-4ffa-b825-2634ac077d48 service placement] Successfully wrote allocations [, , ] {{(pid=111882) _update_consumers_and_create_allocations /opt/stack/placement/placement/handlers/allocation.py:462}}
Aug 05 04:56:39.072224 n-d-851337-6 devstack@placement-api.service[111882]: INFO placement.requestlog [req-1fb69820-91e0-45a2-ac4e-bd3e82fd5876 req-1d666b49-c1d3-4ffa-b825-2634ac077d48 service placement] 10.222.0.18 "PUT /placement/allocations/b44c77c8-411f-486e-8dc5-b4f42ae936f0" status: 204 len: 0 microversion: 1.36
Aug 05 04:56:39.080442 n-d-851337-6 devstack@placement-api.service[111882]: [pid: 111882|app: 0|req: 320/630] 10.222.0.18 () {64 vars in 1433 bytes} [Fri Aug 5 04:56:38 2022] PUT /placement/allocations/b44c77c8-411f-486e-8dc5-b4f42ae936f0 => generated 0 bytes in 117 msecs (HTTP/1.1 204) 5 headers in 199 bytes (2 switches on core 0)
Aug 05 04:56:39.117037 n-d-851337-6 devstack@placement-api.service[111881]: DEBUG placement.requestlog [req-1fb69820-91e0-45a2-ac4e-bd3e82fd5876 req-f8f9aea4-7802-417e-bbf3-02cbc4018bf7 None None] Starting request: 10.222.0.18 "GET /placement/allocations/1b1aad14-0414-4fe1-9be7-e90fc35ba14f" {{(pid=111881) __call__ /opt/stack/placement/placement/requestlog.py:55}}
Aug 05 04:56:39.128889 n-d-851337-6 devstack@placement-api.service[111881]: INFO placement.requestlog [req-1fb69820-91e0-45a2-ac4e-bd3e82fd5876 req-f8f9aea4-7802-417e-bbf3-02cbc4018bf7 service placement] 10.222.0.18 "GET /placement/allocations/1b1aad14-0414-4fe1-9be7-e90fc35ba14f" status: 200 len: 19 microversion: 1.28
Aug 05 04:56:39.134835 n-d-851337-6 devstack@placement-api.service[111881]: [pid: 111881|app: 0|req: 311/631] 10.222.0.18 () {60 vars in 1380 bytes} [Fri Aug 5 04:56:39 2022] GET /placement/allocations/1b1aad14-0414-4fe1-9be7-e90fc35ba14f => generated 19 bytes in 18 msecs (HTTP/1.1 200) 8 headers in 295 bytes (1 switches on core 0)
Aug 05 04:56:39.136566 n-d-851337-6 devstack@placement-api.service[111882]: DEBUG placement.requestlog [req-1fb69820-91e0-45a2-ac4e-bd3e82fd5876 req-9c183676-f65b-4cf4-aa4c-ea3d2ab68849 None None] Starting request: 10.222.0.18 "PUT /placement/allocations/1b1aad14-0414-4fe1-9be7-e90fc35ba14f" {{(pid=111882) __call__ /opt/stack/placement/placement/requestlog.py:55}}
Aug 05 04:56:39.207995 n-d-851337-6 devstack@placement-api.service[111881]: DEBUG placement.requestlog [req-94f225a7-93bb-4660-aa7c-54f95e426b14 req-1bbb740e-04a3-4236-bf66-105ab91bd3fd None None] Starting request: 10.222.0.23 "DELETE /placement/allocations/9702caad-d237-4cb4-9d95-c49e19cdc7f2" {{(pid=111881) __call__ /opt/stack/placement/placement/requestlog.py:55}}
Aug 05 04:56:39.212806 n-d-851337-6 devstack@placement-api.service[111882]: DEBUG placement.handlers.allocation [req-1fb69820-91e0-45a2-ac4e-bd3e82fd5876 req-9c183676-f65b-4cf4-aa4c-ea3d2ab68849 service placement] Successfully wrote allocations [, , ] {{(pid=111882) _update_consumers_and_create_allocations /opt/stack/placement/placement/handlers/allocation.py:462}}
Aug 05 04:56:39.226098 n-d-851337-6 devstack@placement-api.service[111882]: INFO placement.requestlog [req-1fb69820-91e0-45a2-ac4e-bd3e82fd5876 req-9c183676-f65b-4cf4-aa4c-ea3d2ab68849 service placement] 10.222.0.18 "PUT /placement/allocations/1b1aad14-0414-4fe1-9be7-e90fc35ba14f" status: 204 len: 0 microversion: 1.36
Aug 05 04:56:39.228538 n-d-851337-6 devstack@placement-api.service[111882]: [pid: 111882|app: 0|req: 321/632] 10.222.0.18 () {64 vars in 1433 bytes} [Fri Aug 5 04:56:39 2022] PUT /placement/allocations/1b1aad14-0414-4fe1-9be7-e90fc35ba14f => generated 0 bytes in 91 msecs (HTTP/1.1 204) 5 headers in 199 bytes (2 switches on core 0)
Aug 05 04:56:39.267152 n-d-851337-6 devstack@placement-api.service[111881]: DEBUG placement.handlers.allocation [req-94f225a7-93bb-4660-aa7c-54f95e426b14 req-1bbb740e-04a3-4236-bf66-105ab91bd3fd service placement] Successfully deleted allocations [, , ] {{(pid=111881) delete_allocations /opt/stack/placement/placement/handlers/allocation.py:627}}
Aug 05 04:56:39.270158 n-d-851337-6 devstack@placement-api.service[111881]: INFO placement.requestlog [req-94f225a7-93bb-4660-aa7c-54f95e426b14 req-1bbb740e-04a3-4236-bf66-105ab91bd3fd service placement] 10.222.0.23 "DELETE /placement/allocations/9702caad-d237-4cb4-9d95-c49e19cdc7f2" status: 204 len: 0 microversion: 1.0
Aug 05 04:56:39.271856 n-d-851337-6 devstack@placement-api.service[111881]: [pid: 111881|app: 0|req: 312/633] 10.222.0.23 () {60 vars in 1355 bytes} [Fri Aug 5 04:56:39 2022] DELETE /placement/allocations/9702caad-d237-4cb4-9d95-c49e19cdc7f2 => generated 0 bytes in 65 msecs (HTTP/1.1 204) 5 headers in 198 bytes (2 switches on core 0)
Aug 05 04:56:39.819957 n-d-851337-6 devstack@placement-api.service[111882]: DEBUG placement.requestlog [req-1fb69820-91e0-45a2-ac4e-bd3e82fd5876 req-369fec76-3c33-4091-a89e-1d838e952b0c None None] Starting request: 10.222.0.23 "GET /placement/allocations/b44c77c8-411f-486e-8dc5-b4f42ae936f0" {{(pid=111882) __call__ /opt/stack/placement/placement/requestlog.py:55}}
Aug 05 04:56:39.836406 n-d-851337-6 devstack@placement-api.service[111882]: INFO placement.requestlog [req-1fb69820-91e0-45a2-ac4e-bd3e82fd5876 req-369fec76-3c33-4091-a89e-1d838e952b0c service placement] 10.222.0.23 "GET /placement/allocations/b44c77c8-411f-486e-8dc5-b4f42ae936f0" status: 200 len: 259 microversion: 1.28
Aug 05 04:56:39.836928 n-d-851337-6 devstack@placement-api.service[111882]: [pid: 111882|app: 0|req: 322/634] 10.222.0.23 () {60 vars in 1377 bytes} [Fri Aug 5 04:56:39 2022] GET /placement/allocations/b44c77c8-411f-486e-8dc5-b4f42ae936f0 => generated 259 bytes in 17 msecs (HTTP/1.1 200) 8 headers in 296 bytes (1 switches on core 0)
Aug 05 04:56:41.767805 n-d-851337-6 devstack@placement-api.service[111881]: DEBUG placement.requestlog [req-1fb69820-91e0-45a2-ac4e-bd3e82fd5876 req-a2c5a33a-6d64-4a7d-af75-85c67be2aac5 None None] Starting request: 10.222.0.33 "GET /placement/allocations/1b1aad14-0414-4fe1-9be7-e90fc35ba14f" {{(pid=111881) __call__ /opt/stack/placement/placement/requestlog.py:55}}
Aug 05 04:56:41.792504 n-d-851337-6 devstack@placement-api.service[111881]: INFO placement.requestlog [req-1fb69820-91e0-45a2-ac4e-bd3e82fd5876 req-a2c5a33a-6d64-4a7d-af75-85c67be2aac5 service placement] 10.222.0.33 "GET /placement/allocations/1b1aad14-0414-4fe1-9be7-e90fc35ba14f" status: 200 len: 259 microversion: 1.28
Aug 05 04:56:41.793422 n-d-851337-6 devstack@placement-api.service[111881]: [pid: 111881|app: 0|req: 313/635] 10.222.0.33 () {60 vars in 1377 bytes} [Fri Aug 5 04:56:41 2022] GET /placement/allocations/1b1aad14-0414-4fe1-9be7-e90fc35ba14f => generated 259 bytes in 26 msecs (HTTP/1.1 200) 8 headers in 296 bytes (1 switches on core 0)
Aug 05 04:56:44.917939 n-d-851337-6 devstack@placement-api.service[111882]: DEBUG placement.requestlog [req-dc14c505-429d-4a3e-8e94-722a5fb75ce9 req-62f3691f-a0e7-4be0-81e5-83a836fabce3 None None] Starting request: 10.222.0.23 "DELETE /placement/allocations/0cf6fe5f-3446-421d-8580-e5eda86ac4ba" {{(pid=111882) __call__ /opt/stack/placement/placement/requestlog.py:55}}
Aug 05 04:56:44.951494 n-d-851337-6 devstack@placement-api.service[111882]: DEBUG placement.handlers.allocation [req-dc14c505-429d-4a3e-8e94-722a5fb75ce9 req-62f3691f-a0e7-4be0-81e5-83a836fabce3 service placement] Successfully deleted allocations [, , ] {{(pid=111882) delete_allocations /opt/stack/placement/placement/handlers/allocation.py:627}}
Aug 05 04:56:44.952287 n-d-851337-6 devstack@placement-api.service[111882]: INFO placement.requestlog [req-dc14c505-429d-4a3e-8e94-722a5fb75ce9 req-62f3691f-a0e7-4be0-81e5-83a836fabce3 service placement] 10.222.0.23 "DELETE /placement/allocations/0cf6fe5f-3446-421d-8580-e5eda86ac4ba" status: 204 len: 0 microversion: 1.0
Aug 05 04:56:44.953054 n-d-851337-6 devstack@placement-api.service[111882]: [pid: 111882|app: 0|req: 323/636] 10.222.0.23 () {60 vars in 1355 bytes} [Fri Aug 5 04:56:44 2022] DELETE /placement/allocations/0cf6fe5f-3446-421d-8580-e5eda86ac4ba => generated 0 bytes in 35 msecs (HTTP/1.1 204) 5 headers in 198 bytes (2 switches on core 0)
Aug 05 04:56:46.110567 n-d-851337-6 devstack@placement-api.service[111881]: DEBUG placement.requestlog [req-8f23ca55-2e20-4975-b389-e3eef5fdc401 req-39c6a906-03be-4c4d-8e04-5e0d458cfbca None None] Starting request: 10.222.0.23 "DELETE /placement/allocations/34b1fc5f-82c0-4b97-bed4-9cacc3f1c5f9" {{(pid=111881) __call__ /opt/stack/placement/placement/requestlog.py:55}}
Aug 05 04:56:46.159336 n-d-851337-6 devstack@placement-api.service[111881]: DEBUG placement.handlers.allocation [req-8f23ca55-2e20-4975-b389-e3eef5fdc401 req-39c6a906-03be-4c4d-8e04-5e0d458cfbca service placement] Successfully deleted allocations [, , ] {{(pid=111881) delete_allocations /opt/stack/placement/placement/handlers/allocation.py:627}}
Aug 05 04:56:46.160983 n-d-851337-6 devstack@placement-api.service[111881]: INFO placement.requestlog [req-8f23ca55-2e20-4975-b389-e3eef5fdc401 req-39c6a906-03be-4c4d-8e04-5e0d458cfbca service placement] 10.222.0.23 "DELETE /placement/allocations/34b1fc5f-82c0-4b97-bed4-9cacc3f1c5f9" status: 204 len: 0 microversion: 1.0
Aug 05 04:56:46.162047 n-d-851337-6 devstack@placement-api.service[111881]: [pid: 111881|app: 0|req: 314/637] 10.222.0.23 () {60 vars in 1355 bytes} [Fri Aug 5 04:56:46 2022] DELETE /placement/allocations/34b1fc5f-82c0-4b97-bed4-9cacc3f1c5f9 => generated 0 bytes in 51 msecs (HTTP/1.1 204) 5 headers in 198 bytes (1 switches on core 0)
Aug 05 04:56:53.370027 n-d-851337-6 devstack@placement-api.service[111882]: DEBUG placement.requestlog [req-ff47ea46-235a-4c5d-a65f-e2ec89912fb0 req-d45ce1fb-d30c-4cbe-95cf-50fb00a39216 None None] Starting request: 10.222.0.23 "GET /placement/resource_providers?in_tree=2a37f8b1-f250-449b-a828-0a22571b5d25" {{(pid=111882) __call__ /opt/stack/placement/placement/requestlog.py:55}}
Aug 05 04:56:53.679450 n-d-851337-6 devstack@placement-api.service[111882]: INFO placement.requestlog [req-ff47ea46-235a-4c5d-a65f-e2ec89912fb0 req-d45ce1fb-d30c-4cbe-95cf-50fb00a39216 service placement] 10.222.0.23 "GET /placement/resource_providers?in_tree=2a37f8b1-f250-449b-a828-0a22571b5d25" status: 200 len: 863 microversion: 1.14
Aug 05 04:56:53.680511 n-d-851337-6 devstack@placement-api.service[111882]: [pid: 111882|app: 0|req: 324/638] 10.222.0.23 () {60 vars in 1376 bytes} [Fri Aug 5 04:56:53 2022] GET /placement/resource_providers?in_tree=2a37f8b1-f250-449b-a828-0a22571b5d25 => generated 863 bytes in 311 msecs (HTTP/1.1 200) 6 headers in 225 bytes (1 switches on core 0)
Aug 05 04:56:53.689689 n-d-851337-6 devstack@placement-api.service[111881]: DEBUG placement.requestlog [req-ff47ea46-235a-4c5d-a65f-e2ec89912fb0 req-2fa35c6b-1502-4e64-a257-209f095be5ac None None] Starting request: 10.222.0.23 "GET /placement/resource_providers/2a37f8b1-f250-449b-a828-0a22571b5d25/inventories" {{(pid=111881) __call__ /opt/stack/placement/placement/requestlog.py:55}}
Aug 05 04:56:53.698751 n-d-851337-6 devstack@placement-api.service[111881]: DEBUG dbcounter [-] [111881] Writing DB stats placement:SELECT=72,placement:DELETE=10,placement:INSERT=4,placement:UPDATE=2 {{(pid=111881) stat_writer /usr/local/lib/python3.8/dist-packages/dbcounter.py:114}}
Aug 05 04:56:53.722223 n-d-851337-6 devstack@placement-api.service[111881]: INFO placement.requestlog [req-ff47ea46-235a-4c5d-a65f-e2ec89912fb0 req-2fa35c6b-1502-4e64-a257-209f095be5ac service placement] 10.222.0.23 "GET /placement/resource_providers/2a37f8b1-f250-449b-a828-0a22571b5d25/inventories" status: 200 len: 398 microversion: 1.0
Aug 05 04:56:53.723352 n-d-851337-6 devstack@placement-api.service[111881]: [pid: 111881|app: 0|req: 315/639] 10.222.0.23 () {58 vars in 1390 bytes} [Fri Aug 5 04:56:53 2022] GET /placement/resource_providers/2a37f8b1-f250-449b-a828-0a22571b5d25/inventories => generated 398 bytes in 34 msecs (HTTP/1.1 200) 6 headers in 224 bytes (2 switches on core 0)
Aug 05 04:56:53.732939 n-d-851337-6 devstack@placement-api.service[111882]: DEBUG placement.requestlog [req-ff47ea46-235a-4c5d-a65f-e2ec89912fb0 req-ca8342a2-0548-4a9c-b626-936651c31e91 None None] Starting request: 10.222.0.23 "GET /placement/resource_providers/2a37f8b1-f250-449b-a828-0a22571b5d25/aggregates" {{(pid=111882) __call__ /opt/stack/placement/placement/requestlog.py:55}}
Aug 05 04:56:53.759733 n-d-851337-6 devstack@placement-api.service[111882]: INFO placement.requestlog [req-ff47ea46-235a-4c5d-a65f-e2ec89912fb0 req-ca8342a2-0548-4a9c-b626-936651c31e91 service placement] 10.222.0.23 "GET /placement/resource_providers/2a37f8b1-f250-449b-a828-0a22571b5d25/aggregates" status: 200 len: 54 microversion: 1.19
Aug 05 04:56:53.761200 n-d-851337-6 devstack@placement-api.service[111882]: [pid: 111882|app: 0|req: 325/640] 10.222.0.23 () {60 vars in 1431 bytes} [Fri Aug 5 04:56:53 2022] GET /placement/resource_providers/2a37f8b1-f250-449b-a828-0a22571b5d25/aggregates => generated 54 bytes in 30 msecs (HTTP/1.1 200) 8 headers in 295 bytes (1 switches on core 0)
Aug 05 04:56:53.769249 n-d-851337-6 devstack@placement-api.service[111881]: DEBUG placement.requestlog [req-ff47ea46-235a-4c5d-a65f-e2ec89912fb0 req-ef4ac881-1d21-4427-b1a4-aa3850b4d621 None None] Starting request: 10.222.0.23 "GET /placement/resource_providers/2a37f8b1-f250-449b-a828-0a22571b5d25/traits" {{(pid=111881) __call__ /opt/stack/placement/placement/requestlog.py:55}}
Aug 05 04:56:53.820935 n-d-851337-6 devstack@placement-api.service[111881]: INFO placement.requestlog [req-ff47ea46-235a-4c5d-a65f-e2ec89912fb0 req-ef4ac881-1d21-4427-b1a4-aa3850b4d621 service placement] 10.222.0.23 "GET /placement/resource_providers/2a37f8b1-f250-449b-a828-0a22571b5d25/traits" status: 200 len: 212 microversion: 1.6
Aug 05 04:56:53.821979 n-d-851337-6 devstack@placement-api.service[111881]: [pid: 111881|app: 0|req: 316/641] 10.222.0.23 () {60 vars in 1418 bytes} [Fri Aug 5 04:56:53 2022] GET /placement/resource_providers/2a37f8b1-f250-449b-a828-0a22571b5d25/traits => generated 212 bytes in 53 msecs (HTTP/1.1 200) 6 headers in 224 bytes (1 switches on core 0)
Aug 05 04:56:54.083852 n-d-851337-6 devstack@placement-api.service[111882]: DEBUG placement.requestlog [req-ff47ea46-235a-4c5d-a65f-e2ec89912fb0 req-54a1ebce-b98a-49cb-b193-31d653294b9f None None] Starting request: 10.222.0.23 "DELETE /placement/allocations/5ce02a1e-4600-4eea-9c8a-208dbf458154" {{(pid=111882) __call__ /opt/stack/placement/placement/requestlog.py:55}}
Aug 05 04:56:54.132099 n-d-851337-6 devstack@placement-api.service[111882]: DEBUG placement.handlers.allocation [req-ff47ea46-235a-4c5d-a65f-e2ec89912fb0 req-54a1ebce-b98a-49cb-b193-31d653294b9f service placement] Successfully deleted allocations [, , ] {{(pid=111882) delete_allocations /opt/stack/placement/placement/handlers/allocation.py:627}}
Aug 05 04:56:54.132589 n-d-851337-6 devstack@placement-api.service[111882]: INFO placement.requestlog [req-ff47ea46-235a-4c5d-a65f-e2ec89912fb0 req-54a1ebce-b98a-49cb-b193-31d653294b9f service placement] 10.222.0.23 "DELETE /placement/allocations/5ce02a1e-4600-4eea-9c8a-208dbf458154" status: 204 len: 0 microversion: 1.0
Aug 05 04:56:54.133425 n-d-851337-6 devstack@placement-api.service[111882]: [pid: 111882|app: 0|req: 326/642] 10.222.0.23 () {60 vars in 1355 bytes} [Fri Aug 5 04:56:54 2022] DELETE /placement/allocations/5ce02a1e-4600-4eea-9c8a-208dbf458154 => generated 0 bytes in 50 msecs (HTTP/1.1 204) 5 headers in 198 bytes (1 switches on core 0)
Aug 05 04:56:55.268573 n-d-851337-6 devstack@placement-api.service[111881]: DEBUG placement.requestlog [req-6f02e5dc-1c9a-46eb-b998-5db8992b7a35 req-c0b93d71-7dde-4e09-8143-26c55e5e1881 None None] Starting request: 10.222.0.33 "DELETE /placement/allocations/b2d07896-f650-4df2-99aa-9bd8397a9843" {{(pid=111881) __call__ /opt/stack/placement/placement/requestlog.py:55}}
Aug 05 04:56:55.339628 n-d-851337-6 devstack@placement-api.service[111881]: DEBUG placement.handlers.allocation [req-6f02e5dc-1c9a-46eb-b998-5db8992b7a35 req-c0b93d71-7dde-4e09-8143-26c55e5e1881 service placement] Successfully deleted allocations [, , ] {{(pid=111881) delete_allocations /opt/stack/placement/placement/handlers/allocation.py:627}}
Aug 05 04:56:55.341511 n-d-851337-6 devstack@placement-api.service[111881]: INFO placement.requestlog [req-6f02e5dc-1c9a-46eb-b998-5db8992b7a35 req-c0b93d71-7dde-4e09-8143-26c55e5e1881 service placement] 10.222.0.33 "DELETE /placement/allocations/b2d07896-f650-4df2-99aa-9bd8397a9843" status: 204 len: 0 microversion: 1.0
Aug 05 04:56:55.342557 n-d-851337-6 devstack@placement-api.service[111881]: [pid: 111881|app: 0|req: 317/643] 10.222.0.33 () {60 vars in 1355 bytes} [Fri Aug 5 04:56:55 2022] DELETE /placement/allocations/b2d07896-f650-4df2-99aa-9bd8397a9843 => generated 0 bytes in 74 msecs (HTTP/1.1 204) 5 headers in 198 bytes (1 switches on core 0)
Aug 05 04:56:55.813696 n-d-851337-6 devstack@placement-api.service[111882]: DEBUG placement.requestlog [req-cf605b0a-006a-4620-91c2-75334237244f req-68a72666-d9b9-44fb-9906-7ac19185368e None None] Starting request: 10.222.0.33 "DELETE /placement/allocations/71b457d3-f0af-4d76-b6b1-ecd95d69bf8a" {{(pid=111882) __call__ /opt/stack/placement/placement/requestlog.py:55}}
Aug 05 04:56:55.845585 n-d-851337-6 devstack@placement-api.service[111882]: DEBUG dbcounter [-] [111882] Writing DB stats placement:SELECT=76,placement:DELETE=10,placement:INSERT=10,placement:UPDATE=4 {{(pid=111882) stat_writer /usr/local/lib/python3.8/dist-packages/dbcounter.py:114}}
Aug 05 04:56:55.876193 n-d-851337-6 devstack@placement-api.service[111882]: DEBUG placement.handlers.allocation [req-cf605b0a-006a-4620-91c2-75334237244f req-68a72666-d9b9-44fb-9906-7ac19185368e service placement] Successfully deleted allocations [, , ] {{(pid=111882) delete_allocations /opt/stack/placement/placement/handlers/allocation.py:627}}
Aug 05 04:56:55.877985 n-d-851337-6 devstack@placement-api.service[111882]: INFO placement.requestlog [req-cf605b0a-006a-4620-91c2-75334237244f req-68a72666-d9b9-44fb-9906-7ac19185368e service placement] 10.222.0.33 "DELETE /placement/allocations/71b457d3-f0af-4d76-b6b1-ecd95d69bf8a" status: 204 len: 0 microversion: 1.0
Aug 05 04:56:55.880258 n-d-851337-6 devstack@placement-api.service[111882]: [pid: 111882|app: 0|req: 327/644] 10.222.0.33 () {60 vars in 1355 bytes} [Fri Aug 5 04:56:55 2022] DELETE /placement/allocations/71b457d3-f0af-4d76-b6b1-ecd95d69bf8a => generated 0 bytes in 67 msecs (HTTP/1.1 204) 5 headers in 198 bytes (1 switches on core 0)
Aug 05 04:56:57.916900 n-d-851337-6 devstack@placement-api.service[111881]: DEBUG placement.requestlog [req-d0d22588-55e3-42b8-b39b-d815e168e19e req-0a0b0010-0b4c-4a1f-be2a-0fbba6163f8e None None] Starting request: 10.222.0.23 "GET /placement/resource_providers/2a37f8b1-f250-449b-a828-0a22571b5d25/allocations" {{(pid=111881) __call__ /opt/stack/placement/placement/requestlog.py:55}}
Aug 05 04:56:57.959253 n-d-851337-6 devstack@placement-api.service[111881]: INFO placement.requestlog [req-d0d22588-55e3-42b8-b39b-d815e168e19e req-0a0b0010-0b4c-4a1f-be2a-0fbba6163f8e service placement] 10.222.0.23 "GET /placement/resource_providers/2a37f8b1-f250-449b-a828-0a22571b5d25/allocations" status: 200 len: 457 microversion: 1.0
Aug 05 04:56:57.965670 n-d-851337-6 devstack@placement-api.service[111881]: [pid: 111881|app: 0|req: 318/645] 10.222.0.23 () {58 vars in 1390 bytes} [Fri Aug 5 04:56:57 2022] GET /placement/resource_providers/2a37f8b1-f250-449b-a828-0a22571b5d25/allocations => generated 457 bytes in 49 msecs (HTTP/1.1 200) 6 headers in 224 bytes (1 switches on core 0)
Aug 05 04:57:00.143537 n-d-851337-6 devstack@placement-api.service[111882]: DEBUG placement.requestlog [req-571df220-1963-498f-8e55-328ee8b2cdc1 req-8ab17fd0-350c-4ffb-bfeb-17e42ed4e913 None None] Starting request: 10.222.0.33 "DELETE /placement/allocations/072be5db-1c22-4d6f-8e1f-8796cf8c5271" {{(pid=111882) __call__ /opt/stack/placement/placement/requestlog.py:55}}
Aug 05 04:57:00.213954 n-d-851337-6 devstack@placement-api.service[111882]: DEBUG placement.handlers.allocation [req-571df220-1963-498f-8e55-328ee8b2cdc1 req-8ab17fd0-350c-4ffb-bfeb-17e42ed4e913 service placement] Successfully deleted allocations [, , ] {{(pid=111882) delete_allocations /opt/stack/placement/placement/handlers/allocation.py:627}}
Aug 05 04:57:00.214455 n-d-851337-6 devstack@placement-api.service[111882]: INFO placement.requestlog [req-571df220-1963-498f-8e55-328ee8b2cdc1 req-8ab17fd0-350c-4ffb-bfeb-17e42ed4e913 service placement] 10.222.0.33 "DELETE /placement/allocations/072be5db-1c22-4d6f-8e1f-8796cf8c5271" status: 204 len: 0 microversion: 1.0
Aug 05 04:57:00.215272 n-d-851337-6 devstack@placement-api.service[111882]: [pid: 111882|app: 0|req: 328/646] 10.222.0.33 () {60 vars in 1355 bytes} [Fri Aug 5 04:57:00 2022] DELETE /placement/allocations/072be5db-1c22-4d6f-8e1f-8796cf8c5271 => generated 0 bytes in 72 msecs (HTTP/1.1 204) 5 headers in 198 bytes (1 switches on core 0)
Aug 05 04:57:02.279662 n-d-851337-6 devstack@placement-api.service[111881]: DEBUG placement.requestlog [None req-217d0dfd-b9ec-4337-9477-7d18c45fd11d None None] Starting request: 10.222.0.18 "GET /placement/resource_providers/2ec07081-2e2a-488f-80c2-5d4905cb0919/aggregates" {{(pid=111881) __call__ /opt/stack/placement/placement/requestlog.py:55}}
Aug 05 04:57:02.530863 n-d-851337-6 devstack@placement-api.service[111881]: INFO placement.requestlog [None req-217d0dfd-b9ec-4337-9477-7d18c45fd11d service placement] 10.222.0.18 "GET /placement/resource_providers/2ec07081-2e2a-488f-80c2-5d4905cb0919/aggregates" status: 404 len: 235 microversion: 1.1
Aug 05 04:57:02.531665 n-d-851337-6 devstack@placement-api.service[111881]: [pid: 111881|app: 0|req: 319/647] 10.222.0.18 () {58 vars in 1362 bytes} [Fri Aug 5 04:57:02 2022] GET /placement/resource_providers/2ec07081-2e2a-488f-80c2-5d4905cb0919/aggregates => generated 235 bytes in 252 msecs (HTTP/1.1 404) 5 headers in 202 bytes (1 switches on core 0)
