Aug 05 05:04:03.626218 n-d-851337-6 devstack@placement-api.service[111882]: INFO placement.requestlog [None req-64b9c4c9-08d3-4928-845e-352320234149 service placement] 10.222.0.18 "GET /placement/resource_providers/27308bfa-5e05-4ee4-bd57-88787000f33c/aggregates" status: 404 len: 235 microversion: 1.1
Aug 05 05:04:03.627078 n-d-851337-6 devstack@placement-api.service[111882]: [pid: 111882|app: 0|req: 465/920] 10.222.0.18 () {58 vars in 1362 bytes} [Fri Aug 5 05:04:03 2022] GET /placement/resource_providers/27308bfa-5e05-4ee4-bd57-88787000f33c/aggregates => generated 235 bytes in 195 msecs (HTTP/1.1 404) 5 headers in 202 bytes (1 switches on core 0)
Aug 05 05:04:03.775716 n-d-851337-6 devstack@placement-api.service[111881]: DEBUG placement.requestlog [None req-3a9d2123-d3e9-4047-bbdf-b4316838f635 None None] Starting request: 10.222.0.18 "DELETE /placement/resource_providers/27308bfa-5e05-4ee4-bd57-88787000f33c" {{(pid=111881) __call__ /opt/stack/placement/placement/requestlog.py:55}}
Aug 05 05:04:03.787808 n-d-851337-6 devstack@placement-api.service[111881]: DEBUG placement.wsgi_wrapper [None req-3a9d2123-d3e9-4047-bbdf-b4316838f635 service placement] Placement API returning an error response: No resource provider with uuid 27308bfa-5e05-4ee4-bd57-88787000f33c found for delete {{(pid=111881) call_func /opt/stack/placement/placement/wsgi_wrapper.py:31}}
Aug 05 05:04:03.790398 n-d-851337-6 devstack@placement-api.service[111881]: INFO placement.requestlog [None req-3a9d2123-d3e9-4047-bbdf-b4316838f635 service placement] 10.222.0.18 "DELETE /placement/resource_providers/27308bfa-5e05-4ee4-bd57-88787000f33c" status: 404 len: 246 microversion: 1.1
Aug 05 05:04:03.791603 n-d-851337-6 devstack@placement-api.service[111881]: [pid: 111881|app: 0|req: 456/921] 10.222.0.18 () {60 vars in 1351 bytes} [Fri Aug 5 05:04:03 2022] DELETE /placement/resource_providers/27308bfa-5e05-4ee4-bd57-88787000f33c => generated 246 bytes in 16 msecs (HTTP/1.1 404) 6 headers in 231 bytes (1 switches on core 0)
Aug 05 05:04:06.827701 n-d-851337-6 devstack@placement-api.service[111882]: DEBUG placement.requestlog [req-4596a025-72f8-4643-9803-2ef2df920f47 req-47dc180d-73b2-4ad9-9e29-a9e852d45030 None None] Starting request: 10.222.0.23 "GET /placement/resource_providers/2a37f8b1-f250-449b-a828-0a22571b5d25/allocations" {{(pid=111882) __call__ /opt/stack/placement/placement/requestlog.py:55}}
Aug 05 05:04:06.892874 n-d-851337-6 devstack@placement-api.service[111882]: INFO placement.requestlog [req-4596a025-72f8-4643-9803-2ef2df920f47 req-47dc180d-73b2-4ad9-9e29-a9e852d45030 service placement] 10.222.0.23 "GET /placement/resource_providers/2a37f8b1-f250-449b-a828-0a22571b5d25/allocations" status: 200 len: 154 microversion: 1.0
Aug 05 05:04:06.893515 n-d-851337-6 devstack@placement-api.service[111882]: [pid: 111882|app: 0|req: 466/922] 10.222.0.23 () {58 vars in 1390 bytes} [Fri Aug 5 05:04:06 2022] GET /placement/resource_providers/2a37f8b1-f250-449b-a828-0a22571b5d25/allocations => generated 154 bytes in 66 msecs (HTTP/1.1 200) 6 headers in 224 bytes (1 switches on core 0)
Aug 05 05:04:09.086272 n-d-851337-6 devstack@placement-api.service[111881]: DEBUG placement.requestlog [req-93b4d02b-9275-4fde-856b-86db3126f66c req-fe0b6bbd-a3b3-47eb-aebe-072a873f2990 None None] Starting request: 10.222.0.23 "DELETE /placement/allocations/c4228765-f467-41db-b370-0dc6cb334610" {{(pid=111881) __call__ /opt/stack/placement/placement/requestlog.py:55}}
Aug 05 05:04:09.150813 n-d-851337-6 devstack@placement-api.service[111881]: DEBUG placement.handlers.allocation [req-93b4d02b-9275-4fde-856b-86db3126f66c req-fe0b6bbd-a3b3-47eb-aebe-072a873f2990 service placement] Successfully deleted allocations [, , ] {{(pid=111881) delete_allocations /opt/stack/placement/placement/handlers/allocation.py:627}}
Aug 05 05:04:09.151601 n-d-851337-6 devstack@placement-api.service[111881]: INFO placement.requestlog [req-93b4d02b-9275-4fde-856b-86db3126f66c req-fe0b6bbd-a3b3-47eb-aebe-072a873f2990 service placement] 10.222.0.23 "DELETE /placement/allocations/c4228765-f467-41db-b370-0dc6cb334610" status: 204 len: 0 microversion: 1.0
Aug 05 05:04:09.152154 n-d-851337-6 devstack@placement-api.service[111881]: [pid: 111881|app: 0|req: 457/923] 10.222.0.23 () {60 vars in 1355 bytes} [Fri Aug 5 05:04:09 2022] DELETE /placement/allocations/c4228765-f467-41db-b370-0dc6cb334610 => generated 0 bytes in 66 msecs (HTTP/1.1 204) 5 headers in 198 bytes (1 switches on core 0)
Aug 05 05:04:09.229008 n-d-851337-6 devstack@placement-api.service[111882]: DEBUG placement.requestlog [req-466f16ef-f46c-4ab4-a5dd-d4b7e2712aab req-edd8ea86-95af-4d89-8479-ee97650d9254 None None] Starting request: 10.222.0.18 "GET /placement/allocation_candidates?resources=DISK_GB%3A1%2CMEMORY_MB%3A1024%2CVCPU%3A1&root_required=%21COMPUTE_STATUS_DISABLED" {{(pid=111882) __call__ /opt/stack/placement/placement/requestlog.py:55}}
Aug 05 05:04:09.346969 n-d-851337-6 devstack@placement-api.service[111882]: DEBUG placement.objects.research_context [req-466f16ef-f46c-4ab4-a5dd-d4b7e2712aab req-edd8ea86-95af-4d89-8479-ee97650d9254 service placement] getting providers with 1 DISK_GB {{(pid=111882) __init__ /opt/stack/placement/placement/objects/research_context.py:136}}
Aug 05 05:04:09.364896 n-d-851337-6 devstack@placement-api.service[111882]: DEBUG placement.objects.research_context [req-466f16ef-f46c-4ab4-a5dd-d4b7e2712aab req-edd8ea86-95af-4d89-8479-ee97650d9254 service placement] getting providers with 1024 MEMORY_MB {{(pid=111882) __init__ /opt/stack/placement/placement/objects/research_context.py:136}}
Aug 05 05:04:09.378346 n-d-851337-6 devstack@placement-api.service[111882]: DEBUG placement.objects.research_context [req-466f16ef-f46c-4ab4-a5dd-d4b7e2712aab req-edd8ea86-95af-4d89-8479-ee97650d9254 service placement] getting providers with 1 VCPU {{(pid=111882) __init__ /opt/stack/placement/placement/objects/research_context.py:136}}
Aug 05 05:04:09.401480 n-d-851337-6 devstack@placement-api.service[111882]: DEBUG placement.objects.research_context [req-466f16ef-f46c-4ab4-a5dd-d4b7e2712aab req-edd8ea86-95af-4d89-8479-ee97650d9254 service placement] found 2 providers with available 1 DISK_GB {{(pid=111882) get_provider_ids_matching /opt/stack/placement/placement/objects/research_context.py:563}}
Aug 05 05:04:09.404990 n-d-851337-6 devstack@placement-api.service[111882]: DEBUG placement.objects.research_context [req-466f16ef-f46c-4ab4-a5dd-d4b7e2712aab req-edd8ea86-95af-4d89-8479-ee97650d9254 service placement] found 2 providers with available 1024 MEMORY_MB {{(pid=111882) get_provider_ids_matching /opt/stack/placement/placement/objects/research_context.py:563}}
Aug 05 05:04:09.405402 n-d-851337-6 devstack@placement-api.service[111882]: DEBUG placement.objects.research_context [req-466f16ef-f46c-4ab4-a5dd-d4b7e2712aab req-edd8ea86-95af-4d89-8479-ee97650d9254 service placement] found 2 providers after filtering by previous result {{(pid=111882) get_provider_ids_matching /opt/stack/placement/placement/objects/research_context.py:594}}
Aug 05 05:04:09.406884 n-d-851337-6 devstack@placement-api.service[111882]: DEBUG placement.objects.research_context [req-466f16ef-f46c-4ab4-a5dd-d4b7e2712aab req-edd8ea86-95af-4d89-8479-ee97650d9254 service placement] found 2 providers with available 1 VCPU {{(pid=111882) get_provider_ids_matching /opt/stack/placement/placement/objects/research_context.py:563}}
Aug 05 05:04:09.407250 n-d-851337-6 devstack@placement-api.service[111882]: DEBUG placement.objects.research_context [req-466f16ef-f46c-4ab4-a5dd-d4b7e2712aab req-edd8ea86-95af-4d89-8479-ee97650d9254 service placement] found 2 providers after filtering by previous result {{(pid=111882) get_provider_ids_matching /opt/stack/placement/placement/objects/research_context.py:594}}
Aug 05 05:04:09.447426 n-d-851337-6 devstack@placement-api.service[111882]: DEBUG placement.objects.allocation_candidate [req-466f16ef-f46c-4ab4-a5dd-d4b7e2712aab req-edd8ea86-95af-4d89-8479-ee97650d9254 service placement] RequestGroup(use_same_provider=False, resources={DISK_GB:1, MEMORY_MB:1024, VCPU:1}, traits=(), aggregates=[]) (suffix '') returned 2 matches {{(pid=111882) _get_by_requests /opt/stack/placement/placement/objects/allocation_candidate.py:156}}
Aug 05 05:04:09.448153 n-d-851337-6 devstack@placement-api.service[111882]: DEBUG placement.objects.allocation_candidate [req-466f16ef-f46c-4ab4-a5dd-d4b7e2712aab req-edd8ea86-95af-4d89-8479-ee97650d9254 service placement] Merging candidates yields 2 allocation requests and 2 provider summaries {{(pid=111882) _merge_candidates /opt/stack/placement/placement/objects/allocation_candidate.py:809}}
Aug 05 05:04:09.450916 n-d-851337-6 devstack@placement-api.service[111882]: INFO placement.requestlog [req-466f16ef-f46c-4ab4-a5dd-d4b7e2712aab req-edd8ea86-95af-4d89-8479-ee97650d9254 service placement] 10.222.0.18 "GET /placement/allocation_candidates?resources=DISK_GB%3A1%2CMEMORY_MB%3A1024%2CVCPU%3A1&root_required=%21COMPUTE_STATUS_DISABLED" status: 200 len: 1306 microversion: 1.36
Aug 05 05:04:09.451819 n-d-851337-6 devstack@placement-api.service[111882]: [pid: 111882|app: 0|req: 467/924] 10.222.0.18 () {60 vars in 1484 bytes} [Fri Aug 5 05:04:09 2022] GET /placement/allocation_candidates?resources=DISK_GB%3A1%2CMEMORY_MB%3A1024%2CVCPU%3A1&root_required=%21COMPUTE_STATUS_DISABLED => generated 1306 bytes in 223 msecs (HTTP/1.1 200) 8 headers in 297 bytes (1 switches on core 0)
Aug 05 05:04:09.619310 n-d-851337-6 devstack@placement-api.service[111881]: DEBUG placement.requestlog [req-466f16ef-f46c-4ab4-a5dd-d4b7e2712aab req-17323a87-e6cc-46fd-b5d9-ea854fec0492 None None] Starting request: 10.222.0.18 "GET /placement/allocations/0453eb3b-17ad-4400-8a09-7555ce9afa52" {{(pid=111881) __call__ /opt/stack/placement/placement/requestlog.py:55}}
Aug 05 05:04:09.637111 n-d-851337-6 devstack@placement-api.service[111881]: INFO placement.requestlog [req-466f16ef-f46c-4ab4-a5dd-d4b7e2712aab req-17323a87-e6cc-46fd-b5d9-ea854fec0492 service placement] 10.222.0.18 "GET /placement/allocations/0453eb3b-17ad-4400-8a09-7555ce9afa52" status: 200 len: 19 microversion: 1.28
Aug 05 05:04:09.639539 n-d-851337-6 devstack@placement-api.service[111881]: [pid: 111881|app: 0|req: 458/925] 10.222.0.18 () {60 vars in 1380 bytes} [Fri Aug 5 05:04:09 2022] GET /placement/allocations/0453eb3b-17ad-4400-8a09-7555ce9afa52 => generated 19 bytes in 20 msecs (HTTP/1.1 200) 8 headers in 295 bytes (1 switches on core 0)
Aug 05 05:04:09.646176 n-d-851337-6 devstack@placement-api.service[111882]: DEBUG placement.requestlog [req-466f16ef-f46c-4ab4-a5dd-d4b7e2712aab req-fdec84fa-1047-4124-ab3d-35f744dc7b0c None None] Starting request: 10.222.0.18 "PUT /placement/allocations/0453eb3b-17ad-4400-8a09-7555ce9afa52" {{(pid=111882) __call__ /opt/stack/placement/placement/requestlog.py:55}}
Aug 05 05:04:09.848180 n-d-851337-6 devstack@placement-api.service[111882]: DEBUG placement.handlers.allocation [req-466f16ef-f46c-4ab4-a5dd-d4b7e2712aab req-fdec84fa-1047-4124-ab3d-35f744dc7b0c service placement] Successfully wrote allocations [, , ] {{(pid=111882) _update_consumers_and_create_allocations /opt/stack/placement/placement/handlers/allocation.py:462}}
Aug 05 05:04:09.859843 n-d-851337-6 devstack@placement-api.service[111882]: INFO placement.requestlog [req-466f16ef-f46c-4ab4-a5dd-d4b7e2712aab req-fdec84fa-1047-4124-ab3d-35f744dc7b0c service placement] 10.222.0.18 "PUT /placement/allocations/0453eb3b-17ad-4400-8a09-7555ce9afa52" status: 204 len: 0 microversion: 1.36
Aug 05 05:04:09.860759 n-d-851337-6 devstack@placement-api.service[111882]: [pid: 111882|app: 0|req: 468/926] 10.222.0.18 () {64 vars in 1433 bytes} [Fri Aug 5 05:04:09 2022] PUT /placement/allocations/0453eb3b-17ad-4400-8a09-7555ce9afa52 => generated 0 bytes in 214 msecs (HTTP/1.1 204) 5 headers in 199 bytes (1 switches on core 0)
Aug 05 05:04:10.552543 n-d-851337-6 devstack@placement-api.service[111881]: DEBUG placement.requestlog [req-466f16ef-f46c-4ab4-a5dd-d4b7e2712aab req-17b524ae-f6fc-41f5-bf7f-7c838f8a463c None None] Starting request: 10.222.0.23 "GET /placement/allocations/0453eb3b-17ad-4400-8a09-7555ce9afa52" {{(pid=111881) __call__ /opt/stack/placement/placement/requestlog.py:55}}
Aug 05 05:04:10.586365 n-d-851337-6 devstack@placement-api.service[111881]: INFO placement.requestlog [req-466f16ef-f46c-4ab4-a5dd-d4b7e2712aab req-17b524ae-f6fc-41f5-bf7f-7c838f8a463c service placement] 10.222.0.23 "GET /placement/allocations/0453eb3b-17ad-4400-8a09-7555ce9afa52" status: 200 len: 259 microversion: 1.28
Aug 05 05:04:10.587010 n-d-851337-6 devstack@placement-api.service[111881]: [pid: 111881|app: 0|req: 459/927] 10.222.0.23 () {60 vars in 1377 bytes} [Fri Aug 5 05:04:10 2022] GET /placement/allocations/0453eb3b-17ad-4400-8a09-7555ce9afa52 => generated 259 bytes in 35 msecs (HTTP/1.1 200) 8 headers in 296 bytes (1 switches on core 0)
Aug 05 05:04:12.299742 n-d-851337-6 devstack@placement-api.service[111882]: DEBUG placement.requestlog [req-7c06de09-c7d4-4f56-a5ea-f25c58d632b6 req-e43b22f0-57c5-4f46-af66-42aef7c84b7e None None] Starting request: 10.222.0.18 "GET /placement/allocation_candidates?limit=1000&resources=DISK_GB%3A1%2CMEMORY_MB%3A1024%2CVCPU%3A1&root_required=%21COMPUTE_STATUS_DISABLED" {{(pid=111882) __call__ /opt/stack/placement/placement/requestlog.py:55}}
Aug 05 05:04:12.494610 n-d-851337-6 devstack@placement-api.service[111882]: DEBUG placement.objects.research_context [req-7c06de09-c7d4-4f56-a5ea-f25c58d632b6 req-e43b22f0-57c5-4f46-af66-42aef7c84b7e service placement] getting providers with 1 DISK_GB {{(pid=111882) __init__ /opt/stack/placement/placement/objects/research_context.py:136}}
Aug 05 05:04:12.533390 n-d-851337-6 devstack@placement-api.service[111882]: DEBUG placement.objects.research_context [req-7c06de09-c7d4-4f56-a5ea-f25c58d632b6 req-e43b22f0-57c5-4f46-af66-42aef7c84b7e service placement] getting providers with 1024 MEMORY_MB {{(pid=111882) __init__ /opt/stack/placement/placement/objects/research_context.py:136}}
Aug 05 05:04:12.555812 n-d-851337-6 devstack@placement-api.service[111882]: DEBUG placement.objects.research_context [req-7c06de09-c7d4-4f56-a5ea-f25c58d632b6 req-e43b22f0-57c5-4f46-af66-42aef7c84b7e service placement] getting providers with 1 VCPU {{(pid=111882) __init__ /opt/stack/placement/placement/objects/research_context.py:136}}
Aug 05 05:04:12.567412 n-d-851337-6 devstack@placement-api.service[111882]: DEBUG placement.objects.research_context [req-7c06de09-c7d4-4f56-a5ea-f25c58d632b6 req-e43b22f0-57c5-4f46-af66-42aef7c84b7e service placement] found 2 providers with available 1 DISK_GB {{(pid=111882) get_provider_ids_matching /opt/stack/placement/placement/objects/research_context.py:563}}
Aug 05 05:04:12.567639 n-d-851337-6 devstack@placement-api.service[111882]: DEBUG placement.objects.research_context [req-7c06de09-c7d4-4f56-a5ea-f25c58d632b6 req-e43b22f0-57c5-4f46-af66-42aef7c84b7e service placement] found 2 providers with available 1024 MEMORY_MB {{(pid=111882) get_provider_ids_matching /opt/stack/placement/placement/objects/research_context.py:563}}
Aug 05 05:04:12.571073 n-d-851337-6 devstack@placement-api.service[111882]: DEBUG placement.objects.research_context [req-7c06de09-c7d4-4f56-a5ea-f25c58d632b6 req-e43b22f0-57c5-4f46-af66-42aef7c84b7e service placement] found 2 providers after filtering by previous result {{(pid=111882) get_provider_ids_matching /opt/stack/placement/placement/objects/research_context.py:594}}
Aug 05 05:04:12.571512 n-d-851337-6 devstack@placement-api.service[111882]: DEBUG placement.objects.research_context [req-7c06de09-c7d4-4f56-a5ea-f25c58d632b6 req-e43b22f0-57c5-4f46-af66-42aef7c84b7e service placement] found 2 providers with available 1 VCPU {{(pid=111882) get_provider_ids_matching /opt/stack/placement/placement/objects/research_context.py:563}}
Aug 05 05:04:12.571999 n-d-851337-6 devstack@placement-api.service[111882]: DEBUG placement.objects.research_context [req-7c06de09-c7d4-4f56-a5ea-f25c58d632b6 req-e43b22f0-57c5-4f46-af66-42aef7c84b7e service placement] found 2 providers after filtering by previous result {{(pid=111882) get_provider_ids_matching /opt/stack/placement/placement/objects/research_context.py:594}}
Aug 05 05:04:12.602123 n-d-851337-6 devstack@placement-api.service[111882]: DEBUG placement.objects.allocation_candidate [req-7c06de09-c7d4-4f56-a5ea-f25c58d632b6 req-e43b22f0-57c5-4f46-af66-42aef7c84b7e service placement] RequestGroup(use_same_provider=False, resources={DISK_GB:1, MEMORY_MB:1024, VCPU:1}, traits=(), aggregates=[]) (suffix '') returned 2 matches {{(pid=111882) _get_by_requests /opt/stack/placement/placement/objects/allocation_candidate.py:156}}
Aug 05 05:04:12.602732 n-d-851337-6 devstack@placement-api.service[111882]: DEBUG placement.objects.allocation_candidate [req-7c06de09-c7d4-4f56-a5ea-f25c58d632b6 req-e43b22f0-57c5-4f46-af66-42aef7c84b7e service placement] Merging candidates yields 2 allocation requests and 2 provider summaries {{(pid=111882) _merge_candidates /opt/stack/placement/placement/objects/allocation_candidate.py:809}}
Aug 05 05:04:12.604743 n-d-851337-6 devstack@placement-api.service[111882]: INFO placement.requestlog [req-7c06de09-c7d4-4f56-a5ea-f25c58d632b6 req-e43b22f0-57c5-4f46-af66-42aef7c84b7e service placement] 10.222.0.18 "GET /placement/allocation_candidates?limit=1000&resources=DISK_GB%3A1%2CMEMORY_MB%3A1024%2CVCPU%3A1&root_required=%21COMPUTE_STATUS_DISABLED" status: 200 len: 1309 microversion: 1.36
Aug 05 05:04:12.615551 n-d-851337-6 devstack@placement-api.service[111882]: [pid: 111882|app: 0|req: 469/928] 10.222.0.18 () {60 vars in 1506 bytes} [Fri Aug 5 05:04:12 2022] GET /placement/allocation_candidates?limit=1000&resources=DISK_GB%3A1%2CMEMORY_MB%3A1024%2CVCPU%3A1&root_required=%21COMPUTE_STATUS_DISABLED => generated 1309 bytes in 315 msecs (HTTP/1.1 200) 8 headers in 297 bytes (1 switches on core 0)
Aug 05 05:04:12.733180 n-d-851337-6 devstack@placement-api.service[111881]: DEBUG placement.requestlog [req-7c06de09-c7d4-4f56-a5ea-f25c58d632b6 req-0ef9a926-e8dc-4039-92f0-f81341b53b6a None None] Starting request: 10.222.0.18 "GET /placement/allocations/6f1ce758-bca8-49e2-8050-f6c347ac9164" {{(pid=111881) __call__ /opt/stack/placement/placement/requestlog.py:55}}
Aug 05 05:04:12.744730 n-d-851337-6 devstack@placement-api.service[111881]: INFO placement.requestlog [req-7c06de09-c7d4-4f56-a5ea-f25c58d632b6 req-0ef9a926-e8dc-4039-92f0-f81341b53b6a service placement] 10.222.0.18 "GET /placement/allocations/6f1ce758-bca8-49e2-8050-f6c347ac9164" status: 200 len: 19 microversion: 1.28
Aug 05 05:04:12.745546 n-d-851337-6 devstack@placement-api.service[111881]: [pid: 111881|app: 0|req: 460/929] 10.222.0.18 () {60 vars in 1380 bytes} [Fri Aug 5 05:04:12 2022] GET /placement/allocations/6f1ce758-bca8-49e2-8050-f6c347ac9164 => generated 19 bytes in 13 msecs (HTTP/1.1 200) 8 headers in 295 bytes (1 switches on core 0)
Aug 05 05:04:12.752669 n-d-851337-6 devstack@placement-api.service[111882]: DEBUG placement.requestlog [req-7c06de09-c7d4-4f56-a5ea-f25c58d632b6 req-4cfe3cdb-8d86-4cbf-8f7f-d7c5f694ce44 None None] Starting request: 10.222.0.18 "PUT /placement/allocations/6f1ce758-bca8-49e2-8050-f6c347ac9164" {{(pid=111882) __call__ /opt/stack/placement/placement/requestlog.py:55}}
Aug 05 05:04:12.879379 n-d-851337-6 devstack@placement-api.service[111882]: DEBUG placement.handlers.allocation [req-7c06de09-c7d4-4f56-a5ea-f25c58d632b6 req-4cfe3cdb-8d86-4cbf-8f7f-d7c5f694ce44 service placement] Successfully wrote allocations [, , ] {{(pid=111882) _update_consumers_and_create_allocations /opt/stack/placement/placement/handlers/allocation.py:462}}
Aug 05 05:04:12.893882 n-d-851337-6 devstack@placement-api.service[111882]: INFO placement.requestlog [req-7c06de09-c7d4-4f56-a5ea-f25c58d632b6 req-4cfe3cdb-8d86-4cbf-8f7f-d7c5f694ce44 service placement] 10.222.0.18 "PUT /placement/allocations/6f1ce758-bca8-49e2-8050-f6c347ac9164" status: 204 len: 0 microversion: 1.36
Aug 05 05:04:12.895315 n-d-851337-6 devstack@placement-api.service[111882]: [pid: 111882|app: 0|req: 470/930] 10.222.0.18 () {64 vars in 1433 bytes} [Fri Aug 5 05:04:12 2022] PUT /placement/allocations/6f1ce758-bca8-49e2-8050-f6c347ac9164 => generated 0 bytes in 143 msecs (HTTP/1.1 204) 5 headers in 199 bytes (1 switches on core 0)
Aug 05 05:04:13.381034 n-d-851337-6 devstack@placement-api.service[111881]: DEBUG placement.requestlog [req-7c06de09-c7d4-4f56-a5ea-f25c58d632b6 req-d0e0bb27-c808-4b69-8f53-8f5809885be1 None None] Starting request: 10.222.0.23 "GET /placement/allocations/6f1ce758-bca8-49e2-8050-f6c347ac9164" {{(pid=111881) __call__ /opt/stack/placement/placement/requestlog.py:55}}
Aug 05 05:04:13.402795 n-d-851337-6 devstack@placement-api.service[111881]: INFO placement.requestlog [req-7c06de09-c7d4-4f56-a5ea-f25c58d632b6 req-d0e0bb27-c808-4b69-8f53-8f5809885be1 service placement] 10.222.0.23 "GET /placement/allocations/6f1ce758-bca8-49e2-8050-f6c347ac9164" status: 200 len: 259 microversion: 1.28
Aug 05 05:04:13.403687 n-d-851337-6 devstack@placement-api.service[111881]: [pid: 111881|app: 0|req: 461/931] 10.222.0.23 () {60 vars in 1377 bytes} [Fri Aug 5 05:04:13 2022] GET /placement/allocations/6f1ce758-bca8-49e2-8050-f6c347ac9164 => generated 259 bytes in 23 msecs (HTTP/1.1 200) 8 headers in 296 bytes (1 switches on core 0)
Aug 05 05:04:15.396498 n-d-851337-6 devstack@placement-api.service[111882]: DEBUG placement.requestlog [req-47b134a8-a6be-40cd-9fad-50c0b62108b4 req-9fc70e46-bc51-484b-a90f-752b8025d9f7 None None] Starting request: 10.222.0.18 "GET /placement/allocation_candidates?limit=1000&resources=DISK_GB%3A1%2CMEMORY_MB%3A1024%2CVCPU%3A1&root_required=%21COMPUTE_STATUS_DISABLED" {{(pid=111882) __call__ /opt/stack/placement/placement/requestlog.py:55}}
Aug 05 05:04:15.481738 n-d-851337-6 devstack@placement-api.service[111882]: DEBUG placement.objects.research_context [req-47b134a8-a6be-40cd-9fad-50c0b62108b4 req-9fc70e46-bc51-484b-a90f-752b8025d9f7 service placement] getting providers with 1 DISK_GB {{(pid=111882) __init__ /opt/stack/placement/placement/objects/research_context.py:136}}
Aug 05 05:04:15.494543 n-d-851337-6 devstack@placement-api.service[111882]: DEBUG placement.objects.research_context [req-47b134a8-a6be-40cd-9fad-50c0b62108b4 req-9fc70e46-bc51-484b-a90f-752b8025d9f7 service placement] getting providers with 1024 MEMORY_MB {{(pid=111882) __init__ /opt/stack/placement/placement/objects/research_context.py:136}}
Aug 05 05:04:15.503062 n-d-851337-6 devstack@placement-api.service[111882]: DEBUG placement.objects.research_context [req-47b134a8-a6be-40cd-9fad-50c0b62108b4 req-9fc70e46-bc51-484b-a90f-752b8025d9f7 service placement] getting providers with 1 VCPU {{(pid=111882) __init__ /opt/stack/placement/placement/objects/research_context.py:136}}
Aug 05 05:04:15.518661 n-d-851337-6 devstack@placement-api.service[111882]: DEBUG placement.objects.research_context [req-47b134a8-a6be-40cd-9fad-50c0b62108b4 req-9fc70e46-bc51-484b-a90f-752b8025d9f7 service placement] found 2 providers with available 1 DISK_GB {{(pid=111882) get_provider_ids_matching /opt/stack/placement/placement/objects/research_context.py:563}}
Aug 05 05:04:15.519281 n-d-851337-6 devstack@placement-api.service[111882]: DEBUG placement.objects.research_context [req-47b134a8-a6be-40cd-9fad-50c0b62108b4 req-9fc70e46-bc51-484b-a90f-752b8025d9f7 service placement] found 2 providers with available 1024 MEMORY_MB {{(pid=111882) get_provider_ids_matching /opt/stack/placement/placement/objects/research_context.py:563}}
Aug 05 05:04:15.519769 n-d-851337-6 devstack@placement-api.service[111882]: DEBUG placement.objects.research_context [req-47b134a8-a6be-40cd-9fad-50c0b62108b4 req-9fc70e46-bc51-484b-a90f-752b8025d9f7 service placement] found 2 providers after filtering by previous result {{(pid=111882) get_provider_ids_matching /opt/stack/placement/placement/objects/research_context.py:594}}
Aug 05 05:04:15.520257 n-d-851337-6 devstack@placement-api.service[111882]: DEBUG placement.objects.research_context [req-47b134a8-a6be-40cd-9fad-50c0b62108b4 req-9fc70e46-bc51-484b-a90f-752b8025d9f7 service placement] found 2 providers with available 1 VCPU {{(pid=111882) get_provider_ids_matching /opt/stack/placement/placement/objects/research_context.py:563}}
Aug 05 05:04:15.520743 n-d-851337-6 devstack@placement-api.service[111882]: DEBUG placement.objects.research_context [req-47b134a8-a6be-40cd-9fad-50c0b62108b4 req-9fc70e46-bc51-484b-a90f-752b8025d9f7 service placement] found 2 providers after filtering by previous result {{(pid=111882) get_provider_ids_matching /opt/stack/placement/placement/objects/research_context.py:594}}
Aug 05 05:04:15.528609 n-d-851337-6 devstack@placement-api.service[111882]: DEBUG dbcounter [-] [111882] Writing DB stats placement:SELECT=78,placement:DELETE=6,placement:INSERT=12,placement:UPDATE=4 {{(pid=111882) stat_writer /usr/local/lib/python3.8/dist-packages/dbcounter.py:114}}
Aug 05 05:04:15.553041 n-d-851337-6 devstack@placement-api.service[111882]: DEBUG placement.objects.allocation_candidate [req-47b134a8-a6be-40cd-9fad-50c0b62108b4 req-9fc70e46-bc51-484b-a90f-752b8025d9f7 service placement] RequestGroup(use_same_provider=False, resources={DISK_GB:1, MEMORY_MB:1024, VCPU:1}, traits=(), aggregates=[]) (suffix '') returned 2 matches {{(pid=111882) _get_by_requests /opt/stack/placement/placement/objects/allocation_candidate.py:156}}
Aug 05 05:04:15.553786 n-d-851337-6 devstack@placement-api.service[111882]: DEBUG placement.objects.allocation_candidate [req-47b134a8-a6be-40cd-9fad-50c0b62108b4 req-9fc70e46-bc51-484b-a90f-752b8025d9f7 service placement] Merging candidates yields 2 allocation requests and 2 provider summaries {{(pid=111882) _merge_candidates /opt/stack/placement/placement/objects/allocation_candidate.py:809}}
Aug 05 05:04:15.560828 n-d-851337-6 devstack@placement-api.service[111882]: INFO placement.requestlog [req-47b134a8-a6be-40cd-9fad-50c0b62108b4 req-9fc70e46-bc51-484b-a90f-752b8025d9f7 service placement] 10.222.0.18 "GET /placement/allocation_candidates?limit=1000&resources=DISK_GB%3A1%2CMEMORY_MB%3A1024%2CVCPU%3A1&root_required=%21COMPUTE_STATUS_DISABLED" status: 200 len: 1309 microversion: 1.36
Aug 05 05:04:15.566553 n-d-851337-6 devstack@placement-api.service[111882]: [pid: 111882|app: 0|req: 471/932] 10.222.0.18 () {60 vars in 1506 bytes} [Fri Aug 5 05:04:15 2022] GET /placement/allocation_candidates?limit=1000&resources=DISK_GB%3A1%2CMEMORY_MB%3A1024%2CVCPU%3A1&root_required=%21COMPUTE_STATUS_DISABLED => generated 1309 bytes in 170 msecs (HTTP/1.1 200) 8 headers in 297 bytes (1 switches on core 0)
Aug 05 05:04:15.663966 n-d-851337-6 devstack@placement-api.service[111881]: DEBUG placement.requestlog [req-47b134a8-a6be-40cd-9fad-50c0b62108b4 req-98bd7916-dfd2-4b6e-8671-c8411285512f None None] Starting request: 10.222.0.18 "GET /placement/allocations/2c76c8a8-3a87-4dca-9275-ccdd14914b96" {{(pid=111881) __call__ /opt/stack/placement/placement/requestlog.py:55}}
Aug 05 05:04:15.677993 n-d-851337-6 devstack@placement-api.service[111881]: INFO placement.requestlog [req-47b134a8-a6be-40cd-9fad-50c0b62108b4 req-98bd7916-dfd2-4b6e-8671-c8411285512f service placement] 10.222.0.18 "GET /placement/allocations/2c76c8a8-3a87-4dca-9275-ccdd14914b96" status: 200 len: 19 microversion: 1.28
Aug 05 05:04:15.678420 n-d-851337-6 devstack@placement-api.service[111881]: [pid: 111881|app: 0|req: 462/933] 10.222.0.18 () {60 vars in 1380 bytes} [Fri Aug 5 05:04:15 2022] GET /placement/allocations/2c76c8a8-3a87-4dca-9275-ccdd14914b96 => generated 19 bytes in 15 msecs (HTTP/1.1 200) 8 headers in 295 bytes (1 switches on core 0)
Aug 05 05:04:15.686443 n-d-851337-6 devstack@placement-api.service[111882]: DEBUG placement.requestlog [req-47b134a8-a6be-40cd-9fad-50c0b62108b4 req-6d0a6fb9-ab31-45c9-bee6-4bde2119d843 None None] Starting request: 10.222.0.18 "PUT /placement/allocations/2c76c8a8-3a87-4dca-9275-ccdd14914b96" {{(pid=111882) __call__ /opt/stack/placement/placement/requestlog.py:55}}
Aug 05 05:04:15.797318 n-d-851337-6 devstack@placement-api.service[111882]: DEBUG placement.handlers.allocation [req-47b134a8-a6be-40cd-9fad-50c0b62108b4 req-6d0a6fb9-ab31-45c9-bee6-4bde2119d843 service placement] Successfully wrote allocations [, , ] {{(pid=111882) _update_consumers_and_create_allocations /opt/stack/placement/placement/handlers/allocation.py:462}}
Aug 05 05:04:15.806249 n-d-851337-6 devstack@placement-api.service[111882]: INFO placement.requestlog [req-47b134a8-a6be-40cd-9fad-50c0b62108b4 req-6d0a6fb9-ab31-45c9-bee6-4bde2119d843 service placement] 10.222.0.18 "PUT /placement/allocations/2c76c8a8-3a87-4dca-9275-ccdd14914b96" status: 204 len: 0 microversion: 1.36
Aug 05 05:04:15.807229 n-d-851337-6 devstack@placement-api.service[111882]: [pid: 111882|app: 0|req: 472/934] 10.222.0.18 () {64 vars in 1433 bytes} [Fri Aug 5 05:04:15 2022] PUT /placement/allocations/2c76c8a8-3a87-4dca-9275-ccdd14914b96 => generated 0 bytes in 121 msecs (HTTP/1.1 204) 5 headers in 199 bytes (1 switches on core 0)
Aug 05 05:04:16.882564 n-d-851337-6 devstack@placement-api.service[111881]: DEBUG placement.requestlog [req-47b134a8-a6be-40cd-9fad-50c0b62108b4 req-f3aed7e6-ca7e-4d55-8559-9e850ac16467 None None] Starting request: 10.222.0.33 "GET /placement/allocations/2c76c8a8-3a87-4dca-9275-ccdd14914b96" {{(pid=111881) __call__ /opt/stack/placement/placement/requestlog.py:55}}
Aug 05 05:04:16.926745 n-d-851337-6 devstack@placement-api.service[111881]: INFO placement.requestlog [req-47b134a8-a6be-40cd-9fad-50c0b62108b4 req-f3aed7e6-ca7e-4d55-8559-9e850ac16467 service placement] 10.222.0.33 "GET /placement/allocations/2c76c8a8-3a87-4dca-9275-ccdd14914b96" status: 200 len: 259 microversion: 1.28
Aug 05 05:04:16.927128 n-d-851337-6 devstack@placement-api.service[111881]: [pid: 111881|app: 0|req: 463/935] 10.222.0.33 () {60 vars in 1377 bytes} [Fri Aug 5 05:04:16 2022] GET /placement/allocations/2c76c8a8-3a87-4dca-9275-ccdd14914b96 => generated 259 bytes in 45 msecs (HTTP/1.1 200) 8 headers in 296 bytes (1 switches on core 0)
Aug 05 05:04:18.091039 n-d-851337-6 devstack@placement-api.service[111882]: DEBUG placement.requestlog [None req-66610e23-687b-4b7d-a1a6-80a00bc5dea6 None None] Starting request: 10.222.0.18 "GET /placement/resource_providers/47568a8f-ff31-4d9b-a9d8-0e62ba3fce68/aggregates" {{(pid=111882) __call__ /opt/stack/placement/placement/requestlog.py:55}}
Aug 05 05:04:18.113558 n-d-851337-6 devstack@placement-api.service[111882]: INFO placement.requestlog [None req-66610e23-687b-4b7d-a1a6-80a00bc5dea6 service placement] 10.222.0.18 "GET /placement/resource_providers/47568a8f-ff31-4d9b-a9d8-0e62ba3fce68/aggregates" status: 404 len: 235 microversion: 1.1
Aug 05 05:04:18.114213 n-d-851337-6 devstack@placement-api.service[111882]: [pid: 111882|app: 0|req: 473/936] 10.222.0.18 () {58 vars in 1362 bytes} [Fri Aug 5 05:04:18 2022] GET /placement/resource_providers/47568a8f-ff31-4d9b-a9d8-0e62ba3fce68/aggregates => generated 235 bytes in 23 msecs (HTTP/1.1 404) 5 headers in 202 bytes (1 switches on core 0)
Aug 05 05:04:18.485026 n-d-851337-6 devstack@placement-api.service[111881]: DEBUG placement.requestlog [None req-4a21e7ec-b288-4678-be19-3a2658821f0d None None] Starting request: 10.222.0.18 "DELETE /placement/resource_providers/47568a8f-ff31-4d9b-a9d8-0e62ba3fce68" {{(pid=111881) __call__ /opt/stack/placement/placement/requestlog.py:55}}
Aug 05 05:04:18.501617 n-d-851337-6 devstack@placement-api.service[111881]: DEBUG placement.wsgi_wrapper [None req-4a21e7ec-b288-4678-be19-3a2658821f0d service placement] Placement API returning an error response: No resource provider with uuid 47568a8f-ff31-4d9b-a9d8-0e62ba3fce68 found for delete {{(pid=111881) call_func /opt/stack/placement/placement/wsgi_wrapper.py:31}}
Aug 05 05:04:18.503850 n-d-851337-6 devstack@placement-api.service[111881]: INFO placement.requestlog [None req-4a21e7ec-b288-4678-be19-3a2658821f0d service placement] 10.222.0.18 "DELETE /placement/resource_providers/47568a8f-ff31-4d9b-a9d8-0e62ba3fce68" status: 404 len: 246 microversion: 1.1
Aug 05 05:04:18.504696 n-d-851337-6 devstack@placement-api.service[111881]: [pid: 111881|app: 0|req: 464/937] 10.222.0.18 () {60 vars in 1351 bytes} [Fri Aug 5 05:04:18 2022] DELETE /placement/resource_providers/47568a8f-ff31-4d9b-a9d8-0e62ba3fce68 => generated 246 bytes in 20 msecs (HTTP/1.1 404) 6 headers in 231 bytes (1 switches on core 0)
Aug 05 05:04:19.677637 n-d-851337-6 devstack@placement-api.service[111882]: DEBUG placement.requestlog [req-4a1bd9ef-6b55-44e6-b953-3677312ad37f req-1ce579c4-6690-4b9a-b68f-27b8b874a2b4 None None] Starting request: 10.222.0.18 "GET /placement/allocation_candidates?limit=1000&resources=DISK_GB%3A1%2CMEMORY_MB%3A512%2CVCPU%3A1&root_required=%21COMPUTE_STATUS_DISABLED" {{(pid=111882) __call__ /opt/stack/placement/placement/requestlog.py:55}}
Aug 05 05:04:19.777354 n-d-851337-6 devstack@placement-api.service[111882]: DEBUG placement.objects.research_context [req-4a1bd9ef-6b55-44e6-b953-3677312ad37f req-1ce579c4-6690-4b9a-b68f-27b8b874a2b4 service placement] getting providers with 1 DISK_GB {{(pid=111882) __init__ /opt/stack/placement/placement/objects/research_context.py:136}}
Aug 05 05:04:19.789996 n-d-851337-6 devstack@placement-api.service[111882]: DEBUG placement.objects.research_context [req-4a1bd9ef-6b55-44e6-b953-3677312ad37f req-1ce579c4-6690-4b9a-b68f-27b8b874a2b4 service placement] getting providers with 512 MEMORY_MB {{(pid=111882) __init__ /opt/stack/placement/placement/objects/research_context.py:136}}
Aug 05 05:04:19.809885 n-d-851337-6 devstack@placement-api.service[111882]: DEBUG placement.objects.research_context [req-4a1bd9ef-6b55-44e6-b953-3677312ad37f req-1ce579c4-6690-4b9a-b68f-27b8b874a2b4 service placement] getting providers with 1 VCPU {{(pid=111882) __init__ /opt/stack/placement/placement/objects/research_context.py:136}}
Aug 05 05:04:19.823512 n-d-851337-6 devstack@placement-api.service[111882]: DEBUG placement.objects.research_context [req-4a1bd9ef-6b55-44e6-b953-3677312ad37f req-1ce579c4-6690-4b9a-b68f-27b8b874a2b4 service placement] found 2 providers with available 1 DISK_GB {{(pid=111882) get_provider_ids_matching /opt/stack/placement/placement/objects/research_context.py:563}}
Aug 05 05:04:19.828343 n-d-851337-6 devstack@placement-api.service[111882]: DEBUG placement.objects.research_context [req-4a1bd9ef-6b55-44e6-b953-3677312ad37f req-1ce579c4-6690-4b9a-b68f-27b8b874a2b4 service placement] found 2 providers with available 512 MEMORY_MB {{(pid=111882) get_provider_ids_matching /opt/stack/placement/placement/objects/research_context.py:563}}
Aug 05 05:04:19.828816 n-d-851337-6 devstack@placement-api.service[111882]: DEBUG placement.objects.research_context [req-4a1bd9ef-6b55-44e6-b953-3677312ad37f req-1ce579c4-6690-4b9a-b68f-27b8b874a2b4 service placement] found 2 providers after filtering by previous result {{(pid=111882) get_provider_ids_matching /opt/stack/placement/placement/objects/research_context.py:594}}
Aug 05 05:04:19.829242 n-d-851337-6 devstack@placement-api.service[111882]: DEBUG placement.objects.research_context [req-4a1bd9ef-6b55-44e6-b953-3677312ad37f req-1ce579c4-6690-4b9a-b68f-27b8b874a2b4 service placement] found 2 providers with available 1 VCPU {{(pid=111882) get_provider_ids_matching /opt/stack/placement/placement/objects/research_context.py:563}}
Aug 05 05:04:19.829651 n-d-851337-6 devstack@placement-api.service[111882]: DEBUG placement.objects.research_context [req-4a1bd9ef-6b55-44e6-b953-3677312ad37f req-1ce579c4-6690-4b9a-b68f-27b8b874a2b4 service placement] found 2 providers after filtering by previous result {{(pid=111882) get_provider_ids_matching /opt/stack/placement/placement/objects/research_context.py:594}}
Aug 05 05:04:19.856502 n-d-851337-6 devstack@placement-api.service[111882]: DEBUG placement.objects.allocation_candidate [req-4a1bd9ef-6b55-44e6-b953-3677312ad37f req-1ce579c4-6690-4b9a-b68f-27b8b874a2b4 service placement] RequestGroup(use_same_provider=False, resources={DISK_GB:1, MEMORY_MB:512, VCPU:1}, traits=(), aggregates=[]) (suffix '') returned 2 matches {{(pid=111882) _get_by_requests /opt/stack/placement/placement/objects/allocation_candidate.py:156}}
Aug 05 05:04:19.856866 n-d-851337-6 devstack@placement-api.service[111882]: DEBUG placement.objects.allocation_candidate [req-4a1bd9ef-6b55-44e6-b953-3677312ad37f req-1ce579c4-6690-4b9a-b68f-27b8b874a2b4 service placement] Merging candidates yields 2 allocation requests and 2 provider summaries {{(pid=111882) _merge_candidates /opt/stack/placement/placement/objects/allocation_candidate.py:809}}
Aug 05 05:04:19.858639 n-d-851337-6 devstack@placement-api.service[111882]: INFO placement.requestlog [req-4a1bd9ef-6b55-44e6-b953-3677312ad37f req-1ce579c4-6690-4b9a-b68f-27b8b874a2b4 service placement] 10.222.0.18 "GET /placement/allocation_candidates?limit=1000&resources=DISK_GB%3A1%2CMEMORY_MB%3A512%2CVCPU%3A1&root_required=%21COMPUTE_STATUS_DISABLED" status: 200 len: 1307 microversion: 1.36
Aug 05 05:04:19.859331 n-d-851337-6 devstack@placement-api.service[111882]: [pid: 111882|app: 0|req: 474/938] 10.222.0.18 () {60 vars in 1504 bytes} [Fri Aug 5 05:04:19 2022] GET /placement/allocation_candidates?limit=1000&resources=DISK_GB%3A1%2CMEMORY_MB%3A512%2CVCPU%3A1&root_required=%21COMPUTE_STATUS_DISABLED => generated 1307 bytes in 182 msecs (HTTP/1.1 200) 8 headers in 297 bytes (1 switches on core 0)
Aug 05 05:04:20.019182 n-d-851337-6 devstack@placement-api.service[111881]: DEBUG placement.requestlog [req-4a1bd9ef-6b55-44e6-b953-3677312ad37f req-4c4bfb5e-fffb-4f62-a256-edf34121b70e None None] Starting request: 10.222.0.18 "GET /placement/allocations/a2b0b911-1c20-4910-95e0-d112c1646c1b" {{(pid=111881) __call__ /opt/stack/placement/placement/requestlog.py:55}}
Aug 05 05:04:20.038641 n-d-851337-6 devstack@placement-api.service[111881]: INFO placement.requestlog [req-4a1bd9ef-6b55-44e6-b953-3677312ad37f req-4c4bfb5e-fffb-4f62-a256-edf34121b70e service placement] 10.222.0.18 "GET /placement/allocations/a2b0b911-1c20-4910-95e0-d112c1646c1b" status: 200 len: 19 microversion: 1.28
Aug 05 05:04:20.039297 n-d-851337-6 devstack@placement-api.service[111881]: [pid: 111881|app: 0|req: 465/939] 10.222.0.18 () {60 vars in 1380 bytes} [Fri Aug 5 05:04:20 2022] GET /placement/allocations/a2b0b911-1c20-4910-95e0-d112c1646c1b => generated 19 bytes in 20 msecs (HTTP/1.1 200) 8 headers in 295 bytes (1 switches on core 0)
Aug 05 05:04:20.058366 n-d-851337-6 devstack@placement-api.service[111882]: DEBUG placement.requestlog [req-4a1bd9ef-6b55-44e6-b953-3677312ad37f req-25ada77a-0b11-4fbf-b8df-f053cf9aed1b None None] Starting request: 10.222.0.18 "PUT /placement/allocations/a2b0b911-1c20-4910-95e0-d112c1646c1b" {{(pid=111882) __call__ /opt/stack/placement/placement/requestlog.py:55}}
Aug 05 05:04:20.201438 n-d-851337-6 devstack@placement-api.service[111882]: DEBUG placement.handlers.allocation [req-4a1bd9ef-6b55-44e6-b953-3677312ad37f req-25ada77a-0b11-4fbf-b8df-f053cf9aed1b service placement] Successfully wrote allocations [, , ] {{(pid=111882) _update_consumers_and_create_allocations /opt/stack/placement/placement/handlers/allocation.py:462}}
Aug 05 05:04:20.216067 n-d-851337-6 devstack@placement-api.service[111882]: INFO placement.requestlog [req-4a1bd9ef-6b55-44e6-b953-3677312ad37f req-25ada77a-0b11-4fbf-b8df-f053cf9aed1b service placement] 10.222.0.18 "PUT /placement/allocations/a2b0b911-1c20-4910-95e0-d112c1646c1b" status: 204 len: 0 microversion: 1.36
Aug 05 05:04:20.216513 n-d-851337-6 devstack@placement-api.service[111882]: [pid: 111882|app: 0|req: 475/940] 10.222.0.18 () {64 vars in 1433 bytes} [Fri Aug 5 05:04:20 2022] PUT /placement/allocations/a2b0b911-1c20-4910-95e0-d112c1646c1b => generated 0 bytes in 159 msecs (HTTP/1.1 204) 5 headers in 199 bytes (1 switches on core 0)
Aug 05 05:04:20.780274 n-d-851337-6 devstack@placement-api.service[111881]: DEBUG placement.requestlog [req-b119ddd6-8b63-4adf-bcd6-1e810017a0e6 req-fb2dad37-1192-40de-a8af-3907d8e942ea None None] Starting request: 10.222.0.33 "DELETE /placement/allocations/2bd1701a-aea1-4b3b-9ab4-020127533682" {{(pid=111881) __call__ /opt/stack/placement/placement/requestlog.py:55}}
Aug 05 05:04:20.843004 n-d-851337-6 devstack@placement-api.service[111881]: DEBUG placement.handlers.allocation [req-b119ddd6-8b63-4adf-bcd6-1e810017a0e6 req-fb2dad37-1192-40de-a8af-3907d8e942ea service placement] Successfully deleted allocations [, , ] {{(pid=111881) delete_allocations /opt/stack/placement/placement/handlers/allocation.py:627}}
Aug 05 05:04:20.843751 n-d-851337-6 devstack@placement-api.service[111881]: INFO placement.requestlog [req-b119ddd6-8b63-4adf-bcd6-1e810017a0e6 req-fb2dad37-1192-40de-a8af-3907d8e942ea service placement] 10.222.0.33 "DELETE /placement/allocations/2bd1701a-aea1-4b3b-9ab4-020127533682" status: 204 len: 0 microversion: 1.0
Aug 05 05:04:20.844683 n-d-851337-6 devstack@placement-api.service[111881]: [pid: 111881|app: 0|req: 466/941] 10.222.0.33 () {60 vars in 1355 bytes} [Fri Aug 5 05:04:20 2022] DELETE /placement/allocations/2bd1701a-aea1-4b3b-9ab4-020127533682 => generated 0 bytes in 65 msecs (HTTP/1.1 204) 5 headers in 198 bytes (1 switches on core 0)
Aug 05 05:04:20.956563 n-d-851337-6 devstack@placement-api.service[111882]: DEBUG placement.requestlog [req-4a1bd9ef-6b55-44e6-b953-3677312ad37f req-ea152ea4-b745-4b6c-a702-e856141b5f80 None None] Starting request: 10.222.0.23 "GET /placement/allocations/a2b0b911-1c20-4910-95e0-d112c1646c1b" {{(pid=111882) __call__ /opt/stack/placement/placement/requestlog.py:55}}
Aug 05 05:04:21.001827 n-d-851337-6 devstack@placement-api.service[111882]: INFO placement.requestlog [req-4a1bd9ef-6b55-44e6-b953-3677312ad37f req-ea152ea4-b745-4b6c-a702-e856141b5f80 service placement] 10.222.0.23 "GET /placement/allocations/a2b0b911-1c20-4910-95e0-d112c1646c1b" status: 200 len: 258 microversion: 1.28
Aug 05 05:04:21.002231 n-d-851337-6 devstack@placement-api.service[111882]: [pid: 111882|app: 0|req: 476/942] 10.222.0.23 () {60 vars in 1377 bytes} [Fri Aug 5 05:04:20 2022] GET /placement/allocations/a2b0b911-1c20-4910-95e0-d112c1646c1b => generated 258 bytes in 46 msecs (HTTP/1.1 200) 8 headers in 296 bytes (1 switches on core 0)
Aug 05 05:04:22.764858 n-d-851337-6 devstack@placement-api.service[111881]: DEBUG placement.requestlog [req-b1b9f4f1-f82a-422f-9400-b49045af56b1 req-791c239b-e017-4e19-b2a5-c29809dec79d None None] Starting request: 10.222.0.33 "GET /placement/resource_providers/329f008c-7456-4873-a3a4-21d9b4e4fd82/allocations" {{(pid=111881) __call__ /opt/stack/placement/placement/requestlog.py:55}}
Aug 05 05:04:22.861568 n-d-851337-6 devstack@placement-api.service[111881]: INFO placement.requestlog [req-b1b9f4f1-f82a-422f-9400-b49045af56b1 req-791c239b-e017-4e19-b2a5-c29809dec79d service placement] 10.222.0.33 "GET /placement/resource_providers/329f008c-7456-4873-a3a4-21d9b4e4fd82/allocations" status: 200 len: 255 microversion: 1.0
Aug 05 05:04:22.881525 n-d-851337-6 devstack@placement-api.service[111881]: [pid: 111881|app: 0|req: 467/943] 10.222.0.33 () {58 vars in 1390 bytes} [Fri Aug 5 05:04:22 2022] GET /placement/resource_providers/329f008c-7456-4873-a3a4-21d9b4e4fd82/allocations => generated 255 bytes in 117 msecs (HTTP/1.1 200) 6 headers in 224 bytes (1 switches on core 0)
Aug 05 05:04:31.003751 n-d-851337-6 devstack@placement-api.service[111882]: DEBUG dbcounter [-] [111882] Writing DB stats placement:SELECT=46,placement:INSERT=8,placement:DELETE=4,placement:UPDATE=4 {{(pid=111882) stat_writer /usr/local/lib/python3.8/dist-packages/dbcounter.py:114}}
Aug 05 05:04:32.698009 n-d-851337-6 devstack@placement-api.service[111882]: DEBUG placement.requestlog [req-a93b6ccc-d07a-425d-a65a-6f28fd4e0555 req-7382bdb4-1ee1-4e04-ac0e-bbaa1e6d126d None None] Starting request: 10.222.0.23 "DELETE /placement/allocations/0453eb3b-17ad-4400-8a09-7555ce9afa52" {{(pid=111882) __call__ /opt/stack/placement/placement/requestlog.py:55}}
Aug 05 05:04:32.768571 n-d-851337-6 devstack@placement-api.service[111882]: DEBUG placement.handlers.allocation [req-a93b6ccc-d07a-425d-a65a-6f28fd4e0555 req-7382bdb4-1ee1-4e04-ac0e-bbaa1e6d126d service placement] Successfully deleted allocations [, , ] {{(pid=111882) delete_allocations /opt/stack/placement/placement/handlers/allocation.py:627}}
Aug 05 05:04:32.769091 n-d-851337-6 devstack@placement-api.service[111882]: INFO placement.requestlog [req-a93b6ccc-d07a-425d-a65a-6f28fd4e0555 req-7382bdb4-1ee1-4e04-ac0e-bbaa1e6d126d service placement] 10.222.0.23 "DELETE /placement/allocations/0453eb3b-17ad-4400-8a09-7555ce9afa52" status: 204 len: 0 microversion: 1.0
Aug 05 05:04:32.769539 n-d-851337-6 devstack@placement-api.service[111882]: [pid: 111882|app: 0|req: 477/944] 10.222.0.23 () {60 vars in 1355 bytes} [Fri Aug 5 05:04:32 2022] DELETE /placement/allocations/0453eb3b-17ad-4400-8a09-7555ce9afa52 => generated 0 bytes in 72 msecs (HTTP/1.1 204) 5 headers in 198 bytes (1 switches on core 0)
Aug 05 05:04:32.845943 n-d-851337-6 devstack@placement-api.service[111881]: DEBUG dbcounter [-] [111881] Writing DB stats placement:SELECT=50,placement:DELETE=6 {{(pid=111881) stat_writer /usr/local/lib/python3.8/dist-packages/dbcounter.py:114}}
Aug 05 05:04:35.156494 n-d-851337-6 devstack@placement-api.service[111881]: DEBUG placement.requestlog [req-e8049815-9bc4-4649-9784-327722db0f2f req-7b0bb174-cd9b-49c3-af2a-c57c6775a806 None None] Starting request: 10.222.0.18 "GET /placement/allocation_candidates?limit=1000&resources=DISK_GB%3A1%2CMEMORY_MB%3A1024%2CVCPU%3A1&root_required=%21COMPUTE_STATUS_DISABLED" {{(pid=111881) __call__ /opt/stack/placement/placement/requestlog.py:55}}
Aug 05 05:04:35.270082 n-d-851337-6 devstack@placement-api.service[111881]: DEBUG placement.objects.research_context [req-e8049815-9bc4-4649-9784-327722db0f2f req-7b0bb174-cd9b-49c3-af2a-c57c6775a806 service placement] getting providers with 1 DISK_GB {{(pid=111881) __init__ /opt/stack/placement/placement/objects/research_context.py:136}}
Aug 05 05:04:35.287578 n-d-851337-6 devstack@placement-api.service[111881]: DEBUG placement.objects.research_context [req-e8049815-9bc4-4649-9784-327722db0f2f req-7b0bb174-cd9b-49c3-af2a-c57c6775a806 service placement] getting providers with 1024 MEMORY_MB {{(pid=111881) __init__ /opt/stack/placement/placement/objects/research_context.py:136}}
Aug 05 05:04:35.297768 n-d-851337-6 devstack@placement-api.service[111881]: DEBUG placement.objects.research_context [req-e8049815-9bc4-4649-9784-327722db0f2f req-7b0bb174-cd9b-49c3-af2a-c57c6775a806 service placement] getting providers with 1 VCPU {{(pid=111881) __init__ /opt/stack/placement/placement/objects/research_context.py:136}}
Aug 05 05:04:35.305285 n-d-851337-6 devstack@placement-api.service[111881]: DEBUG placement.objects.research_context [req-e8049815-9bc4-4649-9784-327722db0f2f req-7b0bb174-cd9b-49c3-af2a-c57c6775a806 service placement] found 2 providers with available 1 DISK_GB {{(pid=111881) get_provider_ids_matching /opt/stack/placement/placement/objects/research_context.py:563}}
Aug 05 05:04:35.306230 n-d-851337-6 devstack@placement-api.service[111881]: DEBUG placement.objects.research_context [req-e8049815-9bc4-4649-9784-327722db0f2f req-7b0bb174-cd9b-49c3-af2a-c57c6775a806 service placement] found 2 providers with available 1024 MEMORY_MB {{(pid=111881) get_provider_ids_matching /opt/stack/placement/placement/objects/research_context.py:563}}
Aug 05 05:04:35.306702 n-d-851337-6 devstack@placement-api.service[111881]: DEBUG placement.objects.research_context [req-e8049815-9bc4-4649-9784-327722db0f2f req-7b0bb174-cd9b-49c3-af2a-c57c6775a806 service placement] found 2 providers after filtering by previous result {{(pid=111881) get_provider_ids_matching /opt/stack/placement/placement/objects/research_context.py:594}}
Aug 05 05:04:35.307758 n-d-851337-6 devstack@placement-api.service[111881]: DEBUG placement.objects.research_context [req-e8049815-9bc4-4649-9784-327722db0f2f req-7b0bb174-cd9b-49c3-af2a-c57c6775a806 service placement] found 2 providers with available 1 VCPU {{(pid=111881) get_provider_ids_matching /opt/stack/placement/placement/objects/research_context.py:563}}
Aug 05 05:04:35.309528 n-d-851337-6 devstack@placement-api.service[111881]: DEBUG placement.objects.research_context [req-e8049815-9bc4-4649-9784-327722db0f2f req-7b0bb174-cd9b-49c3-af2a-c57c6775a806 service placement] found 2 providers after filtering by previous result {{(pid=111881) get_provider_ids_matching /opt/stack/placement/placement/objects/research_context.py:594}}
Aug 05 05:04:35.346795 n-d-851337-6 devstack@placement-api.service[111881]: DEBUG placement.objects.allocation_candidate [req-e8049815-9bc4-4649-9784-327722db0f2f req-7b0bb174-cd9b-49c3-af2a-c57c6775a806 service placement] RequestGroup(use_same_provider=False, resources={DISK_GB:1, MEMORY_MB:1024, VCPU:1}, traits=(), aggregates=[]) (suffix '') returned 2 matches {{(pid=111881) _get_by_requests /opt/stack/placement/placement/objects/allocation_candidate.py:156}}
Aug 05 05:04:35.347376 n-d-851337-6 devstack@placement-api.service[111881]: DEBUG placement.objects.allocation_candidate [req-e8049815-9bc4-4649-9784-327722db0f2f req-7b0bb174-cd9b-49c3-af2a-c57c6775a806 service placement] Merging candidates yields 2 allocation requests and 2 provider summaries {{(pid=111881) _merge_candidates /opt/stack/placement/placement/objects/allocation_candidate.py:809}}
Aug 05 05:04:35.357188 n-d-851337-6 devstack@placement-api.service[111881]: INFO placement.requestlog [req-e8049815-9bc4-4649-9784-327722db0f2f req-7b0bb174-cd9b-49c3-af2a-c57c6775a806 service placement] 10.222.0.18 "GET /placement/allocation_candidates?limit=1000&resources=DISK_GB%3A1%2CMEMORY_MB%3A1024%2CVCPU%3A1&root_required=%21COMPUTE_STATUS_DISABLED" status: 200 len: 1309 microversion: 1.36
