Jul 29 04:46:37.934783 n-d-851337-2 devstack@placement-api.service[111909]: DEBUG placement.requestlog [req-ed2c428e-3b3c-42e4-b3a1-8b4adfcac9a2 req-74ba4450-51bc-4d00-9a2c-501dc3378c1d None None] Starting request: 10.222.0.61 "PUT /placement/resource_providers/9702f852-3501-4048-aa4b-2dde60276602/aggregates" {{(pid=111909) __call__ /opt/stack/placement/placement/requestlog.py:55}}
Jul 29 04:46:37.968520 n-d-851337-2 devstack@placement-api.service[111909]: DEBUG placement.objects.resource_provider [req-ed2c428e-3b3c-42e4-b3a1-8b4adfcac9a2 req-74ba4450-51bc-4d00-9a2c-501dc3378c1d service placement] _ensure_aggregate() did not find aggregate 861e3e28-049e-473a-bde2-bc730c9fbb41. Attempting to create it. {{(pid=111909) _ensure_aggregate /opt/stack/placement/placement/objects/resource_provider.py:321}}
Jul 29 04:46:37.972345 n-d-851337-2 devstack@placement-api.service[111909]: DEBUG placement.objects.resource_provider [req-ed2c428e-3b3c-42e4-b3a1-8b4adfcac9a2 req-74ba4450-51bc-4d00-9a2c-501dc3378c1d service placement] _ensure_aggregate() created new aggregate 861e3e28-049e-473a-bde2-bc730c9fbb41 (id=6). {{(pid=111909) _ensure_aggregate /opt/stack/placement/placement/objects/resource_provider.py:327}}
Jul 29 04:46:37.973901 n-d-851337-2 devstack@placement-api.service[111909]: DEBUG placement.objects.resource_provider [req-ed2c428e-3b3c-42e4-b3a1-8b4adfcac9a2 req-74ba4450-51bc-4d00-9a2c-501dc3378c1d service placement] Setting aggregates for provider 9702f852-3501-4048-aa4b-2dde60276602. Successfully associated aggregate 861e3e28-049e-473a-bde2-bc730c9fbb41. {{(pid=111909) _set_aggregates /opt/stack/placement/placement/objects/resource_provider.py:389}}
Jul 29 04:46:37.992212 n-d-851337-2 devstack@placement-api.service[111909]: INFO placement.requestlog [req-ed2c428e-3b3c-42e4-b3a1-8b4adfcac9a2 req-74ba4450-51bc-4d00-9a2c-501dc3378c1d service placement] 10.222.0.61 "PUT /placement/resource_providers/9702f852-3501-4048-aa4b-2dde60276602/aggregates" status: 200 len: 92 microversion: 1.19
Jul 29 04:46:37.993154 n-d-851337-2 devstack@placement-api.service[111909]: [pid: 111909|app: 0|req: 46/88] 10.222.0.61 () {64 vars in 1477 bytes} [Fri Jul 29 04:46:37 2022] PUT /placement/resource_providers/9702f852-3501-4048-aa4b-2dde60276602/aggregates => generated 92 bytes in 59 msecs (HTTP/1.1 200) 8 headers in 295 bytes (1 switches on core 0)
Jul 29 04:46:38.220507 n-d-851337-2 devstack@placement-api.service[111908]: DEBUG placement.requestlog [req-ed8d83fb-747c-4798-95d1-d153a58394d7 req-26c09954-07b0-4045-89b4-7f6fae9e0a07 None None] Starting request: 10.222.0.61 "GET /placement/resource_providers?name=n-h1-851337-2" {{(pid=111908) __call__ /opt/stack/placement/placement/requestlog.py:55}}
Jul 29 04:46:38.246877 n-d-851337-2 devstack@placement-api.service[111908]: INFO placement.requestlog [req-ed8d83fb-747c-4798-95d1-d153a58394d7 req-26c09954-07b0-4045-89b4-7f6fae9e0a07 service placement] 10.222.0.61 "GET /placement/resource_providers?name=n-h1-851337-2" status: 200 len: 441 microversion: 1.0
Jul 29 04:46:38.247987 n-d-851337-2 devstack@placement-api.service[111908]: [pid: 111908|app: 0|req: 43/89] 10.222.0.61 () {58 vars in 1274 bytes} [Fri Jul 29 04:46:38 2022] GET /placement/resource_providers?name=n-h1-851337-2 => generated 441 bytes in 30 msecs (HTTP/1.1 200) 6 headers in 224 bytes (1 switches on core 0)
Jul 29 04:46:38.254852 n-d-851337-2 devstack@placement-api.service[111909]: DEBUG placement.requestlog [req-ed8d83fb-747c-4798-95d1-d153a58394d7 req-f824c7e9-598e-42e6-ab97-16faf5cd7c73 None None] Starting request: 10.222.0.61 "GET /placement/resource_providers/9702f852-3501-4048-aa4b-2dde60276602/aggregates" {{(pid=111909) __call__ /opt/stack/placement/placement/requestlog.py:55}}
Jul 29 04:46:38.276150 n-d-851337-2 devstack@placement-api.service[111909]: INFO placement.requestlog [req-ed8d83fb-747c-4798-95d1-d153a58394d7 req-f824c7e9-598e-42e6-ab97-16faf5cd7c73 service placement] 10.222.0.61 "GET /placement/resource_providers/9702f852-3501-4048-aa4b-2dde60276602/aggregates" status: 200 len: 92 microversion: 1.19
Jul 29 04:46:38.276854 n-d-851337-2 devstack@placement-api.service[111909]: [pid: 111909|app: 0|req: 47/90] 10.222.0.61 () {60 vars in 1425 bytes} [Fri Jul 29 04:46:38 2022] GET /placement/resource_providers/9702f852-3501-4048-aa4b-2dde60276602/aggregates => generated 92 bytes in 22 msecs (HTTP/1.1 200) 8 headers in 295 bytes (1 switches on core 0)
Jul 29 04:46:38.284366 n-d-851337-2 devstack@placement-api.service[111908]: DEBUG placement.requestlog [req-ed8d83fb-747c-4798-95d1-d153a58394d7 req-b3ee9071-e986-44d8-8146-df787de4cd47 None None] Starting request: 10.222.0.61 "PUT /placement/resource_providers/9702f852-3501-4048-aa4b-2dde60276602/aggregates" {{(pid=111908) __call__ /opt/stack/placement/placement/requestlog.py:55}}
Jul 29 04:46:38.304133 n-d-851337-2 devstack@placement-api.service[111908]: DEBUG placement.objects.resource_provider [req-ed8d83fb-747c-4798-95d1-d153a58394d7 req-b3ee9071-e986-44d8-8146-df787de4cd47 service placement] Setting aggregates for provider 9702f852-3501-4048-aa4b-2dde60276602. Successfully disassociated aggregate 861e3e28-049e-473a-bde2-bc730c9fbb41. {{(pid=111908) _set_aggregates /opt/stack/placement/placement/objects/resource_provider.py:404}}
Jul 29 04:46:38.312011 n-d-851337-2 devstack@placement-api.service[111908]: INFO placement.requestlog [req-ed8d83fb-747c-4798-95d1-d153a58394d7 req-b3ee9071-e986-44d8-8146-df787de4cd47 service placement] 10.222.0.61 "PUT /placement/resource_providers/9702f852-3501-4048-aa4b-2dde60276602/aggregates" status: 200 len: 54 microversion: 1.19
Jul 29 04:46:38.312881 n-d-851337-2 devstack@placement-api.service[111908]: [pid: 111908|app: 0|req: 44/91] 10.222.0.61 () {64 vars in 1477 bytes} [Fri Jul 29 04:46:38 2022] PUT /placement/resource_providers/9702f852-3501-4048-aa4b-2dde60276602/aggregates => generated 54 bytes in 29 msecs (HTTP/1.1 200) 8 headers in 295 bytes (1 switches on core 0)
Jul 29 04:46:40.315735 n-d-851337-2 devstack@placement-api.service[111909]: DEBUG placement.requestlog [req-b456ee78-c6f4-4737-9553-b6f5033a4e5a req-577a8193-2402-4906-a1b1-ef228948d6ba None None] Starting request: 10.222.0.61 "GET /placement/allocation_candidates?limit=1000&resources=DISK_GB%3A1%2CMEMORY_MB%3A1024%2CVCPU%3A1&root_required=%21COMPUTE_STATUS_DISABLED" {{(pid=111909) __call__ /opt/stack/placement/placement/requestlog.py:55}}
Jul 29 04:46:40.355579 n-d-851337-2 devstack@placement-api.service[111909]: DEBUG placement.objects.research_context [req-b456ee78-c6f4-4737-9553-b6f5033a4e5a req-577a8193-2402-4906-a1b1-ef228948d6ba service placement] getting providers with 1 DISK_GB {{(pid=111909) __init__ /opt/stack/placement/placement/objects/research_context.py:136}}
Jul 29 04:46:40.362941 n-d-851337-2 devstack@placement-api.service[111909]: DEBUG placement.objects.research_context [req-b456ee78-c6f4-4737-9553-b6f5033a4e5a req-577a8193-2402-4906-a1b1-ef228948d6ba service placement] getting providers with 1024 MEMORY_MB {{(pid=111909) __init__ /opt/stack/placement/placement/objects/research_context.py:136}}
Jul 29 04:46:40.369549 n-d-851337-2 devstack@placement-api.service[111909]: DEBUG placement.objects.research_context [req-b456ee78-c6f4-4737-9553-b6f5033a4e5a req-577a8193-2402-4906-a1b1-ef228948d6ba service placement] getting providers with 1 VCPU {{(pid=111909) __init__ /opt/stack/placement/placement/objects/research_context.py:136}}
Jul 29 04:46:40.374716 n-d-851337-2 devstack@placement-api.service[111909]: DEBUG placement.objects.research_context [req-b456ee78-c6f4-4737-9553-b6f5033a4e5a req-577a8193-2402-4906-a1b1-ef228948d6ba service placement] found 2 providers with available 1 DISK_GB {{(pid=111909) get_provider_ids_matching /opt/stack/placement/placement/objects/research_context.py:563}}
Jul 29 04:46:40.375212 n-d-851337-2 devstack@placement-api.service[111909]: DEBUG placement.objects.research_context [req-b456ee78-c6f4-4737-9553-b6f5033a4e5a req-577a8193-2402-4906-a1b1-ef228948d6ba service placement] found 2 providers with available 1024 MEMORY_MB {{(pid=111909) get_provider_ids_matching /opt/stack/placement/placement/objects/research_context.py:563}}
Jul 29 04:46:40.375687 n-d-851337-2 devstack@placement-api.service[111909]: DEBUG placement.objects.research_context [req-b456ee78-c6f4-4737-9553-b6f5033a4e5a req-577a8193-2402-4906-a1b1-ef228948d6ba service placement] found 2 providers after filtering by previous result {{(pid=111909) get_provider_ids_matching /opt/stack/placement/placement/objects/research_context.py:594}}
Jul 29 04:46:40.375952 n-d-851337-2 devstack@placement-api.service[111909]: DEBUG placement.objects.research_context [req-b456ee78-c6f4-4737-9553-b6f5033a4e5a req-577a8193-2402-4906-a1b1-ef228948d6ba service placement] found 2 providers with available 1 VCPU {{(pid=111909) get_provider_ids_matching /opt/stack/placement/placement/objects/research_context.py:563}}
Jul 29 04:46:40.376216 n-d-851337-2 devstack@placement-api.service[111909]: DEBUG placement.objects.research_context [req-b456ee78-c6f4-4737-9553-b6f5033a4e5a req-577a8193-2402-4906-a1b1-ef228948d6ba service placement] found 2 providers after filtering by previous result {{(pid=111909) get_provider_ids_matching /opt/stack/placement/placement/objects/research_context.py:594}}
Jul 29 04:46:40.378544 n-d-851337-2 devstack@placement-api.service[111909]: DEBUG dbcounter [-] [111909] Writing DB stats placement:SELECT=83,placement:INSERT=6,placement:DELETE=5,placement:UPDATE=6 {{(pid=111909) stat_writer /usr/local/lib/python3.8/dist-packages/dbcounter.py:114}}
Jul 29 04:46:40.393412 n-d-851337-2 devstack@placement-api.service[111909]: DEBUG placement.objects.allocation_candidate [req-b456ee78-c6f4-4737-9553-b6f5033a4e5a req-577a8193-2402-4906-a1b1-ef228948d6ba service placement] RequestGroup(use_same_provider=False, resources={DISK_GB:1, MEMORY_MB:1024, VCPU:1}, traits=(), aggregates=[]) (suffix '') returned 2 matches {{(pid=111909) _get_by_requests /opt/stack/placement/placement/objects/allocation_candidate.py:156}}
Jul 29 04:46:40.393786 n-d-851337-2 devstack@placement-api.service[111909]: DEBUG placement.objects.allocation_candidate [req-b456ee78-c6f4-4737-9553-b6f5033a4e5a req-577a8193-2402-4906-a1b1-ef228948d6ba service placement] Merging candidates yields 2 allocation requests and 2 provider summaries {{(pid=111909) _merge_candidates /opt/stack/placement/placement/objects/allocation_candidate.py:809}}
Jul 29 04:46:40.395446 n-d-851337-2 devstack@placement-api.service[111909]: INFO placement.requestlog [req-b456ee78-c6f4-4737-9553-b6f5033a4e5a req-577a8193-2402-4906-a1b1-ef228948d6ba service placement] 10.222.0.61 "GET /placement/allocation_candidates?limit=1000&resources=DISK_GB%3A1%2CMEMORY_MB%3A1024%2CVCPU%3A1&root_required=%21COMPUTE_STATUS_DISABLED" status: 200 len: 1309 microversion: 1.36
Jul 29 04:46:40.396420 n-d-851337-2 devstack@placement-api.service[111909]: [pid: 111909|app: 0|req: 48/92] 10.222.0.61 () {60 vars in 1506 bytes} [Fri Jul 29 04:46:40 2022] GET /placement/allocation_candidates?limit=1000&resources=DISK_GB%3A1%2CMEMORY_MB%3A1024%2CVCPU%3A1&root_required=%21COMPUTE_STATUS_DISABLED => generated 1309 bytes in 81 msecs (HTTP/1.1 200) 8 headers in 297 bytes (1 switches on core 0)
Jul 29 04:46:40.472215 n-d-851337-2 devstack@placement-api.service[111908]: DEBUG placement.requestlog [req-b456ee78-c6f4-4737-9553-b6f5033a4e5a req-af96e1a0-3da9-4d3b-a3f8-93c1779f5def None None] Starting request: 10.222.0.61 "GET /placement/allocations/3f0e04d4-afa4-4f3e-98b9-b075a4fc6678" {{(pid=111908) __call__ /opt/stack/placement/placement/requestlog.py:55}}
Jul 29 04:46:40.486065 n-d-851337-2 devstack@placement-api.service[111908]: INFO placement.requestlog [req-b456ee78-c6f4-4737-9553-b6f5033a4e5a req-af96e1a0-3da9-4d3b-a3f8-93c1779f5def service placement] 10.222.0.61 "GET /placement/allocations/3f0e04d4-afa4-4f3e-98b9-b075a4fc6678" status: 200 len: 19 microversion: 1.28
Jul 29 04:46:40.486420 n-d-851337-2 devstack@placement-api.service[111908]: [pid: 111908|app: 0|req: 45/93] 10.222.0.61 () {60 vars in 1380 bytes} [Fri Jul 29 04:46:40 2022] GET /placement/allocations/3f0e04d4-afa4-4f3e-98b9-b075a4fc6678 => generated 19 bytes in 15 msecs (HTTP/1.1 200) 8 headers in 295 bytes (1 switches on core 0)
Jul 29 04:46:40.492894 n-d-851337-2 devstack@placement-api.service[111909]: DEBUG placement.requestlog [req-b456ee78-c6f4-4737-9553-b6f5033a4e5a req-767d62b3-1bea-45c6-b7f1-10bf1116f823 None None] Starting request: 10.222.0.61 "PUT /placement/allocations/3f0e04d4-afa4-4f3e-98b9-b075a4fc6678" {{(pid=111909) __call__ /opt/stack/placement/placement/requestlog.py:55}}
Jul 29 04:46:40.589283 n-d-851337-2 devstack@placement-api.service[111909]: DEBUG placement.handlers.allocation [req-b456ee78-c6f4-4737-9553-b6f5033a4e5a req-767d62b3-1bea-45c6-b7f1-10bf1116f823 service placement] Successfully wrote allocations [, , ] {{(pid=111909) _update_consumers_and_create_allocations /opt/stack/placement/placement/handlers/allocation.py:462}}
Jul 29 04:46:40.593115 n-d-851337-2 devstack@placement-api.service[111909]: INFO placement.requestlog [req-b456ee78-c6f4-4737-9553-b6f5033a4e5a req-767d62b3-1bea-45c6-b7f1-10bf1116f823 service placement] 10.222.0.61 "PUT /placement/allocations/3f0e04d4-afa4-4f3e-98b9-b075a4fc6678" status: 204 len: 0 microversion: 1.36
Jul 29 04:46:40.593926 n-d-851337-2 devstack@placement-api.service[111909]: [pid: 111909|app: 0|req: 49/94] 10.222.0.61 () {64 vars in 1433 bytes} [Fri Jul 29 04:46:40 2022] PUT /placement/allocations/3f0e04d4-afa4-4f3e-98b9-b075a4fc6678 => generated 0 bytes in 101 msecs (HTTP/1.1 204) 5 headers in 199 bytes (1 switches on core 0)
Jul 29 04:46:40.988745 n-d-851337-2 devstack@placement-api.service[111908]: DEBUG placement.requestlog [req-b456ee78-c6f4-4737-9553-b6f5033a4e5a req-1ff0cb06-e408-4e91-b9dd-f4e39cc74850 None None] Starting request: 10.222.0.48 "GET /placement/allocations/3f0e04d4-afa4-4f3e-98b9-b075a4fc6678" {{(pid=111908) __call__ /opt/stack/placement/placement/requestlog.py:55}}
Jul 29 04:46:41.007696 n-d-851337-2 devstack@placement-api.service[111908]: INFO placement.requestlog [req-b456ee78-c6f4-4737-9553-b6f5033a4e5a req-1ff0cb06-e408-4e91-b9dd-f4e39cc74850 service placement] 10.222.0.48 "GET /placement/allocations/3f0e04d4-afa4-4f3e-98b9-b075a4fc6678" status: 200 len: 258 microversion: 1.28
Jul 29 04:46:41.008142 n-d-851337-2 devstack@placement-api.service[111908]: [pid: 111908|app: 0|req: 46/95] 10.222.0.48 () {60 vars in 1377 bytes} [Fri Jul 29 04:46:40 2022] GET /placement/allocations/3f0e04d4-afa4-4f3e-98b9-b075a4fc6678 => generated 258 bytes in 20 msecs (HTTP/1.1 200) 8 headers in 296 bytes (1 switches on core 0)
Jul 29 04:46:41.082099 n-d-851337-2 devstack@placement-api.service[111909]: DEBUG placement.requestlog [req-52807799-2f0a-4529-af40-ee2918ff9be5 req-cd77e357-74ab-4d52-b958-059f32772621 None None] Starting request: 10.222.0.61 "GET /placement/allocation_candidates?limit=1000&resources=DISK_GB%3A1%2CMEMORY_MB%3A1024%2CVCPU%3A1&root_required=%21COMPUTE_STATUS_DISABLED" {{(pid=111909) __call__ /opt/stack/placement/placement/requestlog.py:55}}
Jul 29 04:46:41.153746 n-d-851337-2 devstack@placement-api.service[111909]: DEBUG placement.objects.research_context [req-52807799-2f0a-4529-af40-ee2918ff9be5 req-cd77e357-74ab-4d52-b958-059f32772621 service placement] getting providers with 1 DISK_GB {{(pid=111909) __init__ /opt/stack/placement/placement/objects/research_context.py:136}}
Jul 29 04:46:41.169684 n-d-851337-2 devstack@placement-api.service[111909]: DEBUG placement.objects.research_context [req-52807799-2f0a-4529-af40-ee2918ff9be5 req-cd77e357-74ab-4d52-b958-059f32772621 service placement] getting providers with 1024 MEMORY_MB {{(pid=111909) __init__ /opt/stack/placement/placement/objects/research_context.py:136}}
Jul 29 04:46:41.177515 n-d-851337-2 devstack@placement-api.service[111909]: DEBUG placement.objects.research_context [req-52807799-2f0a-4529-af40-ee2918ff9be5 req-cd77e357-74ab-4d52-b958-059f32772621 service placement] getting providers with 1 VCPU {{(pid=111909) __init__ /opt/stack/placement/placement/objects/research_context.py:136}}
Jul 29 04:46:41.186423 n-d-851337-2 devstack@placement-api.service[111909]: DEBUG placement.objects.research_context [req-52807799-2f0a-4529-af40-ee2918ff9be5 req-cd77e357-74ab-4d52-b958-059f32772621 service placement] found 2 providers with available 1 DISK_GB {{(pid=111909) get_provider_ids_matching /opt/stack/placement/placement/objects/research_context.py:563}}
Jul 29 04:46:41.186851 n-d-851337-2 devstack@placement-api.service[111909]: DEBUG placement.objects.research_context [req-52807799-2f0a-4529-af40-ee2918ff9be5 req-cd77e357-74ab-4d52-b958-059f32772621 service placement] found 2 providers with available 1024 MEMORY_MB {{(pid=111909) get_provider_ids_matching /opt/stack/placement/placement/objects/research_context.py:563}}
Jul 29 04:46:41.187321 n-d-851337-2 devstack@placement-api.service[111909]: DEBUG placement.objects.research_context [req-52807799-2f0a-4529-af40-ee2918ff9be5 req-cd77e357-74ab-4d52-b958-059f32772621 service placement] found 2 providers after filtering by previous result {{(pid=111909) get_provider_ids_matching /opt/stack/placement/placement/objects/research_context.py:594}}
Jul 29 04:46:41.187675 n-d-851337-2 devstack@placement-api.service[111909]: DEBUG placement.objects.research_context [req-52807799-2f0a-4529-af40-ee2918ff9be5 req-cd77e357-74ab-4d52-b958-059f32772621 service placement] found 2 providers with available 1 VCPU {{(pid=111909) get_provider_ids_matching /opt/stack/placement/placement/objects/research_context.py:563}}
Jul 29 04:46:41.187988 n-d-851337-2 devstack@placement-api.service[111909]: DEBUG placement.objects.research_context [req-52807799-2f0a-4529-af40-ee2918ff9be5 req-cd77e357-74ab-4d52-b958-059f32772621 service placement] found 2 providers after filtering by previous result {{(pid=111909) get_provider_ids_matching /opt/stack/placement/placement/objects/research_context.py:594}}
Jul 29 04:46:41.213654 n-d-851337-2 devstack@placement-api.service[111909]: DEBUG placement.objects.allocation_candidate [req-52807799-2f0a-4529-af40-ee2918ff9be5 req-cd77e357-74ab-4d52-b958-059f32772621 service placement] RequestGroup(use_same_provider=False, resources={DISK_GB:1, MEMORY_MB:1024, VCPU:1}, traits=(), aggregates=[]) (suffix '') returned 2 matches {{(pid=111909) _get_by_requests /opt/stack/placement/placement/objects/allocation_candidate.py:156}}
Jul 29 04:46:41.214538 n-d-851337-2 devstack@placement-api.service[111909]: DEBUG placement.objects.allocation_candidate [req-52807799-2f0a-4529-af40-ee2918ff9be5 req-cd77e357-74ab-4d52-b958-059f32772621 service placement] Merging candidates yields 2 allocation requests and 2 provider summaries {{(pid=111909) _merge_candidates /opt/stack/placement/placement/objects/allocation_candidate.py:809}}
Jul 29 04:46:41.225178 n-d-851337-2 devstack@placement-api.service[111909]: INFO placement.requestlog [req-52807799-2f0a-4529-af40-ee2918ff9be5 req-cd77e357-74ab-4d52-b958-059f32772621 service placement] 10.222.0.61 "GET /placement/allocation_candidates?limit=1000&resources=DISK_GB%3A1%2CMEMORY_MB%3A1024%2CVCPU%3A1&root_required=%21COMPUTE_STATUS_DISABLED" status: 200 len: 1309 microversion: 1.36
Jul 29 04:46:41.226117 n-d-851337-2 devstack@placement-api.service[111909]: [pid: 111909|app: 0|req: 50/96] 10.222.0.61 () {60 vars in 1506 bytes} [Fri Jul 29 04:46:41 2022] GET /placement/allocation_candidates?limit=1000&resources=DISK_GB%3A1%2CMEMORY_MB%3A1024%2CVCPU%3A1&root_required=%21COMPUTE_STATUS_DISABLED => generated 1309 bytes in 144 msecs (HTTP/1.1 200) 8 headers in 297 bytes (1 switches on core 0)
Jul 29 04:46:41.301218 n-d-851337-2 devstack@placement-api.service[111908]: DEBUG placement.requestlog [req-52807799-2f0a-4529-af40-ee2918ff9be5 req-f88e3b25-eaaa-4470-a480-a3ea72b5838a None None] Starting request: 10.222.0.61 "GET /placement/allocations/74960e0f-456d-4fab-8689-9f977b53e2fe" {{(pid=111908) __call__ /opt/stack/placement/placement/requestlog.py:55}}
Jul 29 04:46:41.386047 n-d-851337-2 devstack@placement-api.service[111908]: INFO placement.requestlog [req-52807799-2f0a-4529-af40-ee2918ff9be5 req-f88e3b25-eaaa-4470-a480-a3ea72b5838a service placement] 10.222.0.61 "GET /placement/allocations/74960e0f-456d-4fab-8689-9f977b53e2fe" status: 200 len: 19 microversion: 1.28
Jul 29 04:46:41.392030 n-d-851337-2 devstack@placement-api.service[111908]: [pid: 111908|app: 0|req: 47/97] 10.222.0.61 () {60 vars in 1380 bytes} [Fri Jul 29 04:46:41 2022] GET /placement/allocations/74960e0f-456d-4fab-8689-9f977b53e2fe => generated 19 bytes in 91 msecs (HTTP/1.1 200) 8 headers in 295 bytes (1 switches on core 0)
Jul 29 04:46:41.392814 n-d-851337-2 devstack@placement-api.service[111909]: DEBUG placement.requestlog [req-52807799-2f0a-4529-af40-ee2918ff9be5 req-d37a4ec8-3104-4c32-a199-7a3d1ebe98bc None None] Starting request: 10.222.0.61 "PUT /placement/allocations/74960e0f-456d-4fab-8689-9f977b53e2fe" {{(pid=111909) __call__ /opt/stack/placement/placement/requestlog.py:55}}
Jul 29 04:46:41.462961 n-d-851337-2 devstack@placement-api.service[111909]: DEBUG placement.handlers.allocation [req-52807799-2f0a-4529-af40-ee2918ff9be5 req-d37a4ec8-3104-4c32-a199-7a3d1ebe98bc service placement] Successfully wrote allocations [, , ] {{(pid=111909) _update_consumers_and_create_allocations /opt/stack/placement/placement/handlers/allocation.py:462}}
Jul 29 04:46:41.471471 n-d-851337-2 devstack@placement-api.service[111909]: INFO placement.requestlog [req-52807799-2f0a-4529-af40-ee2918ff9be5 req-d37a4ec8-3104-4c32-a199-7a3d1ebe98bc service placement] 10.222.0.61 "PUT /placement/allocations/74960e0f-456d-4fab-8689-9f977b53e2fe" status: 204 len: 0 microversion: 1.36
Jul 29 04:46:41.472152 n-d-851337-2 devstack@placement-api.service[111909]: [pid: 111909|app: 0|req: 51/98] 10.222.0.61 () {64 vars in 1433 bytes} [Fri Jul 29 04:46:41 2022] PUT /placement/allocations/74960e0f-456d-4fab-8689-9f977b53e2fe => generated 0 bytes in 80 msecs (HTTP/1.1 204) 5 headers in 199 bytes (2 switches on core 0)
Jul 29 04:46:41.891280 n-d-851337-2 devstack@placement-api.service[111908]: DEBUG placement.requestlog [req-52807799-2f0a-4529-af40-ee2918ff9be5 req-f03287ff-6dbc-4464-bdc9-4eac6d88378c None None] Starting request: 10.222.0.48 "GET /placement/allocations/74960e0f-456d-4fab-8689-9f977b53e2fe" {{(pid=111908) __call__ /opt/stack/placement/placement/requestlog.py:55}}
Jul 29 04:46:41.911605 n-d-851337-2 devstack@placement-api.service[111908]: INFO placement.requestlog [req-52807799-2f0a-4529-af40-ee2918ff9be5 req-f03287ff-6dbc-4464-bdc9-4eac6d88378c service placement] 10.222.0.48 "GET /placement/allocations/74960e0f-456d-4fab-8689-9f977b53e2fe" status: 200 len: 258 microversion: 1.28
Jul 29 04:46:41.912602 n-d-851337-2 devstack@placement-api.service[111908]: [pid: 111908|app: 0|req: 48/99] 10.222.0.48 () {60 vars in 1377 bytes} [Fri Jul 29 04:46:41 2022] GET /placement/allocations/74960e0f-456d-4fab-8689-9f977b53e2fe => generated 258 bytes in 22 msecs (HTTP/1.1 200) 8 headers in 296 bytes (1 switches on core 0)
Jul 29 04:46:43.345894 n-d-851337-2 devstack@placement-api.service[111909]: DEBUG placement.requestlog [None req-eda28718-2004-4ce1-abce-fa95075afa65 None None] Starting request: 10.222.0.61 "GET /placement/" {{(pid=111909) __call__ /opt/stack/placement/placement/requestlog.py:55}}
Jul 29 04:46:43.347050 n-d-851337-2 devstack@placement-api.service[111909]: INFO placement.requestlog [None req-eda28718-2004-4ce1-abce-fa95075afa65 None None] 10.222.0.61 "GET /placement/" status: 200 len: 136 microversion: 1.0
Jul 29 04:46:43.347368 n-d-851337-2 devstack@placement-api.service[111909]: [pid: 111909|app: 0|req: 52/100] 10.222.0.61 () {54 vars in 916 bytes} [Fri Jul 29 04:46:43 2022] GET /placement => generated 136 bytes in 2 msecs (HTTP/1.1 200) 6 headers in 224 bytes (1 switches on core 0)
Jul 29 04:46:43.360521 n-d-851337-2 devstack@placement-api.service[111908]: DEBUG placement.requestlog [req-e7407519-806d-4b87-b654-54fc9245ee6a req-018cc37a-34d6-49ed-ba75-1c638a3646b4 None None] Starting request: 10.222.0.61 "GET /placement/allocations/b3acd03b-cf35-4e62-ab6c-70e21742e43e" {{(pid=111908) __call__ /opt/stack/placement/placement/requestlog.py:55}}
Jul 29 04:46:43.432074 n-d-851337-2 devstack@placement-api.service[111908]: INFO placement.requestlog [req-e7407519-806d-4b87-b654-54fc9245ee6a req-018cc37a-34d6-49ed-ba75-1c638a3646b4 service placement] 10.222.0.61 "GET /placement/allocations/b3acd03b-cf35-4e62-ab6c-70e21742e43e" status: 200 len: 259 microversion: 1.28
Jul 29 04:46:43.432557 n-d-851337-2 devstack@placement-api.service[111908]: [pid: 111908|app: 0|req: 49/101] 10.222.0.61 () {60 vars in 1380 bytes} [Fri Jul 29 04:46:43 2022] GET /placement/allocations/b3acd03b-cf35-4e62-ab6c-70e21742e43e => generated 259 bytes in 72 msecs (HTTP/1.1 200) 8 headers in 296 bytes (1 switches on core 0)
Jul 29 04:46:43.439719 n-d-851337-2 devstack@placement-api.service[111909]: DEBUG placement.requestlog [req-e7407519-806d-4b87-b654-54fc9245ee6a req-03df2744-cad1-4d21-9ac1-942c2710a9de None None] Starting request: 10.222.0.61 "GET /placement/allocations/b3acd03b-cf35-4e62-ab6c-70e21742e43e" {{(pid=111909) __call__ /opt/stack/placement/placement/requestlog.py:55}}
Jul 29 04:46:43.454857 n-d-851337-2 devstack@placement-api.service[111909]: INFO placement.requestlog [req-e7407519-806d-4b87-b654-54fc9245ee6a req-03df2744-cad1-4d21-9ac1-942c2710a9de service placement] 10.222.0.61 "GET /placement/allocations/b3acd03b-cf35-4e62-ab6c-70e21742e43e" status: 200 len: 259 microversion: 1.28
Jul 29 04:46:43.455212 n-d-851337-2 devstack@placement-api.service[111909]: [pid: 111909|app: 0|req: 53/102] 10.222.0.61 () {60 vars in 1380 bytes} [Fri Jul 29 04:46:43 2022] GET /placement/allocations/b3acd03b-cf35-4e62-ab6c-70e21742e43e => generated 259 bytes in 16 msecs (HTTP/1.1 200) 8 headers in 296 bytes (1 switches on core 0)
Jul 29 04:46:43.460998 n-d-851337-2 devstack@placement-api.service[111908]: DEBUG placement.requestlog [req-e7407519-806d-4b87-b654-54fc9245ee6a req-42fdcaf5-827c-4e43-8581-a3adecd8cd79 None None] Starting request: 10.222.0.61 "GET /placement/allocations/7d0a7c34-342d-4e87-ad1c-c9d270ef01d1" {{(pid=111908) __call__ /opt/stack/placement/placement/requestlog.py:55}}
Jul 29 04:46:43.473981 n-d-851337-2 devstack@placement-api.service[111908]: INFO placement.requestlog [req-e7407519-806d-4b87-b654-54fc9245ee6a req-42fdcaf5-827c-4e43-8581-a3adecd8cd79 service placement] 10.222.0.61 "GET /placement/allocations/7d0a7c34-342d-4e87-ad1c-c9d270ef01d1" status: 200 len: 19 microversion: 1.28
Jul 29 04:46:43.474339 n-d-851337-2 devstack@placement-api.service[111908]: [pid: 111908|app: 0|req: 50/103] 10.222.0.61 () {60 vars in 1380 bytes} [Fri Jul 29 04:46:43 2022] GET /placement/allocations/7d0a7c34-342d-4e87-ad1c-c9d270ef01d1 => generated 19 bytes in 14 msecs (HTTP/1.1 200) 8 headers in 295 bytes (1 switches on core 0)
Jul 29 04:46:43.480423 n-d-851337-2 devstack@placement-api.service[111909]: DEBUG placement.requestlog [req-e7407519-806d-4b87-b654-54fc9245ee6a req-3c65aed1-fd36-47fc-b79b-0c2235eab439 None None] Starting request: 10.222.0.61 "POST /placement/allocations" {{(pid=111909) __call__ /opt/stack/placement/placement/requestlog.py:55}}
Jul 29 04:46:43.581289 n-d-851337-2 devstack@placement-api.service[111909]: DEBUG placement.handlers.allocation [req-e7407519-806d-4b87-b654-54fc9245ee6a req-3c65aed1-fd36-47fc-b79b-0c2235eab439 service placement] Successfully wrote allocations [, , , , , ] {{(pid=111909) _update_consumers_and_create_allocations /opt/stack/placement/placement/handlers/allocation.py:572}}
Jul 29 04:46:43.585986 n-d-851337-2 devstack@placement-api.service[111909]: INFO placement.requestlog [req-e7407519-806d-4b87-b654-54fc9245ee6a req-3c65aed1-fd36-47fc-b79b-0c2235eab439 service placement] 10.222.0.61 "POST /placement/allocations" status: 204 len: 0 microversion: 1.28
Jul 29 04:46:43.586408 n-d-851337-2 devstack@placement-api.service[111909]: [pid: 111909|app: 0|req: 54/104] 10.222.0.61 () {64 vars in 1323 bytes} [Fri Jul 29 04:46:43 2022] POST /placement/allocations => generated 0 bytes in 106 msecs (HTTP/1.1 204) 5 headers in 199 bytes (2 switches on core 0)
Jul 29 04:46:43.628299 n-d-851337-2 devstack@placement-api.service[111908]: DEBUG placement.requestlog [req-e7407519-806d-4b87-b654-54fc9245ee6a req-4962a2c4-6984-45da-8065-d071f230c859 None None] Starting request: 10.222.0.61 "GET /placement/allocations/b3acd03b-cf35-4e62-ab6c-70e21742e43e" {{(pid=111908) __call__ /opt/stack/placement/placement/requestlog.py:55}}
Jul 29 04:46:43.694436 n-d-851337-2 devstack@placement-api.service[111908]: INFO placement.requestlog [req-e7407519-806d-4b87-b654-54fc9245ee6a req-4962a2c4-6984-45da-8065-d071f230c859 service placement] 10.222.0.61 "GET /placement/allocations/b3acd03b-cf35-4e62-ab6c-70e21742e43e" status: 200 len: 19 microversion: 1.28
Jul 29 04:46:43.695109 n-d-851337-2 devstack@placement-api.service[111908]: [pid: 111908|app: 0|req: 51/105] 10.222.0.61 () {60 vars in 1380 bytes} [Fri Jul 29 04:46:43 2022] GET /placement/allocations/b3acd03b-cf35-4e62-ab6c-70e21742e43e => generated 19 bytes in 67 msecs (HTTP/1.1 200) 8 headers in 295 bytes (1 switches on core 0)
Jul 29 04:46:43.700812 n-d-851337-2 devstack@placement-api.service[111909]: DEBUG placement.requestlog [req-e7407519-806d-4b87-b654-54fc9245ee6a req-184570bf-a594-4d5c-844f-670e26f3a43d None None] Starting request: 10.222.0.61 "PUT /placement/allocations/b3acd03b-cf35-4e62-ab6c-70e21742e43e" {{(pid=111909) __call__ /opt/stack/placement/placement/requestlog.py:55}}
Jul 29 04:46:43.724927 n-d-851337-2 devstack@placement-api.service[111909]: DEBUG dbcounter [-] [111909] Writing DB stats placement:SELECT=72,placement:INSERT=14,placement:DELETE=7,placement:UPDATE=7 {{(pid=111909) stat_writer /usr/local/lib/python3.8/dist-packages/dbcounter.py:114}}
Jul 29 04:46:43.849954 n-d-851337-2 devstack@placement-api.service[111909]: DEBUG placement.handlers.allocation [req-e7407519-806d-4b87-b654-54fc9245ee6a req-184570bf-a594-4d5c-844f-670e26f3a43d service placement] Successfully wrote allocations [, , ] {{(pid=111909) _update_consumers_and_create_allocations /opt/stack/placement/placement/handlers/allocation.py:462}}
Jul 29 04:46:43.853741 n-d-851337-2 devstack@placement-api.service[111909]: INFO placement.requestlog [req-e7407519-806d-4b87-b654-54fc9245ee6a req-184570bf-a594-4d5c-844f-670e26f3a43d service placement] 10.222.0.61 "PUT /placement/allocations/b3acd03b-cf35-4e62-ab6c-70e21742e43e" status: 204 len: 0 microversion: 1.28
Jul 29 04:46:43.854155 n-d-851337-2 devstack@placement-api.service[111909]: [pid: 111909|app: 0|req: 55/106] 10.222.0.61 () {64 vars in 1433 bytes} [Fri Jul 29 04:46:43 2022] PUT /placement/allocations/b3acd03b-cf35-4e62-ab6c-70e21742e43e => generated 0 bytes in 154 msecs (HTTP/1.1 204) 5 headers in 199 bytes (1 switches on core 0)
Jul 29 04:46:44.226148 n-d-851337-2 devstack@placement-api.service[111908]: DEBUG placement.requestlog [req-e7407519-806d-4b87-b654-54fc9245ee6a req-41be0723-155e-4c48-bb77-457809c6778e None None] Starting request: 10.222.0.48 "GET /placement/allocations/b3acd03b-cf35-4e62-ab6c-70e21742e43e" {{(pid=111908) __call__ /opt/stack/placement/placement/requestlog.py:55}}
Jul 29 04:46:44.237409 n-d-851337-2 devstack@placement-api.service[111908]: DEBUG dbcounter [-] [111908] Writing DB stats placement:SELECT=87,placement:DELETE=2,placement:UPDATE=5,placement:INSERT=6 {{(pid=111908) stat_writer /usr/local/lib/python3.8/dist-packages/dbcounter.py:114}}
Jul 29 04:46:44.253558 n-d-851337-2 devstack@placement-api.service[111908]: INFO placement.requestlog [req-e7407519-806d-4b87-b654-54fc9245ee6a req-41be0723-155e-4c48-bb77-457809c6778e service placement] 10.222.0.48 "GET /placement/allocations/b3acd03b-cf35-4e62-ab6c-70e21742e43e" status: 200 len: 258 microversion: 1.28
Jul 29 04:46:44.254278 n-d-851337-2 devstack@placement-api.service[111908]: [pid: 111908|app: 0|req: 52/107] 10.222.0.48 () {60 vars in 1377 bytes} [Fri Jul 29 04:46:44 2022] GET /placement/allocations/b3acd03b-cf35-4e62-ab6c-70e21742e43e => generated 258 bytes in 28 msecs (HTTP/1.1 200) 8 headers in 296 bytes (1 switches on core 0)
Jul 29 04:46:46.748910 n-d-851337-2 devstack@placement-api.service[111909]: DEBUG placement.requestlog [req-01275bda-0ea3-4230-ac02-a7d3366e1cca req-1ca97f79-86d4-444d-b09b-684f53c0c893 None None] Starting request: 10.222.0.57 "DELETE /placement/allocations/2b16b490-8ee0-4bde-ac63-2e87a1a1e555" {{(pid=111909) __call__ /opt/stack/placement/placement/requestlog.py:55}}
Jul 29 04:46:46.838459 n-d-851337-2 devstack@placement-api.service[111909]: DEBUG placement.handlers.allocation [req-01275bda-0ea3-4230-ac02-a7d3366e1cca req-1ca97f79-86d4-444d-b09b-684f53c0c893 service placement] Successfully deleted allocations [, , ] {{(pid=111909) delete_allocations /opt/stack/placement/placement/handlers/allocation.py:627}}
Jul 29 04:46:46.839265 n-d-851337-2 devstack@placement-api.service[111909]: INFO placement.requestlog [req-01275bda-0ea3-4230-ac02-a7d3366e1cca req-1ca97f79-86d4-444d-b09b-684f53c0c893 service placement] 10.222.0.57 "DELETE /placement/allocations/2b16b490-8ee0-4bde-ac63-2e87a1a1e555" status: 204 len: 0 microversion: 1.0
Jul 29 04:46:46.840078 n-d-851337-2 devstack@placement-api.service[111909]: [pid: 111909|app: 0|req: 56/108] 10.222.0.57 () {60 vars in 1355 bytes} [Fri Jul 29 04:46:46 2022] DELETE /placement/allocations/2b16b490-8ee0-4bde-ac63-2e87a1a1e555 => generated 0 bytes in 92 msecs (HTTP/1.1 204) 5 headers in 198 bytes (1 switches on core 0)
Jul 29 04:46:46.859363 n-d-851337-2 devstack@placement-api.service[111908]: DEBUG placement.requestlog [req-c3a79edb-5b69-4cf0-9a18-04dc971368b2 req-1bca94a8-5499-4006-970c-fe4c9695fcbf None None] Starting request: 10.222.0.48 "DELETE /placement/allocations/a40b345b-a29d-4635-9d39-3d177cde2f1a" {{(pid=111908) __call__ /opt/stack/placement/placement/requestlog.py:55}}
Jul 29 04:46:46.957397 n-d-851337-2 devstack@placement-api.service[111908]: DEBUG placement.handlers.allocation [req-c3a79edb-5b69-4cf0-9a18-04dc971368b2 req-1bca94a8-5499-4006-970c-fe4c9695fcbf service placement] Successfully deleted allocations [, , ] {{(pid=111908) delete_allocations /opt/stack/placement/placement/handlers/allocation.py:627}}
Jul 29 04:46:46.957906 n-d-851337-2 devstack@placement-api.service[111908]: INFO placement.requestlog [req-c3a79edb-5b69-4cf0-9a18-04dc971368b2 req-1bca94a8-5499-4006-970c-fe4c9695fcbf service placement] 10.222.0.48 "DELETE /placement/allocations/a40b345b-a29d-4635-9d39-3d177cde2f1a" status: 204 len: 0 microversion: 1.0
Jul 29 04:46:46.959188 n-d-851337-2 devstack@placement-api.service[111908]: [pid: 111908|app: 0|req: 53/109] 10.222.0.48 () {60 vars in 1355 bytes} [Fri Jul 29 04:46:46 2022] DELETE /placement/allocations/a40b345b-a29d-4635-9d39-3d177cde2f1a => generated 0 bytes in 100 msecs (HTTP/1.1 204) 5 headers in 198 bytes (1 switches on core 0)
Jul 29 04:46:47.901329 n-d-851337-2 devstack@placement-api.service[111909]: DEBUG placement.requestlog [req-f642dc91-508e-4e5f-82c1-d47ee2a6ac80 req-be9af6c5-da1e-42e3-899b-1bc2199e367c None None] Starting request: 10.222.0.61 "GET /placement/resource_providers?name=n-h1-851337-2" {{(pid=111909) __call__ /opt/stack/placement/placement/requestlog.py:55}}
Jul 29 04:46:47.918378 n-d-851337-2 devstack@placement-api.service[111909]: INFO placement.requestlog [req-f642dc91-508e-4e5f-82c1-d47ee2a6ac80 req-be9af6c5-da1e-42e3-899b-1bc2199e367c service placement] 10.222.0.61 "GET /placement/resource_providers?name=n-h1-851337-2" status: 200 len: 441 microversion: 1.0
Jul 29 04:46:47.919196 n-d-851337-2 devstack@placement-api.service[111909]: [pid: 111909|app: 0|req: 57/110] 10.222.0.61 () {58 vars in 1274 bytes} [Fri Jul 29 04:46:47 2022] GET /placement/resource_providers?name=n-h1-851337-2 => generated 441 bytes in 18 msecs (HTTP/1.1 200) 6 headers in 224 bytes (1 switches on core 0)
Jul 29 04:46:47.926755 n-d-851337-2 devstack@placement-api.service[111908]: DEBUG placement.requestlog [req-f642dc91-508e-4e5f-82c1-d47ee2a6ac80 req-40009173-cb18-4c40-aece-f52efa21c2fb None None] Starting request: 10.222.0.61 "GET /placement/resource_providers/9702f852-3501-4048-aa4b-2dde60276602/aggregates" {{(pid=111908) __call__ /opt/stack/placement/placement/requestlog.py:55}}
Jul 29 04:46:47.945753 n-d-851337-2 devstack@placement-api.service[111908]: INFO placement.requestlog [req-f642dc91-508e-4e5f-82c1-d47ee2a6ac80 req-40009173-cb18-4c40-aece-f52efa21c2fb service placement] 10.222.0.61 "GET /placement/resource_providers/9702f852-3501-4048-aa4b-2dde60276602/aggregates" status: 200 len: 54 microversion: 1.19
Jul 29 04:46:47.946226 n-d-851337-2 devstack@placement-api.service[111908]: [pid: 111908|app: 0|req: 54/111] 10.222.0.61 () {60 vars in 1425 bytes} [Fri Jul 29 04:46:47 2022] GET /placement/resource_providers/9702f852-3501-4048-aa4b-2dde60276602/aggregates => generated 54 bytes in 20 msecs (HTTP/1.1 200) 8 headers in 295 bytes (2 switches on core 0)
Jul 29 04:46:47.953366 n-d-851337-2 devstack@placement-api.service[111909]: DEBUG placement.requestlog [req-f642dc91-508e-4e5f-82c1-d47ee2a6ac80 req-7c103c4b-5a05-4357-9385-16c0aaa6ef3a None None] Starting request: 10.222.0.61 "PUT /placement/resource_providers/9702f852-3501-4048-aa4b-2dde60276602/aggregates" {{(pid=111909) __call__ /opt/stack/placement/placement/requestlog.py:55}}
Jul 29 04:46:47.976246 n-d-851337-2 devstack@placement-api.service[111909]: DEBUG placement.objects.resource_provider [req-f642dc91-508e-4e5f-82c1-d47ee2a6ac80 req-7c103c4b-5a05-4357-9385-16c0aaa6ef3a service placement] _ensure_aggregate() did not find aggregate b1a3b661-9556-4839-bcea-d18e2daba332. Attempting to create it. {{(pid=111909) _ensure_aggregate /opt/stack/placement/placement/objects/resource_provider.py:321}}
Jul 29 04:46:47.977561 n-d-851337-2 devstack@placement-api.service[111909]: DEBUG placement.objects.resource_provider [req-f642dc91-508e-4e5f-82c1-d47ee2a6ac80 req-7c103c4b-5a05-4357-9385-16c0aaa6ef3a service placement] _ensure_aggregate() created new aggregate b1a3b661-9556-4839-bcea-d18e2daba332 (id=7). {{(pid=111909) _ensure_aggregate /opt/stack/placement/placement/objects/resource_provider.py:327}}
Jul 29 04:46:47.978835 n-d-851337-2 devstack@placement-api.service[111909]: DEBUG placement.objects.resource_provider [req-f642dc91-508e-4e5f-82c1-d47ee2a6ac80 req-7c103c4b-5a05-4357-9385-16c0aaa6ef3a service placement] Setting aggregates for provider 9702f852-3501-4048-aa4b-2dde60276602. Successfully associated aggregate b1a3b661-9556-4839-bcea-d18e2daba332. {{(pid=111909) _set_aggregates /opt/stack/placement/placement/objects/resource_provider.py:389}}
Jul 29 04:46:47.986183 n-d-851337-2 devstack@placement-api.service[111909]: INFO placement.requestlog [req-f642dc91-508e-4e5f-82c1-d47ee2a6ac80 req-7c103c4b-5a05-4357-9385-16c0aaa6ef3a service placement] 10.222.0.61 "PUT /placement/resource_providers/9702f852-3501-4048-aa4b-2dde60276602/aggregates" status: 200 len: 92 microversion: 1.19
Jul 29 04:46:47.987386 n-d-851337-2 devstack@placement-api.service[111909]: [pid: 111909|app: 0|req: 58/112] 10.222.0.61 () {64 vars in 1477 bytes} [Fri Jul 29 04:46:47 2022] PUT /placement/resource_providers/9702f852-3501-4048-aa4b-2dde60276602/aggregates => generated 92 bytes in 34 msecs (HTTP/1.1 200) 8 headers in 295 bytes (1 switches on core 0)
Jul 29 04:46:48.062258 n-d-851337-2 devstack@placement-api.service[111908]: DEBUG placement.requestlog [req-7441c4e0-912e-445b-aa7c-17b8eea0fef3 req-90d3ca7e-a05e-4035-9784-c4b841c4534f None None] Starting request: 10.222.0.61 "GET /placement/resource_providers?name=n-h1-851337-2" {{(pid=111908) __call__ /opt/stack/placement/placement/requestlog.py:55}}
Jul 29 04:46:48.077112 n-d-851337-2 devstack@placement-api.service[111908]: INFO placement.requestlog [req-7441c4e0-912e-445b-aa7c-17b8eea0fef3 req-90d3ca7e-a05e-4035-9784-c4b841c4534f service placement] 10.222.0.61 "GET /placement/resource_providers?name=n-h1-851337-2" status: 200 len: 441 microversion: 1.0
Jul 29 04:46:48.077702 n-d-851337-2 devstack@placement-api.service[111908]: [pid: 111908|app: 0|req: 55/113] 10.222.0.61 () {58 vars in 1274 bytes} [Fri Jul 29 04:46:48 2022] GET /placement/resource_providers?name=n-h1-851337-2 => generated 441 bytes in 16 msecs (HTTP/1.1 200) 6 headers in 224 bytes (1 switches on core 0)
Jul 29 04:46:48.084135 n-d-851337-2 devstack@placement-api.service[111909]: DEBUG placement.requestlog [req-7441c4e0-912e-445b-aa7c-17b8eea0fef3 req-c618c4af-6ce7-4eb1-a031-afc8ac33cb8f None None] Starting request: 10.222.0.61 "GET /placement/resource_providers/9702f852-3501-4048-aa4b-2dde60276602/aggregates" {{(pid=111909) __call__ /opt/stack/placement/placement/requestlog.py:55}}
Jul 29 04:46:48.098119 n-d-851337-2 devstack@placement-api.service[111909]: INFO placement.requestlog [req-7441c4e0-912e-445b-aa7c-17b8eea0fef3 req-c618c4af-6ce7-4eb1-a031-afc8ac33cb8f service placement] 10.222.0.61 "GET /placement/resource_providers/9702f852-3501-4048-aa4b-2dde60276602/aggregates" status: 200 len: 92 microversion: 1.19
Jul 29 04:46:48.098738 n-d-851337-2 devstack@placement-api.service[111909]: [pid: 111909|app: 0|req: 59/114] 10.222.0.61 () {60 vars in 1425 bytes} [Fri Jul 29 04:46:48 2022] GET /placement/resource_providers/9702f852-3501-4048-aa4b-2dde60276602/aggregates => generated 92 bytes in 15 msecs (HTTP/1.1 200) 8 headers in 295 bytes (1 switches on core 0)
Jul 29 04:46:48.105020 n-d-851337-2 devstack@placement-api.service[111908]: DEBUG placement.requestlog [req-7441c4e0-912e-445b-aa7c-17b8eea0fef3 req-d11a667e-8b71-4e06-b615-cdbf888fec7a None None] Starting request: 10.222.0.61 "PUT /placement/resource_providers/9702f852-3501-4048-aa4b-2dde60276602/aggregates" {{(pid=111908) __call__ /opt/stack/placement/placement/requestlog.py:55}}
Jul 29 04:46:48.125763 n-d-851337-2 devstack@placement-api.service[111908]: DEBUG placement.objects.resource_provider [req-7441c4e0-912e-445b-aa7c-17b8eea0fef3 req-d11a667e-8b71-4e06-b615-cdbf888fec7a service placement] Setting aggregates for provider 9702f852-3501-4048-aa4b-2dde60276602. Successfully disassociated aggregate b1a3b661-9556-4839-bcea-d18e2daba332. {{(pid=111908) _set_aggregates /opt/stack/placement/placement/objects/resource_provider.py:404}}
Jul 29 04:46:48.132113 n-d-851337-2 devstack@placement-api.service[111908]: INFO placement.requestlog [req-7441c4e0-912e-445b-aa7c-17b8eea0fef3 req-d11a667e-8b71-4e06-b615-cdbf888fec7a service placement] 10.222.0.61 "PUT /placement/resource_providers/9702f852-3501-4048-aa4b-2dde60276602/aggregates" status: 200 len: 54 microversion: 1.19
Jul 29 04:46:48.132467 n-d-851337-2 devstack@placement-api.service[111908]: [pid: 111908|app: 0|req: 56/115] 10.222.0.61 () {64 vars in 1477 bytes} [Fri Jul 29 04:46:48 2022] PUT /placement/resource_providers/9702f852-3501-4048-aa4b-2dde60276602/aggregates => generated 54 bytes in 28 msecs (HTTP/1.1 200) 8 headers in 295 bytes (2 switches on core 0)
Jul 29 04:46:55.207781 n-d-851337-2 devstack@placement-api.service[111909]: DEBUG placement.requestlog [req-0313d91d-8a2a-47cf-a2d0-705f0897f1d9 req-39a0093e-d8a8-4912-a316-c8b2d54d09fd None None] Starting request: 10.222.0.48 "DELETE /placement/allocations/74d5629b-9ce2-40dd-9f82-7a49d5cb8bda" {{(pid=111909) __call__ /opt/stack/placement/placement/requestlog.py:55}}
Jul 29 04:46:55.293949 n-d-851337-2 devstack@placement-api.service[111909]: DEBUG placement.handlers.allocation [req-0313d91d-8a2a-47cf-a2d0-705f0897f1d9 req-39a0093e-d8a8-4912-a316-c8b2d54d09fd service placement] Successfully deleted allocations [, , ] {{(pid=111909) delete_allocations /opt/stack/placement/placement/handlers/allocation.py:627}}
Jul 29 04:46:55.294699 n-d-851337-2 devstack@placement-api.service[111909]: INFO placement.requestlog [req-0313d91d-8a2a-47cf-a2d0-705f0897f1d9 req-39a0093e-d8a8-4912-a316-c8b2d54d09fd service placement] 10.222.0.48 "DELETE /placement/allocations/74d5629b-9ce2-40dd-9f82-7a49d5cb8bda" status: 204 len: 0 microversion: 1.0
Jul 29 04:46:55.296707 n-d-851337-2 devstack@placement-api.service[111909]: [pid: 111909|app: 0|req: 60/116] 10.222.0.48 () {60 vars in 1355 bytes} [Fri Jul 29 04:46:55 2022] DELETE /placement/allocations/74d5629b-9ce2-40dd-9f82-7a49d5cb8bda => generated 0 bytes in 89 msecs (HTTP/1.1 204) 5 headers in 198 bytes (1 switches on core 0)
Jul 29 04:46:55.931223 n-d-851337-2 devstack@placement-api.service[111908]: DEBUG placement.requestlog [None req-c1e2d93f-2d3a-4b1f-9187-46d136389eeb None None] Starting request: 10.222.0.61 "GET /placement/resource_providers/8ea67148-a73f-41d0-ad37-1fccec411f17/aggregates" {{(pid=111908) __call__ /opt/stack/placement/placement/requestlog.py:55}}
Jul 29 04:46:56.295410 n-d-851337-2 devstack@placement-api.service[111908]: INFO placement.requestlog [None req-c1e2d93f-2d3a-4b1f-9187-46d136389eeb service placement] 10.222.0.61 "GET /placement/resource_providers/8ea67148-a73f-41d0-ad37-1fccec411f17/aggregates" status: 404 len: 235 microversion: 1.1
Jul 29 04:46:56.296050 n-d-851337-2 devstack@placement-api.service[111908]: [pid: 111908|app: 0|req: 57/117] 10.222.0.61 () {58 vars in 1362 bytes} [Fri Jul 29 04:46:55 2022] GET /placement/resource_providers/8ea67148-a73f-41d0-ad37-1fccec411f17/aggregates => generated 235 bytes in 371 msecs (HTTP/1.1 404) 5 headers in 202 bytes (1 switches on core 0)
Jul 29 04:46:56.306369 n-d-851337-2 devstack@placement-api.service[111909]: DEBUG placement.requestlog [None req-77f5440a-85b8-4a70-8643-8e6d401f36c4 None None] Starting request: 10.222.0.61 "DELETE /placement/resource_providers/8ea67148-a73f-41d0-ad37-1fccec411f17" {{(pid=111909) __call__ /opt/stack/placement/placement/requestlog.py:55}}
Jul 29 04:46:56.320552 n-d-851337-2 devstack@placement-api.service[111909]: DEBUG placement.wsgi_wrapper [None req-77f5440a-85b8-4a70-8643-8e6d401f36c4 service placement] Placement API returning an error response: No resource provider with uuid 8ea67148-a73f-41d0-ad37-1fccec411f17 found for delete {{(pid=111909) call_func /opt/stack/placement/placement/wsgi_wrapper.py:31}}
Jul 29 04:46:56.321325 n-d-851337-2 devstack@placement-api.service[111909]: INFO placement.requestlog [None req-77f5440a-85b8-4a70-8643-8e6d401f36c4 service placement] 10.222.0.61 "DELETE /placement/resource_providers/8ea67148-a73f-41d0-ad37-1fccec411f17" status: 404 len: 246 microversion: 1.1
Jul 29 04:46:56.321697 n-d-851337-2 devstack@placement-api.service[111909]: [pid: 111909|app: 0|req: 61/118] 10.222.0.61 () {60 vars in 1351 bytes} [Fri Jul 29 04:46:56 2022] DELETE /placement/resource_providers/8ea67148-a73f-41d0-ad37-1fccec411f17 => generated 246 bytes in 16 msecs (HTTP/1.1 404) 6 headers in 231 bytes (1 switches on core 0)
Jul 29 04:47:03.648810 n-d-851337-2 devstack@placement-api.service[111908]: DEBUG placement.requestlog [req-3328666b-48ac-454c-8281-743a0a7a2557 req-e5c50d40-0e2a-47d7-92aa-84606fcaf007 None None] Starting request: 10.222.0.61 "GET /placement/allocation_candidates?limit=1000&resources=DISK_GB%3A1%2CMEMORY_MB%3A1024%2CVCPU%3A1&root_required=%21COMPUTE_STATUS_DISABLED" {{(pid=111908) __call__ /opt/stack/placement/placement/requestlog.py:55}}
Jul 29 04:47:03.727545 n-d-851337-2 devstack@placement-api.service[111908]: DEBUG placement.objects.research_context [req-3328666b-48ac-454c-8281-743a0a7a2557 req-e5c50d40-0e2a-47d7-92aa-84606fcaf007 service placement] getting providers with 1 DISK_GB {{(pid=111908) __init__ /opt/stack/placement/placement/objects/research_context.py:136}}
Jul 29 04:47:03.737456 n-d-851337-2 devstack@placement-api.service[111908]: DEBUG placement.objects.research_context [req-3328666b-48ac-454c-8281-743a0a7a2557 req-e5c50d40-0e2a-47d7-92aa-84606fcaf007 service placement] getting providers with 1024 MEMORY_MB {{(pid=111908) __init__ /opt/stack/placement/placement/objects/research_context.py:136}}
Jul 29 04:47:03.750413 n-d-851337-2 devstack@placement-api.service[111908]: DEBUG placement.objects.research_context [req-3328666b-48ac-454c-8281-743a0a7a2557 req-e5c50d40-0e2a-47d7-92aa-84606fcaf007 service placement] getting providers with 1 VCPU {{(pid=111908) __init__ /opt/stack/placement/placement/objects/research_context.py:136}}
Jul 29 04:47:03.764411 n-d-851337-2 devstack@placement-api.service[111908]: DEBUG placement.objects.research_context [req-3328666b-48ac-454c-8281-743a0a7a2557 req-e5c50d40-0e2a-47d7-92aa-84606fcaf007 service placement] found 2 providers with available 1 DISK_GB {{(pid=111908) get_provider_ids_matching /opt/stack/placement/placement/objects/research_context.py:563}}
Jul 29 04:47:03.765247 n-d-851337-2 devstack@placement-api.service[111908]: DEBUG placement.objects.research_context [req-3328666b-48ac-454c-8281-743a0a7a2557 req-e5c50d40-0e2a-47d7-92aa-84606fcaf007 service placement] found 2 providers with available 1024 MEMORY_MB {{(pid=111908) get_provider_ids_matching /opt/stack/placement/placement/objects/research_context.py:563}}
Jul 29 04:47:03.766735 n-d-851337-2 devstack@placement-api.service[111908]: DEBUG placement.objects.research_context [req-3328666b-48ac-454c-8281-743a0a7a2557 req-e5c50d40-0e2a-47d7-92aa-84606fcaf007 service placement] found 2 providers after filtering by previous result {{(pid=111908) get_provider_ids_matching /opt/stack/placement/placement/objects/research_context.py:594}}
Jul 29 04:47:03.768211 n-d-851337-2 devstack@placement-api.service[111908]: DEBUG placement.objects.research_context [req-3328666b-48ac-454c-8281-743a0a7a2557 req-e5c50d40-0e2a-47d7-92aa-84606fcaf007 service placement] found 2 providers with available 1 VCPU {{(pid=111908) get_provider_ids_matching /opt/stack/placement/placement/objects/research_context.py:563}}
