Jul 27 11:38:17.549325 n-d-851205-2 devstack@placement-api.service[103802]: DEBUG placement.requestlog [req-e171abd5-b8cf-4d94-a099-8c219df81d53 req-b1d80fc0-3e83-4f7c-9b93-ac482739a109 None None] Starting request: 10.222.0.100 "GET /placement/resource_providers/811f5189-f80d-467e-9020-12c237fb69a3/aggregates" {{(pid=103802) __call__ /opt/stack/placement/placement/requestlog.py:55}}
Jul 27 11:38:17.583633 n-d-851205-2 devstack@placement-api.service[103802]: INFO placement.requestlog [req-e171abd5-b8cf-4d94-a099-8c219df81d53 req-b1d80fc0-3e83-4f7c-9b93-ac482739a109 service placement] 10.222.0.100 "GET /placement/resource_providers/811f5189-f80d-467e-9020-12c237fb69a3/aggregates" status: 200 len: 54 microversion: 1.19
Jul 27 11:38:17.584643 n-d-851205-2 devstack@placement-api.service[103802]: [pid: 103802|app: 0|req: 581/1162] 10.222.0.100 () {60 vars in 1432 bytes} [Wed Jul 27 11:38:17 2022] GET /placement/resource_providers/811f5189-f80d-467e-9020-12c237fb69a3/aggregates => generated 54 bytes in 36 msecs (HTTP/1.1 200) 8 headers in 295 bytes (1 switches on core 0)
Jul 27 11:38:17.603618 n-d-851205-2 devstack@placement-api.service[103803]: DEBUG placement.requestlog [req-e171abd5-b8cf-4d94-a099-8c219df81d53 req-81f5cff1-fdf7-472f-8df8-e8088040cd24 None None] Starting request: 10.222.0.100 "GET /placement/resource_providers/811f5189-f80d-467e-9020-12c237fb69a3/traits" {{(pid=103803) __call__ /opt/stack/placement/placement/requestlog.py:55}}
Jul 27 11:38:17.653177 n-d-851205-2 devstack@placement-api.service[103803]: INFO placement.requestlog [req-e171abd5-b8cf-4d94-a099-8c219df81d53 req-81f5cff1-fdf7-472f-8df8-e8088040cd24 service placement] 10.222.0.100 "GET /placement/resource_providers/811f5189-f80d-467e-9020-12c237fb69a3/traits" status: 200 len: 212 microversion: 1.6
Jul 27 11:38:17.653940 n-d-851205-2 devstack@placement-api.service[103803]: [pid: 103803|app: 0|req: 582/1163] 10.222.0.100 () {60 vars in 1419 bytes} [Wed Jul 27 11:38:17 2022] GET /placement/resource_providers/811f5189-f80d-467e-9020-12c237fb69a3/traits => generated 212 bytes in 51 msecs (HTTP/1.1 200) 6 headers in 224 bytes (1 switches on core 0)
Jul 27 11:38:20.110371 n-d-851205-2 devstack@placement-api.service[103802]: DEBUG placement.requestlog [req-c51bd91c-4b2b-4c10-9d02-9d25d5ed801b req-189ec22c-fc03-497d-acc4-c45b17242706 None None] Starting request: 10.222.0.94 "DELETE /placement/allocations/cc28adbc-65a6-4012-b334-8982cdffa653" {{(pid=103802) __call__ /opt/stack/placement/placement/requestlog.py:55}}
Jul 27 11:38:20.168643 n-d-851205-2 devstack@placement-api.service[103802]: DEBUG placement.handlers.allocation [req-c51bd91c-4b2b-4c10-9d02-9d25d5ed801b req-189ec22c-fc03-497d-acc4-c45b17242706 service placement] Successfully deleted allocations [, , ] {{(pid=103802) delete_allocations /opt/stack/placement/placement/handlers/allocation.py:627}}
Jul 27 11:38:20.169154 n-d-851205-2 devstack@placement-api.service[103802]: INFO placement.requestlog [req-c51bd91c-4b2b-4c10-9d02-9d25d5ed801b req-189ec22c-fc03-497d-acc4-c45b17242706 service placement] 10.222.0.94 "DELETE /placement/allocations/cc28adbc-65a6-4012-b334-8982cdffa653" status: 204 len: 0 microversion: 1.0
Jul 27 11:38:20.169692 n-d-851205-2 devstack@placement-api.service[103802]: [pid: 103802|app: 0|req: 582/1164] 10.222.0.94 () {60 vars in 1355 bytes} [Wed Jul 27 11:38:20 2022] DELETE /placement/allocations/cc28adbc-65a6-4012-b334-8982cdffa653 => generated 0 bytes in 59 msecs (HTTP/1.1 204) 5 headers in 198 bytes (1 switches on core 0)
Jul 27 11:38:28.214103 n-d-851205-2 devstack@placement-api.service[103803]: DEBUG placement.requestlog [None req-1478cfc5-0bb3-4a6c-bfca-7faffb846a09 None None] Starting request: 10.222.0.57 "GET /placement/resource_providers/4c4d0ff0-9fc3-43da-943e-2b53a6f50a1c/aggregates" {{(pid=103803) __call__ /opt/stack/placement/placement/requestlog.py:55}}
Jul 27 11:38:28.240607 n-d-851205-2 devstack@placement-api.service[103803]: INFO placement.requestlog [None req-1478cfc5-0bb3-4a6c-bfca-7faffb846a09 service placement] 10.222.0.57 "GET /placement/resource_providers/4c4d0ff0-9fc3-43da-943e-2b53a6f50a1c/aggregates" status: 404 len: 235 microversion: 1.1
Jul 27 11:38:28.240863 n-d-851205-2 devstack@placement-api.service[103803]: [pid: 103803|app: 0|req: 583/1165] 10.222.0.57 () {58 vars in 1362 bytes} [Wed Jul 27 11:38:28 2022] GET /placement/resource_providers/4c4d0ff0-9fc3-43da-943e-2b53a6f50a1c/aggregates => generated 235 bytes in 27 msecs (HTTP/1.1 404) 5 headers in 202 bytes (2 switches on core 0)
Jul 27 11:38:28.302798 n-d-851205-2 devstack@placement-api.service[103802]: DEBUG placement.requestlog [None req-b4d273a5-ba17-4cec-a213-74bbaca50352 None None] Starting request: 10.222.0.57 "DELETE /placement/resource_providers/4c4d0ff0-9fc3-43da-943e-2b53a6f50a1c" {{(pid=103802) __call__ /opt/stack/placement/placement/requestlog.py:55}}
Jul 27 11:38:28.321201 n-d-851205-2 devstack@placement-api.service[103802]: DEBUG placement.wsgi_wrapper [None req-b4d273a5-ba17-4cec-a213-74bbaca50352 service placement] Placement API returning an error response: No resource provider with uuid 4c4d0ff0-9fc3-43da-943e-2b53a6f50a1c found for delete {{(pid=103802) call_func /opt/stack/placement/placement/wsgi_wrapper.py:31}}
Jul 27 11:38:28.322513 n-d-851205-2 devstack@placement-api.service[103802]: INFO placement.requestlog [None req-b4d273a5-ba17-4cec-a213-74bbaca50352 service placement] 10.222.0.57 "DELETE /placement/resource_providers/4c4d0ff0-9fc3-43da-943e-2b53a6f50a1c" status: 404 len: 246 microversion: 1.1
Jul 27 11:38:28.323089 n-d-851205-2 devstack@placement-api.service[103802]: [pid: 103802|app: 0|req: 583/1166] 10.222.0.57 () {60 vars in 1351 bytes} [Wed Jul 27 11:38:28 2022] DELETE /placement/resource_providers/4c4d0ff0-9fc3-43da-943e-2b53a6f50a1c => generated 246 bytes in 20 msecs (HTTP/1.1 404) 6 headers in 231 bytes (1 switches on core 0)
Jul 27 11:38:36.961419 n-d-851205-2 devstack@placement-api.service[103803]: DEBUG placement.requestlog [req-b1ed25c0-9c55-4406-8b20-b14c3ccdbaf7 req-e4361297-17f0-4599-b80b-2a3d23a96e8e None None] Starting request: 10.222.0.100 "DELETE /placement/allocations/dcc94c17-be8a-4350-9a8e-006019bbb170" {{(pid=103803) __call__ /opt/stack/placement/placement/requestlog.py:55}}
Jul 27 11:38:37.012988 n-d-851205-2 devstack@placement-api.service[103803]: DEBUG placement.handlers.allocation [req-b1ed25c0-9c55-4406-8b20-b14c3ccdbaf7 req-e4361297-17f0-4599-b80b-2a3d23a96e8e service placement] Successfully deleted allocations [, , ] {{(pid=103803) delete_allocations /opt/stack/placement/placement/handlers/allocation.py:627}}
Jul 27 11:38:37.014066 n-d-851205-2 devstack@placement-api.service[103803]: INFO placement.requestlog [req-b1ed25c0-9c55-4406-8b20-b14c3ccdbaf7 req-e4361297-17f0-4599-b80b-2a3d23a96e8e service placement] 10.222.0.100 "DELETE /placement/allocations/dcc94c17-be8a-4350-9a8e-006019bbb170" status: 204 len: 0 microversion: 1.0
Jul 27 11:38:37.014742 n-d-851205-2 devstack@placement-api.service[103803]: [pid: 103803|app: 0|req: 584/1167] 10.222.0.100 () {60 vars in 1356 bytes} [Wed Jul 27 11:38:36 2022] DELETE /placement/allocations/dcc94c17-be8a-4350-9a8e-006019bbb170 => generated 0 bytes in 53 msecs (HTTP/1.1 204) 5 headers in 198 bytes (1 switches on core 0)
Jul 27 11:38:38.265226 n-d-851205-2 devstack@placement-api.service[103802]: DEBUG placement.requestlog [None req-011b1994-5be4-4b2c-86d0-491a7bd10b3e None None] Starting request: 10.222.0.57 "GET /placement/resource_providers/a65e449e-ec2e-42e0-93d2-0f6c2789aa8d/aggregates" {{(pid=103802) __call__ /opt/stack/placement/placement/requestlog.py:55}}
Jul 27 11:38:38.281354 n-d-851205-2 devstack@placement-api.service[103802]: INFO placement.requestlog [None req-011b1994-5be4-4b2c-86d0-491a7bd10b3e service placement] 10.222.0.57 "GET /placement/resource_providers/a65e449e-ec2e-42e0-93d2-0f6c2789aa8d/aggregates" status: 404 len: 235 microversion: 1.1
Jul 27 11:38:38.284693 n-d-851205-2 devstack@placement-api.service[103802]: [pid: 103802|app: 0|req: 584/1168] 10.222.0.57 () {58 vars in 1362 bytes} [Wed Jul 27 11:38:38 2022] GET /placement/resource_providers/a65e449e-ec2e-42e0-93d2-0f6c2789aa8d/aggregates => generated 235 bytes in 18 msecs (HTTP/1.1 404) 5 headers in 202 bytes (1 switches on core 0)
Jul 27 11:38:38.311270 n-d-851205-2 devstack@placement-api.service[103803]: DEBUG placement.requestlog [None req-2f87aef2-8cc9-4be1-9d45-7279b19968f7 None None] Starting request: 10.222.0.57 "DELETE /placement/resource_providers/a65e449e-ec2e-42e0-93d2-0f6c2789aa8d" {{(pid=103803) __call__ /opt/stack/placement/placement/requestlog.py:55}}
Jul 27 11:38:38.321013 n-d-851205-2 devstack@placement-api.service[103803]: DEBUG placement.wsgi_wrapper [None req-2f87aef2-8cc9-4be1-9d45-7279b19968f7 service placement] Placement API returning an error response: No resource provider with uuid a65e449e-ec2e-42e0-93d2-0f6c2789aa8d found for delete {{(pid=103803) call_func /opt/stack/placement/placement/wsgi_wrapper.py:31}}
Jul 27 11:38:38.322116 n-d-851205-2 devstack@placement-api.service[103803]: INFO placement.requestlog [None req-2f87aef2-8cc9-4be1-9d45-7279b19968f7 service placement] 10.222.0.57 "DELETE /placement/resource_providers/a65e449e-ec2e-42e0-93d2-0f6c2789aa8d" status: 404 len: 246 microversion: 1.1
Jul 27 11:38:38.325484 n-d-851205-2 devstack@placement-api.service[103803]: [pid: 103803|app: 0|req: 585/1169] 10.222.0.57 () {60 vars in 1351 bytes} [Wed Jul 27 11:38:38 2022] DELETE /placement/resource_providers/a65e449e-ec2e-42e0-93d2-0f6c2789aa8d => generated 246 bytes in 14 msecs (HTTP/1.1 404) 6 headers in 231 bytes (2 switches on core 0)
Jul 27 11:38:46.072380 n-d-851205-2 devstack@placement-api.service[103802]: DEBUG placement.requestlog [req-bc1a575e-9db9-4976-8836-27084356a1a9 req-fb8f0272-4518-4b2e-bd6f-f941c8b6e3a6 None None] Starting request: 10.222.0.57 "GET /placement/allocation_candidates?limit=1000&resources=DISK_GB%3A1%2CMEMORY_MB%3A1024%2CVCPU%3A1&root_required=%21COMPUTE_STATUS_DISABLED" {{(pid=103802) __call__ /opt/stack/placement/placement/requestlog.py:55}}
Jul 27 11:38:46.148684 n-d-851205-2 devstack@placement-api.service[103802]: DEBUG placement.objects.research_context [req-bc1a575e-9db9-4976-8836-27084356a1a9 req-fb8f0272-4518-4b2e-bd6f-f941c8b6e3a6 service placement] getting providers with 1 DISK_GB {{(pid=103802) __init__ /opt/stack/placement/placement/objects/research_context.py:126}}
Jul 27 11:38:46.161733 n-d-851205-2 devstack@placement-api.service[103802]: DEBUG placement.objects.research_context [req-bc1a575e-9db9-4976-8836-27084356a1a9 req-fb8f0272-4518-4b2e-bd6f-f941c8b6e3a6 service placement] getting providers with 1024 MEMORY_MB {{(pid=103802) __init__ /opt/stack/placement/placement/objects/research_context.py:126}}
Jul 27 11:38:46.196850 n-d-851205-2 devstack@placement-api.service[103802]: DEBUG placement.objects.research_context [req-bc1a575e-9db9-4976-8836-27084356a1a9 req-fb8f0272-4518-4b2e-bd6f-f941c8b6e3a6 service placement] getting providers with 1 VCPU {{(pid=103802) __init__ /opt/stack/placement/placement/objects/research_context.py:126}}
Jul 27 11:38:46.242187 n-d-851205-2 devstack@placement-api.service[103802]: DEBUG placement.objects.research_context [req-bc1a575e-9db9-4976-8836-27084356a1a9 req-fb8f0272-4518-4b2e-bd6f-f941c8b6e3a6 service placement] found 2 providers with available 1 DISK_GB {{(pid=103802) get_provider_ids_matching /opt/stack/placement/placement/objects/research_context.py:549}}
Jul 27 11:38:46.244815 n-d-851205-2 devstack@placement-api.service[103802]: DEBUG placement.objects.research_context [req-bc1a575e-9db9-4976-8836-27084356a1a9 req-fb8f0272-4518-4b2e-bd6f-f941c8b6e3a6 service placement] found 2 providers with available 1024 MEMORY_MB {{(pid=103802) get_provider_ids_matching /opt/stack/placement/placement/objects/research_context.py:549}}
Jul 27 11:38:46.245639 n-d-851205-2 devstack@placement-api.service[103802]: DEBUG placement.objects.research_context [req-bc1a575e-9db9-4976-8836-27084356a1a9 req-fb8f0272-4518-4b2e-bd6f-f941c8b6e3a6 service placement] found 2 providers after filtering by previous result {{(pid=103802) get_provider_ids_matching /opt/stack/placement/placement/objects/research_context.py:580}}
Jul 27 11:38:46.246418 n-d-851205-2 devstack@placement-api.service[103802]: DEBUG placement.objects.research_context [req-bc1a575e-9db9-4976-8836-27084356a1a9 req-fb8f0272-4518-4b2e-bd6f-f941c8b6e3a6 service placement] found 2 providers with available 1 VCPU {{(pid=103802) get_provider_ids_matching /opt/stack/placement/placement/objects/research_context.py:549}}
Jul 27 11:38:46.247241 n-d-851205-2 devstack@placement-api.service[103802]: DEBUG placement.objects.research_context [req-bc1a575e-9db9-4976-8836-27084356a1a9 req-fb8f0272-4518-4b2e-bd6f-f941c8b6e3a6 service placement] found 2 providers after filtering by previous result {{(pid=103802) get_provider_ids_matching /opt/stack/placement/placement/objects/research_context.py:580}}
Jul 27 11:38:46.314664 n-d-851205-2 devstack@placement-api.service[103802]: DEBUG placement.objects.allocation_candidate [req-bc1a575e-9db9-4976-8836-27084356a1a9 req-fb8f0272-4518-4b2e-bd6f-f941c8b6e3a6 service placement] RequestGroup(use_same_provider=False, resources={DISK_GB:1, MEMORY_MB:1024, VCPU:1}, traits=[], aggregates=[]) (suffix '') returned 2 matches {{(pid=103802) _get_by_requests /opt/stack/placement/placement/objects/allocation_candidate.py:145}}
Jul 27 11:38:46.315484 n-d-851205-2 devstack@placement-api.service[103802]: DEBUG placement.objects.allocation_candidate [req-bc1a575e-9db9-4976-8836-27084356a1a9 req-fb8f0272-4518-4b2e-bd6f-f941c8b6e3a6 service placement] Merging candidates yields 2 allocation requests and 2 provider summaries {{(pid=103802) _merge_candidates /opt/stack/placement/placement/objects/allocation_candidate.py:783}}
Jul 27 11:38:46.322471 n-d-851205-2 devstack@placement-api.service[103802]: INFO placement.requestlog [req-bc1a575e-9db9-4976-8836-27084356a1a9 req-fb8f0272-4518-4b2e-bd6f-f941c8b6e3a6 service placement] 10.222.0.57 "GET /placement/allocation_candidates?limit=1000&resources=DISK_GB%3A1%2CMEMORY_MB%3A1024%2CVCPU%3A1&root_required=%21COMPUTE_STATUS_DISABLED" status: 200 len: 1306 microversion: 1.36
Jul 27 11:38:46.329307 n-d-851205-2 devstack@placement-api.service[103802]: [pid: 103802|app: 0|req: 585/1170] 10.222.0.57 () {60 vars in 1506 bytes} [Wed Jul 27 11:38:46 2022] GET /placement/allocation_candidates?limit=1000&resources=DISK_GB%3A1%2CMEMORY_MB%3A1024%2CVCPU%3A1&root_required=%21COMPUTE_STATUS_DISABLED => generated 1306 bytes in 258 msecs (HTTP/1.1 200) 8 headers in 297 bytes (2 switches on core 0)
Jul 27 11:38:46.514462 n-d-851205-2 devstack@placement-api.service[103803]: DEBUG placement.requestlog [req-bc1a575e-9db9-4976-8836-27084356a1a9 req-6caf20e2-d547-42f4-8730-d471956a6b72 None None] Starting request: 10.222.0.57 "GET /placement/allocations/a025c499-ce06-4bf1-b567-bb207e6a1931" {{(pid=103803) __call__ /opt/stack/placement/placement/requestlog.py:55}}
Jul 27 11:38:46.556249 n-d-851205-2 devstack@placement-api.service[103803]: INFO placement.requestlog [req-bc1a575e-9db9-4976-8836-27084356a1a9 req-6caf20e2-d547-42f4-8730-d471956a6b72 service placement] 10.222.0.57 "GET /placement/allocations/a025c499-ce06-4bf1-b567-bb207e6a1931" status: 200 len: 19 microversion: 1.28
Jul 27 11:38:46.567889 n-d-851205-2 devstack@placement-api.service[103802]: DEBUG placement.requestlog [req-bc1a575e-9db9-4976-8836-27084356a1a9 req-7a59e3d0-ead1-4383-a1df-caa26984da99 None None] Starting request: 10.222.0.57 "PUT /placement/allocations/a025c499-ce06-4bf1-b567-bb207e6a1931" {{(pid=103802) __call__ /opt/stack/placement/placement/requestlog.py:55}}
Jul 27 11:38:46.569605 n-d-851205-2 devstack@placement-api.service[103803]: [pid: 103803|app: 0|req: 586/1171] 10.222.0.57 () {60 vars in 1380 bytes} [Wed Jul 27 11:38:46 2022] GET /placement/allocations/a025c499-ce06-4bf1-b567-bb207e6a1931 => generated 19 bytes in 55 msecs (HTTP/1.1 200) 8 headers in 295 bytes (1 switches on core 0)
Jul 27 11:38:46.693881 n-d-851205-2 devstack@placement-api.service[103802]: DEBUG placement.handlers.allocation [req-bc1a575e-9db9-4976-8836-27084356a1a9 req-7a59e3d0-ead1-4383-a1df-caa26984da99 service placement] Successfully wrote allocations [, , ] {{(pid=103802) _update_consumers_and_create_allocations /opt/stack/placement/placement/handlers/allocation.py:462}}
Jul 27 11:38:46.703933 n-d-851205-2 devstack@placement-api.service[103802]: INFO placement.requestlog [req-bc1a575e-9db9-4976-8836-27084356a1a9 req-7a59e3d0-ead1-4383-a1df-caa26984da99 service placement] 10.222.0.57 "PUT /placement/allocations/a025c499-ce06-4bf1-b567-bb207e6a1931" status: 204 len: 0 microversion: 1.36
Jul 27 11:38:46.739153 n-d-851205-2 devstack@placement-api.service[103802]: [pid: 103802|app: 0|req: 586/1172] 10.222.0.57 () {64 vars in 1433 bytes} [Wed Jul 27 11:38:46 2022] PUT /placement/allocations/a025c499-ce06-4bf1-b567-bb207e6a1931 => generated 0 bytes in 172 msecs (HTTP/1.1 204) 5 headers in 199 bytes (2 switches on core 0)
Jul 27 11:38:47.346528 n-d-851205-2 devstack@placement-api.service[103803]: DEBUG placement.requestlog [req-bc1a575e-9db9-4976-8836-27084356a1a9 req-6411ce48-db65-46d9-9409-b2a85c6a03b8 None None] Starting request: 10.222.0.94 "GET /placement/allocations/a025c499-ce06-4bf1-b567-bb207e6a1931" {{(pid=103803) __call__ /opt/stack/placement/placement/requestlog.py:55}}
Jul 27 11:38:47.375420 n-d-851205-2 devstack@placement-api.service[103803]: INFO placement.requestlog [req-bc1a575e-9db9-4976-8836-27084356a1a9 req-6411ce48-db65-46d9-9409-b2a85c6a03b8 service placement] 10.222.0.94 "GET /placement/allocations/a025c499-ce06-4bf1-b567-bb207e6a1931" status: 200 len: 259 microversion: 1.28
Jul 27 11:38:47.377371 n-d-851205-2 devstack@placement-api.service[103803]: [pid: 103803|app: 0|req: 587/1173] 10.222.0.94 () {60 vars in 1377 bytes} [Wed Jul 27 11:38:47 2022] GET /placement/allocations/a025c499-ce06-4bf1-b567-bb207e6a1931 => generated 259 bytes in 31 msecs (HTTP/1.1 200) 8 headers in 296 bytes (1 switches on core 0)
Jul 27 11:38:49.168323 n-d-851205-2 devstack@placement-api.service[103802]: DEBUG placement.requestlog [req-b5648bf4-d07d-40d7-b463-f08ba0843b9b req-cfd00582-bc0a-4b3e-bbaf-7b208f1cf31b None None] Starting request: 10.222.0.57 "GET /placement/allocation_candidates?limit=1000&resources=DISK_GB%3A1%2CMEMORY_MB%3A1024%2CVCPU%3A1&root_required=%21COMPUTE_STATUS_DISABLED" {{(pid=103802) __call__ /opt/stack/placement/placement/requestlog.py:55}}
Jul 27 11:38:49.244076 n-d-851205-2 devstack@placement-api.service[103802]: DEBUG placement.objects.research_context [req-b5648bf4-d07d-40d7-b463-f08ba0843b9b req-cfd00582-bc0a-4b3e-bbaf-7b208f1cf31b service placement] getting providers with 1 DISK_GB {{(pid=103802) __init__ /opt/stack/placement/placement/objects/research_context.py:126}}
Jul 27 11:38:49.257540 n-d-851205-2 devstack@placement-api.service[103802]: DEBUG placement.objects.research_context [req-b5648bf4-d07d-40d7-b463-f08ba0843b9b req-cfd00582-bc0a-4b3e-bbaf-7b208f1cf31b service placement] getting providers with 1024 MEMORY_MB {{(pid=103802) __init__ /opt/stack/placement/placement/objects/research_context.py:126}}
Jul 27 11:38:49.272449 n-d-851205-2 devstack@placement-api.service[103802]: DEBUG placement.objects.research_context [req-b5648bf4-d07d-40d7-b463-f08ba0843b9b req-cfd00582-bc0a-4b3e-bbaf-7b208f1cf31b service placement] getting providers with 1 VCPU {{(pid=103802) __init__ /opt/stack/placement/placement/objects/research_context.py:126}}
Jul 27 11:38:49.301497 n-d-851205-2 devstack@placement-api.service[103802]: DEBUG placement.objects.research_context [req-b5648bf4-d07d-40d7-b463-f08ba0843b9b req-cfd00582-bc0a-4b3e-bbaf-7b208f1cf31b service placement] found 2 providers with available 1 DISK_GB {{(pid=103802) get_provider_ids_matching /opt/stack/placement/placement/objects/research_context.py:549}}
Jul 27 11:38:49.302732 n-d-851205-2 devstack@placement-api.service[103802]: DEBUG placement.objects.research_context [req-b5648bf4-d07d-40d7-b463-f08ba0843b9b req-cfd00582-bc0a-4b3e-bbaf-7b208f1cf31b service placement] found 2 providers with available 1024 MEMORY_MB {{(pid=103802) get_provider_ids_matching /opt/stack/placement/placement/objects/research_context.py:549}}
Jul 27 11:38:49.303575 n-d-851205-2 devstack@placement-api.service[103802]: DEBUG placement.objects.research_context [req-b5648bf4-d07d-40d7-b463-f08ba0843b9b req-cfd00582-bc0a-4b3e-bbaf-7b208f1cf31b service placement] found 2 providers after filtering by previous result {{(pid=103802) get_provider_ids_matching /opt/stack/placement/placement/objects/research_context.py:580}}
Jul 27 11:38:49.304427 n-d-851205-2 devstack@placement-api.service[103802]: DEBUG placement.objects.research_context [req-b5648bf4-d07d-40d7-b463-f08ba0843b9b req-cfd00582-bc0a-4b3e-bbaf-7b208f1cf31b service placement] found 2 providers with available 1 VCPU {{(pid=103802) get_provider_ids_matching /opt/stack/placement/placement/objects/research_context.py:549}}
Jul 27 11:38:49.310076 n-d-851205-2 devstack@placement-api.service[103802]: DEBUG placement.objects.research_context [req-b5648bf4-d07d-40d7-b463-f08ba0843b9b req-cfd00582-bc0a-4b3e-bbaf-7b208f1cf31b service placement] found 2 providers after filtering by previous result {{(pid=103802) get_provider_ids_matching /opt/stack/placement/placement/objects/research_context.py:580}}
Jul 27 11:38:49.345707 n-d-851205-2 devstack@placement-api.service[103802]: DEBUG placement.objects.allocation_candidate [req-b5648bf4-d07d-40d7-b463-f08ba0843b9b req-cfd00582-bc0a-4b3e-bbaf-7b208f1cf31b service placement] RequestGroup(use_same_provider=False, resources={DISK_GB:1, MEMORY_MB:1024, VCPU:1}, traits=[], aggregates=[]) (suffix '') returned 2 matches {{(pid=103802) _get_by_requests /opt/stack/placement/placement/objects/allocation_candidate.py:145}}
Jul 27 11:38:49.346405 n-d-851205-2 devstack@placement-api.service[103802]: DEBUG placement.objects.allocation_candidate [req-b5648bf4-d07d-40d7-b463-f08ba0843b9b req-cfd00582-bc0a-4b3e-bbaf-7b208f1cf31b service placement] Merging candidates yields 2 allocation requests and 2 provider summaries {{(pid=103802) _merge_candidates /opt/stack/placement/placement/objects/allocation_candidate.py:783}}
Jul 27 11:38:49.366861 n-d-851205-2 devstack@placement-api.service[103802]: INFO placement.requestlog [req-b5648bf4-d07d-40d7-b463-f08ba0843b9b req-cfd00582-bc0a-4b3e-bbaf-7b208f1cf31b service placement] 10.222.0.57 "GET /placement/allocation_candidates?limit=1000&resources=DISK_GB%3A1%2CMEMORY_MB%3A1024%2CVCPU%3A1&root_required=%21COMPUTE_STATUS_DISABLED" status: 200 len: 1309 microversion: 1.36
Jul 27 11:38:49.377333 n-d-851205-2 devstack@placement-api.service[103802]: [pid: 103802|app: 0|req: 587/1174] 10.222.0.57 () {60 vars in 1506 bytes} [Wed Jul 27 11:38:49 2022] GET /placement/allocation_candidates?limit=1000&resources=DISK_GB%3A1%2CMEMORY_MB%3A1024%2CVCPU%3A1&root_required=%21COMPUTE_STATUS_DISABLED => generated 1309 bytes in 209 msecs (HTTP/1.1 200) 8 headers in 297 bytes (1 switches on core 0)
Jul 27 11:38:49.497249 n-d-851205-2 devstack@placement-api.service[103803]: DEBUG placement.requestlog [req-b5648bf4-d07d-40d7-b463-f08ba0843b9b req-25cb824c-ebce-439b-8492-e3296e7b6826 None None] Starting request: 10.222.0.57 "GET /placement/allocations/0175c91f-0d42-4c4f-b02f-34e404d57eed" {{(pid=103803) __call__ /opt/stack/placement/placement/requestlog.py:55}}
Jul 27 11:38:49.511667 n-d-851205-2 devstack@placement-api.service[103803]: INFO placement.requestlog [req-b5648bf4-d07d-40d7-b463-f08ba0843b9b req-25cb824c-ebce-439b-8492-e3296e7b6826 service placement] 10.222.0.57 "GET /placement/allocations/0175c91f-0d42-4c4f-b02f-34e404d57eed" status: 200 len: 19 microversion: 1.28
Jul 27 11:38:49.512212 n-d-851205-2 devstack@placement-api.service[103803]: [pid: 103803|app: 0|req: 588/1175] 10.222.0.57 () {60 vars in 1380 bytes} [Wed Jul 27 11:38:49 2022] GET /placement/allocations/0175c91f-0d42-4c4f-b02f-34e404d57eed => generated 19 bytes in 15 msecs (HTTP/1.1 200) 8 headers in 295 bytes (1 switches on core 0)
Jul 27 11:38:49.519215 n-d-851205-2 devstack@placement-api.service[103802]: DEBUG placement.requestlog [req-b5648bf4-d07d-40d7-b463-f08ba0843b9b req-0b7ce1d8-fea5-4b73-9d0d-012a862f6da3 None None] Starting request: 10.222.0.57 "PUT /placement/allocations/0175c91f-0d42-4c4f-b02f-34e404d57eed" {{(pid=103802) __call__ /opt/stack/placement/placement/requestlog.py:55}}
Jul 27 11:38:49.639565 n-d-851205-2 devstack@placement-api.service[103802]: DEBUG placement.handlers.allocation [req-b5648bf4-d07d-40d7-b463-f08ba0843b9b req-0b7ce1d8-fea5-4b73-9d0d-012a862f6da3 service placement] Successfully wrote allocations [, , ] {{(pid=103802) _update_consumers_and_create_allocations /opt/stack/placement/placement/handlers/allocation.py:462}}
Jul 27 11:38:49.651439 n-d-851205-2 devstack@placement-api.service[103802]: INFO placement.requestlog [req-b5648bf4-d07d-40d7-b463-f08ba0843b9b req-0b7ce1d8-fea5-4b73-9d0d-012a862f6da3 service placement] 10.222.0.57 "PUT /placement/allocations/0175c91f-0d42-4c4f-b02f-34e404d57eed" status: 204 len: 0 microversion: 1.36
Jul 27 11:38:49.652345 n-d-851205-2 devstack@placement-api.service[103802]: [pid: 103802|app: 0|req: 588/1176] 10.222.0.57 () {64 vars in 1433 bytes} [Wed Jul 27 11:38:49 2022] PUT /placement/allocations/0175c91f-0d42-4c4f-b02f-34e404d57eed => generated 0 bytes in 134 msecs (HTTP/1.1 204) 5 headers in 199 bytes (1 switches on core 0)
Jul 27 11:38:50.362517 n-d-851205-2 devstack@placement-api.service[103803]: DEBUG placement.requestlog [req-b5648bf4-d07d-40d7-b463-f08ba0843b9b req-ad36e69d-597f-461e-b28f-39360c5f2dfb None None] Starting request: 10.222.0.100 "GET /placement/allocations/0175c91f-0d42-4c4f-b02f-34e404d57eed" {{(pid=103803) __call__ /opt/stack/placement/placement/requestlog.py:55}}
Jul 27 11:38:50.400774 n-d-851205-2 devstack@placement-api.service[103803]: INFO placement.requestlog [req-b5648bf4-d07d-40d7-b463-f08ba0843b9b req-ad36e69d-597f-461e-b28f-39360c5f2dfb service placement] 10.222.0.100 "GET /placement/allocations/0175c91f-0d42-4c4f-b02f-34e404d57eed" status: 200 len: 259 microversion: 1.28
Jul 27 11:38:50.409972 n-d-851205-2 devstack@placement-api.service[103803]: [pid: 103803|app: 0|req: 589/1177] 10.222.0.100 () {60 vars in 1378 bytes} [Wed Jul 27 11:38:50 2022] GET /placement/allocations/0175c91f-0d42-4c4f-b02f-34e404d57eed => generated 259 bytes in 47 msecs (HTTP/1.1 200) 8 headers in 296 bytes (1 switches on core 0)
Jul 27 11:38:56.234127 n-d-851205-2 devstack@placement-api.service[103802]: DEBUG placement.requestlog [None req-13b08a9c-5a95-44f3-9265-739478a08047 None None] Starting request: 10.222.0.57 "GET /placement/resource_providers/295b13ef-fefa-4035-992b-24794d9745e7/aggregates" {{(pid=103802) __call__ /opt/stack/placement/placement/requestlog.py:55}}
Jul 27 11:38:56.256474 n-d-851205-2 devstack@placement-api.service[103802]: INFO placement.requestlog [None req-13b08a9c-5a95-44f3-9265-739478a08047 service placement] 10.222.0.57 "GET /placement/resource_providers/295b13ef-fefa-4035-992b-24794d9745e7/aggregates" status: 404 len: 235 microversion: 1.1
Jul 27 11:38:56.256748 n-d-851205-2 devstack@placement-api.service[103802]: [pid: 103802|app: 0|req: 589/1178] 10.222.0.57 () {58 vars in 1362 bytes} [Wed Jul 27 11:38:56 2022] GET /placement/resource_providers/295b13ef-fefa-4035-992b-24794d9745e7/aggregates => generated 235 bytes in 23 msecs (HTTP/1.1 404) 5 headers in 202 bytes (1 switches on core 0)
Jul 27 11:38:56.289205 n-d-851205-2 devstack@placement-api.service[103803]: DEBUG placement.requestlog [None req-5f20e100-7e46-454b-9c8a-75c4f6d4e44e None None] Starting request: 10.222.0.57 "DELETE /placement/resource_providers/295b13ef-fefa-4035-992b-24794d9745e7" {{(pid=103803) __call__ /opt/stack/placement/placement/requestlog.py:55}}
Jul 27 11:38:56.316613 n-d-851205-2 devstack@placement-api.service[103803]: DEBUG placement.wsgi_wrapper [None req-5f20e100-7e46-454b-9c8a-75c4f6d4e44e service placement] Placement API returning an error response: No resource provider with uuid 295b13ef-fefa-4035-992b-24794d9745e7 found for delete {{(pid=103803) call_func /opt/stack/placement/placement/wsgi_wrapper.py:31}}
Jul 27 11:38:56.317752 n-d-851205-2 devstack@placement-api.service[103803]: INFO placement.requestlog [None req-5f20e100-7e46-454b-9c8a-75c4f6d4e44e service placement] 10.222.0.57 "DELETE /placement/resource_providers/295b13ef-fefa-4035-992b-24794d9745e7" status: 404 len: 246 microversion: 1.1
Jul 27 11:38:56.318290 n-d-851205-2 devstack@placement-api.service[103803]: [pid: 103803|app: 0|req: 590/1179] 10.222.0.57 () {60 vars in 1351 bytes} [Wed Jul 27 11:38:56 2022] DELETE /placement/resource_providers/295b13ef-fefa-4035-992b-24794d9745e7 => generated 246 bytes in 29 msecs (HTTP/1.1 404) 6 headers in 231 bytes (1 switches on core 0)
Jul 27 11:38:58.506351 n-d-851205-2 devstack@placement-api.service[103802]: DEBUG placement.requestlog [None req-aff3790f-db37-4f36-9ad3-414b4c09d9c3 None None] Starting request: 10.222.0.57 "GET /placement/resource_providers/c1b29004-8e5a-4168-90a9-e70e28c766cc/aggregates" {{(pid=103802) __call__ /opt/stack/placement/placement/requestlog.py:55}}
Jul 27 11:38:58.532215 n-d-851205-2 devstack@placement-api.service[103802]: INFO placement.requestlog [None req-aff3790f-db37-4f36-9ad3-414b4c09d9c3 service placement] 10.222.0.57 "GET /placement/resource_providers/c1b29004-8e5a-4168-90a9-e70e28c766cc/aggregates" status: 404 len: 235 microversion: 1.1
Jul 27 11:38:58.532766 n-d-851205-2 devstack@placement-api.service[103802]: [pid: 103802|app: 0|req: 590/1180] 10.222.0.57 () {58 vars in 1362 bytes} [Wed Jul 27 11:38:58 2022] GET /placement/resource_providers/c1b29004-8e5a-4168-90a9-e70e28c766cc/aggregates => generated 235 bytes in 26 msecs (HTTP/1.1 404) 5 headers in 202 bytes (1 switches on core 0)
Jul 27 11:38:58.661312 n-d-851205-2 devstack@placement-api.service[103803]: DEBUG placement.requestlog [None req-aa3e0878-ac71-43a8-b024-31aa8e7a2cff None None] Starting request: 10.222.0.57 "DELETE /placement/resource_providers/c1b29004-8e5a-4168-90a9-e70e28c766cc" {{(pid=103803) __call__ /opt/stack/placement/placement/requestlog.py:55}}
Jul 27 11:38:58.674036 n-d-851205-2 devstack@placement-api.service[103803]: DEBUG placement.wsgi_wrapper [None req-aa3e0878-ac71-43a8-b024-31aa8e7a2cff service placement] Placement API returning an error response: No resource provider with uuid c1b29004-8e5a-4168-90a9-e70e28c766cc found for delete {{(pid=103803) call_func /opt/stack/placement/placement/wsgi_wrapper.py:31}}
Jul 27 11:38:58.674782 n-d-851205-2 devstack@placement-api.service[103803]: INFO placement.requestlog [None req-aa3e0878-ac71-43a8-b024-31aa8e7a2cff service placement] 10.222.0.57 "DELETE /placement/resource_providers/c1b29004-8e5a-4168-90a9-e70e28c766cc" status: 404 len: 246 microversion: 1.1
Jul 27 11:38:58.675315 n-d-851205-2 devstack@placement-api.service[103803]: [pid: 103803|app: 0|req: 591/1181] 10.222.0.57 () {60 vars in 1351 bytes} [Wed Jul 27 11:38:58 2022] DELETE /placement/resource_providers/c1b29004-8e5a-4168-90a9-e70e28c766cc => generated 246 bytes in 14 msecs (HTTP/1.1 404) 6 headers in 231 bytes (1 switches on core 0)
Jul 27 11:39:00.110799 n-d-851205-2 devstack@placement-api.service[103802]: DEBUG placement.requestlog [None req-5192334e-bba6-4952-9ee8-5695062ca8af None None] Starting request: 10.222.0.57 "GET /placement/resource_providers/069f93b9-1cbe-4fd5-a693-5b54fd51f826/aggregates" {{(pid=103802) __call__ /opt/stack/placement/placement/requestlog.py:55}}
Jul 27 11:39:00.129400 n-d-851205-2 devstack@placement-api.service[103802]: INFO placement.requestlog [None req-5192334e-bba6-4952-9ee8-5695062ca8af service placement] 10.222.0.57 "GET /placement/resource_providers/069f93b9-1cbe-4fd5-a693-5b54fd51f826/aggregates" status: 404 len: 235 microversion: 1.1
Jul 27 11:39:00.143905 n-d-851205-2 devstack@placement-api.service[103802]: [pid: 103802|app: 0|req: 591/1182] 10.222.0.57 () {58 vars in 1362 bytes} [Wed Jul 27 11:39:00 2022] GET /placement/resource_providers/069f93b9-1cbe-4fd5-a693-5b54fd51f826/aggregates => generated 235 bytes in 32 msecs (HTTP/1.1 404) 5 headers in 202 bytes (1 switches on core 0)
Jul 27 11:39:00.204891 n-d-851205-2 devstack@placement-api.service[103803]: DEBUG placement.requestlog [None req-9062cdc1-cb09-420f-8f5f-6033e000ff02 None None] Starting request: 10.222.0.57 "DELETE /placement/resource_providers/069f93b9-1cbe-4fd5-a693-5b54fd51f826" {{(pid=103803) __call__ /opt/stack/placement/placement/requestlog.py:55}}
Jul 27 11:39:00.220440 n-d-851205-2 devstack@placement-api.service[103803]: DEBUG placement.wsgi_wrapper [None req-9062cdc1-cb09-420f-8f5f-6033e000ff02 service placement] Placement API returning an error response: No resource provider with uuid 069f93b9-1cbe-4fd5-a693-5b54fd51f826 found for delete {{(pid=103803) call_func /opt/stack/placement/placement/wsgi_wrapper.py:31}}
Jul 27 11:39:00.220794 n-d-851205-2 devstack@placement-api.service[103803]: INFO placement.requestlog [None req-9062cdc1-cb09-420f-8f5f-6033e000ff02 service placement] 10.222.0.57 "DELETE /placement/resource_providers/069f93b9-1cbe-4fd5-a693-5b54fd51f826" status: 404 len: 246 microversion: 1.1
Jul 27 11:39:00.223229 n-d-851205-2 devstack@placement-api.service[103803]: [pid: 103803|app: 0|req: 592/1183] 10.222.0.57 () {60 vars in 1351 bytes} [Wed Jul 27 11:39:00 2022] DELETE /placement/resource_providers/069f93b9-1cbe-4fd5-a693-5b54fd51f826 => generated 246 bytes in 18 msecs (HTTP/1.1 404) 6 headers in 231 bytes (1 switches on core 0)
Jul 27 11:39:11.277124 n-d-851205-2 devstack@placement-api.service[103802]: DEBUG placement.requestlog [None req-639d32ac-bbd0-4559-a915-57924dd1947a None None] Starting request: 10.222.0.57 "GET /placement/resource_providers/11243fcc-0351-4bb1-a2f5-792b60c6e51b/aggregates" {{(pid=103802) __call__ /opt/stack/placement/placement/requestlog.py:55}}
Jul 27 11:39:11.294007 n-d-851205-2 devstack@placement-api.service[103802]: INFO placement.requestlog [None req-639d32ac-bbd0-4559-a915-57924dd1947a service placement] 10.222.0.57 "GET /placement/resource_providers/11243fcc-0351-4bb1-a2f5-792b60c6e51b/aggregates" status: 404 len: 235 microversion: 1.1
Jul 27 11:39:11.296140 n-d-851205-2 devstack@placement-api.service[103802]: [pid: 103802|app: 0|req: 592/1184] 10.222.0.57 () {58 vars in 1362 bytes} [Wed Jul 27 11:39:11 2022] GET /placement/resource_providers/11243fcc-0351-4bb1-a2f5-792b60c6e51b/aggregates => generated 235 bytes in 19 msecs (HTTP/1.1 404) 5 headers in 202 bytes (1 switches on core 0)
Jul 27 11:39:11.309122 n-d-851205-2 devstack@placement-api.service[103803]: DEBUG placement.requestlog [None req-aba1bd88-d8a1-41db-9652-a72ef34a6e95 None None] Starting request: 10.222.0.57 "DELETE /placement/resource_providers/11243fcc-0351-4bb1-a2f5-792b60c6e51b" {{(pid=103803) __call__ /opt/stack/placement/placement/requestlog.py:55}}
Jul 27 11:39:11.328091 n-d-851205-2 devstack@placement-api.service[103803]: DEBUG placement.wsgi_wrapper [None req-aba1bd88-d8a1-41db-9652-a72ef34a6e95 service placement] Placement API returning an error response: No resource provider with uuid 11243fcc-0351-4bb1-a2f5-792b60c6e51b found for delete {{(pid=103803) call_func /opt/stack/placement/placement/wsgi_wrapper.py:31}}
Jul 27 11:39:11.329619 n-d-851205-2 devstack@placement-api.service[103803]: INFO placement.requestlog [None req-aba1bd88-d8a1-41db-9652-a72ef34a6e95 service placement] 10.222.0.57 "DELETE /placement/resource_providers/11243fcc-0351-4bb1-a2f5-792b60c6e51b" status: 404 len: 246 microversion: 1.1
Jul 27 11:39:11.330509 n-d-851205-2 devstack@placement-api.service[103803]: [pid: 103803|app: 0|req: 593/1185] 10.222.0.57 () {60 vars in 1351 bytes} [Wed Jul 27 11:39:11 2022] DELETE /placement/resource_providers/11243fcc-0351-4bb1-a2f5-792b60c6e51b => generated 246 bytes in 21 msecs (HTTP/1.1 404) 6 headers in 231 bytes (1 switches on core 0)
Jul 27 11:39:14.799028 n-d-851205-2 devstack@placement-api.service[103802]: DEBUG placement.requestlog [req-70691358-70b2-4726-86d9-97f9f4a37e79 req-6a14836f-f149-492c-8c24-2dbd6e550800 None None] Starting request: 10.222.0.94 "GET /placement/resource_providers/8acb58a0-f704-49c9-aa49-7b4acededf83/allocations" {{(pid=103802) __call__ /opt/stack/placement/placement/requestlog.py:55}}
Jul 27 11:39:14.839069 n-d-851205-2 devstack@placement-api.service[103802]: INFO placement.requestlog [req-70691358-70b2-4726-86d9-97f9f4a37e79 req-6a14836f-f149-492c-8c24-2dbd6e550800 service placement] 10.222.0.94 "GET /placement/resource_providers/8acb58a0-f704-49c9-aa49-7b4acededf83/allocations" status: 200 len: 154 microversion: 1.0
Jul 27 11:39:14.839855 n-d-851205-2 devstack@placement-api.service[103802]: [pid: 103802|app: 0|req: 593/1186] 10.222.0.94 () {58 vars in 1390 bytes} [Wed Jul 27 11:39:14 2022] GET /placement/resource_providers/8acb58a0-f704-49c9-aa49-7b4acededf83/allocations => generated 154 bytes in 41 msecs (HTTP/1.1 200) 6 headers in 224 bytes (1 switches on core 0)
Jul 27 11:39:16.127139 n-d-851205-2 devstack@placement-api.service[103803]: DEBUG placement.requestlog [None req-0bfc6757-38db-4b7c-9c39-b016cbb6d2bf None None] Starting request: 10.222.0.57 "GET /placement/resource_providers/b76b0fdc-dfc6-453b-9046-633b2eb4c4ed/aggregates" {{(pid=103803) __call__ /opt/stack/placement/placement/requestlog.py:55}}
Jul 27 11:39:16.174405 n-d-851205-2 devstack@placement-api.service[103803]: INFO placement.requestlog [None req-0bfc6757-38db-4b7c-9c39-b016cbb6d2bf service placement] 10.222.0.57 "GET /placement/resource_providers/b76b0fdc-dfc6-453b-9046-633b2eb4c4ed/aggregates" status: 404 len: 235 microversion: 1.1
Jul 27 11:39:16.175294 n-d-851205-2 devstack@placement-api.service[103803]: [pid: 103803|app: 0|req: 594/1187] 10.222.0.57 () {58 vars in 1362 bytes} [Wed Jul 27 11:39:16 2022] GET /placement/resource_providers/b76b0fdc-dfc6-453b-9046-633b2eb4c4ed/aggregates => generated 235 bytes in 49 msecs (HTTP/1.1 404) 5 headers in 202 bytes (1 switches on core 0)
Jul 27 11:39:16.265142 n-d-851205-2 devstack@placement-api.service[103802]: DEBUG placement.requestlog [None req-fc28d1ea-bf11-418b-b8a5-c3bfe472b566 None None] Starting request: 10.222.0.57 "DELETE /placement/resource_providers/b76b0fdc-dfc6-453b-9046-633b2eb4c4ed" {{(pid=103802) __call__ /opt/stack/placement/placement/requestlog.py:55}}
Jul 27 11:39:16.277105 n-d-851205-2 devstack@placement-api.service[103802]: DEBUG placement.wsgi_wrapper [None req-fc28d1ea-bf11-418b-b8a5-c3bfe472b566 service placement] Placement API returning an error response: No resource provider with uuid b76b0fdc-dfc6-453b-9046-633b2eb4c4ed found for delete {{(pid=103802) call_func /opt/stack/placement/placement/wsgi_wrapper.py:31}}
Jul 27 11:39:16.282969 n-d-851205-2 devstack@placement-api.service[103802]: INFO placement.requestlog [None req-fc28d1ea-bf11-418b-b8a5-c3bfe472b566 service placement] 10.222.0.57 "DELETE /placement/resource_providers/b76b0fdc-dfc6-453b-9046-633b2eb4c4ed" status: 404 len: 246 microversion: 1.1
Jul 27 11:39:16.283590 n-d-851205-2 devstack@placement-api.service[103802]: [pid: 103802|app: 0|req: 594/1188] 10.222.0.57 () {60 vars in 1351 bytes} [Wed Jul 27 11:39:16 2022] DELETE /placement/resource_providers/b76b0fdc-dfc6-453b-9046-633b2eb4c4ed => generated 246 bytes in 19 msecs (HTTP/1.1 404) 6 headers in 231 bytes (1 switches on core 0)
Jul 27 11:39:17.022876 n-d-851205-2 devstack@placement-api.service[103803]: DEBUG placement.requestlog [req-743811c6-92ab-498e-b2e3-108dc838628a req-01fa8e5d-1139-4c8a-ad5b-e0c3b9e50648 None None] Starting request: 10.222.0.100 "GET /placement/resource_providers/811f5189-f80d-467e-9020-12c237fb69a3/allocations" {{(pid=103803) __call__ /opt/stack/placement/placement/requestlog.py:55}}
Jul 27 11:39:17.072679 n-d-851205-2 devstack@placement-api.service[103803]: INFO placement.requestlog [req-743811c6-92ab-498e-b2e3-108dc838628a req-01fa8e5d-1139-4c8a-ad5b-e0c3b9e50648 service placement] 10.222.0.100 "GET /placement/resource_providers/811f5189-f80d-467e-9020-12c237fb69a3/allocations" status: 200 len: 255 microversion: 1.0
Jul 27 11:39:17.073386 n-d-851205-2 devstack@placement-api.service[103803]: [pid: 103803|app: 0|req: 595/1189] 10.222.0.100 () {58 vars in 1391 bytes} [Wed Jul 27 11:39:17 2022] GET /placement/resource_providers/811f5189-f80d-467e-9020-12c237fb69a3/allocations => generated 255 bytes in 51 msecs (HTTP/1.1 200) 6 headers in 224 bytes (1 switches on core 0)
Jul 27 11:39:18.606117 n-d-851205-2 devstack@placement-api.service[103802]: DEBUG placement.requestlog [None req-48e5c7aa-7f29-43e1-a9af-dccf289fc044 None None] Starting request: 10.222.0.57 "GET /placement/resource_providers/a0914453-0cda-45c6-8428-3150f1706aac/aggregates" {{(pid=103802) __call__ /opt/stack/placement/placement/requestlog.py:55}}
Jul 27 11:39:18.625439 n-d-851205-2 devstack@placement-api.service[103802]: INFO placement.requestlog [None req-48e5c7aa-7f29-43e1-a9af-dccf289fc044 service placement] 10.222.0.57 "GET /placement/resource_providers/a0914453-0cda-45c6-8428-3150f1706aac/aggregates" status: 404 len: 235 microversion: 1.1
Jul 27 11:39:18.626024 n-d-851205-2 devstack@placement-api.service[103802]: [pid: 103802|app: 0|req: 595/1190] 10.222.0.57 () {58 vars in 1362 bytes} [Wed Jul 27 11:39:18 2022] GET /placement/resource_providers/a0914453-0cda-45c6-8428-3150f1706aac/aggregates => generated 235 bytes in 20 msecs (HTTP/1.1 404) 5 headers in 202 bytes (1 switches on core 0)
Jul 27 11:39:18.670641 n-d-851205-2 devstack@placement-api.service[103803]: DEBUG placement.requestlog [None req-4c04d668-1e71-48cf-a3f4-8a5366ab4872 None None] Starting request: 10.222.0.57 "DELETE /placement/resource_providers/a0914453-0cda-45c6-8428-3150f1706aac" {{(pid=103803) __call__ /opt/stack/placement/placement/requestlog.py:55}}
Jul 27 11:39:18.690415 n-d-851205-2 devstack@placement-api.service[103802]: DEBUG placement.requestlog [None req-a83fb7af-01e4-47dc-a84b-22510bf0bd44 None None] Starting request: 10.222.0.57 "GET /placement/resource_providers/ca7494d8-6f94-480a-9482-3b82417fa031/aggregates" {{(pid=103802) __call__ /opt/stack/placement/placement/requestlog.py:55}}
Jul 27 11:39:18.722704 n-d-851205-2 devstack@placement-api.service[103803]: DEBUG placement.wsgi_wrapper [None req-4c04d668-1e71-48cf-a3f4-8a5366ab4872 service placement] Placement API returning an error response: No resource provider with uuid a0914453-0cda-45c6-8428-3150f1706aac found for delete {{(pid=103803) call_func /opt/stack/placement/placement/wsgi_wrapper.py:31}}
Jul 27 11:39:18.724497 n-d-851205-2 devstack@placement-api.service[103802]: INFO placement.requestlog [None req-a83fb7af-01e4-47dc-a84b-22510bf0bd44 service placement] 10.222.0.57 "GET /placement/resource_providers/ca7494d8-6f94-480a-9482-3b82417fa031/aggregates" status: 404 len: 235 microversion: 1.1
Jul 27 11:39:18.725499 n-d-851205-2 devstack@placement-api.service[103803]: INFO placement.requestlog [None req-4c04d668-1e71-48cf-a3f4-8a5366ab4872 service placement] 10.222.0.57 "DELETE /placement/resource_providers/a0914453-0cda-45c6-8428-3150f1706aac" status: 404 len: 246 microversion: 1.1
Jul 27 11:39:18.726373 n-d-851205-2 devstack@placement-api.service[103802]: [pid: 103802|app: 0|req: 596/1191] 10.222.0.57 () {58 vars in 1362 bytes} [Wed Jul 27 11:39:18 2022] GET /placement/resource_providers/ca7494d8-6f94-480a-9482-3b82417fa031/aggregates => generated 235 bytes in 36 msecs (HTTP/1.1 404) 5 headers in 202 bytes (1 switches on core 0)
Jul 27 11:39:18.726754 n-d-851205-2 devstack@placement-api.service[103803]: [pid: 103803|app: 0|req: 596/1192] 10.222.0.57 () {60 vars in 1351 bytes} [Wed Jul 27 11:39:18 2022] DELETE /placement/resource_providers/a0914453-0cda-45c6-8428-3150f1706aac => generated 246 bytes in 56 msecs (HTTP/1.1 404) 6 headers in 231 bytes (1 switches on core 0)
Jul 27 11:39:18.751730 n-d-851205-2 devstack@placement-api.service[103802]: DEBUG placement.requestlog [None req-a3a6b37d-9efe-4a78-a72a-b122f8a62e66 None None] Starting request: 10.222.0.57 "DELETE /placement/resource_providers/ca7494d8-6f94-480a-9482-3b82417fa031" {{(pid=103802) __call__ /opt/stack/placement/placement/requestlog.py:55}}
Jul 27 11:39:18.765397 n-d-851205-2 devstack@placement-api.service[103802]: DEBUG placement.wsgi_wrapper [None req-a3a6b37d-9efe-4a78-a72a-b122f8a62e66 service placement] Placement API returning an error response: No resource provider with uuid ca7494d8-6f94-480a-9482-3b82417fa031 found for delete {{(pid=103802) call_func /opt/stack/placement/placement/wsgi_wrapper.py:31}}
Jul 27 11:39:18.767138 n-d-851205-2 devstack@placement-api.service[103802]: INFO placement.requestlog [None req-a3a6b37d-9efe-4a78-a72a-b122f8a62e66 service placement] 10.222.0.57 "DELETE /placement/resource_providers/ca7494d8-6f94-480a-9482-3b82417fa031" status: 404 len: 246 microversion: 1.1
Jul 27 11:39:18.768474 n-d-851205-2 devstack@placement-api.service[103802]: [pid: 103802|app: 0|req: 597/1193] 10.222.0.57 () {60 vars in 1351 bytes} [Wed Jul 27 11:39:18 2022] DELETE /placement/resource_providers/ca7494d8-6f94-480a-9482-3b82417fa031 => generated 246 bytes in 17 msecs (HTTP/1.1 404) 6 headers in 231 bytes (1 switches on core 0)
Jul 27 11:39:20.751121 n-d-851205-2 devstack@placement-api.service[103803]: DEBUG placement.requestlog [None req-9fa0ae27-21dd-4141-8090-82c52782ae9f None None] Starting request: 10.222.0.57 "GET /placement/resource_providers/e9c94699-ebe0-4741-8b1d-0253b257cad8/aggregates" {{(pid=103803) __call__ /opt/stack/placement/placement/requestlog.py:55}}
Jul 27 11:39:20.763520 n-d-851205-2 devstack@placement-api.service[103803]: INFO placement.requestlog [None req-9fa0ae27-21dd-4141-8090-82c52782ae9f service placement] 10.222.0.57 "GET /placement/resource_providers/e9c94699-ebe0-4741-8b1d-0253b257cad8/aggregates" status: 404 len: 235 microversion: 1.1
Jul 27 11:39:20.763747 n-d-851205-2 devstack@placement-api.service[103803]: [pid: 103803|app: 0|req: 597/1194] 10.222.0.57 () {58 vars in 1362 bytes} [Wed Jul 27 11:39:20 2022] GET /placement/resource_providers/e9c94699-ebe0-4741-8b1d-0253b257cad8/aggregates => generated 235 bytes in 13 msecs (HTTP/1.1 404) 5 headers in 202 bytes (1 switches on core 0)
Jul 27 11:39:20.779108 n-d-851205-2 devstack@placement-api.service[103802]: DEBUG placement.requestlog [None req-d483f136-23f9-40f5-96cc-a1d6c2b7bdff None None] Starting request: 10.222.0.57 "DELETE /placement/resource_providers/e9c94699-ebe0-4741-8b1d-0253b257cad8" {{(pid=103802) __call__ /opt/stack/placement/placement/requestlog.py:55}}
Jul 27 11:39:20.790420 n-d-851205-2 devstack@placement-api.service[103802]: DEBUG placement.wsgi_wrapper [None req-d483f136-23f9-40f5-96cc-a1d6c2b7bdff service placement] Placement API returning an error response: No resource provider with uuid e9c94699-ebe0-4741-8b1d-0253b257cad8 found for delete {{(pid=103802) call_func /opt/stack/placement/placement/wsgi_wrapper.py:31}}
Jul 27 11:39:20.794078 n-d-851205-2 devstack@placement-api.service[103802]: INFO placement.requestlog [None req-d483f136-23f9-40f5-96cc-a1d6c2b7bdff service placement] 10.222.0.57 "DELETE /placement/resource_providers/e9c94699-ebe0-4741-8b1d-0253b257cad8" status: 404 len: 246 microversion: 1.1
Jul 27 11:39:20.794078 n-d-851205-2 devstack@placement-api.service[103802]: [pid: 103802|app: 0|req: 598/1195] 10.222.0.57 () {60 vars in 1351 bytes} [Wed Jul 27 11:39:20 2022] DELETE /placement/resource_providers/e9c94699-ebe0-4741-8b1d-0253b257cad8 => generated 246 bytes in 15 msecs (HTTP/1.1 404) 6 headers in 231 bytes (1 switches on core 0)
Jul 27 11:39:26.810110 n-d-851205-2 devstack@placement-api.service[103803]: DEBUG placement.requestlog [None req-674161e6-aa38-4382-ab93-27cc4286dcdd None None] Starting request: 10.222.0.57 "GET /placement/resource_providers/e5c753a8-a5a8-4562-8753-34184a18e20c/aggregates" {{(pid=103803) __call__ /opt/stack/placement/placement/requestlog.py:55}}
Jul 27 11:39:26.836577 n-d-851205-2 devstack@placement-api.service[103803]: INFO placement.requestlog [None req-674161e6-aa38-4382-ab93-27cc4286dcdd service placement] 10.222.0.57 "GET /placement/resource_providers/e5c753a8-a5a8-4562-8753-34184a18e20c/aggregates" status: 404 len: 235 microversion: 1.1
Jul 27 11:39:26.837358 n-d-851205-2 devstack@placement-api.service[103803]: [pid: 103803|app: 0|req: 598/1196] 10.222.0.57 () {58 vars in 1362 bytes} [Wed Jul 27 11:39:26 2022] GET /placement/resource_providers/e5c753a8-a5a8-4562-8753-34184a18e20c/aggregates => generated 235 bytes in 27 msecs (HTTP/1.1 404) 5 headers in 202 bytes (1 switches on core 0)
Jul 27 11:39:26.850091 n-d-851205-2 devstack@placement-api.service[103802]: DEBUG placement.requestlog [None req-92fb1845-7c80-482a-80d9-57563fc911b0 None None] Starting request: 10.222.0.57 "DELETE /placement/resource_providers/e5c753a8-a5a8-4562-8753-34184a18e20c" {{(pid=103802) __call__ /opt/stack/placement/placement/requestlog.py:55}}
Jul 27 11:39:26.865419 n-d-851205-2 devstack@placement-api.service[103802]: DEBUG placement.wsgi_wrapper [None req-92fb1845-7c80-482a-80d9-57563fc911b0 service placement] Placement API returning an error response: No resource provider with uuid e5c753a8-a5a8-4562-8753-34184a18e20c found for delete {{(pid=103802) call_func /opt/stack/placement/placement/wsgi_wrapper.py:31}}
Jul 27 11:39:26.880866 n-d-851205-2 devstack@placement-api.service[103802]: INFO placement.requestlog [None req-92fb1845-7c80-482a-80d9-57563fc911b0 service placement] 10.222.0.57 "DELETE /placement/resource_providers/e5c753a8-a5a8-4562-8753-34184a18e20c" status: 404 len: 246 microversion: 1.1
