Jul 27 11:20:06.603339 n-d-851205-2 devstack@placement-api.service[103803]: DEBUG placement.objects.research_context [req-cdb34b5f-2745-43c7-8e69-039834170aa8 req-839730a6-022e-4251-87f4-8c348c8173b2 service placement] found 2 providers with available 1024 MEMORY_MB {{(pid=103803) get_provider_ids_matching /opt/stack/placement/placement/objects/research_context.py:549}}
Jul 27 11:20:06.604093 n-d-851205-2 devstack@placement-api.service[103803]: DEBUG placement.objects.research_context [req-cdb34b5f-2745-43c7-8e69-039834170aa8 req-839730a6-022e-4251-87f4-8c348c8173b2 service placement] found 2 providers after filtering by previous result {{(pid=103803) get_provider_ids_matching /opt/stack/placement/placement/objects/research_context.py:580}}
Jul 27 11:20:06.604628 n-d-851205-2 devstack@placement-api.service[103803]: DEBUG placement.objects.research_context [req-cdb34b5f-2745-43c7-8e69-039834170aa8 req-839730a6-022e-4251-87f4-8c348c8173b2 service placement] found 2 providers with available 1 VCPU {{(pid=103803) get_provider_ids_matching /opt/stack/placement/placement/objects/research_context.py:549}}
Jul 27 11:20:06.605107 n-d-851205-2 devstack@placement-api.service[103803]: DEBUG placement.objects.research_context [req-cdb34b5f-2745-43c7-8e69-039834170aa8 req-839730a6-022e-4251-87f4-8c348c8173b2 service placement] found 2 providers after filtering by previous result {{(pid=103803) get_provider_ids_matching /opt/stack/placement/placement/objects/research_context.py:580}}
Jul 27 11:20:06.616808 n-d-851205-2 devstack@placement-api.service[103803]: DEBUG placement.objects.allocation_candidate [req-cdb34b5f-2745-43c7-8e69-039834170aa8 req-839730a6-022e-4251-87f4-8c348c8173b2 service placement] RequestGroup(use_same_provider=False, resources={DISK_GB:1, MEMORY_MB:1024, VCPU:1}, traits=[], aggregates=[]) (suffix '') returned 2 matches {{(pid=103803) _get_by_requests /opt/stack/placement/placement/objects/allocation_candidate.py:145}}
Jul 27 11:20:06.617560 n-d-851205-2 devstack@placement-api.service[103803]: DEBUG placement.objects.allocation_candidate [req-cdb34b5f-2745-43c7-8e69-039834170aa8 req-839730a6-022e-4251-87f4-8c348c8173b2 service placement] Merging candidates yields 2 allocation requests and 2 provider summaries {{(pid=103803) _merge_candidates /opt/stack/placement/placement/objects/allocation_candidate.py:783}}
Jul 27 11:20:06.619947 n-d-851205-2 devstack@placement-api.service[103803]: INFO placement.requestlog [req-cdb34b5f-2745-43c7-8e69-039834170aa8 req-839730a6-022e-4251-87f4-8c348c8173b2 service placement] 10.222.0.57 "GET /placement/allocation_candidates?limit=1000&resources=DISK_GB%3A1%2CMEMORY_MB%3A1024%2CVCPU%3A1&root_required=%21COMPUTE_STATUS_DISABLED" status: 200 len: 1309 microversion: 1.36
Jul 27 11:20:06.624957 n-d-851205-2 devstack@placement-api.service[103803]: [pid: 103803|app: 0|req: 272/544] 10.222.0.57 () {60 vars in 1506 bytes} [Wed Jul 27 11:20:06 2022] GET /placement/allocation_candidates?limit=1000&resources=DISK_GB%3A1%2CMEMORY_MB%3A1024%2CVCPU%3A1&root_required=%21COMPUTE_STATUS_DISABLED => generated 1309 bytes in 98 msecs (HTTP/1.1 200) 8 headers in 297 bytes (2 switches on core 0)
Jul 27 11:20:06.666629 n-d-851205-2 devstack@placement-api.service[103802]: DEBUG placement.requestlog [req-e612bb01-ad2c-4694-b148-528bb1f8211d req-8c14e703-e966-4925-a014-47eb645d9c98 None None] Starting request: 10.222.0.94 "GET /placement/allocations/72ba6bda-97f2-49d3-af06-f58206de5dfe" {{(pid=103802) __call__ /opt/stack/placement/placement/requestlog.py:55}}
Jul 27 11:20:06.677990 n-d-851205-2 devstack@placement-api.service[103803]: DEBUG placement.requestlog [req-cdb34b5f-2745-43c7-8e69-039834170aa8 req-23d049dd-81a8-4413-89ae-668f3ce87fed None None] Starting request: 10.222.0.57 "GET /placement/allocations/7102385e-2754-4f62-b548-918c0678ce6b" {{(pid=103803) __call__ /opt/stack/placement/placement/requestlog.py:55}}
Jul 27 11:20:06.691654 n-d-851205-2 devstack@placement-api.service[103803]: INFO placement.requestlog [req-cdb34b5f-2745-43c7-8e69-039834170aa8 req-23d049dd-81a8-4413-89ae-668f3ce87fed service placement] 10.222.0.57 "GET /placement/allocations/7102385e-2754-4f62-b548-918c0678ce6b" status: 200 len: 19 microversion: 1.28
Jul 27 11:20:06.692087 n-d-851205-2 devstack@placement-api.service[103803]: [pid: 103803|app: 0|req: 273/545] 10.222.0.57 () {60 vars in 1380 bytes} [Wed Jul 27 11:20:06 2022] GET /placement/allocations/7102385e-2754-4f62-b548-918c0678ce6b => generated 19 bytes in 14 msecs (HTTP/1.1 200) 8 headers in 295 bytes (2 switches on core 0)
Jul 27 11:20:06.700759 n-d-851205-2 devstack@placement-api.service[103803]: DEBUG placement.requestlog [req-cdb34b5f-2745-43c7-8e69-039834170aa8 req-a9770f10-7591-45ea-948c-6c72fb9fde8f None None] Starting request: 10.222.0.57 "PUT /placement/allocations/7102385e-2754-4f62-b548-918c0678ce6b" {{(pid=103803) __call__ /opt/stack/placement/placement/requestlog.py:55}}
Jul 27 11:20:06.717349 n-d-851205-2 devstack@placement-api.service[103802]: INFO placement.requestlog [req-e612bb01-ad2c-4694-b148-528bb1f8211d req-8c14e703-e966-4925-a014-47eb645d9c98 service placement] 10.222.0.94 "GET /placement/allocations/72ba6bda-97f2-49d3-af06-f58206de5dfe" status: 200 len: 259 microversion: 1.28
Jul 27 11:20:06.720225 n-d-851205-2 devstack@placement-api.service[103802]: [pid: 103802|app: 0|req: 273/546] 10.222.0.94 () {60 vars in 1377 bytes} [Wed Jul 27 11:20:06 2022] GET /placement/allocations/72ba6bda-97f2-49d3-af06-f58206de5dfe => generated 259 bytes in 54 msecs (HTTP/1.1 200) 8 headers in 296 bytes (1 switches on core 0)
Jul 27 11:20:06.799825 n-d-851205-2 devstack@placement-api.service[103803]: DEBUG placement.handlers.allocation [req-cdb34b5f-2745-43c7-8e69-039834170aa8 req-a9770f10-7591-45ea-948c-6c72fb9fde8f service placement] Successfully wrote allocations [, , ] {{(pid=103803) _update_consumers_and_create_allocations /opt/stack/placement/placement/handlers/allocation.py:462}}
Jul 27 11:20:06.803333 n-d-851205-2 devstack@placement-api.service[103803]: INFO placement.requestlog [req-cdb34b5f-2745-43c7-8e69-039834170aa8 req-a9770f10-7591-45ea-948c-6c72fb9fde8f service placement] 10.222.0.57 "PUT /placement/allocations/7102385e-2754-4f62-b548-918c0678ce6b" status: 204 len: 0 microversion: 1.36
Jul 27 11:20:06.803863 n-d-851205-2 devstack@placement-api.service[103803]: [pid: 103803|app: 0|req: 274/547] 10.222.0.57 () {64 vars in 1433 bytes} [Wed Jul 27 11:20:06 2022] PUT /placement/allocations/7102385e-2754-4f62-b548-918c0678ce6b => generated 0 bytes in 103 msecs (HTTP/1.1 204) 5 headers in 199 bytes (2 switches on core 0)
Jul 27 11:20:07.223533 n-d-851205-2 devstack@placement-api.service[103802]: DEBUG placement.requestlog [req-cdb34b5f-2745-43c7-8e69-039834170aa8 req-d9de2139-4de7-4db8-ad29-e8962e0b7f53 None None] Starting request: 10.222.0.100 "GET /placement/allocations/7102385e-2754-4f62-b548-918c0678ce6b" {{(pid=103802) __call__ /opt/stack/placement/placement/requestlog.py:55}}
Jul 27 11:20:07.250238 n-d-851205-2 devstack@placement-api.service[103802]: INFO placement.requestlog [req-cdb34b5f-2745-43c7-8e69-039834170aa8 req-d9de2139-4de7-4db8-ad29-e8962e0b7f53 service placement] 10.222.0.100 "GET /placement/allocations/7102385e-2754-4f62-b548-918c0678ce6b" status: 200 len: 259 microversion: 1.28
Jul 27 11:20:07.251449 n-d-851205-2 devstack@placement-api.service[103802]: [pid: 103802|app: 0|req: 274/548] 10.222.0.100 () {60 vars in 1378 bytes} [Wed Jul 27 11:20:07 2022] GET /placement/allocations/7102385e-2754-4f62-b548-918c0678ce6b => generated 259 bytes in 29 msecs (HTTP/1.1 200) 8 headers in 296 bytes (1 switches on core 0)
Jul 27 11:20:11.945166 n-d-851205-2 devstack@placement-api.service[103803]: DEBUG placement.requestlog [req-15ebddc6-3301-47e2-b850-0444a66a79a3 req-0711c48e-e817-4628-90e7-b8c5e10861c8 None None] Starting request: 10.222.0.94 "DELETE /placement/allocations/55614e49-0357-4762-8c12-741ada6b3f06" {{(pid=103803) __call__ /opt/stack/placement/placement/requestlog.py:55}}
Jul 27 11:20:12.004024 n-d-851205-2 devstack@placement-api.service[103803]: DEBUG placement.handlers.allocation [req-15ebddc6-3301-47e2-b850-0444a66a79a3 req-0711c48e-e817-4628-90e7-b8c5e10861c8 service placement] Successfully deleted allocations [, , ] {{(pid=103803) delete_allocations /opt/stack/placement/placement/handlers/allocation.py:627}}
Jul 27 11:20:12.006205 n-d-851205-2 devstack@placement-api.service[103803]: INFO placement.requestlog [req-15ebddc6-3301-47e2-b850-0444a66a79a3 req-0711c48e-e817-4628-90e7-b8c5e10861c8 service placement] 10.222.0.94 "DELETE /placement/allocations/55614e49-0357-4762-8c12-741ada6b3f06" status: 204 len: 0 microversion: 1.0
Jul 27 11:20:12.008765 n-d-851205-2 devstack@placement-api.service[103803]: [pid: 103803|app: 0|req: 275/549] 10.222.0.94 () {60 vars in 1355 bytes} [Wed Jul 27 11:20:11 2022] DELETE /placement/allocations/55614e49-0357-4762-8c12-741ada6b3f06 => generated 0 bytes in 65 msecs (HTTP/1.1 204) 5 headers in 198 bytes (1 switches on core 0)
Jul 27 11:20:18.862540 n-d-851205-2 devstack@placement-api.service[103802]: DEBUG placement.requestlog [req-49abdba4-95f4-48de-b463-5b9fff710579 req-c087311b-3cc3-462c-8153-d5001a78bc0d None None] Starting request: 10.222.0.57 "GET /placement/allocation_candidates?limit=1000&resources=DISK_GB%3A1%2CMEMORY_MB%3A1024%2CVCPU%3A1&root_required=%21COMPUTE_STATUS_DISABLED" {{(pid=103802) __call__ /opt/stack/placement/placement/requestlog.py:55}}
Jul 27 11:20:18.938776 n-d-851205-2 devstack@placement-api.service[103802]: DEBUG placement.objects.research_context [req-49abdba4-95f4-48de-b463-5b9fff710579 req-c087311b-3cc3-462c-8153-d5001a78bc0d service placement] getting providers with 1 DISK_GB {{(pid=103802) __init__ /opt/stack/placement/placement/objects/research_context.py:126}}
Jul 27 11:20:18.955343 n-d-851205-2 devstack@placement-api.service[103802]: DEBUG placement.objects.research_context [req-49abdba4-95f4-48de-b463-5b9fff710579 req-c087311b-3cc3-462c-8153-d5001a78bc0d service placement] getting providers with 1024 MEMORY_MB {{(pid=103802) __init__ /opt/stack/placement/placement/objects/research_context.py:126}}
Jul 27 11:20:18.969952 n-d-851205-2 devstack@placement-api.service[103802]: DEBUG placement.objects.research_context [req-49abdba4-95f4-48de-b463-5b9fff710579 req-c087311b-3cc3-462c-8153-d5001a78bc0d service placement] getting providers with 1 VCPU {{(pid=103802) __init__ /opt/stack/placement/placement/objects/research_context.py:126}}
Jul 27 11:20:18.989170 n-d-851205-2 devstack@placement-api.service[103802]: DEBUG placement.objects.research_context [req-49abdba4-95f4-48de-b463-5b9fff710579 req-c087311b-3cc3-462c-8153-d5001a78bc0d service placement] found 2 providers with available 1 DISK_GB {{(pid=103802) get_provider_ids_matching /opt/stack/placement/placement/objects/research_context.py:549}}
Jul 27 11:20:18.989875 n-d-851205-2 devstack@placement-api.service[103802]: DEBUG placement.objects.research_context [req-49abdba4-95f4-48de-b463-5b9fff710579 req-c087311b-3cc3-462c-8153-d5001a78bc0d service placement] found 2 providers with available 1024 MEMORY_MB {{(pid=103802) get_provider_ids_matching /opt/stack/placement/placement/objects/research_context.py:549}}
Jul 27 11:20:18.990324 n-d-851205-2 devstack@placement-api.service[103802]: DEBUG placement.objects.research_context [req-49abdba4-95f4-48de-b463-5b9fff710579 req-c087311b-3cc3-462c-8153-d5001a78bc0d service placement] found 2 providers after filtering by previous result {{(pid=103802) get_provider_ids_matching /opt/stack/placement/placement/objects/research_context.py:580}}
Jul 27 11:20:18.990829 n-d-851205-2 devstack@placement-api.service[103802]: DEBUG placement.objects.research_context [req-49abdba4-95f4-48de-b463-5b9fff710579 req-c087311b-3cc3-462c-8153-d5001a78bc0d service placement] found 2 providers with available 1 VCPU {{(pid=103802) get_provider_ids_matching /opt/stack/placement/placement/objects/research_context.py:549}}
Jul 27 11:20:18.991324 n-d-851205-2 devstack@placement-api.service[103802]: DEBUG placement.objects.research_context [req-49abdba4-95f4-48de-b463-5b9fff710579 req-c087311b-3cc3-462c-8153-d5001a78bc0d service placement] found 2 providers after filtering by previous result {{(pid=103802) get_provider_ids_matching /opt/stack/placement/placement/objects/research_context.py:580}}
Jul 27 11:20:19.009178 n-d-851205-2 devstack@placement-api.service[103802]: DEBUG placement.objects.allocation_candidate [req-49abdba4-95f4-48de-b463-5b9fff710579 req-c087311b-3cc3-462c-8153-d5001a78bc0d service placement] RequestGroup(use_same_provider=False, resources={DISK_GB:1, MEMORY_MB:1024, VCPU:1}, traits=[], aggregates=[]) (suffix '') returned 2 matches {{(pid=103802) _get_by_requests /opt/stack/placement/placement/objects/allocation_candidate.py:145}}
Jul 27 11:20:19.010045 n-d-851205-2 devstack@placement-api.service[103802]: DEBUG placement.objects.allocation_candidate [req-49abdba4-95f4-48de-b463-5b9fff710579 req-c087311b-3cc3-462c-8153-d5001a78bc0d service placement] Merging candidates yields 2 allocation requests and 2 provider summaries {{(pid=103802) _merge_candidates /opt/stack/placement/placement/objects/allocation_candidate.py:783}}
Jul 27 11:20:19.012698 n-d-851205-2 devstack@placement-api.service[103802]: INFO placement.requestlog [req-49abdba4-95f4-48de-b463-5b9fff710579 req-c087311b-3cc3-462c-8153-d5001a78bc0d service placement] 10.222.0.57 "GET /placement/allocation_candidates?limit=1000&resources=DISK_GB%3A1%2CMEMORY_MB%3A1024%2CVCPU%3A1&root_required=%21COMPUTE_STATUS_DISABLED" status: 200 len: 1309 microversion: 1.36
Jul 27 11:20:19.013425 n-d-851205-2 devstack@placement-api.service[103802]: [pid: 103802|app: 0|req: 275/550] 10.222.0.57 () {60 vars in 1506 bytes} [Wed Jul 27 11:20:18 2022] GET /placement/allocation_candidates?limit=1000&resources=DISK_GB%3A1%2CMEMORY_MB%3A1024%2CVCPU%3A1&root_required=%21COMPUTE_STATUS_DISABLED => generated 1309 bytes in 151 msecs (HTTP/1.1 200) 8 headers in 297 bytes (1 switches on core 0)
Jul 27 11:20:19.075646 n-d-851205-2 devstack@placement-api.service[103803]: DEBUG placement.requestlog [req-49abdba4-95f4-48de-b463-5b9fff710579 req-24747efc-7f8e-4705-8d70-7cb02f10313f None None] Starting request: 10.222.0.57 "GET /placement/allocations/8ff31a03-8a4f-4f7e-8ea3-f2be032e4cbc" {{(pid=103803) __call__ /opt/stack/placement/placement/requestlog.py:55}}
Jul 27 11:20:19.087575 n-d-851205-2 devstack@placement-api.service[103803]: INFO placement.requestlog [req-49abdba4-95f4-48de-b463-5b9fff710579 req-24747efc-7f8e-4705-8d70-7cb02f10313f service placement] 10.222.0.57 "GET /placement/allocations/8ff31a03-8a4f-4f7e-8ea3-f2be032e4cbc" status: 200 len: 19 microversion: 1.28
Jul 27 11:20:19.088691 n-d-851205-2 devstack@placement-api.service[103803]: [pid: 103803|app: 0|req: 276/551] 10.222.0.57 () {60 vars in 1380 bytes} [Wed Jul 27 11:20:19 2022] GET /placement/allocations/8ff31a03-8a4f-4f7e-8ea3-f2be032e4cbc => generated 19 bytes in 13 msecs (HTTP/1.1 200) 8 headers in 295 bytes (2 switches on core 0)
Jul 27 11:20:19.097310 n-d-851205-2 devstack@placement-api.service[103802]: DEBUG placement.requestlog [req-49abdba4-95f4-48de-b463-5b9fff710579 req-4a057ebd-d953-466f-b584-03ea8a913006 None None] Starting request: 10.222.0.57 "PUT /placement/allocations/8ff31a03-8a4f-4f7e-8ea3-f2be032e4cbc" {{(pid=103802) __call__ /opt/stack/placement/placement/requestlog.py:55}}
Jul 27 11:20:19.216473 n-d-851205-2 devstack@placement-api.service[103802]: DEBUG placement.handlers.allocation [req-49abdba4-95f4-48de-b463-5b9fff710579 req-4a057ebd-d953-466f-b584-03ea8a913006 service placement] Successfully wrote allocations [, , ] {{(pid=103802) _update_consumers_and_create_allocations /opt/stack/placement/placement/handlers/allocation.py:462}}
Jul 27 11:20:19.222214 n-d-851205-2 devstack@placement-api.service[103802]: INFO placement.requestlog [req-49abdba4-95f4-48de-b463-5b9fff710579 req-4a057ebd-d953-466f-b584-03ea8a913006 service placement] 10.222.0.57 "PUT /placement/allocations/8ff31a03-8a4f-4f7e-8ea3-f2be032e4cbc" status: 204 len: 0 microversion: 1.36
Jul 27 11:20:19.223209 n-d-851205-2 devstack@placement-api.service[103802]: [pid: 103802|app: 0|req: 276/552] 10.222.0.57 () {64 vars in 1433 bytes} [Wed Jul 27 11:20:19 2022] PUT /placement/allocations/8ff31a03-8a4f-4f7e-8ea3-f2be032e4cbc => generated 0 bytes in 126 msecs (HTTP/1.1 204) 5 headers in 199 bytes (2 switches on core 0)
Jul 27 11:20:19.696678 n-d-851205-2 devstack@placement-api.service[103803]: DEBUG placement.requestlog [req-49abdba4-95f4-48de-b463-5b9fff710579 req-00e85ddb-a036-41db-9768-a821d496153c None None] Starting request: 10.222.0.100 "GET /placement/allocations/8ff31a03-8a4f-4f7e-8ea3-f2be032e4cbc" {{(pid=103803) __call__ /opt/stack/placement/placement/requestlog.py:55}}
Jul 27 11:20:19.724285 n-d-851205-2 devstack@placement-api.service[103803]: INFO placement.requestlog [req-49abdba4-95f4-48de-b463-5b9fff710579 req-00e85ddb-a036-41db-9768-a821d496153c service placement] 10.222.0.100 "GET /placement/allocations/8ff31a03-8a4f-4f7e-8ea3-f2be032e4cbc" status: 200 len: 259 microversion: 1.28
Jul 27 11:20:19.726670 n-d-851205-2 devstack@placement-api.service[103803]: [pid: 103803|app: 0|req: 277/553] 10.222.0.100 () {60 vars in 1378 bytes} [Wed Jul 27 11:20:19 2022] GET /placement/allocations/8ff31a03-8a4f-4f7e-8ea3-f2be032e4cbc => generated 259 bytes in 30 msecs (HTTP/1.1 200) 8 headers in 296 bytes (1 switches on core 0)
Jul 27 11:20:19.953091 n-d-851205-2 devstack@placement-api.service[103802]: DEBUG placement.requestlog [req-f2ed5673-cc63-4887-82e4-bac9e18ef4c3 req-41b8678a-19ea-4eed-ab47-a725505c5a69 None None] Starting request: 10.222.0.57 "GET /placement/allocation_candidates?limit=1000&resources=DISK_GB%3A1%2CMEMORY_MB%3A1024%2CVCPU%3A1&root_required=%21COMPUTE_STATUS_DISABLED" {{(pid=103802) __call__ /opt/stack/placement/placement/requestlog.py:55}}
Jul 27 11:20:20.006937 n-d-851205-2 devstack@placement-api.service[103802]: DEBUG placement.objects.research_context [req-f2ed5673-cc63-4887-82e4-bac9e18ef4c3 req-41b8678a-19ea-4eed-ab47-a725505c5a69 service placement] getting providers with 1 DISK_GB {{(pid=103802) __init__ /opt/stack/placement/placement/objects/research_context.py:126}}
Jul 27 11:20:20.014145 n-d-851205-2 devstack@placement-api.service[103802]: DEBUG placement.objects.research_context [req-f2ed5673-cc63-4887-82e4-bac9e18ef4c3 req-41b8678a-19ea-4eed-ab47-a725505c5a69 service placement] getting providers with 1024 MEMORY_MB {{(pid=103802) __init__ /opt/stack/placement/placement/objects/research_context.py:126}}
Jul 27 11:20:20.021677 n-d-851205-2 devstack@placement-api.service[103802]: DEBUG placement.objects.research_context [req-f2ed5673-cc63-4887-82e4-bac9e18ef4c3 req-41b8678a-19ea-4eed-ab47-a725505c5a69 service placement] getting providers with 1 VCPU {{(pid=103802) __init__ /opt/stack/placement/placement/objects/research_context.py:126}}
Jul 27 11:20:20.029912 n-d-851205-2 devstack@placement-api.service[103802]: DEBUG placement.objects.research_context [req-f2ed5673-cc63-4887-82e4-bac9e18ef4c3 req-41b8678a-19ea-4eed-ab47-a725505c5a69 service placement] found 2 providers with available 1 DISK_GB {{(pid=103802) get_provider_ids_matching /opt/stack/placement/placement/objects/research_context.py:549}}
Jul 27 11:20:20.030384 n-d-851205-2 devstack@placement-api.service[103802]: DEBUG placement.objects.research_context [req-f2ed5673-cc63-4887-82e4-bac9e18ef4c3 req-41b8678a-19ea-4eed-ab47-a725505c5a69 service placement] found 2 providers with available 1024 MEMORY_MB {{(pid=103802) get_provider_ids_matching /opt/stack/placement/placement/objects/research_context.py:549}}
Jul 27 11:20:20.031023 n-d-851205-2 devstack@placement-api.service[103802]: DEBUG placement.objects.research_context [req-f2ed5673-cc63-4887-82e4-bac9e18ef4c3 req-41b8678a-19ea-4eed-ab47-a725505c5a69 service placement] found 2 providers after filtering by previous result {{(pid=103802) get_provider_ids_matching /opt/stack/placement/placement/objects/research_context.py:580}}
Jul 27 11:20:20.031426 n-d-851205-2 devstack@placement-api.service[103802]: DEBUG placement.objects.research_context [req-f2ed5673-cc63-4887-82e4-bac9e18ef4c3 req-41b8678a-19ea-4eed-ab47-a725505c5a69 service placement] found 2 providers with available 1 VCPU {{(pid=103802) get_provider_ids_matching /opt/stack/placement/placement/objects/research_context.py:549}}
Jul 27 11:20:20.032027 n-d-851205-2 devstack@placement-api.service[103802]: DEBUG placement.objects.research_context [req-f2ed5673-cc63-4887-82e4-bac9e18ef4c3 req-41b8678a-19ea-4eed-ab47-a725505c5a69 service placement] found 2 providers after filtering by previous result {{(pid=103802) get_provider_ids_matching /opt/stack/placement/placement/objects/research_context.py:580}}
Jul 27 11:20:20.051304 n-d-851205-2 devstack@placement-api.service[103802]: DEBUG placement.objects.allocation_candidate [req-f2ed5673-cc63-4887-82e4-bac9e18ef4c3 req-41b8678a-19ea-4eed-ab47-a725505c5a69 service placement] RequestGroup(use_same_provider=False, resources={DISK_GB:1, MEMORY_MB:1024, VCPU:1}, traits=[], aggregates=[]) (suffix '') returned 2 matches {{(pid=103802) _get_by_requests /opt/stack/placement/placement/objects/allocation_candidate.py:145}}
Jul 27 11:20:20.052299 n-d-851205-2 devstack@placement-api.service[103802]: DEBUG placement.objects.allocation_candidate [req-f2ed5673-cc63-4887-82e4-bac9e18ef4c3 req-41b8678a-19ea-4eed-ab47-a725505c5a69 service placement] Merging candidates yields 2 allocation requests and 2 provider summaries {{(pid=103802) _merge_candidates /opt/stack/placement/placement/objects/allocation_candidate.py:783}}
Jul 27 11:20:20.054356 n-d-851205-2 devstack@placement-api.service[103802]: INFO placement.requestlog [req-f2ed5673-cc63-4887-82e4-bac9e18ef4c3 req-41b8678a-19ea-4eed-ab47-a725505c5a69 service placement] 10.222.0.57 "GET /placement/allocation_candidates?limit=1000&resources=DISK_GB%3A1%2CMEMORY_MB%3A1024%2CVCPU%3A1&root_required=%21COMPUTE_STATUS_DISABLED" status: 200 len: 1309 microversion: 1.36
Jul 27 11:20:20.057272 n-d-851205-2 devstack@placement-api.service[103802]: [pid: 103802|app: 0|req: 277/554] 10.222.0.57 () {60 vars in 1506 bytes} [Wed Jul 27 11:20:19 2022] GET /placement/allocation_candidates?limit=1000&resources=DISK_GB%3A1%2CMEMORY_MB%3A1024%2CVCPU%3A1&root_required=%21COMPUTE_STATUS_DISABLED => generated 1309 bytes in 104 msecs (HTTP/1.1 200) 8 headers in 297 bytes (1 switches on core 0)
Jul 27 11:20:20.188014 n-d-851205-2 devstack@placement-api.service[103803]: DEBUG placement.requestlog [req-f2ed5673-cc63-4887-82e4-bac9e18ef4c3 req-600b64dc-eee3-45dd-a26a-20af3ba15e77 None None] Starting request: 10.222.0.57 "GET /placement/allocations/759324f9-e10c-46b9-998f-ffc81273963a" {{(pid=103803) __call__ /opt/stack/placement/placement/requestlog.py:55}}
Jul 27 11:20:20.216561 n-d-851205-2 devstack@placement-api.service[103803]: INFO placement.requestlog [req-f2ed5673-cc63-4887-82e4-bac9e18ef4c3 req-600b64dc-eee3-45dd-a26a-20af3ba15e77 service placement] 10.222.0.57 "GET /placement/allocations/759324f9-e10c-46b9-998f-ffc81273963a" status: 200 len: 19 microversion: 1.28
Jul 27 11:20:20.223772 n-d-851205-2 devstack@placement-api.service[103803]: [pid: 103803|app: 0|req: 278/555] 10.222.0.57 () {60 vars in 1380 bytes} [Wed Jul 27 11:20:20 2022] GET /placement/allocations/759324f9-e10c-46b9-998f-ffc81273963a => generated 19 bytes in 36 msecs (HTTP/1.1 200) 8 headers in 295 bytes (1 switches on core 0)
Jul 27 11:20:20.231373 n-d-851205-2 devstack@placement-api.service[103802]: DEBUG placement.requestlog [req-f2ed5673-cc63-4887-82e4-bac9e18ef4c3 req-c7e28a42-6fd0-4d2e-a9de-2cae6338e3cc None None] Starting request: 10.222.0.57 "PUT /placement/allocations/759324f9-e10c-46b9-998f-ffc81273963a" {{(pid=103802) __call__ /opt/stack/placement/placement/requestlog.py:55}}
Jul 27 11:20:20.366669 n-d-851205-2 devstack@placement-api.service[103802]: DEBUG placement.handlers.allocation [req-f2ed5673-cc63-4887-82e4-bac9e18ef4c3 req-c7e28a42-6fd0-4d2e-a9de-2cae6338e3cc service placement] Successfully wrote allocations [, , ] {{(pid=103802) _update_consumers_and_create_allocations /opt/stack/placement/placement/handlers/allocation.py:462}}
Jul 27 11:20:20.371293 n-d-851205-2 devstack@placement-api.service[103802]: INFO placement.requestlog [req-f2ed5673-cc63-4887-82e4-bac9e18ef4c3 req-c7e28a42-6fd0-4d2e-a9de-2cae6338e3cc service placement] 10.222.0.57 "PUT /placement/allocations/759324f9-e10c-46b9-998f-ffc81273963a" status: 204 len: 0 microversion: 1.36
Jul 27 11:20:20.371858 n-d-851205-2 devstack@placement-api.service[103802]: [pid: 103802|app: 0|req: 278/556] 10.222.0.57 () {64 vars in 1433 bytes} [Wed Jul 27 11:20:20 2022] PUT /placement/allocations/759324f9-e10c-46b9-998f-ffc81273963a => generated 0 bytes in 141 msecs (HTTP/1.1 204) 5 headers in 199 bytes (1 switches on core 0)
Jul 27 11:20:20.954775 n-d-851205-2 devstack@placement-api.service[103803]: DEBUG placement.requestlog [req-f2ed5673-cc63-4887-82e4-bac9e18ef4c3 req-07c71b98-2693-4c96-a184-5d8edf2d0e4b None None] Starting request: 10.222.0.94 "GET /placement/allocations/759324f9-e10c-46b9-998f-ffc81273963a" {{(pid=103803) __call__ /opt/stack/placement/placement/requestlog.py:55}}
Jul 27 11:20:20.984278 n-d-851205-2 devstack@placement-api.service[103803]: INFO placement.requestlog [req-f2ed5673-cc63-4887-82e4-bac9e18ef4c3 req-07c71b98-2693-4c96-a184-5d8edf2d0e4b service placement] 10.222.0.94 "GET /placement/allocations/759324f9-e10c-46b9-998f-ffc81273963a" status: 200 len: 259 microversion: 1.28
Jul 27 11:20:20.985763 n-d-851205-2 devstack@placement-api.service[103803]: [pid: 103803|app: 0|req: 279/557] 10.222.0.94 () {60 vars in 1377 bytes} [Wed Jul 27 11:20:20 2022] GET /placement/allocations/759324f9-e10c-46b9-998f-ffc81273963a => generated 259 bytes in 31 msecs (HTTP/1.1 200) 8 headers in 296 bytes (1 switches on core 0)
Jul 27 11:20:28.855724 n-d-851205-2 devstack@placement-api.service[103802]: DEBUG placement.requestlog [req-39cba9cf-189b-4e83-a84c-950a93a97c3c req-c143add6-7d0a-44f1-b85b-032e07ae0217 None None] Starting request: 10.222.0.94 "DELETE /placement/allocations/72ba6bda-97f2-49d3-af06-f58206de5dfe" {{(pid=103802) __call__ /opt/stack/placement/placement/requestlog.py:55}}
Jul 27 11:20:28.907036 n-d-851205-2 devstack@placement-api.service[103802]: DEBUG placement.handlers.allocation [req-39cba9cf-189b-4e83-a84c-950a93a97c3c req-c143add6-7d0a-44f1-b85b-032e07ae0217 service placement] Successfully deleted allocations [, , ] {{(pid=103802) delete_allocations /opt/stack/placement/placement/handlers/allocation.py:627}}
Jul 27 11:20:28.907917 n-d-851205-2 devstack@placement-api.service[103802]: INFO placement.requestlog [req-39cba9cf-189b-4e83-a84c-950a93a97c3c req-c143add6-7d0a-44f1-b85b-032e07ae0217 service placement] 10.222.0.94 "DELETE /placement/allocations/72ba6bda-97f2-49d3-af06-f58206de5dfe" status: 204 len: 0 microversion: 1.0
Jul 27 11:20:28.908650 n-d-851205-2 devstack@placement-api.service[103802]: [pid: 103802|app: 0|req: 279/558] 10.222.0.94 () {60 vars in 1355 bytes} [Wed Jul 27 11:20:28 2022] DELETE /placement/allocations/72ba6bda-97f2-49d3-af06-f58206de5dfe => generated 0 bytes in 53 msecs (HTTP/1.1 204) 5 headers in 198 bytes (1 switches on core 0)
Jul 27 11:20:30.099765 n-d-851205-2 devstack@placement-api.service[103803]: DEBUG placement.requestlog [None req-a184afd9-0583-49f4-9071-738e3b89aedd None None] Starting request: 10.222.0.57 "GET /placement/resource_providers/08c10ac6-b419-4fa4-87a8-7fc58e2e3305/aggregates" {{(pid=103803) __call__ /opt/stack/placement/placement/requestlog.py:55}}
Jul 27 11:20:30.099765 n-d-851205-2 devstack@placement-api.service[103803]: INFO placement.requestlog [None req-a184afd9-0583-49f4-9071-738e3b89aedd service placement] 10.222.0.57 "GET /placement/resource_providers/08c10ac6-b419-4fa4-87a8-7fc58e2e3305/aggregates" status: 404 len: 235 microversion: 1.1
Jul 27 11:20:30.099765 n-d-851205-2 devstack@placement-api.service[103803]: [pid: 103803|app: 0|req: 280/559] 10.222.0.57 () {58 vars in 1362 bytes} [Wed Jul 27 11:20:30 2022] GET /placement/resource_providers/08c10ac6-b419-4fa4-87a8-7fc58e2e3305/aggregates => generated 235 bytes in 13 msecs (HTTP/1.1 404) 5 headers in 202 bytes (1 switches on core 0)
Jul 27 11:20:30.132310 n-d-851205-2 devstack@placement-api.service[103802]: DEBUG placement.requestlog [None req-e11115da-a84d-408d-bb51-1fbc1cdd9979 None None] Starting request: 10.222.0.57 "DELETE /placement/resource_providers/08c10ac6-b419-4fa4-87a8-7fc58e2e3305" {{(pid=103802) __call__ /opt/stack/placement/placement/requestlog.py:55}}
Jul 27 11:20:30.142213 n-d-851205-2 devstack@placement-api.service[103802]: DEBUG placement.wsgi_wrapper [None req-e11115da-a84d-408d-bb51-1fbc1cdd9979 service placement] Placement API returning an error response: No resource provider with uuid 08c10ac6-b419-4fa4-87a8-7fc58e2e3305 found for delete {{(pid=103802) call_func /opt/stack/placement/placement/wsgi_wrapper.py:31}}
Jul 27 11:20:30.146746 n-d-851205-2 devstack@placement-api.service[103802]: INFO placement.requestlog [None req-e11115da-a84d-408d-bb51-1fbc1cdd9979 service placement] 10.222.0.57 "DELETE /placement/resource_providers/08c10ac6-b419-4fa4-87a8-7fc58e2e3305" status: 404 len: 246 microversion: 1.1
Jul 27 11:20:30.147398 n-d-851205-2 devstack@placement-api.service[103802]: [pid: 103802|app: 0|req: 280/560] 10.222.0.57 () {60 vars in 1351 bytes} [Wed Jul 27 11:20:30 2022] DELETE /placement/resource_providers/08c10ac6-b419-4fa4-87a8-7fc58e2e3305 => generated 246 bytes in 15 msecs (HTTP/1.1 404) 6 headers in 231 bytes (1 switches on core 0)
Jul 27 11:20:31.046996 n-d-851205-2 devstack@placement-api.service[103803]: DEBUG placement.requestlog [req-29ca81da-50e4-4349-ac51-4b586b88e60e req-ff15b97b-0fdd-4336-b6ae-4fd29e0d3a89 None None] Starting request: 10.222.0.94 "GET /placement/allocations/db51b763-a961-4583-869b-3de1eda4a1ab" {{(pid=103803) __call__ /opt/stack/placement/placement/requestlog.py:55}}
Jul 27 11:20:31.068841 n-d-851205-2 devstack@placement-api.service[103803]: INFO placement.requestlog [req-29ca81da-50e4-4349-ac51-4b586b88e60e req-ff15b97b-0fdd-4336-b6ae-4fd29e0d3a89 service placement] 10.222.0.94 "GET /placement/allocations/db51b763-a961-4583-869b-3de1eda4a1ab" status: 200 len: 259 microversion: 1.28
Jul 27 11:20:31.069238 n-d-851205-2 devstack@placement-api.service[103803]: [pid: 103803|app: 0|req: 281/561] 10.222.0.94 () {60 vars in 1377 bytes} [Wed Jul 27 11:20:31 2022] GET /placement/allocations/db51b763-a961-4583-869b-3de1eda4a1ab => generated 259 bytes in 23 msecs (HTTP/1.1 200) 8 headers in 296 bytes (1 switches on core 0)
Jul 27 11:20:32.817688 n-d-851205-2 devstack@placement-api.service[103802]: DEBUG placement.requestlog [req-c58a8430-60da-4250-af33-d34c2c655706 req-aaa9a399-2010-4239-b73f-5bd12d202678 None None] Starting request: 10.222.0.100 "DELETE /placement/allocations/42ea829d-f3ad-4520-8a57-4fb5a7dbe3d2" {{(pid=103802) __call__ /opt/stack/placement/placement/requestlog.py:55}}
Jul 27 11:20:32.891858 n-d-851205-2 devstack@placement-api.service[103802]: DEBUG placement.handlers.allocation [req-c58a8430-60da-4250-af33-d34c2c655706 req-aaa9a399-2010-4239-b73f-5bd12d202678 service placement] Successfully deleted allocations [, , ] {{(pid=103802) delete_allocations /opt/stack/placement/placement/handlers/allocation.py:627}}
Jul 27 11:20:32.892441 n-d-851205-2 devstack@placement-api.service[103802]: INFO placement.requestlog [req-c58a8430-60da-4250-af33-d34c2c655706 req-aaa9a399-2010-4239-b73f-5bd12d202678 service placement] 10.222.0.100 "DELETE /placement/allocations/42ea829d-f3ad-4520-8a57-4fb5a7dbe3d2" status: 204 len: 0 microversion: 1.0
Jul 27 11:20:32.893171 n-d-851205-2 devstack@placement-api.service[103802]: [pid: 103802|app: 0|req: 281/562] 10.222.0.100 () {60 vars in 1356 bytes} [Wed Jul 27 11:20:32 2022] DELETE /placement/allocations/42ea829d-f3ad-4520-8a57-4fb5a7dbe3d2 => generated 0 bytes in 76 msecs (HTTP/1.1 204) 5 headers in 198 bytes (1 switches on core 0)
Jul 27 11:20:37.421705 n-d-851205-2 devstack@placement-api.service[103803]: DEBUG placement.requestlog [req-c8b9346b-dcfd-4820-bc53-2072a421f665 req-680d9cfa-e20a-4e37-97ba-056836addb0c None None] Starting request: 10.222.0.100 "DELETE /placement/allocations/de5a05eb-a279-40f1-9105-54698059bd84" {{(pid=103803) __call__ /opt/stack/placement/placement/requestlog.py:55}}
Jul 27 11:20:37.460655 n-d-851205-2 devstack@placement-api.service[103803]: DEBUG placement.handlers.allocation [req-c8b9346b-dcfd-4820-bc53-2072a421f665 req-680d9cfa-e20a-4e37-97ba-056836addb0c service placement] Successfully deleted allocations [, , ] {{(pid=103803) delete_allocations /opt/stack/placement/placement/handlers/allocation.py:627}}
Jul 27 11:20:37.462854 n-d-851205-2 devstack@placement-api.service[103803]: INFO placement.requestlog [req-c8b9346b-dcfd-4820-bc53-2072a421f665 req-680d9cfa-e20a-4e37-97ba-056836addb0c service placement] 10.222.0.100 "DELETE /placement/allocations/de5a05eb-a279-40f1-9105-54698059bd84" status: 204 len: 0 microversion: 1.0
Jul 27 11:20:37.464350 n-d-851205-2 devstack@placement-api.service[103803]: [pid: 103803|app: 0|req: 282/563] 10.222.0.100 () {60 vars in 1356 bytes} [Wed Jul 27 11:20:37 2022] DELETE /placement/allocations/de5a05eb-a279-40f1-9105-54698059bd84 => generated 0 bytes in 43 msecs (HTTP/1.1 204) 5 headers in 198 bytes (2 switches on core 0)
Jul 27 11:20:39.895919 n-d-851205-2 devstack@placement-api.service[103802]: DEBUG placement.requestlog [req-082ccd93-6555-4513-9aa2-d0b46151f923 req-92d4616b-5389-4812-9b55-a398b6592e4c None None] Starting request: 10.222.0.100 "DELETE /placement/allocations/8ff31a03-8a4f-4f7e-8ea3-f2be032e4cbc" {{(pid=103802) __call__ /opt/stack/placement/placement/requestlog.py:55}}
Jul 27 11:20:39.961926 n-d-851205-2 devstack@placement-api.service[103802]: DEBUG placement.handlers.allocation [req-082ccd93-6555-4513-9aa2-d0b46151f923 req-92d4616b-5389-4812-9b55-a398b6592e4c service placement] Successfully deleted allocations [, , ] {{(pid=103802) delete_allocations /opt/stack/placement/placement/handlers/allocation.py:627}}
Jul 27 11:20:39.964899 n-d-851205-2 devstack@placement-api.service[103802]: INFO placement.requestlog [req-082ccd93-6555-4513-9aa2-d0b46151f923 req-92d4616b-5389-4812-9b55-a398b6592e4c service placement] 10.222.0.100 "DELETE /placement/allocations/8ff31a03-8a4f-4f7e-8ea3-f2be032e4cbc" status: 204 len: 0 microversion: 1.0
Jul 27 11:20:39.965202 n-d-851205-2 devstack@placement-api.service[103802]: [pid: 103802|app: 0|req: 282/564] 10.222.0.100 () {60 vars in 1356 bytes} [Wed Jul 27 11:20:39 2022] DELETE /placement/allocations/8ff31a03-8a4f-4f7e-8ea3-f2be032e4cbc => generated 0 bytes in 70 msecs (HTTP/1.1 204) 5 headers in 198 bytes (1 switches on core 0)
Jul 27 11:20:44.532943 n-d-851205-2 devstack@placement-api.service[103803]: DEBUG placement.requestlog [req-4882b6e7-58ee-451f-83ac-5681a6447180 req-1223bda4-4875-47cd-81e0-0ea2b1081988 None None] Starting request: 10.222.0.94 "DELETE /placement/allocations/75385060-1e88-433e-87dd-0d3058b95948" {{(pid=103803) __call__ /opt/stack/placement/placement/requestlog.py:55}}
Jul 27 11:20:44.586620 n-d-851205-2 devstack@placement-api.service[103803]: DEBUG placement.handlers.allocation [req-4882b6e7-58ee-451f-83ac-5681a6447180 req-1223bda4-4875-47cd-81e0-0ea2b1081988 service placement] Successfully deleted allocations [, , ] {{(pid=103803) delete_allocations /opt/stack/placement/placement/handlers/allocation.py:627}}
Jul 27 11:20:44.588050 n-d-851205-2 devstack@placement-api.service[103803]: INFO placement.requestlog [req-4882b6e7-58ee-451f-83ac-5681a6447180 req-1223bda4-4875-47cd-81e0-0ea2b1081988 service placement] 10.222.0.94 "DELETE /placement/allocations/75385060-1e88-433e-87dd-0d3058b95948" status: 204 len: 0 microversion: 1.0
Jul 27 11:20:44.588650 n-d-851205-2 devstack@placement-api.service[103803]: [pid: 103803|app: 0|req: 283/565] 10.222.0.94 () {60 vars in 1355 bytes} [Wed Jul 27 11:20:44 2022] DELETE /placement/allocations/75385060-1e88-433e-87dd-0d3058b95948 => generated 0 bytes in 56 msecs (HTTP/1.1 204) 5 headers in 198 bytes (2 switches on core 0)
Jul 27 11:20:45.208322 n-d-851205-2 devstack@placement-api.service[103802]: DEBUG placement.requestlog [req-9722411f-d08c-4326-a6f2-f6d624cd5e8f req-03f3333f-1337-4faf-9122-44ca45a175cd None None] Starting request: 10.222.0.100 "DELETE /placement/allocations/46a0f565-1d64-4950-8a12-ad85fb30615d" {{(pid=103802) __call__ /opt/stack/placement/placement/requestlog.py:55}}
Jul 27 11:20:45.287980 n-d-851205-2 devstack@placement-api.service[103802]: DEBUG placement.handlers.allocation [req-9722411f-d08c-4326-a6f2-f6d624cd5e8f req-03f3333f-1337-4faf-9122-44ca45a175cd service placement] Successfully deleted allocations [, , ] {{(pid=103802) delete_allocations /opt/stack/placement/placement/handlers/allocation.py:627}}
Jul 27 11:20:45.288481 n-d-851205-2 devstack@placement-api.service[103802]: INFO placement.requestlog [req-9722411f-d08c-4326-a6f2-f6d624cd5e8f req-03f3333f-1337-4faf-9122-44ca45a175cd service placement] 10.222.0.100 "DELETE /placement/allocations/46a0f565-1d64-4950-8a12-ad85fb30615d" status: 204 len: 0 microversion: 1.0
Jul 27 11:20:45.289048 n-d-851205-2 devstack@placement-api.service[103802]: [pid: 103802|app: 0|req: 283/566] 10.222.0.100 () {60 vars in 1356 bytes} [Wed Jul 27 11:20:45 2022] DELETE /placement/allocations/46a0f565-1d64-4950-8a12-ad85fb30615d => generated 0 bytes in 81 msecs (HTTP/1.1 204) 5 headers in 198 bytes (1 switches on core 0)
Jul 27 11:20:46.388238 n-d-851205-2 devstack@placement-api.service[103803]: DEBUG placement.requestlog [req-5bc14ac2-edda-499e-93d1-f34b1541a0c6 req-c5e2d43e-191c-44cd-99e7-2caeb2816185 None None] Starting request: 10.222.0.94 "DELETE /placement/allocations/759324f9-e10c-46b9-998f-ffc81273963a" {{(pid=103803) __call__ /opt/stack/placement/placement/requestlog.py:55}}
Jul 27 11:20:46.437822 n-d-851205-2 devstack@placement-api.service[103803]: DEBUG placement.handlers.allocation [req-5bc14ac2-edda-499e-93d1-f34b1541a0c6 req-c5e2d43e-191c-44cd-99e7-2caeb2816185 service placement] Successfully deleted allocations [, , ] {{(pid=103803) delete_allocations /opt/stack/placement/placement/handlers/allocation.py:627}}
Jul 27 11:20:46.438461 n-d-851205-2 devstack@placement-api.service[103803]: INFO placement.requestlog [req-5bc14ac2-edda-499e-93d1-f34b1541a0c6 req-c5e2d43e-191c-44cd-99e7-2caeb2816185 service placement] 10.222.0.94 "DELETE /placement/allocations/759324f9-e10c-46b9-998f-ffc81273963a" status: 204 len: 0 microversion: 1.0
Jul 27 11:20:46.439151 n-d-851205-2 devstack@placement-api.service[103803]: [pid: 103803|app: 0|req: 284/567] 10.222.0.94 () {60 vars in 1355 bytes} [Wed Jul 27 11:20:46 2022] DELETE /placement/allocations/759324f9-e10c-46b9-998f-ffc81273963a => generated 0 bytes in 51 msecs (HTTP/1.1 204) 5 headers in 198 bytes (1 switches on core 0)
Jul 27 11:20:49.991533 n-d-851205-2 devstack@placement-api.service[103802]: DEBUG placement.requestlog [req-37a094d9-ba8e-4989-bbf2-2919a03c7a78 req-99541ca9-4cc2-43c4-9fdf-1168581f2599 None None] Starting request: 10.222.0.100 "DELETE /placement/allocations/56d791f9-5bc3-4c4b-bd0f-92253629514a" {{(pid=103802) __call__ /opt/stack/placement/placement/requestlog.py:55}}
Jul 27 11:20:50.066710 n-d-851205-2 devstack@placement-api.service[103802]: DEBUG placement.handlers.allocation [req-37a094d9-ba8e-4989-bbf2-2919a03c7a78 req-99541ca9-4cc2-43c4-9fdf-1168581f2599 service placement] Successfully deleted allocations [, , ] {{(pid=103802) delete_allocations /opt/stack/placement/placement/handlers/allocation.py:627}}
Jul 27 11:20:50.069087 n-d-851205-2 devstack@placement-api.service[103802]: INFO placement.requestlog [req-37a094d9-ba8e-4989-bbf2-2919a03c7a78 req-99541ca9-4cc2-43c4-9fdf-1168581f2599 service placement] 10.222.0.100 "DELETE /placement/allocations/56d791f9-5bc3-4c4b-bd0f-92253629514a" status: 204 len: 0 microversion: 1.0
Jul 27 11:20:50.070723 n-d-851205-2 devstack@placement-api.service[103802]: [pid: 103802|app: 0|req: 284/568] 10.222.0.100 () {60 vars in 1356 bytes} [Wed Jul 27 11:20:49 2022] DELETE /placement/allocations/56d791f9-5bc3-4c4b-bd0f-92253629514a => generated 0 bytes in 79 msecs (HTTP/1.1 204) 5 headers in 198 bytes (1 switches on core 0)
Jul 27 11:20:51.458654 n-d-851205-2 devstack@placement-api.service[103803]: DEBUG placement.requestlog [req-61cc1b43-048f-4ee6-a0b4-b5eee70052ad req-7f720087-5caa-40cd-8813-d771e7363755 None None] Starting request: 10.222.0.100 "DELETE /placement/allocations/5d7af04e-d65f-48aa-813e-ad6d1336bd45" {{(pid=103803) __call__ /opt/stack/placement/placement/requestlog.py:55}}
Jul 27 11:20:51.469978 n-d-851205-2 devstack@placement-api.service[103802]: DEBUG placement.requestlog [None req-98b8eea2-2ced-47dc-912a-92ec15dc513c None None] Starting request: 10.222.0.57 "GET /placement/resource_providers/c4296709-afd3-4a7e-a009-03b0ba9c07f3/aggregates" {{(pid=103802) __call__ /opt/stack/placement/placement/requestlog.py:55}}
Jul 27 11:20:51.499998 n-d-851205-2 devstack@placement-api.service[103802]: INFO placement.requestlog [None req-98b8eea2-2ced-47dc-912a-92ec15dc513c service placement] 10.222.0.57 "GET /placement/resource_providers/c4296709-afd3-4a7e-a009-03b0ba9c07f3/aggregates" status: 404 len: 235 microversion: 1.1
Jul 27 11:20:51.500436 n-d-851205-2 devstack@placement-api.service[103802]: [pid: 103802|app: 0|req: 285/569] 10.222.0.57 () {58 vars in 1362 bytes} [Wed Jul 27 11:20:51 2022] GET /placement/resource_providers/c4296709-afd3-4a7e-a009-03b0ba9c07f3/aggregates => generated 235 bytes in 31 msecs (HTTP/1.1 404) 5 headers in 202 bytes (2 switches on core 0)
Jul 27 11:20:51.518782 n-d-851205-2 devstack@placement-api.service[103802]: DEBUG placement.requestlog [None req-f1f2da5b-732f-4fd7-aa50-a5db8a6bd76a None None] Starting request: 10.222.0.57 "DELETE /placement/resource_providers/c4296709-afd3-4a7e-a009-03b0ba9c07f3" {{(pid=103802) __call__ /opt/stack/placement/placement/requestlog.py:55}}
Jul 27 11:20:51.532404 n-d-851205-2 devstack@placement-api.service[103802]: DEBUG placement.wsgi_wrapper [None req-f1f2da5b-732f-4fd7-aa50-a5db8a6bd76a service placement] Placement API returning an error response: No resource provider with uuid c4296709-afd3-4a7e-a009-03b0ba9c07f3 found for delete {{(pid=103802) call_func /opt/stack/placement/placement/wsgi_wrapper.py:31}}
Jul 27 11:20:51.533516 n-d-851205-2 devstack@placement-api.service[103802]: INFO placement.requestlog [None req-f1f2da5b-732f-4fd7-aa50-a5db8a6bd76a service placement] 10.222.0.57 "DELETE /placement/resource_providers/c4296709-afd3-4a7e-a009-03b0ba9c07f3" status: 404 len: 246 microversion: 1.1
Jul 27 11:20:51.534680 n-d-851205-2 devstack@placement-api.service[103802]: [pid: 103802|app: 0|req: 286/570] 10.222.0.57 () {60 vars in 1351 bytes} [Wed Jul 27 11:20:51 2022] DELETE /placement/resource_providers/c4296709-afd3-4a7e-a009-03b0ba9c07f3 => generated 246 bytes in 16 msecs (HTTP/1.1 404) 6 headers in 231 bytes (2 switches on core 0)
Jul 27 11:20:51.551558 n-d-851205-2 devstack@placement-api.service[103803]: DEBUG placement.handlers.allocation [req-61cc1b43-048f-4ee6-a0b4-b5eee70052ad req-7f720087-5caa-40cd-8813-d771e7363755 service placement] Successfully deleted allocations [, , ] {{(pid=103803) delete_allocations /opt/stack/placement/placement/handlers/allocation.py:627}}
Jul 27 11:20:51.552523 n-d-851205-2 devstack@placement-api.service[103803]: INFO placement.requestlog [req-61cc1b43-048f-4ee6-a0b4-b5eee70052ad req-7f720087-5caa-40cd-8813-d771e7363755 service placement] 10.222.0.100 "DELETE /placement/allocations/5d7af04e-d65f-48aa-813e-ad6d1336bd45" status: 204 len: 0 microversion: 1.0
Jul 27 11:20:51.554026 n-d-851205-2 devstack@placement-api.service[103803]: [pid: 103803|app: 0|req: 285/571] 10.222.0.100 () {60 vars in 1356 bytes} [Wed Jul 27 11:20:51 2022] DELETE /placement/allocations/5d7af04e-d65f-48aa-813e-ad6d1336bd45 => generated 0 bytes in 97 msecs (HTTP/1.1 204) 5 headers in 198 bytes (1 switches on core 0)
Jul 27 11:20:54.426235 n-d-851205-2 devstack@placement-api.service[103802]: DEBUG placement.requestlog [req-99bed860-31d9-4bcc-9cb5-f3a21b36d54c req-ee1b424b-f0ca-414e-8419-c3bfeb713c0f None None] Starting request: 10.222.0.100 "DELETE /placement/allocations/8eb65f48-090b-40af-80f7-2dc33cd9e8a8" {{(pid=103802) __call__ /opt/stack/placement/placement/requestlog.py:55}}
Jul 27 11:20:54.471082 n-d-851205-2 devstack@placement-api.service[103803]: DEBUG placement.requestlog [req-0272a2b5-abf7-4a43-8be0-080c0e388ec6 req-4dfbf8ba-32f0-4852-afca-6e7de90994ff None None] Starting request: 10.222.0.94 "GET /placement/resource_providers/8acb58a0-f704-49c9-aa49-7b4acededf83/allocations" {{(pid=103803) __call__ /opt/stack/placement/placement/requestlog.py:55}}
Jul 27 11:20:54.484275 n-d-851205-2 devstack@placement-api.service[103802]: DEBUG placement.handlers.allocation [req-99bed860-31d9-4bcc-9cb5-f3a21b36d54c req-ee1b424b-f0ca-414e-8419-c3bfeb713c0f service placement] Successfully deleted allocations [, ] {{(pid=103802) delete_allocations /opt/stack/placement/placement/handlers/allocation.py:627}}
Jul 27 11:20:54.485642 n-d-851205-2 devstack@placement-api.service[103802]: INFO placement.requestlog [req-99bed860-31d9-4bcc-9cb5-f3a21b36d54c req-ee1b424b-f0ca-414e-8419-c3bfeb713c0f service placement] 10.222.0.100 "DELETE /placement/allocations/8eb65f48-090b-40af-80f7-2dc33cd9e8a8" status: 204 len: 0 microversion: 1.0
Jul 27 11:20:54.487296 n-d-851205-2 devstack@placement-api.service[103802]: [pid: 103802|app: 0|req: 287/572] 10.222.0.100 () {60 vars in 1356 bytes} [Wed Jul 27 11:20:54 2022] DELETE /placement/allocations/8eb65f48-090b-40af-80f7-2dc33cd9e8a8 => generated 0 bytes in 61 msecs (HTTP/1.1 204) 5 headers in 198 bytes (1 switches on core 0)
Jul 27 11:20:54.506313 n-d-851205-2 devstack@placement-api.service[103803]: INFO placement.requestlog [req-0272a2b5-abf7-4a43-8be0-080c0e388ec6 req-4dfbf8ba-32f0-4852-afca-6e7de90994ff service placement] 10.222.0.94 "GET /placement/resource_providers/8acb58a0-f704-49c9-aa49-7b4acededf83/allocations" status: 200 len: 558 microversion: 1.0
Jul 27 11:20:54.507153 n-d-851205-2 devstack@placement-api.service[103803]: [pid: 103803|app: 0|req: 286/573] 10.222.0.94 () {58 vars in 1390 bytes} [Wed Jul 27 11:20:54 2022] GET /placement/resource_providers/8acb58a0-f704-49c9-aa49-7b4acededf83/allocations => generated 558 bytes in 36 msecs (HTTP/1.1 200) 6 headers in 224 bytes (1 switches on core 0)
Jul 27 11:20:56.810045 n-d-851205-2 devstack@placement-api.service[103802]: DEBUG placement.requestlog [req-a8e6331d-a62f-4e0c-ba13-88ca36c3c34a req-aee3ca65-71fb-48ed-81da-4b479acbec93 None None] Starting request: 10.222.0.94 "DELETE /placement/allocations/c04466dd-8b1b-4dfb-9fdc-3e9829c51316" {{(pid=103802) __call__ /opt/stack/placement/placement/requestlog.py:55}}
Jul 27 11:20:56.848991 n-d-851205-2 devstack@placement-api.service[103802]: DEBUG placement.handlers.allocation [req-a8e6331d-a62f-4e0c-ba13-88ca36c3c34a req-aee3ca65-71fb-48ed-81da-4b479acbec93 service placement] Successfully deleted allocations [, , ] {{(pid=103802) delete_allocations /opt/stack/placement/placement/handlers/allocation.py:627}}
Jul 27 11:20:56.849784 n-d-851205-2 devstack@placement-api.service[103802]: INFO placement.requestlog [req-a8e6331d-a62f-4e0c-ba13-88ca36c3c34a req-aee3ca65-71fb-48ed-81da-4b479acbec93 service placement] 10.222.0.94 "DELETE /placement/allocations/c04466dd-8b1b-4dfb-9fdc-3e9829c51316" status: 204 len: 0 microversion: 1.0
Jul 27 11:20:56.850501 n-d-851205-2 devstack@placement-api.service[103802]: [pid: 103802|app: 0|req: 288/574] 10.222.0.94 () {60 vars in 1355 bytes} [Wed Jul 27 11:20:56 2022] DELETE /placement/allocations/c04466dd-8b1b-4dfb-9fdc-3e9829c51316 => generated 0 bytes in 41 msecs (HTTP/1.1 204) 5 headers in 198 bytes (2 switches on core 0)
Jul 27 11:20:59.720938 n-d-851205-2 devstack@placement-api.service[103803]: DEBUG placement.requestlog [req-a3c6323c-be1c-42de-b931-2f3c6206c282 req-160592b5-2552-4b67-b47e-6734b9788d22 None None] Starting request: 10.222.0.94 "DELETE /placement/allocations/095d6e43-0480-44cf-9940-fab1d55ddabc" {{(pid=103803) __call__ /opt/stack/placement/placement/requestlog.py:55}}
Jul 27 11:20:59.769214 n-d-851205-2 devstack@placement-api.service[103803]: DEBUG placement.handlers.allocation [req-a3c6323c-be1c-42de-b931-2f3c6206c282 req-160592b5-2552-4b67-b47e-6734b9788d22 service placement] Successfully deleted allocations [, , ] {{(pid=103803) delete_allocations /opt/stack/placement/placement/handlers/allocation.py:627}}
Jul 27 11:20:59.769876 n-d-851205-2 devstack@placement-api.service[103803]: INFO placement.requestlog [req-a3c6323c-be1c-42de-b931-2f3c6206c282 req-160592b5-2552-4b67-b47e-6734b9788d22 service placement] 10.222.0.94 "DELETE /placement/allocations/095d6e43-0480-44cf-9940-fab1d55ddabc" status: 204 len: 0 microversion: 1.0
Jul 27 11:20:59.770317 n-d-851205-2 devstack@placement-api.service[103803]: [pid: 103803|app: 0|req: 287/575] 10.222.0.94 () {60 vars in 1355 bytes} [Wed Jul 27 11:20:59 2022] DELETE /placement/allocations/095d6e43-0480-44cf-9940-fab1d55ddabc => generated 0 bytes in 50 msecs (HTTP/1.1 204) 5 headers in 198 bytes (1 switches on core 0)
Jul 27 11:21:02.145046 n-d-851205-2 devstack@placement-api.service[103802]: DEBUG placement.requestlog [req-3780bae1-f5ff-439b-8a27-733f1ff32d52 req-8737f5ff-51e3-4f6f-81eb-4c61d5b7585b None None] Starting request: 10.222.0.100 "GET /placement/resource_providers/811f5189-f80d-467e-9020-12c237fb69a3/allocations" {{(pid=103802) __call__ /opt/stack/placement/placement/requestlog.py:55}}
