Aug 05 19:49:39.537749 n-d-851029-3 devstack@keystone.service[80627]: ERROR keystone.server.flask.application
File "/opt/stack/keystone/keystone/assignment/role_backends/sql.py", line 65, in _get_role
Aug 05 19:49:39.537749 n-d-851029-3 devstack@keystone.service[80627]: ERROR keystone.server.flask.application raise exception.RoleNotFound(role_id=role_id)
Aug 05 19:49:39.537749 n-d-851029-3 devstack@keystone.service[80627]: ERROR keystone.server.flask.application keystone.exception.RoleNotFound: Could not find role: anotherrole.
Aug 05 19:49:39.537749 n-d-851029-3 devstack@keystone.service[80627]: ERROR keystone.server.flask.application
Aug 05 19:49:39.537749 n-d-851029-3 devstack@keystone.service[80627]: [pid: 80627|app: 0|req: 197/394] 10.222.0.64 () {56 vars in 1114 bytes} [Fri Aug 5 19:49:39 2022] GET /identity/v3/roles/anotherrole => generated 89 bytes in 377 msecs (HTTP/1.1 404) 5 headers in 183 bytes (2 switches on core 0)
Aug 05 19:49:39.544069 n-d-851029-3 devstack@keystone.service[80627]: DEBUG keystone.server.flask.request_processing.middleware.auth_context [None req-f888840a-a939-483c-a62f-ee53805e6307 None admin] Authenticating user token {{(pid=80627) process_request /usr/local/lib/python3.8/dist-packages/keystonemiddleware/auth_token/__init__.py:407}}
Aug 05 19:49:39.692446 n-d-851029-3 devstack@keystone.service[80627]: DEBUG keystone.server.flask.request_processing.middleware.auth_context [None req-f888840a-a939-483c-a62f-ee53805e6307 None admin] Validating token access rules against request {{(pid=80627) validate_allowed_request /usr/local/lib/python3.8/dist-packages/keystonemiddleware/auth_token/__init__.py:545}}
Aug 05 19:49:39.710568 n-d-851029-3 devstack@keystone.service[80628]: DEBUG keystone.server.flask.request_processing.middleware.auth_context [None req-f9aeaa68-d76a-4b24-85ea-844601f2903a None admin] Validating token access rules against request {{(pid=80628) validate_allowed_request /usr/local/lib/python3.8/dist-packages/keystonemiddleware/auth_token/__init__.py:545}}
Aug 05 19:49:39.734680 n-d-851029-3 devstack@keystone.service[80628]: DEBUG dbcounter [-] [80628] Writing DB stats keystone:SELECT=100 {{(pid=80628) stat_writer /usr/local/lib/python3.8/dist-packages/dbcounter.py:114}}
Aug 05 19:49:39.735006 n-d-851029-3 devstack@keystone.service[80627]: DEBUG keystone.server.flask.request_processing.middleware.auth_context [None req-472e79fb-b16d-4dd1-bbda-df0b98bd5bae None admin] RBAC: auth_context: {'token': , 'domain_id': None, 'trust_id': None, 'trustor_id': None, 'trustee_id': None, 'domain_name': None, 'group_ids': [], 'user_id': 'bc4360a00a3844baa863a67a1f25ccbd', 'user_domain_id': 'default', 'system_scope': 'all', 'project_id': None, 'project_domain_id': None, 'roles': ['admin', 'member', 'reader'], 'is_admin_project': True, 'service_user_id': None, 'service_user_domain_id': None, 'service_project_id': None, 'service_project_domain_id': None, 'service_roles': []} {{(pid=80627) fill_context /opt/stack/keystone/keystone/server/flask/request_processing/middleware/auth_context.py:478}}
Aug 05 19:49:39.735006 n-d-851029-3 devstack@keystone.service[80627]: DEBUG keystone.server.flask.request_processing.req_logging [None req-472e79fb-b16d-4dd1-bbda-df0b98bd5bae None admin] REQUEST_METHOD: `GET` {{(pid=80627) log_request_info /opt/stack/keystone/keystone/server/flask/request_processing/req_logging.py:27}}
Aug 05 19:49:39.736210 n-d-851029-3 devstack@keystone.service[80627]: DEBUG keystone.server.flask.request_processing.req_logging [None req-472e79fb-b16d-4dd1-bbda-df0b98bd5bae None admin] SCRIPT_NAME: `/identity` {{(pid=80627) log_request_info /opt/stack/keystone/keystone/server/flask/request_processing/req_logging.py:28}}
Aug 05 19:49:39.736210 n-d-851029-3 devstack@keystone.service[80627]: DEBUG keystone.server.flask.request_processing.req_logging [None req-472e79fb-b16d-4dd1-bbda-df0b98bd5bae None admin] PATH_INFO: `/v3/roles` {{(pid=80627) log_request_info /opt/stack/keystone/keystone/server/flask/request_processing/req_logging.py:29}}
Aug 05 19:49:39.736831 n-d-851029-3 devstack@keystone.service[80627]: DEBUG keystone.common.rbac_enforcer.enforcer [None req-472e79fb-b16d-4dd1-bbda-df0b98bd5bae None admin] RBAC: Adding query filter params (name=anotherrole) {{(pid=80627) _extract_filter_values /opt/stack/keystone/keystone/common/rbac_enforcer/enforcer.py:167}}
Aug 05 19:49:39.737011 n-d-851029-3 devstack@keystone.service[80627]: DEBUG keystone.common.rbac_enforcer.enforcer [None req-472e79fb-b16d-4dd1-bbda-df0b98bd5bae None admin] RBAC: Authorizing `identity:list_roles()` {{(pid=80627) enforce_call /opt/stack/keystone/keystone/common/rbac_enforcer/enforcer.py:449}}
Aug 05 19:49:39.741466 n-d-851029-3 devstack@keystone.service[80627]: DEBUG keystone.common.rbac_enforcer.enforcer [None req-472e79fb-b16d-4dd1-bbda-df0b98bd5bae None admin] RBAC: Authorization granted {{(pid=80627) enforce_call /opt/stack/keystone/keystone/common/rbac_enforcer/enforcer.py:457}}
Aug 05 19:49:39.747619 n-d-851029-3 devstack@keystone.service[80627]: [pid: 80627|app: 0|req: 198/395] 10.222.0.64 () {56 vars in 1111 bytes} [Fri Aug 5 19:49:39 2022] GET /identity/v3/roles?name=anotherrole => generated 334 bytes in 204 msecs (HTTP/1.1 200) 5 headers in 177 bytes (2 switches on core 0)
Aug 05 19:49:39.756374 n-d-851029-3 devstack@keystone.service[80627]: DEBUG keystone.server.flask.request_processing.middleware.auth_context [None req-472e79fb-b16d-4dd1-bbda-df0b98bd5bae None admin] Authenticating user token {{(pid=80627) process_request /usr/local/lib/python3.8/dist-packages/keystonemiddleware/auth_token/__init__.py:407}}
Aug 05 19:49:39.775683 n-d-851029-3 devstack@keystone.service[80628]: DEBUG keystone.server.flask.request_processing.middleware.auth_context [None req-6857ff53-0dbc-4694-b917-dffc8a82f2da None admin] RBAC: auth_context: {'token': , 'domain_id': None, 'trust_id': None, 'trustor_id': None, 'trustee_id': None, 'domain_name': None, 'group_ids': [], 'user_id': 'bc4360a00a3844baa863a67a1f25ccbd', 'user_domain_id': 'default', 'system_scope': 'all', 'project_id': None, 'project_domain_id': None, 'roles': ['admin', 'member', 'reader'], 'is_admin_project': True, 'service_user_id': None, 'service_user_domain_id': None, 'service_project_id': None, 'service_project_domain_id': None, 'service_roles': []} {{(pid=80628) fill_context /opt/stack/keystone/keystone/server/flask/request_processing/middleware/auth_context.py:478}}
Aug 05 19:49:39.776343 n-d-851029-3 devstack@keystone.service[80628]: DEBUG keystone.server.flask.request_processing.req_logging [None req-6857ff53-0dbc-4694-b917-dffc8a82f2da None admin] REQUEST_METHOD: `GET` {{(pid=80628) log_request_info /opt/stack/keystone/keystone/server/flask/request_processing/req_logging.py:27}}
Aug 05 19:49:39.776624 n-d-851029-3 devstack@keystone.service[80628]: DEBUG keystone.server.flask.request_processing.req_logging [None req-6857ff53-0dbc-4694-b917-dffc8a82f2da None admin] SCRIPT_NAME: `/identity` {{(pid=80628) log_request_info /opt/stack/keystone/keystone/server/flask/request_processing/req_logging.py:28}}
Aug 05 19:49:39.776898 n-d-851029-3 devstack@keystone.service[80628]: DEBUG keystone.server.flask.request_processing.req_logging [None req-6857ff53-0dbc-4694-b917-dffc8a82f2da None admin] PATH_INFO: `/v3/groups/a9133bb9a67e4124b21b0c5f54050964` {{(pid=80628) log_request_info /opt/stack/keystone/keystone/server/flask/request_processing/req_logging.py:29}}
Aug 05 19:49:39.780038 n-d-851029-3 devstack@keystone.service[80628]: DEBUG keystone.common.rbac_enforcer.enforcer [None req-6857ff53-0dbc-4694-b917-dffc8a82f2da None admin] RBAC: Authorizing `identity:get_group(group_id=a9133bb9a67e4124b21b0c5f54050964)` {{(pid=80628) enforce_call /opt/stack/keystone/keystone/common/rbac_enforcer/enforcer.py:449}}
Aug 05 19:49:39.782297 n-d-851029-3 devstack@keystone.service[80628]: DEBUG keystone.common.rbac_enforcer.enforcer [None req-6857ff53-0dbc-4694-b917-dffc8a82f2da None admin] RBAC: Authorization granted {{(pid=80628) enforce_call /opt/stack/keystone/keystone/common/rbac_enforcer/enforcer.py:457}}
Aug 05 19:49:39.786325 n-d-851029-3 devstack@keystone.service[80628]: [pid: 80628|app: 0|req: 198/396] 10.222.0.64 () {56 vars in 1180 bytes} [Fri Aug 5 19:49:39 2022] GET /identity/v3/groups/a9133bb9a67e4124b21b0c5f54050964 => generated 226 bytes in 331 msecs (HTTP/1.1 200) 5 headers in 177 bytes (1 switches on core 0)
Aug 05 19:49:39.795770 n-d-851029-3 devstack@keystone.service[80628]: DEBUG keystone.server.flask.request_processing.middleware.auth_context [None req-6857ff53-0dbc-4694-b917-dffc8a82f2da None admin] Authenticating user token {{(pid=80628) process_request /usr/local/lib/python3.8/dist-packages/keystonemiddleware/auth_token/__init__.py:407}}
Aug 05 19:49:39.837658 n-d-851029-3 devstack@keystone.service[80627]: DEBUG dbcounter [-] [80627] Writing DB stats keystone:SELECT=100 {{(pid=80627) stat_writer /usr/local/lib/python3.8/dist-packages/dbcounter.py:114}}
Aug 05 19:49:39.894948 n-d-851029-3 devstack@keystone.service[80627]: DEBUG keystone.server.flask.request_processing.middleware.auth_context [None req-472e79fb-b16d-4dd1-bbda-df0b98bd5bae None admin] Validating token access rules against request {{(pid=80627) validate_allowed_request /usr/local/lib/python3.8/dist-packages/keystonemiddleware/auth_token/__init__.py:545}}
Aug 05 19:49:39.938189 n-d-851029-3 devstack@keystone.service[80627]: DEBUG keystone.server.flask.request_processing.middleware.auth_context [None req-5a8cdd14-461f-4171-b991-1e0c2199dff3 None admin] RBAC: auth_context: {'token': , 'domain_id': None, 'trust_id': None, 'trustor_id': None, 'trustee_id': None, 'domain_name': None, 'group_ids': [], 'user_id': 'bc4360a00a3844baa863a67a1f25ccbd', 'user_domain_id': 'default', 'system_scope': 'all', 'project_id': None, 'project_domain_id': None, 'roles': ['admin', 'member', 'reader'], 'is_admin_project': True, 'service_user_id': None, 'service_user_domain_id': None, 'service_project_id': None, 'service_project_domain_id': None, 'service_roles': []} {{(pid=80627) fill_context /opt/stack/keystone/keystone/server/flask/request_processing/middleware/auth_context.py:478}}
Aug 05 19:49:39.938915 n-d-851029-3 devstack@keystone.service[80627]: DEBUG keystone.server.flask.request_processing.req_logging [None req-5a8cdd14-461f-4171-b991-1e0c2199dff3 None admin] REQUEST_METHOD: `GET` {{(pid=80627) log_request_info /opt/stack/keystone/keystone/server/flask/request_processing/req_logging.py:27}}
Aug 05 19:49:39.939248 n-d-851029-3 devstack@keystone.service[80627]: DEBUG keystone.server.flask.request_processing.req_logging [None req-5a8cdd14-461f-4171-b991-1e0c2199dff3 None admin] SCRIPT_NAME: `/identity` {{(pid=80627) log_request_info /opt/stack/keystone/keystone/server/flask/request_processing/req_logging.py:28}}
Aug 05 19:49:39.939532 n-d-851029-3 devstack@keystone.service[80627]: DEBUG keystone.server.flask.request_processing.req_logging [None req-5a8cdd14-461f-4171-b991-1e0c2199dff3 None admin] PATH_INFO: `/v3/groups/a9133bb9a67e4124b21b0c5f54050964` {{(pid=80627) log_request_info /opt/stack/keystone/keystone/server/flask/request_processing/req_logging.py:29}}
Aug 05 19:49:39.941430 n-d-851029-3 devstack@keystone.service[80627]: DEBUG keystone.common.rbac_enforcer.enforcer [None req-5a8cdd14-461f-4171-b991-1e0c2199dff3 None admin] RBAC: Authorizing `identity:get_group(group_id=a9133bb9a67e4124b21b0c5f54050964)` {{(pid=80627) enforce_call /opt/stack/keystone/keystone/common/rbac_enforcer/enforcer.py:449}}
Aug 05 19:49:39.942968 n-d-851029-3 devstack@keystone.service[80627]: DEBUG keystone.common.rbac_enforcer.enforcer [None req-5a8cdd14-461f-4171-b991-1e0c2199dff3 None admin] RBAC: Authorization granted {{(pid=80627) enforce_call /opt/stack/keystone/keystone/common/rbac_enforcer/enforcer.py:457}}
Aug 05 19:49:39.944703 n-d-851029-3 devstack@keystone.service[80627]: [pid: 80627|app: 0|req: 199/397] 10.222.0.64 () {56 vars in 1180 bytes} [Fri Aug 5 19:49:39 2022] GET /identity/v3/groups/a9133bb9a67e4124b21b0c5f54050964 => generated 226 bytes in 189 msecs (HTTP/1.1 200) 5 headers in 177 bytes (1 switches on core 0)
Aug 05 19:49:39.965759 n-d-851029-3 devstack@keystone.service[80628]: DEBUG keystone.server.flask.request_processing.middleware.auth_context [None req-6857ff53-0dbc-4694-b917-dffc8a82f2da None admin] Validating token access rules against request {{(pid=80628) validate_allowed_request /usr/local/lib/python3.8/dist-packages/keystonemiddleware/auth_token/__init__.py:545}}
Aug 05 19:49:39.967109 n-d-851029-3 devstack@keystone.service[80627]: DEBUG keystone.server.flask.request_processing.middleware.auth_context [None req-5a8cdd14-461f-4171-b991-1e0c2199dff3 None admin] Authenticating user token {{(pid=80627) process_request /usr/local/lib/python3.8/dist-packages/keystonemiddleware/auth_token/__init__.py:407}}
Aug 05 19:49:40.004494 n-d-851029-3 devstack@keystone.service[80628]: DEBUG keystone.server.flask.request_processing.middleware.auth_context [None req-e828dc9d-67a2-4aa1-831c-fa1cb6ead123 None admin] RBAC: auth_context: {'token': , 'domain_id': None, 'trust_id': None, 'trustor_id': None, 'trustee_id': None, 'domain_name': None, 'group_ids': [], 'user_id': 'bc4360a00a3844baa863a67a1f25ccbd', 'user_domain_id': 'default', 'system_scope': 'all', 'project_id': None, 'project_domain_id': None, 'roles': ['admin', 'member', 'reader'], 'is_admin_project': True, 'service_user_id': None, 'service_user_domain_id': None, 'service_project_id': None, 'service_project_domain_id': None, 'service_roles': []} {{(pid=80628) fill_context /opt/stack/keystone/keystone/server/flask/request_processing/middleware/auth_context.py:478}}
Aug 05 19:49:40.005152 n-d-851029-3 devstack@keystone.service[80628]: DEBUG keystone.server.flask.request_processing.req_logging [None req-e828dc9d-67a2-4aa1-831c-fa1cb6ead123 None admin] REQUEST_METHOD: `GET` {{(pid=80628) log_request_info /opt/stack/keystone/keystone/server/flask/request_processing/req_logging.py:27}}
Aug 05 19:49:40.005436 n-d-851029-3 devstack@keystone.service[80628]: DEBUG keystone.server.flask.request_processing.req_logging [None req-e828dc9d-67a2-4aa1-831c-fa1cb6ead123 None admin] SCRIPT_NAME: `/identity` {{(pid=80628) log_request_info /opt/stack/keystone/keystone/server/flask/request_processing/req_logging.py:28}}
Aug 05 19:49:40.005712 n-d-851029-3 devstack@keystone.service[80628]: DEBUG keystone.server.flask.request_processing.req_logging [None req-e828dc9d-67a2-4aa1-831c-fa1cb6ead123 None admin] PATH_INFO: `/v3/projects/3caa259f59984dde81ed13f8c3acf3b1` {{(pid=80628) log_request_info /opt/stack/keystone/keystone/server/flask/request_processing/req_logging.py:29}}
Aug 05 19:49:40.006920 n-d-851029-3 devstack@keystone.service[80628]: DEBUG keystone.common.rbac_enforcer.enforcer [None req-e828dc9d-67a2-4aa1-831c-fa1cb6ead123 None admin] RBAC: Authorizing `identity:get_project(project_id=3caa259f59984dde81ed13f8c3acf3b1)` {{(pid=80628) enforce_call /opt/stack/keystone/keystone/common/rbac_enforcer/enforcer.py:449}}
Aug 05 19:49:40.008377 n-d-851029-3 devstack@keystone.service[80628]: DEBUG keystone.common.rbac_enforcer.enforcer [None req-e828dc9d-67a2-4aa1-831c-fa1cb6ead123 None admin] RBAC: Authorization granted {{(pid=80628) enforce_call /opt/stack/keystone/keystone/common/rbac_enforcer/enforcer.py:457}}
Aug 05 19:49:40.010399 n-d-851029-3 devstack@keystone.service[80628]: [pid: 80628|app: 0|req: 199/398] 10.222.0.64 () {56 vars in 1186 bytes} [Fri Aug 5 19:49:39 2022] GET /identity/v3/projects/3caa259f59984dde81ed13f8c3acf3b1 => generated 302 bytes in 215 msecs (HTTP/1.1 200) 5 headers in 177 bytes (1 switches on core 0)
Aug 05 19:49:40.021277 n-d-851029-3 devstack@keystone.service[80628]: DEBUG keystone.server.flask.request_processing.middleware.auth_context [None req-e828dc9d-67a2-4aa1-831c-fa1cb6ead123 None admin] Authenticating user token {{(pid=80628) process_request /usr/local/lib/python3.8/dist-packages/keystonemiddleware/auth_token/__init__.py:407}}
Aug 05 19:49:40.098871 n-d-851029-3 devstack@keystone.service[80628]: DEBUG dbcounter [-] [80628] Writing DB stats keystone:SELECT=100 {{(pid=80628) stat_writer /usr/local/lib/python3.8/dist-packages/dbcounter.py:114}}
Aug 05 19:49:40.120166 n-d-851029-3 devstack@keystone.service[80627]: DEBUG keystone.server.flask.request_processing.middleware.auth_context [None req-5a8cdd14-461f-4171-b991-1e0c2199dff3 None admin] Validating token access rules against request {{(pid=80627) validate_allowed_request /usr/local/lib/python3.8/dist-packages/keystonemiddleware/auth_token/__init__.py:545}}
Aug 05 19:49:40.139317 n-d-851029-3 devstack@keystone.service[80627]: DEBUG dbcounter [-] [80627] Writing DB stats keystone:SELECT=100 {{(pid=80627) stat_writer /usr/local/lib/python3.8/dist-packages/dbcounter.py:114}}
Aug 05 19:49:40.151976 n-d-851029-3 devstack@keystone.service[80628]: DEBUG keystone.server.flask.request_processing.middleware.auth_context [None req-e828dc9d-67a2-4aa1-831c-fa1cb6ead123 None admin] Validating token access rules against request {{(pid=80628) validate_allowed_request /usr/local/lib/python3.8/dist-packages/keystonemiddleware/auth_token/__init__.py:545}}
Aug 05 19:49:40.159961 n-d-851029-3 devstack@keystone.service[80627]: DEBUG keystone.server.flask.request_processing.middleware.auth_context [None req-ad67307b-f1fa-49e8-a0c3-833202c7f886 None admin] RBAC: auth_context: {'token': , 'domain_id': None, 'trust_id': None, 'trustor_id': None, 'trustee_id': None, 'domain_name': None, 'group_ids': [], 'user_id': 'bc4360a00a3844baa863a67a1f25ccbd', 'user_domain_id': 'default', 'system_scope': 'all', 'project_id': None, 'project_domain_id': None, 'roles': ['admin', 'member', 'reader'], 'is_admin_project': True, 'service_user_id': None, 'service_user_domain_id': None, 'service_project_id': None, 'service_project_domain_id': None, 'service_roles': []} {{(pid=80627) fill_context /opt/stack/keystone/keystone/server/flask/request_processing/middleware/auth_context.py:478}}
Aug 05 19:49:40.160443 n-d-851029-3 devstack@keystone.service[80627]: DEBUG keystone.server.flask.request_processing.req_logging [None req-ad67307b-f1fa-49e8-a0c3-833202c7f886 None admin] REQUEST_METHOD: `GET` {{(pid=80627) log_request_info /opt/stack/keystone/keystone/server/flask/request_processing/req_logging.py:27}}
Aug 05 19:49:40.160731 n-d-851029-3 devstack@keystone.service[80627]: DEBUG keystone.server.flask.request_processing.req_logging [None req-ad67307b-f1fa-49e8-a0c3-833202c7f886 None admin] SCRIPT_NAME: `/identity` {{(pid=80627) log_request_info /opt/stack/keystone/keystone/server/flask/request_processing/req_logging.py:28}}
Aug 05 19:49:40.161012 n-d-851029-3 devstack@keystone.service[80627]: DEBUG keystone.server.flask.request_processing.req_logging [None req-ad67307b-f1fa-49e8-a0c3-833202c7f886 None admin] PATH_INFO: `/v3/projects/29d8a87e3d6348dc9159a460f18f3398` {{(pid=80627) log_request_info /opt/stack/keystone/keystone/server/flask/request_processing/req_logging.py:29}}
Aug 05 19:49:40.162202 n-d-851029-3 devstack@keystone.service[80627]: DEBUG keystone.common.rbac_enforcer.enforcer [None req-ad67307b-f1fa-49e8-a0c3-833202c7f886 None admin] RBAC: Authorizing `identity:get_project(project_id=29d8a87e3d6348dc9159a460f18f3398)` {{(pid=80627) enforce_call /opt/stack/keystone/keystone/common/rbac_enforcer/enforcer.py:449}}
Aug 05 19:49:40.163764 n-d-851029-3 devstack@keystone.service[80627]: DEBUG keystone.common.rbac_enforcer.enforcer [None req-ad67307b-f1fa-49e8-a0c3-833202c7f886 None admin] RBAC: Authorization granted {{(pid=80627) enforce_call /opt/stack/keystone/keystone/common/rbac_enforcer/enforcer.py:457}}
Aug 05 19:49:40.165864 n-d-851029-3 devstack@keystone.service[80627]: [pid: 80627|app: 0|req: 200/399] 10.222.0.64 () {56 vars in 1186 bytes} [Fri Aug 5 19:49:39 2022] GET /identity/v3/projects/29d8a87e3d6348dc9159a460f18f3398 => generated 298 bytes in 199 msecs (HTTP/1.1 200) 5 headers in 177 bytes (1 switches on core 0)
Aug 05 19:49:40.167376 n-d-851029-3 devstack@keystone.service[80627]: DEBUG keystone.server.flask.request_processing.req_logging [None req-7a05d2e6-a3e2-4037-bc77-edcbf4a5e917 None None] REQUEST_METHOD: `GET` {{(pid=80627) log_request_info /opt/stack/keystone/keystone/server/flask/request_processing/req_logging.py:27}}
Aug 05 19:49:40.167641 n-d-851029-3 devstack@keystone.service[80627]: DEBUG keystone.server.flask.request_processing.req_logging [None req-7a05d2e6-a3e2-4037-bc77-edcbf4a5e917 None None] SCRIPT_NAME: `/identity` {{(pid=80627) log_request_info /opt/stack/keystone/keystone/server/flask/request_processing/req_logging.py:28}}
Aug 05 19:49:40.167923 n-d-851029-3 devstack@keystone.service[80627]: DEBUG keystone.server.flask.request_processing.req_logging [None req-7a05d2e6-a3e2-4037-bc77-edcbf4a5e917 None None] PATH_INFO: `/` {{(pid=80627) log_request_info /opt/stack/keystone/keystone/server/flask/request_processing/req_logging.py:29}}
Aug 05 19:49:40.169506 n-d-851029-3 devstack@keystone.service[80627]: [pid: 80627|app: 0|req: 201/400] 10.222.0.64 () {54 vars in 927 bytes} [Fri Aug 5 19:49:40 2022] GET /identity => generated 270 bytes in 3 msecs (HTTP/1.1 300) 6 headers in 234 bytes (1 switches on core 0)
Aug 05 19:49:40.176010 n-d-851029-3 devstack@keystone.service[80627]: DEBUG keystone.server.flask.request_processing.req_logging [None req-55aad345-a582-4534-bbec-11cee1bfa19d None None] REQUEST_METHOD: `POST` {{(pid=80627) log_request_info /opt/stack/keystone/keystone/server/flask/request_processing/req_logging.py:27}}
Aug 05 19:49:40.176157 n-d-851029-3 devstack@keystone.service[80627]: DEBUG keystone.server.flask.request_processing.req_logging [None req-55aad345-a582-4534-bbec-11cee1bfa19d None None] SCRIPT_NAME: `/identity` {{(pid=80627) log_request_info /opt/stack/keystone/keystone/server/flask/request_processing/req_logging.py:28}}
Aug 05 19:49:40.176440 n-d-851029-3 devstack@keystone.service[80627]: DEBUG keystone.server.flask.request_processing.req_logging [None req-55aad345-a582-4534-bbec-11cee1bfa19d None None] PATH_INFO: `/v3/auth/tokens` {{(pid=80627) log_request_info /opt/stack/keystone/keystone/server/flask/request_processing/req_logging.py:29}}
Aug 05 19:49:40.195774 n-d-851029-3 devstack@keystone.service[80628]: DEBUG keystone.server.flask.request_processing.middleware.auth_context [None req-f8e20502-72bc-45eb-bc90-523554223407 None admin] RBAC: auth_context: {'token': , 'domain_id': None, 'trust_id': None, 'trustor_id': None, 'trustee_id': None, 'domain_name': None, 'group_ids': [], 'user_id': 'bc4360a00a3844baa863a67a1f25ccbd', 'user_domain_id': 'default', 'system_scope': 'all', 'project_id': None, 'project_domain_id': None, 'roles': ['admin', 'member', 'reader'], 'is_admin_project': True, 'service_user_id': None, 'service_user_domain_id': None, 'service_project_id': None, 'service_project_domain_id': None, 'service_roles': []} {{(pid=80628) fill_context /opt/stack/keystone/keystone/server/flask/request_processing/middleware/auth_context.py:478}}
Aug 05 19:49:40.196504 n-d-851029-3 devstack@keystone.service[80627]: DEBUG keystone.auth.core [None req-55aad345-a582-4534-bbec-11cee1bfa19d None None] MFA Rules not processed for user `bc4360a00a3844baa863a67a1f25ccbd`. Rule list: `[]` (Enabled: `True`). {{(pid=80627) check_auth_methods_against_rules /opt/stack/keystone/keystone/auth/core.py:438}}
Aug 05 19:49:40.196884 n-d-851029-3 devstack@keystone.service[80628]: DEBUG keystone.server.flask.request_processing.req_logging [None req-f8e20502-72bc-45eb-bc90-523554223407 None admin] REQUEST_METHOD: `PUT` {{(pid=80628) log_request_info /opt/stack/keystone/keystone/server/flask/request_processing/req_logging.py:27}}
Aug 05 19:49:40.197304 n-d-851029-3 devstack@keystone.service[80628]: DEBUG keystone.server.flask.request_processing.req_logging [None req-f8e20502-72bc-45eb-bc90-523554223407 None admin] SCRIPT_NAME: `/identity` {{(pid=80628) log_request_info /opt/stack/keystone/keystone/server/flask/request_processing/req_logging.py:28}}
Aug 05 19:49:40.197728 n-d-851029-3 devstack@keystone.service[80628]: DEBUG keystone.server.flask.request_processing.req_logging [None req-f8e20502-72bc-45eb-bc90-523554223407 None admin] PATH_INFO: `/v3/projects/3caa259f59984dde81ed13f8c3acf3b1/groups/a9133bb9a67e4124b21b0c5f54050964/roles/cb18c57bedca4976b3b59251350017bb` {{(pid=80628) log_request_info /opt/stack/keystone/keystone/server/flask/request_processing/req_logging.py:29}}
Aug 05 19:49:40.197845 n-d-851029-3 devstack@keystone.service[80627]: DEBUG keystone.common.fernet_utils [None req-55aad345-a582-4534-bbec-11cee1bfa19d None None] Loaded 2 Fernet keys from /etc/keystone/fernet-keys/, but `[fernet_tokens] max_active_keys = 3`; perhaps there have not been enough key rotations to reach `max_active_keys` yet? {{(pid=80627) load_keys /opt/stack/keystone/keystone/common/fernet_utils.py:286}}
Aug 05 19:49:40.200048 n-d-851029-3 devstack@keystone.service[80628]: DEBUG keystone.common.rbac_enforcer.enforcer [None req-f8e20502-72bc-45eb-bc90-523554223407 None admin] RBAC: Authorizing `identity:create_grant(project_id=3caa259f59984dde81ed13f8c3acf3b1, group_id=a9133bb9a67e4124b21b0c5f54050964, role_id=cb18c57bedca4976b3b59251350017bb)` {{(pid=80628) enforce_call /opt/stack/keystone/keystone/common/rbac_enforcer/enforcer.py:449}}
Aug 05 19:49:40.201649 n-d-851029-3 devstack@keystone.service[80628]: DEBUG keystone.common.rbac_enforcer.enforcer [None req-f8e20502-72bc-45eb-bc90-523554223407 None admin] RBAC: Authorization granted {{(pid=80628) enforce_call /opt/stack/keystone/keystone/common/rbac_enforcer/enforcer.py:457}}
Aug 05 19:49:40.217215 n-d-851029-3 devstack@keystone.service[80628]: [pid: 80628|app: 0|req: 200/401] 10.222.0.64 () {58 vars in 1442 bytes} [Fri Aug 5 19:49:40 2022] PUT /identity/v3/projects/3caa259f59984dde81ed13f8c3acf3b1/groups/a9133bb9a67e4124b21b0c5f54050964/roles/cb18c57bedca4976b3b59251350017bb => generated 0 bytes in 196 msecs (HTTP/1.1 204) 3 headers in 132 bytes (0 switches on core 0)
Aug 05 19:49:40.218433 n-d-851029-3 devstack@keystone.service[80628]: DEBUG keystone.server.flask.request_processing.middleware.auth_context [None req-f8e20502-72bc-45eb-bc90-523554223407 None admin] Authenticating user token {{(pid=80628) process_request /usr/local/lib/python3.8/dist-packages/keystonemiddleware/auth_token/__init__.py:407}}
Aug 05 19:49:40.319814 n-d-851029-3 devstack@keystone.service[80627]: [pid: 80627|app: 0|req: 202/402] 10.222.0.64 () {58 vars in 1024 bytes} [Fri Aug 5 19:49:40 2022] POST /identity/v3/auth/tokens => generated 799 bytes in 143 msecs (HTTP/1.1 201) 6 headers in 363 bytes (1 switches on core 0)
Aug 05 19:49:40.334410 n-d-851029-3 devstack@keystone.service[80628]: DEBUG keystone.server.flask.request_processing.middleware.auth_context [None req-f8e20502-72bc-45eb-bc90-523554223407 None admin] Validating token access rules against request {{(pid=80628) validate_allowed_request /usr/local/lib/python3.8/dist-packages/keystonemiddleware/auth_token/__init__.py:545}}
Aug 05 19:49:40.346893 n-d-851029-3 devstack@keystone.service[80628]: DEBUG dbcounter [-] [80628] Writing DB stats keystone:SELECT=99,keystone:INSERT=1 {{(pid=80628) stat_writer /usr/local/lib/python3.8/dist-packages/dbcounter.py:114}}
Aug 05 19:49:40.364054 n-d-851029-3 devstack@keystone.service[80627]: DEBUG keystone.server.flask.request_processing.middleware.auth_context [None req-55aad345-a582-4534-bbec-11cee1bfa19d None None] Authenticating user token {{(pid=80627) process_request /usr/local/lib/python3.8/dist-packages/keystonemiddleware/auth_token/__init__.py:407}}
Aug 05 19:49:40.374576 n-d-851029-3 devstack@keystone.service[80628]: DEBUG keystone.server.flask.request_processing.middleware.auth_context [None req-25846969-37e5-4bef-a693-4c29dfbfa8ef None admin] RBAC: auth_context: {'token': , 'domain_id': None, 'trust_id': None, 'trustor_id': None, 'trustee_id': None, 'domain_name': None, 'group_ids': [], 'user_id': 'bc4360a00a3844baa863a67a1f25ccbd', 'user_domain_id': 'default', 'system_scope': 'all', 'project_id': None, 'project_domain_id': None, 'roles': ['admin', 'member', 'reader'], 'is_admin_project': True, 'service_user_id': None, 'service_user_domain_id': None, 'service_project_id': None, 'service_project_domain_id': None, 'service_roles': []} {{(pid=80628) fill_context /opt/stack/keystone/keystone/server/flask/request_processing/middleware/auth_context.py:478}}
Aug 05 19:49:40.377342 n-d-851029-3 devstack@keystone.service[80628]: DEBUG keystone.server.flask.request_processing.req_logging [None req-25846969-37e5-4bef-a693-4c29dfbfa8ef None admin] REQUEST_METHOD: `PUT` {{(pid=80628) log_request_info /opt/stack/keystone/keystone/server/flask/request_processing/req_logging.py:27}}
Aug 05 19:49:40.377869 n-d-851029-3 devstack@keystone.service[80628]: DEBUG keystone.server.flask.request_processing.req_logging [None req-25846969-37e5-4bef-a693-4c29dfbfa8ef None admin] SCRIPT_NAME: `/identity` {{(pid=80628) log_request_info /opt/stack/keystone/keystone/server/flask/request_processing/req_logging.py:28}}
Aug 05 19:49:40.378302 n-d-851029-3 devstack@keystone.service[80628]: DEBUG keystone.server.flask.request_processing.req_logging [None req-25846969-37e5-4bef-a693-4c29dfbfa8ef None admin] PATH_INFO: `/v3/projects/29d8a87e3d6348dc9159a460f18f3398/groups/a9133bb9a67e4124b21b0c5f54050964/roles/7d56eeae77aa4364b767e6ea2c205fe7` {{(pid=80628) log_request_info /opt/stack/keystone/keystone/server/flask/request_processing/req_logging.py:29}}
Aug 05 19:49:40.385762 n-d-851029-3 devstack@keystone.service[80628]: DEBUG keystone.common.rbac_enforcer.enforcer [None req-25846969-37e5-4bef-a693-4c29dfbfa8ef None admin] RBAC: Authorizing `identity:create_grant(project_id=29d8a87e3d6348dc9159a460f18f3398, group_id=a9133bb9a67e4124b21b0c5f54050964, role_id=7d56eeae77aa4364b767e6ea2c205fe7)` {{(pid=80628) enforce_call /opt/stack/keystone/keystone/common/rbac_enforcer/enforcer.py:449}}
Aug 05 19:49:40.388578 n-d-851029-3 devstack@keystone.service[80628]: DEBUG keystone.common.rbac_enforcer.enforcer [None req-25846969-37e5-4bef-a693-4c29dfbfa8ef None admin] RBAC: Authorization granted {{(pid=80628) enforce_call /opt/stack/keystone/keystone/common/rbac_enforcer/enforcer.py:457}}
Aug 05 19:49:40.417970 n-d-851029-3 devstack@keystone.service[80628]: [pid: 80628|app: 0|req: 201/403] 10.222.0.64 () {58 vars in 1442 bytes} [Fri Aug 5 19:49:40 2022] PUT /identity/v3/projects/29d8a87e3d6348dc9159a460f18f3398/groups/a9133bb9a67e4124b21b0c5f54050964/roles/7d56eeae77aa4364b767e6ea2c205fe7 => generated 0 bytes in 200 msecs (HTTP/1.1 204) 3 headers in 132 bytes (0 switches on core 0)
Aug 05 19:49:40.507683 n-d-851029-3 devstack@keystone.service[80627]: DEBUG keystone.server.flask.request_processing.middleware.auth_context [None req-55aad345-a582-4534-bbec-11cee1bfa19d None None] Validating token access rules against request {{(pid=80627) validate_allowed_request /usr/local/lib/python3.8/dist-packages/keystonemiddleware/auth_token/__init__.py:545}}
Aug 05 19:49:40.526268 n-d-851029-3 devstack@keystone.service[80627]: DEBUG dbcounter [-] [80627] Writing DB stats keystone:SELECT=100 {{(pid=80627) stat_writer /usr/local/lib/python3.8/dist-packages/dbcounter.py:114}}
Aug 05 19:49:40.545800 n-d-851029-3 devstack@keystone.service[80627]: DEBUG keystone.server.flask.request_processing.middleware.auth_context [None req-0fa68509-1f20-4d80-94ca-388da7dc4b67 None admin] RBAC: auth_context: {'token': , 'domain_id': None, 'trust_id': None, 'trustor_id': None, 'trustee_id': None, 'domain_name': None, 'group_ids': [], 'user_id': 'bc4360a00a3844baa863a67a1f25ccbd', 'user_domain_id': 'default', 'system_scope': 'all', 'project_id': None, 'project_domain_id': None, 'roles': ['admin', 'member', 'reader'], 'is_admin_project': True, 'service_user_id': None, 'service_user_domain_id': None, 'service_project_id': None, 'service_project_domain_id': None, 'service_roles': []} {{(pid=80627) fill_context /opt/stack/keystone/keystone/server/flask/request_processing/middleware/auth_context.py:478}}
Aug 05 19:49:40.546469 n-d-851029-3 devstack@keystone.service[80627]: DEBUG keystone.server.flask.request_processing.req_logging [None req-0fa68509-1f20-4d80-94ca-388da7dc4b67 None admin] REQUEST_METHOD: `GET` {{(pid=80627) log_request_info /opt/stack/keystone/keystone/server/flask/request_processing/req_logging.py:27}}
Aug 05 19:49:40.547316 n-d-851029-3 devstack@keystone.service[80627]: DEBUG keystone.server.flask.request_processing.req_logging [None req-0fa68509-1f20-4d80-94ca-388da7dc4b67 None admin] SCRIPT_NAME: `/identity` {{(pid=80627) log_request_info /opt/stack/keystone/keystone/server/flask/request_processing/req_logging.py:28}}
Aug 05 19:49:40.547593 n-d-851029-3 devstack@keystone.service[80627]: DEBUG keystone.server.flask.request_processing.req_logging [None req-0fa68509-1f20-4d80-94ca-388da7dc4b67 None admin] PATH_INFO: `/v3/roles/anotherrole` {{(pid=80627) log_request_info /opt/stack/keystone/keystone/server/flask/request_processing/req_logging.py:29}}
Aug 05 19:49:40.560106 n-d-851029-3 devstack@keystone.service[80627]: DEBUG keystone.common.rbac_enforcer.enforcer [None req-0fa68509-1f20-4d80-94ca-388da7dc4b67 None admin] Extracting inferred target data resulted in "NOT FOUND (404)". {{(pid=80627) enforce_call /opt/stack/keystone/keystone/common/rbac_enforcer/enforcer.py:409}}
Aug 05 19:49:40.565789 n-d-851029-3 devstack@keystone.service[80627]: ERROR keystone.server.flask.application [None req-0fa68509-1f20-4d80-94ca-388da7dc4b67 None admin] Could not find role: anotherrole.: keystone.exception.RoleNotFound: Could not find role: anotherrole.
Aug 05 19:49:40.565789 n-d-851029-3 devstack@keystone.service[80627]: ERROR keystone.server.flask.application
Traceback (most recent call last):
Aug 05 19:49:40.565789 n-d-851029-3 devstack@keystone.service[80627]: ERROR keystone.server.flask.application
File "/usr/local/lib/python3.8/dist-packages/flask/app.py", line 1517, in full_dispatch_request
Aug 05 19:49:40.565789 n-d-851029-3 devstack@keystone.service[80627]: ERROR keystone.server.flask.application rv = self.dispatch_request()
Aug 05 19:49:40.565789 n-d-851029-3 devstack@keystone.service[80627]: ERROR keystone.server.flask.application
File "/usr/local/lib/python3.8/dist-packages/flask/app.py", line 1503, in dispatch_request
Aug 05 19:49:40.565789 n-d-851029-3 devstack@keystone.service[80627]: ERROR keystone.server.flask.application return self.ensure_sync(self.view_functions[rule.endpoint])(**req.view_args)
Aug 05 19:49:40.565789 n-d-851029-3 devstack@keystone.service[80627]: ERROR keystone.server.flask.application
File "/usr/local/lib/python3.8/dist-packages/flask_restful/__init__.py", line 467, in wrapper
Aug 05 19:49:40.565789 n-d-851029-3 devstack@keystone.service[80627]: ERROR keystone.server.flask.application resp = resource(*args, **kwargs)
Aug 05 19:49:40.565789 n-d-851029-3 devstack@keystone.service[80627]: ERROR keystone.server.flask.application
File "/usr/local/lib/python3.8/dist-packages/flask/views.py", line 84, in view
Aug 05 19:49:40.565789 n-d-851029-3 devstack@keystone.service[80627]: ERROR keystone.server.flask.application return current_app.ensure_sync(self.dispatch_request)(*args, **kwargs)
Aug 05 19:49:40.565789 n-d-851029-3 devstack@keystone.service[80627]: ERROR keystone.server.flask.application
File "/usr/local/lib/python3.8/dist-packages/flask_restful/__init__.py", line 582, in dispatch_request
Aug 05 19:49:40.565789 n-d-851029-3 devstack@keystone.service[80627]: ERROR keystone.server.flask.application resp = meth(*args, **kwargs)
Aug 05 19:49:40.565789 n-d-851029-3 devstack@keystone.service[80627]: ERROR keystone.server.flask.application
File "/opt/stack/keystone/keystone/api/roles.py", line 50, in get
Aug 05 19:49:40.565789 n-d-851029-3 devstack@keystone.service[80627]: ERROR keystone.server.flask.application return self._get_role(role_id)
Aug 05 19:49:40.565789 n-d-851029-3 devstack@keystone.service[80627]: ERROR keystone.server.flask.application
File "/opt/stack/keystone/keystone/api/roles.py", line 70, in _get_role
Aug 05 19:49:40.565789 n-d-851029-3 devstack@keystone.service[80627]: ERROR keystone.server.flask.application ENFORCER.enforce_call(action='identity:get_role')
Aug 05 19:49:40.566928 n-d-851029-3 devstack@keystone.service[80627]: ERROR keystone.server.flask.application
File "/opt/stack/keystone/keystone/common/rbac_enforcer/enforcer.py", line 402, in enforce_call
Aug 05 19:49:40.566928 n-d-851029-3 devstack@keystone.service[80627]: ERROR keystone.server.flask.application policy_dict.update(cls._extract_member_target_data(
Aug 05 19:49:40.566928 n-d-851029-3 devstack@keystone.service[80627]: ERROR keystone.server.flask.application
File "/opt/stack/keystone/keystone/common/rbac_enforcer/enforcer.py", line 234, in _extract_member_target_data
Aug 05 19:49:40.566928 n-d-851029-3 devstack@keystone.service[80627]: ERROR keystone.server.flask.application member_name: func(flask.request.view_args[key])
Aug 05 19:49:40.566928 n-d-851029-3 devstack@keystone.service[80627]: ERROR keystone.server.flask.application
File "/opt/stack/keystone/keystone/common/manager.py", line 115, in wrapped
Aug 05 19:49:40.566928 n-d-851029-3 devstack@keystone.service[80627]: ERROR keystone.server.flask.application __ret_val = __f(*args, **kwargs)
Aug 05 19:49:40.566928 n-d-851029-3 devstack@keystone.service[80627]: ERROR keystone.server.flask.application
File "/usr/local/lib/python3.8/dist-packages/decorator.py", line 232, in fun
Aug 05 19:49:40.566928 n-d-851029-3 devstack@keystone.service[80627]: ERROR keystone.server.flask.application return caller(func, *(extras + args), **kw)
Aug 05 19:49:40.566928 n-d-851029-3 devstack@keystone.service[80627]: ERROR keystone.server.flask.application
File "/usr/local/lib/python3.8/dist-packages/dogpile/cache/region.py", line 1577, in get_or_create_for_user_func
Aug 05 19:49:40.566928 n-d-851029-3 devstack@keystone.service[80627]: ERROR keystone.server.flask.application return self.get_or_create(
Aug 05 19:49:40.566928 n-d-851029-3 devstack@keystone.service[80627]: ERROR keystone.server.flask.application
File "/usr/local/lib/python3.8/dist-packages/dogpile/cache/region.py", line 1042, in get_or_create
Aug 05 19:49:40.566928 n-d-851029-3 devstack@keystone.service[80627]: ERROR keystone.server.flask.application with Lock(
Aug 05 19:49:40.566928 n-d-851029-3 devstack@keystone.service[80627]: ERROR keystone.server.flask.application
File "/usr/local/lib/python3.8/dist-packages/dogpile/lock.py", line 185, in __enter__
Aug 05 19:49:40.566928 n-d-851029-3 devstack@keystone.service[80627]: ERROR keystone.server.flask.application return self._enter()
Aug 05 19:49:40.566928 n-d-851029-3 devstack@keystone.service[80627]: ERROR keystone.server.flask.application
File "/usr/local/lib/python3.8/dist-packages/dogpile/lock.py", line 94, in _enter
Aug 05 19:49:40.566928 n-d-851029-3 devstack@keystone.service[80627]: ERROR keystone.server.flask.application generated = self._enter_create(value, createdtime)
Aug 05 19:49:40.567801 n-d-851029-3 devstack@keystone.service[80627]: ERROR keystone.server.flask.application
File "/usr/local/lib/python3.8/dist-packages/dogpile/lock.py", line 178, in _enter_create
Aug 05 19:49:40.567801 n-d-851029-3 devstack@keystone.service[80627]: ERROR keystone.server.flask.application return self.creator()
Aug 05 19:49:40.567801 n-d-851029-3 devstack@keystone.service[80627]: ERROR keystone.server.flask.application
File "/usr/local/lib/python3.8/dist-packages/dogpile/cache/region.py", line 995, in gen_value
Aug 05 19:49:40.567801 n-d-851029-3 devstack@keystone.service[80627]: ERROR keystone.server.flask.application created_value = creator(
Aug 05 19:49:40.567801 n-d-851029-3 devstack@keystone.service[80627]: ERROR keystone.server.flask.application
File "/opt/stack/keystone/keystone/assignment/core.py", line 1276, in get_role
Aug 05 19:49:40.567801 n-d-851029-3 devstack@keystone.service[80627]: ERROR keystone.server.flask.application return self.driver.get_role(role_id)
Aug 05 19:49:40.567801 n-d-851029-3 devstack@keystone.service[80627]: ERROR keystone.server.flask.application
File "/opt/stack/keystone/keystone/assignment/role_backends/sql.py", line 70, in get_role
Aug 05 19:49:40.567801 n-d-851029-3 devstack@keystone.service[80627]: ERROR keystone.server.flask.application return self._get_role(session, role_id).to_dict()
Aug 05 19:49:40.567801 n-d-851029-3 devstack@keystone.service[80627]: ERROR keystone.server.flask.application
File "/opt/stack/keystone/keystone/assignment/role_backends/sql.py", line 65, in _get_role
Aug 05 19:49:40.567801 n-d-851029-3 devstack@keystone.service[80627]: ERROR keystone.server.flask.application raise exception.RoleNotFound(role_id=role_id)
Aug 05 19:49:40.567801 n-d-851029-3 devstack@keystone.service[80627]: ERROR keystone.server.flask.application keystone.exception.RoleNotFound: Could not find role: anotherrole.
Aug 05 19:49:40.567801 n-d-851029-3 devstack@keystone.service[80627]: ERROR keystone.server.flask.application
Aug 05 19:49:40.567801 n-d-851029-3 devstack@keystone.service[80627]: [pid: 80627|app: 0|req: 203/404] 10.222.0.64 () {56 vars in 1114 bytes} [Fri Aug 5 19:49:40 2022] GET /identity/v3/roles/anotherrole => generated 89 bytes in 204 msecs (HTTP/1.1 404) 5 headers in 183 bytes (1 switches on core 0)
Aug 05 19:49:40.575661 n-d-851029-3 devstack@keystone.service[80628]: DEBUG keystone.server.flask.request_processing.middleware.auth_context [None req-25846969-37e5-4bef-a693-4c29dfbfa8ef None admin] Authenticating user token {{(pid=80628) process_request /usr/local/lib/python3.8/dist-packages/keystonemiddleware/auth_token/__init__.py:407}}
Aug 05 19:49:40.683896 n-d-851029-3 devstack@keystone.service[80628]: DEBUG keystone.server.flask.request_processing.middleware.auth_context [None req-25846969-37e5-4bef-a693-4c29dfbfa8ef None admin] Validating token access rules against request {{(pid=80628) validate_allowed_request /usr/local/lib/python3.8/dist-packages/keystonemiddleware/auth_token/__init__.py:545}}
Aug 05 19:49:40.721587 n-d-851029-3 devstack@keystone.service[80628]: DEBUG keystone.server.flask.request_processing.middleware.auth_context [None req-e86ef6a0-860d-4530-8a1e-beda1ee1c8c2 None admin] RBAC: auth_context: {'token': , 'domain_id': None, 'trust_id': None, 'trustor_id': None, 'trustee_id': None, 'domain_name': None, 'group_ids': [], 'user_id': 'bc4360a00a3844baa863a67a1f25ccbd', 'user_domain_id': 'default', 'system_scope': 'all', 'project_id': None, 'project_domain_id': None, 'roles': ['admin', 'member', 'reader'], 'is_admin_project': True, 'service_user_id': None, 'service_user_domain_id': None, 'service_project_id': None, 'service_project_domain_id': None, 'service_roles': []} {{(pid=80628) fill_context /opt/stack/keystone/keystone/server/flask/request_processing/middleware/auth_context.py:478}}
Aug 05 19:49:40.722212 n-d-851029-3 devstack@keystone.service[80628]: DEBUG keystone.server.flask.request_processing.req_logging [None req-e86ef6a0-860d-4530-8a1e-beda1ee1c8c2 None admin] REQUEST_METHOD: `GET` {{(pid=80628) log_request_info /opt/stack/keystone/keystone/server/flask/request_processing/req_logging.py:27}}
Aug 05 19:49:40.722493 n-d-851029-3 devstack@keystone.service[80628]: DEBUG keystone.server.flask.request_processing.req_logging [None req-e86ef6a0-860d-4530-8a1e-beda1ee1c8c2 None admin] SCRIPT_NAME: `/identity` {{(pid=80628) log_request_info /opt/stack/keystone/keystone/server/flask/request_processing/req_logging.py:28}}
Aug 05 19:49:40.722797 n-d-851029-3 devstack@keystone.service[80628]: DEBUG keystone.server.flask.request_processing.req_logging [None req-e86ef6a0-860d-4530-8a1e-beda1ee1c8c2 None admin] PATH_INFO: `/v3/roles` {{(pid=80628) log_request_info /opt/stack/keystone/keystone/server/flask/request_processing/req_logging.py:29}}
Aug 05 19:49:40.723523 n-d-851029-3 devstack@keystone.service[80628]: DEBUG keystone.common.rbac_enforcer.enforcer [None req-e86ef6a0-860d-4530-8a1e-beda1ee1c8c2 None admin] RBAC: Adding query filter params (name=anotherrole) {{(pid=80628) _extract_filter_values /opt/stack/keystone/keystone/common/rbac_enforcer/enforcer.py:167}}
Aug 05 19:49:40.723829 n-d-851029-3 devstack@keystone.service[80628]: DEBUG keystone.common.rbac_enforcer.enforcer [None req-e86ef6a0-860d-4530-8a1e-beda1ee1c8c2 None admin] RBAC: Authorizing `identity:list_roles()` {{(pid=80628) enforce_call /opt/stack/keystone/keystone/common/rbac_enforcer/enforcer.py:449}}
Aug 05 19:49:40.725213 n-d-851029-3 devstack@keystone.service[80628]: DEBUG keystone.common.rbac_enforcer.enforcer [None req-e86ef6a0-860d-4530-8a1e-beda1ee1c8c2 None admin] RBAC: Authorization granted {{(pid=80628) enforce_call /opt/stack/keystone/keystone/common/rbac_enforcer/enforcer.py:457}}
Aug 05 19:49:40.733966 n-d-851029-3 devstack@keystone.service[80628]: [pid: 80628|app: 0|req: 202/405] 10.222.0.64 () {56 vars in 1111 bytes} [Fri Aug 5 19:49:40 2022] GET /identity/v3/roles?name=anotherrole => generated 334 bytes in 159 msecs (HTTP/1.1 200) 5 headers in 177 bytes (1 switches on core 0)
Aug 05 19:49:40.739656 n-d-851029-3 devstack@keystone.service[80627]: DEBUG keystone.server.flask.request_processing.middleware.auth_context [None req-0fa68509-1f20-4d80-94ca-388da7dc4b67 None admin] Authenticating user token {{(pid=80627) process_request /usr/local/lib/python3.8/dist-packages/keystonemiddleware/auth_token/__init__.py:407}}
Aug 05 19:49:40.756665 n-d-851029-3 devstack@keystone.service[80628]: DEBUG keystone.server.flask.request_processing.req_logging [None req-3a725e04-6d47-4f95-8fbe-f82c46c720be None None] REQUEST_METHOD: `GET` {{(pid=80628) log_request_info /opt/stack/keystone/keystone/server/flask/request_processing/req_logging.py:27}}
Aug 05 19:49:40.756999 n-d-851029-3 devstack@keystone.service[80628]: DEBUG keystone.server.flask.request_processing.req_logging [None req-3a725e04-6d47-4f95-8fbe-f82c46c720be None None] SCRIPT_NAME: `/identity` {{(pid=80628) log_request_info /opt/stack/keystone/keystone/server/flask/request_processing/req_logging.py:28}}
Aug 05 19:49:40.757198 n-d-851029-3 devstack@keystone.service[80628]: DEBUG keystone.server.flask.request_processing.req_logging [None req-3a725e04-6d47-4f95-8fbe-f82c46c720be None None] PATH_INFO: `/` {{(pid=80628) log_request_info /opt/stack/keystone/keystone/server/flask/request_processing/req_logging.py:29}}
Aug 05 19:49:40.758886 n-d-851029-3 devstack@keystone.service[80628]: [pid: 80628|app: 0|req: 203/406] 10.222.0.64 () {54 vars in 927 bytes} [Fri Aug 5 19:49:40 2022] GET /identity => generated 270 bytes in 3 msecs (HTTP/1.1 300) 6 headers in 234 bytes (2 switches on core 0)
Aug 05 19:49:40.767114 n-d-851029-3 devstack@keystone.service[80628]: DEBUG keystone.server.flask.request_processing.req_logging [None req-0bc7b299-61af-49ac-884c-3e007f2be9ee None None] REQUEST_METHOD: `POST` {{(pid=80628) log_request_info /opt/stack/keystone/keystone/server/flask/request_processing/req_logging.py:27}}
Aug 05 19:49:40.767393 n-d-851029-3 devstack@keystone.service[80628]: DEBUG keystone.server.flask.request_processing.req_logging [None req-0bc7b299-61af-49ac-884c-3e007f2be9ee None None] SCRIPT_NAME: `/identity` {{(pid=80628) log_request_info /opt/stack/keystone/keystone/server/flask/request_processing/req_logging.py:28}}
Aug 05 19:49:40.767662 n-d-851029-3 devstack@keystone.service[80628]: DEBUG keystone.server.flask.request_processing.req_logging [None req-0bc7b299-61af-49ac-884c-3e007f2be9ee None None] PATH_INFO: `/v3/auth/tokens` {{(pid=80628) log_request_info /opt/stack/keystone/keystone/server/flask/request_processing/req_logging.py:29}}
Aug 05 19:49:40.798934 n-d-851029-3 devstack@keystone.service[80628]: DEBUG keystone.auth.core [None req-0bc7b299-61af-49ac-884c-3e007f2be9ee None None] MFA Rules not processed for user `bc4360a00a3844baa863a67a1f25ccbd`. Rule list: `[]` (Enabled: `True`). {{(pid=80628) check_auth_methods_against_rules /opt/stack/keystone/keystone/auth/core.py:438}}
Aug 05 19:49:40.800141 n-d-851029-3 devstack@keystone.service[80628]: DEBUG keystone.common.fernet_utils [None req-0bc7b299-61af-49ac-884c-3e007f2be9ee None None] Loaded 2 Fernet keys from /etc/keystone/fernet-keys/, but `[fernet_tokens] max_active_keys = 3`; perhaps there have not been enough key rotations to reach `max_active_keys` yet? {{(pid=80628) load_keys /opt/stack/keystone/keystone/common/fernet_utils.py:286}}
Aug 05 19:49:40.850903 n-d-851029-3 devstack@keystone.service[80628]: DEBUG dbcounter [-] [80628] Writing DB stats keystone:SELECT=99,keystone:INSERT=1 {{(pid=80628) stat_writer /usr/local/lib/python3.8/dist-packages/dbcounter.py:114}}
Aug 05 19:49:40.912628 n-d-851029-3 devstack@keystone.service[80628]: [pid: 80628|app: 0|req: 204/407] 10.222.0.64 () {58 vars in 1024 bytes} [Fri Aug 5 19:49:40 2022] POST /identity/v3/auth/tokens => generated 799 bytes in 147 msecs (HTTP/1.1 201) 6 headers in 363 bytes (1 switches on core 0)
Aug 05 19:49:40.925174 n-d-851029-3 devstack@keystone.service[80627]: DEBUG keystone.server.flask.request_processing.middleware.auth_context [None req-0fa68509-1f20-4d80-94ca-388da7dc4b67 None admin] Validating token access rules against request {{(pid=80627) validate_allowed_request /usr/local/lib/python3.8/dist-packages/keystonemiddleware/auth_token/__init__.py:545}}
Aug 05 19:49:40.933998 n-d-851029-3 devstack@keystone.service[80628]: DEBUG keystone.server.flask.request_processing.middleware.auth_context [None req-0bc7b299-61af-49ac-884c-3e007f2be9ee None None] Authenticating user token {{(pid=80628) process_request /usr/local/lib/python3.8/dist-packages/keystonemiddleware/auth_token/__init__.py:407}}
