Oct 04 20:03:57.897889 n-d-851029-13 devstack@keystone.service[82415]: DEBUG keystone.server.flask.request_processing.req_logging [None req-909e98e5-dece-40a3-8e8a-91146be36388 None admin] PATH_INFO: `/v3/projects/31ad71494a0e4534871840443046e6fb` {{(pid=82415) log_request_info /opt/stack/keystone/keystone/server/flask/request_processing/req_logging.py:29}}
Oct 04 20:03:57.899807 n-d-851029-13 devstack@keystone.service[82415]: DEBUG keystone.common.rbac_enforcer.enforcer [None req-909e98e5-dece-40a3-8e8a-91146be36388 None admin] RBAC: Authorizing `identity:get_project(project_id=31ad71494a0e4534871840443046e6fb)` {{(pid=82415) enforce_call /opt/stack/keystone/keystone/common/rbac_enforcer/enforcer.py:449}}
Oct 04 20:03:57.901560 n-d-851029-13 devstack@keystone.service[82415]: DEBUG keystone.common.rbac_enforcer.enforcer [None req-909e98e5-dece-40a3-8e8a-91146be36388 None admin] RBAC: Authorization granted {{(pid=82415) enforce_call /opt/stack/keystone/keystone/common/rbac_enforcer/enforcer.py:457}}
Oct 04 20:03:57.903886 n-d-851029-13 devstack@keystone.service[82415]: [pid: 82415|app: 0|req: 180/359] 10.222.0.36 () {56 vars in 1186 bytes} [Tue Oct 4 20:03:57 2022] GET /identity/v3/projects/31ad71494a0e4534871840443046e6fb => generated 298 bytes in 300 msecs (HTTP/1.1 200) 5 headers in 177 bytes (1 switches on core 0)
Oct 04 20:03:57.905123 n-d-851029-13 devstack@keystone.service[82415]: DEBUG keystone.server.flask.request_processing.middleware.auth_context [None req-909e98e5-dece-40a3-8e8a-91146be36388 None admin] Authenticating user token {{(pid=82415) process_request /usr/local/lib/python3.8/dist-packages/keystonemiddleware/auth_token/__init__.py:407}}
Oct 04 20:03:57.916308 n-d-851029-13 devstack@keystone.service[82414]: DEBUG dbcounter [-] [82414] Writing DB stats keystone:SELECT=100 {{(pid=82414) stat_writer /usr/local/lib/python3.8/dist-packages/dbcounter.py:114}}
Oct 04 20:03:58.023545 n-d-851029-13 devstack@keystone.service[82414]: DEBUG keystone.server.flask.request_processing.middleware.auth_context [None req-2f12f412-8b82-490a-822d-2d8d8ca9cb30 None None] Validating token access rules against request {{(pid=82414) validate_allowed_request /usr/local/lib/python3.8/dist-packages/keystonemiddleware/auth_token/__init__.py:545}}
Oct 04 20:03:58.049701 n-d-851029-13 devstack@keystone.service[82415]: DEBUG dbcounter [-] [82415] Writing DB stats keystone:SELECT=100 {{(pid=82415) stat_writer /usr/local/lib/python3.8/dist-packages/dbcounter.py:114}}
Oct 04 20:03:58.078622 n-d-851029-13 devstack@keystone.service[82415]: DEBUG keystone.server.flask.request_processing.middleware.auth_context [None req-909e98e5-dece-40a3-8e8a-91146be36388 None admin] Validating token access rules against request {{(pid=82415) validate_allowed_request /usr/local/lib/python3.8/dist-packages/keystonemiddleware/auth_token/__init__.py:545}}
Oct 04 20:03:58.083182 n-d-851029-13 devstack@keystone.service[82414]: DEBUG keystone.server.flask.request_processing.middleware.auth_context [None req-9fe60d4f-566d-41dd-8a77-14e3128fb63b None admin] RBAC: auth_context: {'token': , 'domain_id': None, 'trust_id': None, 'trustor_id': None, 'trustee_id': None, 'domain_name': None, 'group_ids': [], 'user_id': 'b2674f5b6b9341cd95c5e78ee198307c', 'user_domain_id': 'default', 'system_scope': 'all', 'project_id': None, 'project_domain_id': None, 'roles': ['admin', 'member', 'reader'], 'is_admin_project': True, 'service_user_id': None, 'service_user_domain_id': None, 'service_project_id': None, 'service_project_domain_id': None, 'service_roles': []} {{(pid=82414) fill_context /opt/stack/keystone/keystone/server/flask/request_processing/middleware/auth_context.py:478}}
Oct 04 20:03:58.084234 n-d-851029-13 devstack@keystone.service[82414]: DEBUG keystone.server.flask.request_processing.req_logging [None req-9fe60d4f-566d-41dd-8a77-14e3128fb63b None admin] REQUEST_METHOD: `GET` {{(pid=82414) log_request_info /opt/stack/keystone/keystone/server/flask/request_processing/req_logging.py:27}}
Oct 04 20:03:58.084699 n-d-851029-13 devstack@keystone.service[82414]: DEBUG keystone.server.flask.request_processing.req_logging [None req-9fe60d4f-566d-41dd-8a77-14e3128fb63b None admin] SCRIPT_NAME: `/identity` {{(pid=82414) log_request_info /opt/stack/keystone/keystone/server/flask/request_processing/req_logging.py:28}}
Oct 04 20:03:58.085153 n-d-851029-13 devstack@keystone.service[82414]: DEBUG keystone.server.flask.request_processing.req_logging [None req-9fe60d4f-566d-41dd-8a77-14e3128fb63b None admin] PATH_INFO: `/v3/role_assignments` {{(pid=82414) log_request_info /opt/stack/keystone/keystone/server/flask/request_processing/req_logging.py:29}}
Oct 04 20:03:58.086056 n-d-851029-13 devstack@keystone.service[82414]: DEBUG keystone.common.rbac_enforcer.enforcer [None req-9fe60d4f-566d-41dd-8a77-14e3128fb63b None admin] RBAC: Adding query filter params (group.id=5c027440a834472d8ae3a69fdc246c63, role.id=de05a05727ac4ef78d39651ddbe5c1f6, scope.project.id=78f0b1975d934bb2b0391c76da36d296) {{(pid=82414) _extract_filter_values /opt/stack/keystone/keystone/common/rbac_enforcer/enforcer.py:167}}
Oct 04 20:03:58.086495 n-d-851029-13 devstack@keystone.service[82414]: DEBUG keystone.common.rbac_enforcer.enforcer [None req-9fe60d4f-566d-41dd-8a77-14e3128fb63b None admin] RBAC: Authorizing `identity:list_role_assignments()` {{(pid=82414) enforce_call /opt/stack/keystone/keystone/common/rbac_enforcer/enforcer.py:449}}
Oct 04 20:03:58.088273 n-d-851029-13 devstack@keystone.service[82414]: DEBUG keystone.common.rbac_enforcer.enforcer [None req-9fe60d4f-566d-41dd-8a77-14e3128fb63b None admin] RBAC: Authorization granted {{(pid=82414) enforce_call /opt/stack/keystone/keystone/common/rbac_enforcer/enforcer.py:457}}
Oct 04 20:03:58.095703 n-d-851029-13 devstack@keystone.service[82414]: [pid: 82414|app: 0|req: 180/360] 10.222.0.36 () {56 vars in 1376 bytes} [Tue Oct 4 20:03:57 2022] GET /identity/v3/role_assignments?group.id=5c027440a834472d8ae3a69fdc246c63&scope.project.id=78f0b1975d934bb2b0391c76da36d296&role.id=de05a05727ac4ef78d39651ddbe5c1f6 => generated 260 bytes in 279 msecs (HTTP/1.1 200) 5 headers in 177 bytes (1 switches on core 0)
Oct 04 20:03:58.096340 n-d-851029-13 devstack@keystone.service[82414]: DEBUG keystone.server.flask.request_processing.middleware.auth_context [None req-9fe60d4f-566d-41dd-8a77-14e3128fb63b None admin] Authenticating user token {{(pid=82414) process_request /usr/local/lib/python3.8/dist-packages/keystonemiddleware/auth_token/__init__.py:407}}
Oct 04 20:03:58.147506 n-d-851029-13 devstack@keystone.service[82415]: DEBUG keystone.server.flask.request_processing.middleware.auth_context [None req-6807e872-ffae-4873-9261-d46e216e1981 None admin] RBAC: auth_context: {'token': , 'domain_id': None, 'trust_id': None, 'trustor_id': None, 'trustee_id': None, 'domain_name': None, 'group_ids': [], 'user_id': 'b2674f5b6b9341cd95c5e78ee198307c', 'user_domain_id': 'default', 'system_scope': 'all', 'project_id': None, 'project_domain_id': None, 'roles': ['admin', 'member', 'reader'], 'is_admin_project': True, 'service_user_id': None, 'service_user_domain_id': None, 'service_project_id': None, 'service_project_domain_id': None, 'service_roles': []} {{(pid=82415) fill_context /opt/stack/keystone/keystone/server/flask/request_processing/middleware/auth_context.py:478}}
Oct 04 20:03:58.148534 n-d-851029-13 devstack@keystone.service[82415]: DEBUG keystone.server.flask.request_processing.req_logging [None req-6807e872-ffae-4873-9261-d46e216e1981 None admin] REQUEST_METHOD: `GET` {{(pid=82415) log_request_info /opt/stack/keystone/keystone/server/flask/request_processing/req_logging.py:27}}
Oct 04 20:03:58.149015 n-d-851029-13 devstack@keystone.service[82415]: DEBUG keystone.server.flask.request_processing.req_logging [None req-6807e872-ffae-4873-9261-d46e216e1981 None admin] SCRIPT_NAME: `/identity` {{(pid=82415) log_request_info /opt/stack/keystone/keystone/server/flask/request_processing/req_logging.py:28}}
Oct 04 20:03:58.149510 n-d-851029-13 devstack@keystone.service[82415]: DEBUG keystone.server.flask.request_processing.req_logging [None req-6807e872-ffae-4873-9261-d46e216e1981 None admin] PATH_INFO: `/v3/roles` {{(pid=82415) log_request_info /opt/stack/keystone/keystone/server/flask/request_processing/req_logging.py:29}}
Oct 04 20:03:58.150414 n-d-851029-13 devstack@keystone.service[82415]: DEBUG keystone.common.rbac_enforcer.enforcer [None req-6807e872-ffae-4873-9261-d46e216e1981 None admin] RBAC: Adding query filter params (name=anotherrole) {{(pid=82415) _extract_filter_values /opt/stack/keystone/keystone/common/rbac_enforcer/enforcer.py:167}}
Oct 04 20:03:58.150990 n-d-851029-13 devstack@keystone.service[82415]: DEBUG keystone.common.rbac_enforcer.enforcer [None req-6807e872-ffae-4873-9261-d46e216e1981 None admin] RBAC: Authorizing `identity:list_roles()` {{(pid=82415) enforce_call /opt/stack/keystone/keystone/common/rbac_enforcer/enforcer.py:449}}
Oct 04 20:03:58.152665 n-d-851029-13 devstack@keystone.service[82415]: DEBUG keystone.common.rbac_enforcer.enforcer [None req-6807e872-ffae-4873-9261-d46e216e1981 None admin] RBAC: Authorization granted {{(pid=82415) enforce_call /opt/stack/keystone/keystone/common/rbac_enforcer/enforcer.py:457}}
Oct 04 20:03:58.162895 n-d-851029-13 devstack@keystone.service[82415]: [pid: 82415|app: 0|req: 181/361] 10.222.0.36 () {56 vars in 1111 bytes} [Tue Oct 4 20:03:57 2022] GET /identity/v3/roles?name=anotherrole => generated 334 bytes in 258 msecs (HTTP/1.1 200) 5 headers in 177 bytes (1 switches on core 0)
Oct 04 20:03:58.164206 n-d-851029-13 devstack@keystone.service[82415]: DEBUG keystone.server.flask.request_processing.middleware.auth_context [None req-6807e872-ffae-4873-9261-d46e216e1981 None admin] Authenticating user token {{(pid=82415) process_request /usr/local/lib/python3.8/dist-packages/keystonemiddleware/auth_token/__init__.py:407}}
Oct 04 20:03:58.282542 n-d-851029-13 devstack@keystone.service[82414]: DEBUG keystone.server.flask.request_processing.middleware.auth_context [None req-9fe60d4f-566d-41dd-8a77-14e3128fb63b None admin] Validating token access rules against request {{(pid=82414) validate_allowed_request /usr/local/lib/python3.8/dist-packages/keystonemiddleware/auth_token/__init__.py:545}}
Oct 04 20:03:58.291842 n-d-851029-13 devstack@keystone.service[82414]: DEBUG dbcounter [-] [82414] Writing DB stats keystone:SELECT=100 {{(pid=82414) stat_writer /usr/local/lib/python3.8/dist-packages/dbcounter.py:114}}
Oct 04 20:03:58.333076 n-d-851029-13 devstack@keystone.service[82415]: DEBUG keystone.server.flask.request_processing.middleware.auth_context [None req-6807e872-ffae-4873-9261-d46e216e1981 None admin] Validating token access rules against request {{(pid=82415) validate_allowed_request /usr/local/lib/python3.8/dist-packages/keystonemiddleware/auth_token/__init__.py:545}}
Oct 04 20:03:58.336704 n-d-851029-13 devstack@keystone.service[82414]: DEBUG keystone.server.flask.request_processing.middleware.auth_context [None req-41b696c6-ec4d-4ee5-8920-2d18ae95a413 None admin] RBAC: auth_context: {'token': , 'domain_id': None, 'trust_id': None, 'trustor_id': None, 'trustee_id': None, 'domain_name': None, 'group_ids': [], 'user_id': 'b2674f5b6b9341cd95c5e78ee198307c', 'user_domain_id': 'default', 'system_scope': 'all', 'project_id': None, 'project_domain_id': None, 'roles': ['admin', 'member', 'reader'], 'is_admin_project': True, 'service_user_id': None, 'service_user_domain_id': None, 'service_project_id': None, 'service_project_domain_id': None, 'service_roles': []} {{(pid=82414) fill_context /opt/stack/keystone/keystone/server/flask/request_processing/middleware/auth_context.py:478}}
Oct 04 20:03:58.338310 n-d-851029-13 devstack@keystone.service[82414]: DEBUG keystone.server.flask.request_processing.req_logging [None req-41b696c6-ec4d-4ee5-8920-2d18ae95a413 None admin] REQUEST_METHOD: `GET` {{(pid=82414) log_request_info /opt/stack/keystone/keystone/server/flask/request_processing/req_logging.py:27}}
Oct 04 20:03:58.338587 n-d-851029-13 devstack@keystone.service[82414]: DEBUG keystone.server.flask.request_processing.req_logging [None req-41b696c6-ec4d-4ee5-8920-2d18ae95a413 None admin] SCRIPT_NAME: `/identity` {{(pid=82414) log_request_info /opt/stack/keystone/keystone/server/flask/request_processing/req_logging.py:28}}
Oct 04 20:03:58.338894 n-d-851029-13 devstack@keystone.service[82414]: DEBUG keystone.server.flask.request_processing.req_logging [None req-41b696c6-ec4d-4ee5-8920-2d18ae95a413 None admin] PATH_INFO: `/v3/roles/admin` {{(pid=82414) log_request_info /opt/stack/keystone/keystone/server/flask/request_processing/req_logging.py:29}}
Oct 04 20:03:58.356305 n-d-851029-13 devstack@keystone.service[82414]: DEBUG keystone.common.rbac_enforcer.enforcer [None req-41b696c6-ec4d-4ee5-8920-2d18ae95a413 None admin] Extracting inferred target data resulted in "NOT FOUND (404)". {{(pid=82414) enforce_call /opt/stack/keystone/keystone/common/rbac_enforcer/enforcer.py:409}}
Oct 04 20:03:58.366024 n-d-851029-13 devstack@keystone.service[82414]: ERROR keystone.server.flask.application [None req-41b696c6-ec4d-4ee5-8920-2d18ae95a413 None admin] Could not find role: admin.: keystone.exception.RoleNotFound: Could not find role: admin.
Oct 04 20:03:58.366024 n-d-851029-13 devstack@keystone.service[82414]: ERROR keystone.server.flask.application
Traceback (most recent call last):
Oct 04 20:03:58.366024 n-d-851029-13 devstack@keystone.service[82414]: ERROR keystone.server.flask.application
File "/usr/local/lib/python3.8/dist-packages/flask/app.py", line 1820, in full_dispatch_request
Oct 04 20:03:58.366024 n-d-851029-13 devstack@keystone.service[82414]: ERROR keystone.server.flask.application rv = self.dispatch_request()
Oct 04 20:03:58.366024 n-d-851029-13 devstack@keystone.service[82414]: ERROR keystone.server.flask.application
File "/usr/local/lib/python3.8/dist-packages/flask/app.py", line 1796, in dispatch_request
Oct 04 20:03:58.366024 n-d-851029-13 devstack@keystone.service[82414]: ERROR keystone.server.flask.application return self.ensure_sync(self.view_functions[rule.endpoint])(**view_args)
Oct 04 20:03:58.366024 n-d-851029-13 devstack@keystone.service[82414]: ERROR keystone.server.flask.application
File "/usr/local/lib/python3.8/dist-packages/flask_restful/__init__.py", line 467, in wrapper
Oct 04 20:03:58.366024 n-d-851029-13 devstack@keystone.service[82414]: ERROR keystone.server.flask.application resp = resource(*args, **kwargs)
Oct 04 20:03:58.366024 n-d-851029-13 devstack@keystone.service[82414]: ERROR keystone.server.flask.application
File "/usr/local/lib/python3.8/dist-packages/flask/views.py", line 107, in view
Oct 04 20:03:58.366024 n-d-851029-13 devstack@keystone.service[82414]: ERROR keystone.server.flask.application return current_app.ensure_sync(self.dispatch_request)(**kwargs)
Oct 04 20:03:58.366024 n-d-851029-13 devstack@keystone.service[82414]: ERROR keystone.server.flask.application
File "/usr/local/lib/python3.8/dist-packages/flask_restful/__init__.py", line 582, in dispatch_request
Oct 04 20:03:58.366024 n-d-851029-13 devstack@keystone.service[82414]: ERROR keystone.server.flask.application resp = meth(*args, **kwargs)
Oct 04 20:03:58.366024 n-d-851029-13 devstack@keystone.service[82414]: ERROR keystone.server.flask.application
File "/opt/stack/keystone/keystone/api/roles.py", line 50, in get
Oct 04 20:03:58.366024 n-d-851029-13 devstack@keystone.service[82414]: ERROR keystone.server.flask.application return self._get_role(role_id)
Oct 04 20:03:58.366024 n-d-851029-13 devstack@keystone.service[82414]: ERROR keystone.server.flask.application
File "/opt/stack/keystone/keystone/api/roles.py", line 70, in _get_role
Oct 04 20:03:58.366024 n-d-851029-13 devstack@keystone.service[82414]: ERROR keystone.server.flask.application ENFORCER.enforce_call(action='identity:get_role')
Oct 04 20:03:58.367533 n-d-851029-13 devstack@keystone.service[82414]: ERROR keystone.server.flask.application
File "/opt/stack/keystone/keystone/common/rbac_enforcer/enforcer.py", line 402, in enforce_call
Oct 04 20:03:58.367533 n-d-851029-13 devstack@keystone.service[82414]: ERROR keystone.server.flask.application policy_dict.update(cls._extract_member_target_data(
Oct 04 20:03:58.367533 n-d-851029-13 devstack@keystone.service[82414]: ERROR keystone.server.flask.application
File "/opt/stack/keystone/keystone/common/rbac_enforcer/enforcer.py", line 234, in _extract_member_target_data
Oct 04 20:03:58.367533 n-d-851029-13 devstack@keystone.service[82414]: ERROR keystone.server.flask.application member_name: func(flask.request.view_args[key])
Oct 04 20:03:58.367533 n-d-851029-13 devstack@keystone.service[82414]: ERROR keystone.server.flask.application
File "/opt/stack/keystone/keystone/common/manager.py", line 115, in wrapped
Oct 04 20:03:58.367533 n-d-851029-13 devstack@keystone.service[82414]: ERROR keystone.server.flask.application __ret_val = __f(*args, **kwargs)
Oct 04 20:03:58.367533 n-d-851029-13 devstack@keystone.service[82414]: ERROR keystone.server.flask.application
File "/usr/local/lib/python3.8/dist-packages/decorator.py", line 232, in fun
Oct 04 20:03:58.367533 n-d-851029-13 devstack@keystone.service[82414]: ERROR keystone.server.flask.application return caller(func, *(extras + args), **kw)
Oct 04 20:03:58.367533 n-d-851029-13 devstack@keystone.service[82414]: ERROR keystone.server.flask.application
File "/usr/local/lib/python3.8/dist-packages/dogpile/cache/region.py", line 1577, in get_or_create_for_user_func
Oct 04 20:03:58.367533 n-d-851029-13 devstack@keystone.service[82414]: ERROR keystone.server.flask.application return self.get_or_create(
Oct 04 20:03:58.367533 n-d-851029-13 devstack@keystone.service[82414]: ERROR keystone.server.flask.application
File "/usr/local/lib/python3.8/dist-packages/dogpile/cache/region.py", line 1042, in get_or_create
Oct 04 20:03:58.367533 n-d-851029-13 devstack@keystone.service[82414]: ERROR keystone.server.flask.application with Lock(
Oct 04 20:03:58.367533 n-d-851029-13 devstack@keystone.service[82414]: ERROR keystone.server.flask.application
File "/usr/local/lib/python3.8/dist-packages/dogpile/lock.py", line 185, in __enter__
Oct 04 20:03:58.367533 n-d-851029-13 devstack@keystone.service[82414]: ERROR keystone.server.flask.application return self._enter()
Oct 04 20:03:58.367533 n-d-851029-13 devstack@keystone.service[82414]: ERROR keystone.server.flask.application
File "/usr/local/lib/python3.8/dist-packages/dogpile/lock.py", line 94, in _enter
Oct 04 20:03:58.367533 n-d-851029-13 devstack@keystone.service[82414]: ERROR keystone.server.flask.application generated = self._enter_create(value, createdtime)
Oct 04 20:03:58.368328 n-d-851029-13 devstack@keystone.service[82414]: ERROR keystone.server.flask.application
File "/usr/local/lib/python3.8/dist-packages/dogpile/lock.py", line 178, in _enter_create
Oct 04 20:03:58.368328 n-d-851029-13 devstack@keystone.service[82414]: ERROR keystone.server.flask.application return self.creator()
Oct 04 20:03:58.368328 n-d-851029-13 devstack@keystone.service[82414]: ERROR keystone.server.flask.application
File "/usr/local/lib/python3.8/dist-packages/dogpile/cache/region.py", line 995, in gen_value
Oct 04 20:03:58.368328 n-d-851029-13 devstack@keystone.service[82414]: ERROR keystone.server.flask.application created_value = creator(
Oct 04 20:03:58.368328 n-d-851029-13 devstack@keystone.service[82414]: ERROR keystone.server.flask.application
File "/opt/stack/keystone/keystone/assignment/core.py", line 1276, in get_role
Oct 04 20:03:58.368328 n-d-851029-13 devstack@keystone.service[82414]: ERROR keystone.server.flask.application return self.driver.get_role(role_id)
Oct 04 20:03:58.368328 n-d-851029-13 devstack@keystone.service[82414]: ERROR keystone.server.flask.application
File "/opt/stack/keystone/keystone/assignment/role_backends/sql.py", line 70, in get_role
Oct 04 20:03:58.368328 n-d-851029-13 devstack@keystone.service[82414]: ERROR keystone.server.flask.application return self._get_role(session, role_id).to_dict()
Oct 04 20:03:58.368328 n-d-851029-13 devstack@keystone.service[82414]: ERROR keystone.server.flask.application
File "/opt/stack/keystone/keystone/assignment/role_backends/sql.py", line 65, in _get_role
Oct 04 20:03:58.368328 n-d-851029-13 devstack@keystone.service[82414]: ERROR keystone.server.flask.application raise exception.RoleNotFound(role_id=role_id)
Oct 04 20:03:58.368328 n-d-851029-13 devstack@keystone.service[82414]: ERROR keystone.server.flask.application keystone.exception.RoleNotFound: Could not find role: admin.
Oct 04 20:03:58.368328 n-d-851029-13 devstack@keystone.service[82414]: ERROR keystone.server.flask.application
Oct 04 20:03:58.374717 n-d-851029-13 devstack@keystone.service[82414]: [pid: 82414|app: 0|req: 181/362] 10.222.0.36 () {56 vars in 1096 bytes} [Tue Oct 4 20:03:58 2022] GET /identity/v3/roles/admin => generated 83 bytes in 273 msecs (HTTP/1.1 404) 5 headers in 183 bytes (1 switches on core 0)
Oct 04 20:03:58.374717 n-d-851029-13 devstack@keystone.service[82414]: DEBUG keystone.server.flask.request_processing.req_logging [None req-46a91c54-bf73-48f4-af5a-c7e8a40bd54e None None] REQUEST_METHOD: `POST` {{(pid=82414) log_request_info /opt/stack/keystone/keystone/server/flask/request_processing/req_logging.py:27}}
Oct 04 20:03:58.374717 n-d-851029-13 devstack@keystone.service[82414]: DEBUG keystone.server.flask.request_processing.req_logging [None req-46a91c54-bf73-48f4-af5a-c7e8a40bd54e None None] SCRIPT_NAME: `/identity` {{(pid=82414) log_request_info /opt/stack/keystone/keystone/server/flask/request_processing/req_logging.py:28}}
Oct 04 20:03:58.374717 n-d-851029-13 devstack@keystone.service[82414]: DEBUG keystone.server.flask.request_processing.req_logging [None req-46a91c54-bf73-48f4-af5a-c7e8a40bd54e None None] PATH_INFO: `/v3/auth/tokens` {{(pid=82414) log_request_info /opt/stack/keystone/keystone/server/flask/request_processing/req_logging.py:29}}
Oct 04 20:03:58.387137 n-d-851029-13 devstack@keystone.service[82415]: DEBUG keystone.server.flask.request_processing.middleware.auth_context [None req-fe4a7edb-d2e4-44d1-b0d8-814143a4126b None admin] RBAC: auth_context: {'token': , 'domain_id': None, 'trust_id': None, 'trustor_id': None, 'trustee_id': None, 'domain_name': None, 'group_ids': [], 'user_id': 'b2674f5b6b9341cd95c5e78ee198307c', 'user_domain_id': 'default', 'system_scope': 'all', 'project_id': None, 'project_domain_id': None, 'roles': ['admin', 'member', 'reader'], 'is_admin_project': True, 'service_user_id': None, 'service_user_domain_id': None, 'service_project_id': None, 'service_project_domain_id': None, 'service_roles': []} {{(pid=82415) fill_context /opt/stack/keystone/keystone/server/flask/request_processing/middleware/auth_context.py:478}}
Oct 04 20:03:58.387856 n-d-851029-13 devstack@keystone.service[82415]: DEBUG keystone.server.flask.request_processing.req_logging [None req-fe4a7edb-d2e4-44d1-b0d8-814143a4126b None admin] REQUEST_METHOD: `GET` {{(pid=82415) log_request_info /opt/stack/keystone/keystone/server/flask/request_processing/req_logging.py:27}}
Oct 04 20:03:58.388268 n-d-851029-13 devstack@keystone.service[82415]: DEBUG keystone.server.flask.request_processing.req_logging [None req-fe4a7edb-d2e4-44d1-b0d8-814143a4126b None admin] SCRIPT_NAME: `/identity` {{(pid=82415) log_request_info /opt/stack/keystone/keystone/server/flask/request_processing/req_logging.py:28}}
Oct 04 20:03:58.388702 n-d-851029-13 devstack@keystone.service[82415]: DEBUG keystone.server.flask.request_processing.req_logging [None req-fe4a7edb-d2e4-44d1-b0d8-814143a4126b None admin] PATH_INFO: `/v3/groups/5c027440a834472d8ae3a69fdc246c63` {{(pid=82415) log_request_info /opt/stack/keystone/keystone/server/flask/request_processing/req_logging.py:29}}
Oct 04 20:03:58.391515 n-d-851029-13 devstack@keystone.service[82415]: DEBUG keystone.common.rbac_enforcer.enforcer [None req-fe4a7edb-d2e4-44d1-b0d8-814143a4126b None admin] RBAC: Authorizing `identity:get_group(group_id=5c027440a834472d8ae3a69fdc246c63)` {{(pid=82415) enforce_call /opt/stack/keystone/keystone/common/rbac_enforcer/enforcer.py:449}}
Oct 04 20:03:58.394926 n-d-851029-13 devstack@keystone.service[82415]: DEBUG keystone.common.rbac_enforcer.enforcer [None req-fe4a7edb-d2e4-44d1-b0d8-814143a4126b None admin] RBAC: Authorization granted {{(pid=82415) enforce_call /opt/stack/keystone/keystone/common/rbac_enforcer/enforcer.py:457}}
Oct 04 20:03:58.397160 n-d-851029-13 devstack@keystone.service[82415]: [pid: 82415|app: 0|req: 182/363] 10.222.0.36 () {56 vars in 1180 bytes} [Tue Oct 4 20:03:58 2022] GET /identity/v3/groups/5c027440a834472d8ae3a69fdc246c63 => generated 226 bytes in 233 msecs (HTTP/1.1 200) 5 headers in 177 bytes (1 switches on core 0)
Oct 04 20:03:58.398187 n-d-851029-13 devstack@keystone.service[82415]: DEBUG keystone.server.flask.request_processing.middleware.auth_context [None req-fe4a7edb-d2e4-44d1-b0d8-814143a4126b None admin] Authenticating user token {{(pid=82415) process_request /usr/local/lib/python3.8/dist-packages/keystonemiddleware/auth_token/__init__.py:407}}
Oct 04 20:03:58.410496 n-d-851029-13 devstack@keystone.service[82414]: DEBUG keystone.auth.core [None req-46a91c54-bf73-48f4-af5a-c7e8a40bd54e None None] MFA Rules not processed for user `b2674f5b6b9341cd95c5e78ee198307c`. Rule list: `[]` (Enabled: `True`). {{(pid=82414) check_auth_methods_against_rules /opt/stack/keystone/keystone/auth/core.py:438}}
Oct 04 20:03:58.412610 n-d-851029-13 devstack@keystone.service[82414]: DEBUG keystone.common.fernet_utils [None req-46a91c54-bf73-48f4-af5a-c7e8a40bd54e None None] Loaded 2 Fernet keys from /etc/keystone/fernet-keys/, but `[fernet_tokens] max_active_keys = 3`; perhaps there have not been enough key rotations to reach `max_active_keys` yet? {{(pid=82414) load_keys /opt/stack/keystone/keystone/common/fernet_utils.py:286}}
Oct 04 20:03:58.422312 n-d-851029-13 devstack@keystone.service[82415]: DEBUG dbcounter [-] [82415] Writing DB stats keystone:SELECT=100 {{(pid=82415) stat_writer /usr/local/lib/python3.8/dist-packages/dbcounter.py:114}}
Oct 04 20:03:58.510709 n-d-851029-13 devstack@keystone.service[82414]: [pid: 82414|app: 0|req: 182/364] 10.222.0.36 () {58 vars in 1024 bytes} [Tue Oct 4 20:03:58 2022] POST /identity/v3/auth/tokens => generated 799 bytes in 134 msecs (HTTP/1.1 201) 6 headers in 363 bytes (1 switches on core 0)
Oct 04 20:03:58.510709 n-d-851029-13 devstack@keystone.service[82414]: DEBUG keystone.server.flask.request_processing.middleware.auth_context [None req-46a91c54-bf73-48f4-af5a-c7e8a40bd54e None None] Authenticating user token {{(pid=82414) process_request /usr/local/lib/python3.8/dist-packages/keystonemiddleware/auth_token/__init__.py:407}}
Oct 04 20:03:58.591063 n-d-851029-13 devstack@keystone.service[82415]: DEBUG keystone.server.flask.request_processing.middleware.auth_context [None req-fe4a7edb-d2e4-44d1-b0d8-814143a4126b None admin] Validating token access rules against request {{(pid=82415) validate_allowed_request /usr/local/lib/python3.8/dist-packages/keystonemiddleware/auth_token/__init__.py:545}}
Oct 04 20:03:58.643518 n-d-851029-13 devstack@keystone.service[82415]: DEBUG keystone.server.flask.request_processing.middleware.auth_context [None req-6dc81821-11c2-49eb-ae93-08a7f1978802 None admin] RBAC: auth_context: {'token': , 'domain_id': None, 'trust_id': None, 'trustor_id': None, 'trustee_id': None, 'domain_name': None, 'group_ids': [], 'user_id': 'b2674f5b6b9341cd95c5e78ee198307c', 'user_domain_id': 'default', 'system_scope': 'all', 'project_id': None, 'project_domain_id': None, 'roles': ['admin', 'member', 'reader'], 'is_admin_project': True, 'service_user_id': None, 'service_user_domain_id': None, 'service_project_id': None, 'service_project_domain_id': None, 'service_roles': []} {{(pid=82415) fill_context /opt/stack/keystone/keystone/server/flask/request_processing/middleware/auth_context.py:478}}
Oct 04 20:03:58.644482 n-d-851029-13 devstack@keystone.service[82415]: DEBUG keystone.server.flask.request_processing.req_logging [None req-6dc81821-11c2-49eb-ae93-08a7f1978802 None admin] REQUEST_METHOD: `GET` {{(pid=82415) log_request_info /opt/stack/keystone/keystone/server/flask/request_processing/req_logging.py:27}}
Oct 04 20:03:58.644836 n-d-851029-13 devstack@keystone.service[82415]: DEBUG keystone.server.flask.request_processing.req_logging [None req-6dc81821-11c2-49eb-ae93-08a7f1978802 None admin] SCRIPT_NAME: `/identity` {{(pid=82415) log_request_info /opt/stack/keystone/keystone/server/flask/request_processing/req_logging.py:28}}
Oct 04 20:03:58.645184 n-d-851029-13 devstack@keystone.service[82415]: DEBUG keystone.server.flask.request_processing.req_logging [None req-6dc81821-11c2-49eb-ae93-08a7f1978802 None admin] PATH_INFO: `/v3/groups/5c027440a834472d8ae3a69fdc246c63` {{(pid=82415) log_request_info /opt/stack/keystone/keystone/server/flask/request_processing/req_logging.py:29}}
Oct 04 20:03:58.646571 n-d-851029-13 devstack@keystone.service[82415]: DEBUG keystone.common.rbac_enforcer.enforcer [None req-6dc81821-11c2-49eb-ae93-08a7f1978802 None admin] RBAC: Authorizing `identity:get_group(group_id=5c027440a834472d8ae3a69fdc246c63)` {{(pid=82415) enforce_call /opt/stack/keystone/keystone/common/rbac_enforcer/enforcer.py:449}}
Oct 04 20:03:58.648279 n-d-851029-13 devstack@keystone.service[82415]: DEBUG keystone.common.rbac_enforcer.enforcer [None req-6dc81821-11c2-49eb-ae93-08a7f1978802 None admin] RBAC: Authorization granted {{(pid=82415) enforce_call /opt/stack/keystone/keystone/common/rbac_enforcer/enforcer.py:457}}
Oct 04 20:03:58.654723 n-d-851029-13 devstack@keystone.service[82415]: [pid: 82415|app: 0|req: 183/365] 10.222.0.36 () {56 vars in 1180 bytes} [Tue Oct 4 20:03:58 2022] GET /identity/v3/groups/5c027440a834472d8ae3a69fdc246c63 => generated 226 bytes in 252 msecs (HTTP/1.1 200) 5 headers in 177 bytes (1 switches on core 0)
Oct 04 20:03:58.654723 n-d-851029-13 devstack@keystone.service[82415]: DEBUG keystone.server.flask.request_processing.middleware.auth_context [None req-6dc81821-11c2-49eb-ae93-08a7f1978802 None admin] Authenticating user token {{(pid=82415) process_request /usr/local/lib/python3.8/dist-packages/keystonemiddleware/auth_token/__init__.py:407}}
Oct 04 20:03:58.717275 n-d-851029-13 devstack@keystone.service[82414]: DEBUG dbcounter [-] [82414] Writing DB stats keystone:SELECT=100 {{(pid=82414) stat_writer /usr/local/lib/python3.8/dist-packages/dbcounter.py:114}}
Oct 04 20:03:58.727912 n-d-851029-13 devstack@keystone.service[82414]: DEBUG keystone.server.flask.request_processing.middleware.auth_context [None req-46a91c54-bf73-48f4-af5a-c7e8a40bd54e None None] Validating token access rules against request {{(pid=82414) validate_allowed_request /usr/local/lib/python3.8/dist-packages/keystonemiddleware/auth_token/__init__.py:545}}
Oct 04 20:03:58.779878 n-d-851029-13 devstack@keystone.service[82414]: DEBUG keystone.server.flask.request_processing.middleware.auth_context [None req-0f8ff88a-fe0b-4591-8951-10af7715a106 None admin] RBAC: auth_context: {'token': , 'domain_id': None, 'trust_id': None, 'trustor_id': None, 'trustee_id': None, 'domain_name': None, 'group_ids': [], 'user_id': 'b2674f5b6b9341cd95c5e78ee198307c', 'user_domain_id': 'default', 'system_scope': 'all', 'project_id': None, 'project_domain_id': None, 'roles': ['admin', 'member', 'reader'], 'is_admin_project': True, 'service_user_id': None, 'service_user_domain_id': None, 'service_project_id': None, 'service_project_domain_id': None, 'service_roles': []} {{(pid=82414) fill_context /opt/stack/keystone/keystone/server/flask/request_processing/middleware/auth_context.py:478}}
Oct 04 20:03:58.780839 n-d-851029-13 devstack@keystone.service[82414]: DEBUG keystone.server.flask.request_processing.req_logging [None req-0f8ff88a-fe0b-4591-8951-10af7715a106 None admin] REQUEST_METHOD: `GET` {{(pid=82414) log_request_info /opt/stack/keystone/keystone/server/flask/request_processing/req_logging.py:27}}
Oct 04 20:03:58.781273 n-d-851029-13 devstack@keystone.service[82414]: DEBUG keystone.server.flask.request_processing.req_logging [None req-0f8ff88a-fe0b-4591-8951-10af7715a106 None admin] SCRIPT_NAME: `/identity` {{(pid=82414) log_request_info /opt/stack/keystone/keystone/server/flask/request_processing/req_logging.py:28}}
Oct 04 20:03:58.781707 n-d-851029-13 devstack@keystone.service[82414]: DEBUG keystone.server.flask.request_processing.req_logging [None req-0f8ff88a-fe0b-4591-8951-10af7715a106 None admin] PATH_INFO: `/v3/auth/tokens` {{(pid=82414) log_request_info /opt/stack/keystone/keystone/server/flask/request_processing/req_logging.py:29}}
Oct 04 20:03:58.822043 n-d-851029-13 devstack@keystone.service[82415]: DEBUG dbcounter [-] [82415] Writing DB stats keystone:SELECT=100 {{(pid=82415) stat_writer /usr/local/lib/python3.8/dist-packages/dbcounter.py:114}}
Oct 04 20:03:58.859272 n-d-851029-13 devstack@keystone.service[82415]: DEBUG keystone.server.flask.request_processing.middleware.auth_context [None req-6dc81821-11c2-49eb-ae93-08a7f1978802 None admin] Validating token access rules against request {{(pid=82415) validate_allowed_request /usr/local/lib/python3.8/dist-packages/keystonemiddleware/auth_token/__init__.py:545}}
Oct 04 20:03:58.877892 n-d-851029-13 devstack@keystone.service[82414]: DEBUG keystone.common.rbac_enforcer.enforcer [None req-0f8ff88a-fe0b-4591-8951-10af7715a106 None admin] RBAC: Authorizing `identity:validate_token()` {{(pid=82414) enforce_call /opt/stack/keystone/keystone/common/rbac_enforcer/enforcer.py:449}}
Oct 04 20:03:58.879844 n-d-851029-13 devstack@keystone.service[82414]: DEBUG keystone.common.rbac_enforcer.enforcer [None req-0f8ff88a-fe0b-4591-8951-10af7715a106 None admin] RBAC: Authorization granted {{(pid=82414) enforce_call /opt/stack/keystone/keystone/common/rbac_enforcer/enforcer.py:457}}
Oct 04 20:03:58.919688 n-d-851029-13 devstack@keystone.service[82415]: DEBUG keystone.server.flask.request_processing.middleware.auth_context [None req-9815e8fd-d77a-4ba8-be73-8df8d4fd09a2 None admin] RBAC: auth_context: {'token': , 'domain_id': None, 'trust_id': None, 'trustor_id': None, 'trustee_id': None, 'domain_name': None, 'group_ids': [], 'user_id': 'b2674f5b6b9341cd95c5e78ee198307c', 'user_domain_id': 'default', 'system_scope': 'all', 'project_id': None, 'project_domain_id': None, 'roles': ['admin', 'member', 'reader'], 'is_admin_project': True, 'service_user_id': None, 'service_user_domain_id': None, 'service_project_id': None, 'service_project_domain_id': None, 'service_roles': []} {{(pid=82415) fill_context /opt/stack/keystone/keystone/server/flask/request_processing/middleware/auth_context.py:478}}
Oct 04 20:03:58.920762 n-d-851029-13 devstack@keystone.service[82415]: DEBUG keystone.server.flask.request_processing.req_logging [None req-9815e8fd-d77a-4ba8-be73-8df8d4fd09a2 None admin] REQUEST_METHOD: `GET` {{(pid=82415) log_request_info /opt/stack/keystone/keystone/server/flask/request_processing/req_logging.py:27}}
Oct 04 20:03:58.921803 n-d-851029-13 devstack@keystone.service[82415]: DEBUG keystone.server.flask.request_processing.req_logging [None req-9815e8fd-d77a-4ba8-be73-8df8d4fd09a2 None admin] SCRIPT_NAME: `/identity` {{(pid=82415) log_request_info /opt/stack/keystone/keystone/server/flask/request_processing/req_logging.py:28}}
Oct 04 20:03:58.922297 n-d-851029-13 devstack@keystone.service[82415]: DEBUG keystone.server.flask.request_processing.req_logging [None req-9815e8fd-d77a-4ba8-be73-8df8d4fd09a2 None admin] PATH_INFO: `/v3/roles` {{(pid=82415) log_request_info /opt/stack/keystone/keystone/server/flask/request_processing/req_logging.py:29}}
Oct 04 20:03:58.923506 n-d-851029-13 devstack@keystone.service[82415]: DEBUG keystone.common.rbac_enforcer.enforcer [None req-9815e8fd-d77a-4ba8-be73-8df8d4fd09a2 None admin] RBAC: Adding query filter params (name=admin) {{(pid=82415) _extract_filter_values /opt/stack/keystone/keystone/common/rbac_enforcer/enforcer.py:167}}
Oct 04 20:03:58.924172 n-d-851029-13 devstack@keystone.service[82415]: DEBUG keystone.common.rbac_enforcer.enforcer [None req-9815e8fd-d77a-4ba8-be73-8df8d4fd09a2 None admin] RBAC: Authorizing `identity:list_roles()` {{(pid=82415) enforce_call /opt/stack/keystone/keystone/common/rbac_enforcer/enforcer.py:449}}
Oct 04 20:03:58.926537 n-d-851029-13 devstack@keystone.service[82415]: DEBUG keystone.common.rbac_enforcer.enforcer [None req-9815e8fd-d77a-4ba8-be73-8df8d4fd09a2 None admin] RBAC: Authorization granted {{(pid=82415) enforce_call /opt/stack/keystone/keystone/common/rbac_enforcer/enforcer.py:457}}
Oct 04 20:03:58.947347 n-d-851029-13 devstack@keystone.service[82415]: [pid: 82415|app: 0|req: 184/366] 10.222.0.36 () {56 vars in 1099 bytes} [Tue Oct 4 20:03:58 2022] GET /identity/v3/roles?name=admin => generated 339 bytes in 296 msecs (HTTP/1.1 200) 5 headers in 177 bytes (1 switches on core 0)
Oct 04 20:03:58.948959 n-d-851029-13 devstack@keystone.service[82415]: DEBUG keystone.server.flask.request_processing.middleware.auth_context [None req-9815e8fd-d77a-4ba8-be73-8df8d4fd09a2 None admin] Authenticating user token {{(pid=82415) process_request /usr/local/lib/python3.8/dist-packages/keystonemiddleware/auth_token/__init__.py:407}}
Oct 04 20:03:59.004997 n-d-851029-13 devstack@keystone.service[82414]: DEBUG dbcounter [-] [82414] Writing DB stats keystone:SELECT=100 {{(pid=82414) stat_writer /usr/local/lib/python3.8/dist-packages/dbcounter.py:114}}
Oct 04 20:03:59.014973 n-d-851029-13 devstack@keystone.service[82414]: [pid: 82414|app: 0|req: 183/367] 10.222.0.36 () {58 vars in 1282 bytes} [Tue Oct 4 20:03:58 2022] GET /identity/v3/auth/tokens => generated 799 bytes in 509 msecs (HTTP/1.1 200) 6 headers in 358 bytes (1 switches on core 0)
Oct 04 20:03:59.014973 n-d-851029-13 devstack@keystone.service[82414]: DEBUG keystone.server.flask.request_processing.middleware.auth_context [None req-0f8ff88a-fe0b-4591-8951-10af7715a106 None admin] Authenticating user token {{(pid=82414) process_request /usr/local/lib/python3.8/dist-packages/keystonemiddleware/auth_token/__init__.py:407}}
Oct 04 20:03:59.144960 n-d-851029-13 devstack@keystone.service[82415]: DEBUG keystone.server.flask.request_processing.middleware.auth_context [None req-9815e8fd-d77a-4ba8-be73-8df8d4fd09a2 None admin] Validating token access rules against request {{(pid=82415) validate_allowed_request /usr/local/lib/python3.8/dist-packages/keystonemiddleware/auth_token/__init__.py:545}}
Oct 04 20:03:59.161969 n-d-851029-13 devstack@keystone.service[82414]: DEBUG keystone.server.flask.request_processing.middleware.auth_context [None req-0f8ff88a-fe0b-4591-8951-10af7715a106 None admin] Validating token access rules against request {{(pid=82414) validate_allowed_request /usr/local/lib/python3.8/dist-packages/keystonemiddleware/auth_token/__init__.py:545}}
Oct 04 20:03:59.204721 n-d-851029-13 devstack@keystone.service[82415]: DEBUG keystone.server.flask.request_processing.middleware.auth_context [None req-14fcdcbb-f082-4dd1-88c1-859f8e244b3c None admin] RBAC: auth_context: {'token': , 'domain_id': None, 'trust_id': None, 'trustor_id': None, 'trustee_id': None, 'domain_name': None, 'group_ids': [], 'user_id': 'b2674f5b6b9341cd95c5e78ee198307c', 'user_domain_id': 'default', 'system_scope': 'all', 'project_id': None, 'project_domain_id': None, 'roles': ['admin', 'member', 'reader'], 'is_admin_project': True, 'service_user_id': None, 'service_user_domain_id': None, 'service_project_id': None, 'service_project_domain_id': None, 'service_roles': []} {{(pid=82415) fill_context /opt/stack/keystone/keystone/server/flask/request_processing/middleware/auth_context.py:478}}
Oct 04 20:03:59.205370 n-d-851029-13 devstack@keystone.service[82415]: DEBUG keystone.server.flask.request_processing.req_logging [None req-14fcdcbb-f082-4dd1-88c1-859f8e244b3c None admin] REQUEST_METHOD: `GET` {{(pid=82415) log_request_info /opt/stack/keystone/keystone/server/flask/request_processing/req_logging.py:27}}
Oct 04 20:03:59.205669 n-d-851029-13 devstack@keystone.service[82415]: DEBUG keystone.server.flask.request_processing.req_logging [None req-14fcdcbb-f082-4dd1-88c1-859f8e244b3c None admin] SCRIPT_NAME: `/identity` {{(pid=82415) log_request_info /opt/stack/keystone/keystone/server/flask/request_processing/req_logging.py:28}}
Oct 04 20:03:59.205934 n-d-851029-13 devstack@keystone.service[82415]: DEBUG keystone.server.flask.request_processing.req_logging [None req-14fcdcbb-f082-4dd1-88c1-859f8e244b3c None admin] PATH_INFO: `/v3/role_assignments` {{(pid=82415) log_request_info /opt/stack/keystone/keystone/server/flask/request_processing/req_logging.py:29}}
Oct 04 20:03:59.206734 n-d-851029-13 devstack@keystone.service[82415]: DEBUG keystone.common.rbac_enforcer.enforcer [None req-14fcdcbb-f082-4dd1-88c1-859f8e244b3c None admin] RBAC: Adding query filter params (group.id=5c027440a834472d8ae3a69fdc246c63, role.id=7e50fe5ecd014b83a7ececeb6fd7a82f, scope.project.id=78f0b1975d934bb2b0391c76da36d296) {{(pid=82415) _extract_filter_values /opt/stack/keystone/keystone/common/rbac_enforcer/enforcer.py:167}}
Oct 04 20:03:59.207051 n-d-851029-13 devstack@keystone.service[82415]: DEBUG keystone.common.rbac_enforcer.enforcer [None req-14fcdcbb-f082-4dd1-88c1-859f8e244b3c None admin] RBAC: Authorizing `identity:list_role_assignments()` {{(pid=82415) enforce_call /opt/stack/keystone/keystone/common/rbac_enforcer/enforcer.py:449}}
Oct 04 20:03:59.208568 n-d-851029-13 devstack@keystone.service[82415]: DEBUG keystone.common.rbac_enforcer.enforcer [None req-14fcdcbb-f082-4dd1-88c1-859f8e244b3c None admin] RBAC: Authorization granted {{(pid=82415) enforce_call /opt/stack/keystone/keystone/common/rbac_enforcer/enforcer.py:457}}
Oct 04 20:03:59.218752 n-d-851029-13 devstack@keystone.service[82415]: [pid: 82415|app: 0|req: 185/368] 10.222.0.36 () {56 vars in 1376 bytes} [Tue Oct 4 20:03:58 2022] GET /identity/v3/role_assignments?group.id=5c027440a834472d8ae3a69fdc246c63&scope.project.id=78f0b1975d934bb2b0391c76da36d296&role.id=7e50fe5ecd014b83a7ececeb6fd7a82f => generated 260 bytes in 267 msecs (HTTP/1.1 200) 5 headers in 177 bytes (1 switches on core 0)
Oct 04 20:03:59.218752 n-d-851029-13 devstack@keystone.service[82415]: DEBUG keystone.server.flask.request_processing.middleware.auth_context [None req-14fcdcbb-f082-4dd1-88c1-859f8e244b3c None admin] Authenticating user token {{(pid=82415) process_request /usr/local/lib/python3.8/dist-packages/keystonemiddleware/auth_token/__init__.py:407}}
Oct 04 20:03:59.227151 n-d-851029-13 devstack@keystone.service[82414]: DEBUG keystone.server.flask.request_processing.middleware.auth_context [None req-a2fc6b12-6606-407a-8338-affb5e55e409 None admin] RBAC: auth_context: {'token': , 'domain_id': None, 'trust_id': None, 'trustor_id': None, 'trustee_id': None, 'domain_name': None, 'group_ids': [], 'user_id': 'b2674f5b6b9341cd95c5e78ee198307c', 'user_domain_id': 'default', 'system_scope': 'all', 'project_id': None, 'project_domain_id': None, 'roles': ['admin', 'member', 'reader'], 'is_admin_project': True, 'service_user_id': None, 'service_user_domain_id': None, 'service_project_id': None, 'service_project_domain_id': None, 'service_roles': []} {{(pid=82414) fill_context /opt/stack/keystone/keystone/server/flask/request_processing/middleware/auth_context.py:478}}
Oct 04 20:03:59.228322 n-d-851029-13 devstack@keystone.service[82414]: DEBUG keystone.server.flask.request_processing.req_logging [None req-a2fc6b12-6606-407a-8338-affb5e55e409 None admin] REQUEST_METHOD: `GET` {{(pid=82414) log_request_info /opt/stack/keystone/keystone/server/flask/request_processing/req_logging.py:27}}
Oct 04 20:03:59.228877 n-d-851029-13 devstack@keystone.service[82414]: DEBUG keystone.server.flask.request_processing.req_logging [None req-a2fc6b12-6606-407a-8338-affb5e55e409 None admin] SCRIPT_NAME: `/identity` {{(pid=82414) log_request_info /opt/stack/keystone/keystone/server/flask/request_processing/req_logging.py:28}}
Oct 04 20:03:59.229314 n-d-851029-13 devstack@keystone.service[82414]: DEBUG keystone.server.flask.request_processing.req_logging [None req-a2fc6b12-6606-407a-8338-affb5e55e409 None admin] PATH_INFO: `/v3/role_assignments` {{(pid=82414) log_request_info /opt/stack/keystone/keystone/server/flask/request_processing/req_logging.py:29}}
Oct 04 20:03:59.230384 n-d-851029-13 devstack@keystone.service[82414]: DEBUG keystone.common.rbac_enforcer.enforcer [None req-a2fc6b12-6606-407a-8338-affb5e55e409 None admin] RBAC: Adding query filter params (group.id=5c027440a834472d8ae3a69fdc246c63, role.id=7e50fe5ecd014b83a7ececeb6fd7a82f, scope.project.id=31ad71494a0e4534871840443046e6fb) {{(pid=82414) _extract_filter_values /opt/stack/keystone/keystone/common/rbac_enforcer/enforcer.py:167}}
Oct 04 20:03:59.231006 n-d-851029-13 devstack@keystone.service[82414]: DEBUG keystone.common.rbac_enforcer.enforcer [None req-a2fc6b12-6606-407a-8338-affb5e55e409 None admin] RBAC: Authorizing `identity:list_role_assignments()` {{(pid=82414) enforce_call /opt/stack/keystone/keystone/common/rbac_enforcer/enforcer.py:449}}
Oct 04 20:03:59.232397 n-d-851029-13 devstack@keystone.service[82415]: DEBUG dbcounter [-] [82415] Writing DB stats keystone:SELECT=100 {{(pid=82415) stat_writer /usr/local/lib/python3.8/dist-packages/dbcounter.py:114}}
Oct 04 20:03:59.236168 n-d-851029-13 devstack@keystone.service[82414]: DEBUG keystone.common.rbac_enforcer.enforcer [None req-a2fc6b12-6606-407a-8338-affb5e55e409 None admin] RBAC: Authorization granted {{(pid=82414) enforce_call /opt/stack/keystone/keystone/common/rbac_enforcer/enforcer.py:457}}
Oct 04 20:03:59.249041 n-d-851029-13 devstack@keystone.service[82414]: [pid: 82414|app: 0|req: 184/369] 10.222.0.36 () {56 vars in 1376 bytes} [Tue Oct 4 20:03:59 2022] GET /identity/v3/role_assignments?group.id=5c027440a834472d8ae3a69fdc246c63&scope.project.id=31ad71494a0e4534871840443046e6fb&role.id=7e50fe5ecd014b83a7ececeb6fd7a82f => generated 260 bytes in 235 msecs (HTTP/1.1 200) 5 headers in 177 bytes (1 switches on core 0)
Oct 04 20:03:59.253413 n-d-851029-13 devstack@keystone.service[82414]: DEBUG keystone.server.flask.request_processing.middleware.auth_context [None req-a2fc6b12-6606-407a-8338-affb5e55e409 None admin] Authenticating user token {{(pid=82414) process_request /usr/local/lib/python3.8/dist-packages/keystonemiddleware/auth_token/__init__.py:407}}
Oct 04 20:03:59.471422 n-d-851029-13 devstack@keystone.service[82414]: DEBUG dbcounter [-] [82414] Writing DB stats keystone:SELECT=100 {{(pid=82414) stat_writer /usr/local/lib/python3.8/dist-packages/dbcounter.py:114}}
Oct 04 20:03:59.526437 n-d-851029-13 devstack@keystone.service[82415]: DEBUG keystone.server.flask.request_processing.middleware.auth_context [None req-14fcdcbb-f082-4dd1-88c1-859f8e244b3c None admin] Validating token access rules against request {{(pid=82415) validate_allowed_request /usr/local/lib/python3.8/dist-packages/keystonemiddleware/auth_token/__init__.py:545}}
Oct 04 20:03:59.573642 n-d-851029-13 devstack@keystone.service[82414]: DEBUG keystone.server.flask.request_processing.middleware.auth_context [None req-a2fc6b12-6606-407a-8338-affb5e55e409 None admin] Validating token access rules against request {{(pid=82414) validate_allowed_request /usr/local/lib/python3.8/dist-packages/keystonemiddleware/auth_token/__init__.py:545}}
Oct 04 20:03:59.591764 n-d-851029-13 devstack@keystone.service[82415]: DEBUG keystone.server.flask.request_processing.middleware.auth_context [None req-08953fb1-175d-46b6-80a4-d8186b3f10ba None admin] RBAC: auth_context: {'token': , 'domain_id': None, 'trust_id': None, 'trustor_id': None, 'trustee_id': None, 'domain_name': None, 'group_ids': [], 'user_id': 'b2674f5b6b9341cd95c5e78ee198307c', 'user_domain_id': 'default', 'system_scope': 'all', 'project_id': None, 'project_domain_id': None, 'roles': ['admin', 'member', 'reader'], 'is_admin_project': True, 'service_user_id': None, 'service_user_domain_id': None, 'service_project_id': None, 'service_project_domain_id': None, 'service_roles': []} {{(pid=82415) fill_context /opt/stack/keystone/keystone/server/flask/request_processing/middleware/auth_context.py:478}}
Oct 04 20:03:59.593523 n-d-851029-13 devstack@keystone.service[82415]: DEBUG keystone.server.flask.request_processing.req_logging [None req-08953fb1-175d-46b6-80a4-d8186b3f10ba None admin] REQUEST_METHOD: `GET` {{(pid=82415) log_request_info /opt/stack/keystone/keystone/server/flask/request_processing/req_logging.py:27}}
Oct 04 20:03:59.593523 n-d-851029-13 devstack@keystone.service[82415]: DEBUG keystone.server.flask.request_processing.req_logging [None req-08953fb1-175d-46b6-80a4-d8186b3f10ba None admin] SCRIPT_NAME: `/identity` {{(pid=82415) log_request_info /opt/stack/keystone/keystone/server/flask/request_processing/req_logging.py:28}}
Oct 04 20:03:59.597920 n-d-851029-13 devstack@keystone.service[82415]: DEBUG keystone.server.flask.request_processing.req_logging [None req-08953fb1-175d-46b6-80a4-d8186b3f10ba None admin] PATH_INFO: `/v3/auth/tokens` {{(pid=82415) log_request_info /opt/stack/keystone/keystone/server/flask/request_processing/req_logging.py:29}}
Oct 04 20:03:59.635452 n-d-851029-13 devstack@keystone.service[82414]: DEBUG keystone.server.flask.request_processing.middleware.auth_context [None req-057de31f-2354-4b09-932b-d90b30b5697e None admin] RBAC: auth_context: {'token': , 'domain_id': None, 'trust_id': None, 'trustor_id': None, 'trustee_id': None, 'domain_name': None, 'group_ids': [], 'user_id': 'b2674f5b6b9341cd95c5e78ee198307c', 'user_domain_id': 'default', 'system_scope': 'all', 'project_id': None, 'project_domain_id': None, 'roles': ['admin', 'member', 'reader'], 'is_admin_project': True, 'service_user_id': None, 'service_user_domain_id': None, 'service_project_id': None, 'service_project_domain_id': None, 'service_roles': []} {{(pid=82414) fill_context /opt/stack/keystone/keystone/server/flask/request_processing/middleware/auth_context.py:478}}
