Sep 07 11:46:47.484339 n-d-851029-10 devstack@keystone.service[81925]: [pid: 81925|app: 0|req: 49/99] 10.222.0.84 () {54 vars in 927 bytes} [Wed Sep 7 11:46:47 2022] GET /identity => generated 270 bytes in 3 msecs (HTTP/1.1 300) 6 headers in 234 bytes (2 switches on core 0)
Sep 07 11:46:47.485583 n-d-851029-10 devstack@keystone.service[81924]: DEBUG keystone.server.flask.request_processing.req_logging [None req-8428dc6e-a9f1-4136-b8d7-b47c17e0248f None None] REQUEST_METHOD: `POST` {{(pid=81924) log_request_info /opt/stack/keystone/keystone/server/flask/request_processing/req_logging.py:27}}
Sep 07 11:46:47.486014 n-d-851029-10 devstack@keystone.service[81924]: DEBUG keystone.server.flask.request_processing.req_logging [None req-8428dc6e-a9f1-4136-b8d7-b47c17e0248f None None] SCRIPT_NAME: `/identity` {{(pid=81924) log_request_info /opt/stack/keystone/keystone/server/flask/request_processing/req_logging.py:28}}
Sep 07 11:46:47.486195 n-d-851029-10 devstack@keystone.service[81924]: DEBUG keystone.server.flask.request_processing.req_logging [None req-8428dc6e-a9f1-4136-b8d7-b47c17e0248f None None] PATH_INFO: `/v3/auth/tokens` {{(pid=81924) log_request_info /opt/stack/keystone/keystone/server/flask/request_processing/req_logging.py:29}}
Sep 07 11:46:47.495851 n-d-851029-10 devstack@keystone.service[81925]: DEBUG keystone.server.flask.request_processing.req_logging [None req-723afd13-c466-48f5-861f-6b6f38e425ce None None] REQUEST_METHOD: `POST` {{(pid=81925) log_request_info /opt/stack/keystone/keystone/server/flask/request_processing/req_logging.py:27}}
Sep 07 11:46:47.496139 n-d-851029-10 devstack@keystone.service[81925]: DEBUG keystone.server.flask.request_processing.req_logging [None req-723afd13-c466-48f5-861f-6b6f38e425ce None None] SCRIPT_NAME: `/identity` {{(pid=81925) log_request_info /opt/stack/keystone/keystone/server/flask/request_processing/req_logging.py:28}}
Sep 07 11:46:47.496407 n-d-851029-10 devstack@keystone.service[81925]: DEBUG keystone.server.flask.request_processing.req_logging [None req-723afd13-c466-48f5-861f-6b6f38e425ce None None] PATH_INFO: `/v3/auth/tokens` {{(pid=81925) log_request_info /opt/stack/keystone/keystone/server/flask/request_processing/req_logging.py:29}}
Sep 07 11:46:47.531819 n-d-851029-10 devstack@keystone.service[81925]: DEBUG keystone.auth.core [None req-723afd13-c466-48f5-861f-6b6f38e425ce None None] MFA Rules not processed for user `fbb6c1b2e24f4252a3c32ec53bbc41ec`. Rule list: `[]` (Enabled: `True`). {{(pid=81925) check_auth_methods_against_rules /opt/stack/keystone/keystone/auth/core.py:438}}
Sep 07 11:46:47.533050 n-d-851029-10 devstack@keystone.service[81925]: DEBUG keystone.common.fernet_utils [None req-723afd13-c466-48f5-861f-6b6f38e425ce None None] Loaded 2 Fernet keys from /etc/keystone/fernet-keys/, but `[fernet_tokens] max_active_keys = 3`; perhaps there have not been enough key rotations to reach `max_active_keys` yet? {{(pid=81925) load_keys /opt/stack/keystone/keystone/common/fernet_utils.py:286}}
Sep 07 11:46:47.541904 n-d-851029-10 devstack@keystone.service[81924]: DEBUG keystone.auth.core [None req-8428dc6e-a9f1-4136-b8d7-b47c17e0248f None None] MFA Rules not processed for user `fbb6c1b2e24f4252a3c32ec53bbc41ec`. Rule list: `[]` (Enabled: `True`). {{(pid=81924) check_auth_methods_against_rules /opt/stack/keystone/keystone/auth/core.py:438}}
Sep 07 11:46:47.543150 n-d-851029-10 devstack@keystone.service[81924]: DEBUG keystone.common.fernet_utils [None req-8428dc6e-a9f1-4136-b8d7-b47c17e0248f None None] Loaded 2 Fernet keys from /etc/keystone/fernet-keys/, but `[fernet_tokens] max_active_keys = 3`; perhaps there have not been enough key rotations to reach `max_active_keys` yet? {{(pid=81924) load_keys /opt/stack/keystone/keystone/common/fernet_utils.py:286}}
Sep 07 11:46:47.709690 n-d-851029-10 devstack@keystone.service[81925]: [pid: 81925|app: 0|req: 50/100] 10.222.0.84 () {58 vars in 1024 bytes} [Wed Sep 7 11:46:47 2022] POST /identity/v3/auth/tokens => generated 799 bytes in 215 msecs (HTTP/1.1 201) 6 headers in 363 bytes (1 switches on core 0)
Sep 07 11:46:47.728599 n-d-851029-10 devstack@keystone.service[81924]: [pid: 81924|app: 0|req: 51/101] 10.222.0.84 () {58 vars in 1024 bytes} [Wed Sep 7 11:46:47 2022] POST /identity/v3/auth/tokens => generated 799 bytes in 247 msecs (HTTP/1.1 201) 6 headers in 363 bytes (1 switches on core 0)
Sep 07 11:46:48.098442 n-d-851029-10 devstack@keystone.service[81925]: DEBUG keystone.server.flask.request_processing.middleware.auth_context [None req-723afd13-c466-48f5-861f-6b6f38e425ce None None] Authenticating user token {{(pid=81925) process_request /usr/local/lib/python3.8/dist-packages/keystonemiddleware/auth_token/__init__.py:407}}
Sep 07 11:46:48.176003 n-d-851029-10 devstack@keystone.service[81925]: DEBUG dbcounter [-] [81925] Writing DB stats keystone:SELECT=100 {{(pid=81925) stat_writer /usr/local/lib/python3.8/dist-packages/dbcounter.py:114}}
Sep 07 11:46:48.232071 n-d-851029-10 devstack@keystone.service[81925]: DEBUG keystone.server.flask.request_processing.middleware.auth_context [None req-723afd13-c466-48f5-861f-6b6f38e425ce None None] Validating token access rules against request {{(pid=81925) validate_allowed_request /usr/local/lib/python3.8/dist-packages/keystonemiddleware/auth_token/__init__.py:545}}
Sep 07 11:46:48.274927 n-d-851029-10 devstack@keystone.service[81925]: DEBUG keystone.server.flask.request_processing.middleware.auth_context [None req-79821447-f5c7-4f24-8ca6-9f674eeef3a4 None admin] RBAC: auth_context: {'token': , 'domain_id': None, 'trust_id': None, 'trustor_id': None, 'trustee_id': None, 'domain_name': None, 'group_ids': [], 'user_id': 'fbb6c1b2e24f4252a3c32ec53bbc41ec', 'user_domain_id': 'default', 'system_scope': 'all', 'project_id': None, 'project_domain_id': None, 'roles': ['admin', 'member', 'reader'], 'is_admin_project': True, 'service_user_id': None, 'service_user_domain_id': None, 'service_project_id': None, 'service_project_domain_id': None, 'service_roles': []} {{(pid=81925) fill_context /opt/stack/keystone/keystone/server/flask/request_processing/middleware/auth_context.py:478}}
Sep 07 11:46:48.275572 n-d-851029-10 devstack@keystone.service[81925]: DEBUG keystone.server.flask.request_processing.req_logging [None req-79821447-f5c7-4f24-8ca6-9f674eeef3a4 None admin] REQUEST_METHOD: `GET` {{(pid=81925) log_request_info /opt/stack/keystone/keystone/server/flask/request_processing/req_logging.py:27}}
Sep 07 11:46:48.275856 n-d-851029-10 devstack@keystone.service[81925]: DEBUG keystone.server.flask.request_processing.req_logging [None req-79821447-f5c7-4f24-8ca6-9f674eeef3a4 None admin] SCRIPT_NAME: `/identity` {{(pid=81925) log_request_info /opt/stack/keystone/keystone/server/flask/request_processing/req_logging.py:28}}
Sep 07 11:46:48.276130 n-d-851029-10 devstack@keystone.service[81925]: DEBUG keystone.server.flask.request_processing.req_logging [None req-79821447-f5c7-4f24-8ca6-9f674eeef3a4 None admin] PATH_INFO: `/v3/roles/reader` {{(pid=81925) log_request_info /opt/stack/keystone/keystone/server/flask/request_processing/req_logging.py:29}}
Sep 07 11:46:48.290040 n-d-851029-10 devstack@keystone.service[81925]: DEBUG keystone.common.rbac_enforcer.enforcer [None req-79821447-f5c7-4f24-8ca6-9f674eeef3a4 None admin] Extracting inferred target data resulted in "NOT FOUND (404)". {{(pid=81925) enforce_call /opt/stack/keystone/keystone/common/rbac_enforcer/enforcer.py:409}}
Sep 07 11:46:48.294968 n-d-851029-10 devstack@keystone.service[81925]: ERROR keystone.server.flask.application [None req-79821447-f5c7-4f24-8ca6-9f674eeef3a4 None admin] Could not find role: reader.: keystone.exception.RoleNotFound: Could not find role: reader.
Sep 07 11:46:48.294968 n-d-851029-10 devstack@keystone.service[81925]: ERROR keystone.server.flask.application
Traceback (most recent call last):
Sep 07 11:46:48.294968 n-d-851029-10 devstack@keystone.service[81925]: ERROR keystone.server.flask.application
File "/usr/local/lib/python3.8/dist-packages/flask/app.py", line 1820, in full_dispatch_request
Sep 07 11:46:48.294968 n-d-851029-10 devstack@keystone.service[81925]: ERROR keystone.server.flask.application rv = self.dispatch_request()
Sep 07 11:46:48.294968 n-d-851029-10 devstack@keystone.service[81925]: ERROR keystone.server.flask.application
File "/usr/local/lib/python3.8/dist-packages/flask/app.py", line 1796, in dispatch_request
Sep 07 11:46:48.294968 n-d-851029-10 devstack@keystone.service[81925]: ERROR keystone.server.flask.application return self.ensure_sync(self.view_functions[rule.endpoint])(**view_args)
Sep 07 11:46:48.294968 n-d-851029-10 devstack@keystone.service[81925]: ERROR keystone.server.flask.application
File "/usr/local/lib/python3.8/dist-packages/flask_restful/__init__.py", line 467, in wrapper
Sep 07 11:46:48.294968 n-d-851029-10 devstack@keystone.service[81925]: ERROR keystone.server.flask.application resp = resource(*args, **kwargs)
Sep 07 11:46:48.294968 n-d-851029-10 devstack@keystone.service[81925]: ERROR keystone.server.flask.application
File "/usr/local/lib/python3.8/dist-packages/flask/views.py", line 107, in view
Sep 07 11:46:48.294968 n-d-851029-10 devstack@keystone.service[81925]: ERROR keystone.server.flask.application return current_app.ensure_sync(self.dispatch_request)(**kwargs)
Sep 07 11:46:48.294968 n-d-851029-10 devstack@keystone.service[81925]: ERROR keystone.server.flask.application
File "/usr/local/lib/python3.8/dist-packages/flask_restful/__init__.py", line 582, in dispatch_request
Sep 07 11:46:48.294968 n-d-851029-10 devstack@keystone.service[81925]: ERROR keystone.server.flask.application resp = meth(*args, **kwargs)
Sep 07 11:46:48.294968 n-d-851029-10 devstack@keystone.service[81925]: ERROR keystone.server.flask.application
File "/opt/stack/keystone/keystone/api/roles.py", line 50, in get
Sep 07 11:46:48.294968 n-d-851029-10 devstack@keystone.service[81925]: ERROR keystone.server.flask.application return self._get_role(role_id)
Sep 07 11:46:48.294968 n-d-851029-10 devstack@keystone.service[81925]: ERROR keystone.server.flask.application
File "/opt/stack/keystone/keystone/api/roles.py", line 70, in _get_role
Sep 07 11:46:48.294968 n-d-851029-10 devstack@keystone.service[81925]: ERROR keystone.server.flask.application ENFORCER.enforce_call(action='identity:get_role')
Sep 07 11:46:48.295816 n-d-851029-10 devstack@keystone.service[81925]: ERROR keystone.server.flask.application
File "/opt/stack/keystone/keystone/common/rbac_enforcer/enforcer.py", line 402, in enforce_call
Sep 07 11:46:48.295816 n-d-851029-10 devstack@keystone.service[81925]: ERROR keystone.server.flask.application policy_dict.update(cls._extract_member_target_data(
Sep 07 11:46:48.295816 n-d-851029-10 devstack@keystone.service[81925]: ERROR keystone.server.flask.application
File "/opt/stack/keystone/keystone/common/rbac_enforcer/enforcer.py", line 234, in _extract_member_target_data
Sep 07 11:46:48.295816 n-d-851029-10 devstack@keystone.service[81925]: ERROR keystone.server.flask.application member_name: func(flask.request.view_args[key])
Sep 07 11:46:48.295816 n-d-851029-10 devstack@keystone.service[81925]: ERROR keystone.server.flask.application
File "/opt/stack/keystone/keystone/common/manager.py", line 115, in wrapped
Sep 07 11:46:48.295816 n-d-851029-10 devstack@keystone.service[81925]: ERROR keystone.server.flask.application __ret_val = __f(*args, **kwargs)
Sep 07 11:46:48.295816 n-d-851029-10 devstack@keystone.service[81925]: ERROR keystone.server.flask.application
File "/usr/local/lib/python3.8/dist-packages/decorator.py", line 232, in fun
Sep 07 11:46:48.295816 n-d-851029-10 devstack@keystone.service[81925]: ERROR keystone.server.flask.application return caller(func, *(extras + args), **kw)
Sep 07 11:46:48.295816 n-d-851029-10 devstack@keystone.service[81925]: ERROR keystone.server.flask.application
File "/usr/local/lib/python3.8/dist-packages/dogpile/cache/region.py", line 1577, in get_or_create_for_user_func
Sep 07 11:46:48.295816 n-d-851029-10 devstack@keystone.service[81925]: ERROR keystone.server.flask.application return self.get_or_create(
Sep 07 11:46:48.295816 n-d-851029-10 devstack@keystone.service[81925]: ERROR keystone.server.flask.application
File "/usr/local/lib/python3.8/dist-packages/dogpile/cache/region.py", line 1042, in get_or_create
Sep 07 11:46:48.295816 n-d-851029-10 devstack@keystone.service[81925]: ERROR keystone.server.flask.application with Lock(
Sep 07 11:46:48.295816 n-d-851029-10 devstack@keystone.service[81925]: ERROR keystone.server.flask.application
File "/usr/local/lib/python3.8/dist-packages/dogpile/lock.py", line 185, in __enter__
Sep 07 11:46:48.295816 n-d-851029-10 devstack@keystone.service[81925]: ERROR keystone.server.flask.application return self._enter()
Sep 07 11:46:48.295816 n-d-851029-10 devstack@keystone.service[81925]: ERROR keystone.server.flask.application
File "/usr/local/lib/python3.8/dist-packages/dogpile/lock.py", line 94, in _enter
Sep 07 11:46:48.295816 n-d-851029-10 devstack@keystone.service[81925]: ERROR keystone.server.flask.application generated = self._enter_create(value, createdtime)
Sep 07 11:46:48.296589 n-d-851029-10 devstack@keystone.service[81925]: ERROR keystone.server.flask.application
File "/usr/local/lib/python3.8/dist-packages/dogpile/lock.py", line 178, in _enter_create
Sep 07 11:46:48.296589 n-d-851029-10 devstack@keystone.service[81925]: ERROR keystone.server.flask.application return self.creator()
Sep 07 11:46:48.296589 n-d-851029-10 devstack@keystone.service[81925]: ERROR keystone.server.flask.application
File "/usr/local/lib/python3.8/dist-packages/dogpile/cache/region.py", line 995, in gen_value
Sep 07 11:46:48.296589 n-d-851029-10 devstack@keystone.service[81925]: ERROR keystone.server.flask.application created_value = creator(
Sep 07 11:46:48.296589 n-d-851029-10 devstack@keystone.service[81925]: ERROR keystone.server.flask.application
File "/opt/stack/keystone/keystone/assignment/core.py", line 1276, in get_role
Sep 07 11:46:48.296589 n-d-851029-10 devstack@keystone.service[81925]: ERROR keystone.server.flask.application return self.driver.get_role(role_id)
Sep 07 11:46:48.296589 n-d-851029-10 devstack@keystone.service[81925]: ERROR keystone.server.flask.application
File "/opt/stack/keystone/keystone/assignment/role_backends/sql.py", line 70, in get_role
Sep 07 11:46:48.296589 n-d-851029-10 devstack@keystone.service[81925]: ERROR keystone.server.flask.application return self._get_role(session, role_id).to_dict()
Sep 07 11:46:48.296589 n-d-851029-10 devstack@keystone.service[81925]: ERROR keystone.server.flask.application
File "/opt/stack/keystone/keystone/assignment/role_backends/sql.py", line 65, in _get_role
Sep 07 11:46:48.296589 n-d-851029-10 devstack@keystone.service[81925]: ERROR keystone.server.flask.application raise exception.RoleNotFound(role_id=role_id)
Sep 07 11:46:48.296589 n-d-851029-10 devstack@keystone.service[81925]: ERROR keystone.server.flask.application keystone.exception.RoleNotFound: Could not find role: reader.
Sep 07 11:46:48.296589 n-d-851029-10 devstack@keystone.service[81925]: ERROR keystone.server.flask.application
Sep 07 11:46:48.296589 n-d-851029-10 devstack@keystone.service[81925]: [pid: 81925|app: 0|req: 51/102] 10.222.0.84 () {56 vars in 1099 bytes} [Wed Sep 7 11:46:48 2022] GET /identity/v3/roles/reader => generated 84 bytes in 198 msecs (HTTP/1.1 404) 5 headers in 183 bytes (2 switches on core 0)
Sep 07 11:46:48.305068 n-d-851029-10 devstack@keystone.service[81925]: DEBUG keystone.server.flask.request_processing.middleware.auth_context [None req-79821447-f5c7-4f24-8ca6-9f674eeef3a4 None admin] Authenticating user token {{(pid=81925) process_request /usr/local/lib/python3.8/dist-packages/keystonemiddleware/auth_token/__init__.py:407}}
Sep 07 11:46:48.305224 n-d-851029-10 devstack@keystone.service[81924]: DEBUG keystone.server.flask.request_processing.middleware.auth_context [None req-8428dc6e-a9f1-4136-b8d7-b47c17e0248f None None] Authenticating user token {{(pid=81924) process_request /usr/local/lib/python3.8/dist-packages/keystonemiddleware/auth_token/__init__.py:407}}
Sep 07 11:46:48.375428 n-d-851029-10 devstack@keystone.service[81924]: DEBUG dbcounter [-] [81924] Writing DB stats keystone:SELECT=100 {{(pid=81924) stat_writer /usr/local/lib/python3.8/dist-packages/dbcounter.py:114}}
Sep 07 11:46:48.528876 n-d-851029-10 devstack@keystone.service[81925]: DEBUG keystone.server.flask.request_processing.middleware.auth_context [None req-79821447-f5c7-4f24-8ca6-9f674eeef3a4 None admin] Validating token access rules against request {{(pid=81925) validate_allowed_request /usr/local/lib/python3.8/dist-packages/keystonemiddleware/auth_token/__init__.py:545}}
Sep 07 11:46:48.545394 n-d-851029-10 devstack@keystone.service[81924]: DEBUG keystone.server.flask.request_processing.middleware.auth_context [None req-8428dc6e-a9f1-4136-b8d7-b47c17e0248f None None] Validating token access rules against request {{(pid=81924) validate_allowed_request /usr/local/lib/python3.8/dist-packages/keystonemiddleware/auth_token/__init__.py:545}}
Sep 07 11:46:48.582726 n-d-851029-10 devstack@keystone.service[81925]: DEBUG dbcounter [-] [81925] Writing DB stats keystone:SELECT=100 {{(pid=81925) stat_writer /usr/local/lib/python3.8/dist-packages/dbcounter.py:114}}
Sep 07 11:46:48.636717 n-d-851029-10 devstack@keystone.service[81924]: DEBUG keystone.server.flask.request_processing.middleware.auth_context [None req-45d6e964-9f4d-4f8d-ace1-c93771897921 None admin] RBAC: auth_context: {'token': , 'domain_id': None, 'trust_id': None, 'trustor_id': None, 'trustee_id': None, 'domain_name': None, 'group_ids': [], 'user_id': 'fbb6c1b2e24f4252a3c32ec53bbc41ec', 'user_domain_id': 'default', 'system_scope': 'all', 'project_id': None, 'project_domain_id': None, 'roles': ['admin', 'member', 'reader'], 'is_admin_project': True, 'service_user_id': None, 'service_user_domain_id': None, 'service_project_id': None, 'service_project_domain_id': None, 'service_roles': []} {{(pid=81924) fill_context /opt/stack/keystone/keystone/server/flask/request_processing/middleware/auth_context.py:478}}
Sep 07 11:46:48.637262 n-d-851029-10 devstack@keystone.service[81924]: DEBUG keystone.server.flask.request_processing.req_logging [None req-45d6e964-9f4d-4f8d-ace1-c93771897921 None admin] REQUEST_METHOD: `GET` {{(pid=81924) log_request_info /opt/stack/keystone/keystone/server/flask/request_processing/req_logging.py:27}}
Sep 07 11:46:48.637549 n-d-851029-10 devstack@keystone.service[81924]: DEBUG keystone.server.flask.request_processing.req_logging [None req-45d6e964-9f4d-4f8d-ace1-c93771897921 None admin] SCRIPT_NAME: `/identity` {{(pid=81924) log_request_info /opt/stack/keystone/keystone/server/flask/request_processing/req_logging.py:28}}
Sep 07 11:46:48.637875 n-d-851029-10 devstack@keystone.service[81924]: DEBUG keystone.server.flask.request_processing.req_logging [None req-45d6e964-9f4d-4f8d-ace1-c93771897921 None admin] PATH_INFO: `/v3/roles` {{(pid=81924) log_request_info /opt/stack/keystone/keystone/server/flask/request_processing/req_logging.py:29}}
Sep 07 11:46:48.642907 n-d-851029-10 devstack@keystone.service[81924]: DEBUG keystone.common.rbac_enforcer.enforcer [None req-45d6e964-9f4d-4f8d-ace1-c93771897921 None admin] RBAC: Adding query filter params (name=reader) {{(pid=81924) _extract_filter_values /opt/stack/keystone/keystone/common/rbac_enforcer/enforcer.py:167}}
Sep 07 11:46:48.643586 n-d-851029-10 devstack@keystone.service[81924]: DEBUG keystone.common.rbac_enforcer.enforcer [None req-45d6e964-9f4d-4f8d-ace1-c93771897921 None admin] RBAC: Authorizing `identity:list_roles()` {{(pid=81924) enforce_call /opt/stack/keystone/keystone/common/rbac_enforcer/enforcer.py:449}}
Sep 07 11:46:48.645283 n-d-851029-10 devstack@keystone.service[81924]: DEBUG keystone.common.rbac_enforcer.enforcer [None req-45d6e964-9f4d-4f8d-ace1-c93771897921 None admin] RBAC: Authorization granted {{(pid=81924) enforce_call /opt/stack/keystone/keystone/common/rbac_enforcer/enforcer.py:457}}
Sep 07 11:46:48.651157 n-d-851029-10 devstack@keystone.service[81925]: DEBUG keystone.server.flask.request_processing.middleware.auth_context [None req-62cd0e22-5551-4b58-82d9-3330f635416d None admin] RBAC: auth_context: {'token': , 'domain_id': None, 'trust_id': None, 'trustor_id': None, 'trustee_id': None, 'domain_name': None, 'group_ids': [], 'user_id': 'fbb6c1b2e24f4252a3c32ec53bbc41ec', 'user_domain_id': 'default', 'system_scope': 'all', 'project_id': None, 'project_domain_id': None, 'roles': ['admin', 'member', 'reader'], 'is_admin_project': True, 'service_user_id': None, 'service_user_domain_id': None, 'service_project_id': None, 'service_project_domain_id': None, 'service_roles': []} {{(pid=81925) fill_context /opt/stack/keystone/keystone/server/flask/request_processing/middleware/auth_context.py:478}}
Sep 07 11:46:48.652177 n-d-851029-10 devstack@keystone.service[81925]: DEBUG keystone.server.flask.request_processing.req_logging [None req-62cd0e22-5551-4b58-82d9-3330f635416d None admin] REQUEST_METHOD: `GET` {{(pid=81925) log_request_info /opt/stack/keystone/keystone/server/flask/request_processing/req_logging.py:27}}
Sep 07 11:46:48.652655 n-d-851029-10 devstack@keystone.service[81925]: DEBUG keystone.server.flask.request_processing.req_logging [None req-62cd0e22-5551-4b58-82d9-3330f635416d None admin] SCRIPT_NAME: `/identity` {{(pid=81925) log_request_info /opt/stack/keystone/keystone/server/flask/request_processing/req_logging.py:28}}
Sep 07 11:46:48.653122 n-d-851029-10 devstack@keystone.service[81925]: DEBUG keystone.server.flask.request_processing.req_logging [None req-62cd0e22-5551-4b58-82d9-3330f635416d None admin] PATH_INFO: `/v3/domains/default` {{(pid=81925) log_request_info /opt/stack/keystone/keystone/server/flask/request_processing/req_logging.py:29}}
Sep 07 11:46:48.654601 n-d-851029-10 devstack@keystone.service[81925]: DEBUG keystone.common.rbac_enforcer.enforcer [None req-62cd0e22-5551-4b58-82d9-3330f635416d None admin] RBAC: Authorizing `identity:get_domain(domain_id=default)` {{(pid=81925) enforce_call /opt/stack/keystone/keystone/common/rbac_enforcer/enforcer.py:449}}
Sep 07 11:46:48.656293 n-d-851029-10 devstack@keystone.service[81925]: DEBUG keystone.common.rbac_enforcer.enforcer [None req-62cd0e22-5551-4b58-82d9-3330f635416d None admin] RBAC: Authorization granted {{(pid=81925) enforce_call /opt/stack/keystone/keystone/common/rbac_enforcer/enforcer.py:457}}
Sep 07 11:46:48.658119 n-d-851029-10 devstack@keystone.service[81925]: [pid: 81925|app: 0|req: 52/104] 10.222.0.84 () {56 vars in 1108 bytes} [Wed Sep 7 11:46:48 2022] GET /identity/v3/domains/default => generated 199 bytes in 353 msecs (HTTP/1.1 200) 5 headers in 177 bytes (1 switches on core 0)
Sep 07 11:46:48.662390 n-d-851029-10 devstack@keystone.service[81924]: [pid: 81924|app: 0|req: 52/104] 10.222.0.84 () {56 vars in 1101 bytes} [Wed Sep 7 11:46:48 2022] GET /identity/v3/roles?name=reader => generated 341 bytes in 351 msecs (HTTP/1.1 200) 5 headers in 177 bytes (1 switches on core 0)
Sep 07 11:46:48.663603 n-d-851029-10 devstack@keystone.service[81925]: DEBUG keystone.server.flask.request_processing.middleware.auth_context [None req-62cd0e22-5551-4b58-82d9-3330f635416d None admin] Authenticating user token {{(pid=81925) process_request /usr/local/lib/python3.8/dist-packages/keystonemiddleware/auth_token/__init__.py:407}}
Sep 07 11:46:48.665253 n-d-851029-10 devstack@keystone.service[81924]: DEBUG keystone.server.flask.request_processing.middleware.auth_context [None req-45d6e964-9f4d-4f8d-ace1-c93771897921 None admin] Authenticating user token {{(pid=81924) process_request /usr/local/lib/python3.8/dist-packages/keystonemiddleware/auth_token/__init__.py:407}}
Sep 07 11:46:48.935679 n-d-851029-10 devstack@keystone.service[81924]: DEBUG dbcounter [-] [81924] Writing DB stats keystone:SELECT=100 {{(pid=81924) stat_writer /usr/local/lib/python3.8/dist-packages/dbcounter.py:114}}
Sep 07 11:46:48.941204 n-d-851029-10 devstack@keystone.service[81925]: DEBUG keystone.server.flask.request_processing.middleware.auth_context [None req-62cd0e22-5551-4b58-82d9-3330f635416d None admin] Validating token access rules against request {{(pid=81925) validate_allowed_request /usr/local/lib/python3.8/dist-packages/keystonemiddleware/auth_token/__init__.py:545}}
Sep 07 11:46:48.946148 n-d-851029-10 devstack@keystone.service[81924]: DEBUG keystone.server.flask.request_processing.middleware.auth_context [None req-45d6e964-9f4d-4f8d-ace1-c93771897921 None admin] Validating token access rules against request {{(pid=81924) validate_allowed_request /usr/local/lib/python3.8/dist-packages/keystonemiddleware/auth_token/__init__.py:545}}
Sep 07 11:46:49.002219 n-d-851029-10 devstack@keystone.service[81924]: DEBUG keystone.server.flask.request_processing.middleware.auth_context [None req-2bff1eb0-c09f-4ffe-a546-7db72f8a9fc8 None admin] RBAC: auth_context: {'token': , 'domain_id': None, 'trust_id': None, 'trustor_id': None, 'trustee_id': None, 'domain_name': None, 'group_ids': [], 'user_id': 'fbb6c1b2e24f4252a3c32ec53bbc41ec', 'user_domain_id': 'default', 'system_scope': 'all', 'project_id': None, 'project_domain_id': None, 'roles': ['admin', 'member', 'reader'], 'is_admin_project': True, 'service_user_id': None, 'service_user_domain_id': None, 'service_project_id': None, 'service_project_domain_id': None, 'service_roles': []} {{(pid=81924) fill_context /opt/stack/keystone/keystone/server/flask/request_processing/middleware/auth_context.py:478}}
Sep 07 11:46:49.002871 n-d-851029-10 devstack@keystone.service[81924]: DEBUG keystone.server.flask.request_processing.req_logging [None req-2bff1eb0-c09f-4ffe-a546-7db72f8a9fc8 None admin] REQUEST_METHOD: `POST` {{(pid=81924) log_request_info /opt/stack/keystone/keystone/server/flask/request_processing/req_logging.py:27}}
Sep 07 11:46:49.003157 n-d-851029-10 devstack@keystone.service[81924]: DEBUG keystone.server.flask.request_processing.req_logging [None req-2bff1eb0-c09f-4ffe-a546-7db72f8a9fc8 None admin] SCRIPT_NAME: `/identity` {{(pid=81924) log_request_info /opt/stack/keystone/keystone/server/flask/request_processing/req_logging.py:28}}
Sep 07 11:46:49.003436 n-d-851029-10 devstack@keystone.service[81924]: DEBUG keystone.server.flask.request_processing.req_logging [None req-2bff1eb0-c09f-4ffe-a546-7db72f8a9fc8 None admin] PATH_INFO: `/v3/projects` {{(pid=81924) log_request_info /opt/stack/keystone/keystone/server/flask/request_processing/req_logging.py:29}}
Sep 07 11:46:49.004112 n-d-851029-10 devstack@keystone.service[81924]: DEBUG keystone.common.rbac_enforcer.enforcer [None req-2bff1eb0-c09f-4ffe-a546-7db72f8a9fc8 None admin] RBAC: Authorizing `identity:create_project()` {{(pid=81924) enforce_call /opt/stack/keystone/keystone/common/rbac_enforcer/enforcer.py:449}}
Sep 07 11:46:49.006364 n-d-851029-10 devstack@keystone.service[81924]: DEBUG keystone.common.rbac_enforcer.enforcer [None req-2bff1eb0-c09f-4ffe-a546-7db72f8a9fc8 None admin] RBAC: Authorization granted {{(pid=81924) enforce_call /opt/stack/keystone/keystone/common/rbac_enforcer/enforcer.py:457}}
Sep 07 11:46:49.053242 n-d-851029-10 devstack@keystone.service[81924]: [pid: 81924|app: 0|req: 53/105] 10.222.0.84 () {60 vars in 1141 bytes} [Wed Sep 7 11:46:48 2022] POST /identity/v3/projects => generated 302 bytes in 388 msecs (HTTP/1.1 201) 5 headers in 182 bytes (2 switches on core 0)
Sep 07 11:46:49.060161 n-d-851029-10 devstack@keystone.service[81925]: DEBUG keystone.server.flask.request_processing.middleware.auth_context [None req-7826fa8f-b495-459f-921c-e873cd69153c None admin] RBAC: auth_context: {'token': , 'domain_id': None, 'trust_id': None, 'trustor_id': None, 'trustee_id': None, 'domain_name': None, 'group_ids': [], 'user_id': 'fbb6c1b2e24f4252a3c32ec53bbc41ec', 'user_domain_id': 'default', 'system_scope': 'all', 'project_id': None, 'project_domain_id': None, 'roles': ['admin', 'member', 'reader'], 'is_admin_project': True, 'service_user_id': None, 'service_user_domain_id': None, 'service_project_id': None, 'service_project_domain_id': None, 'service_roles': []} {{(pid=81925) fill_context /opt/stack/keystone/keystone/server/flask/request_processing/middleware/auth_context.py:478}}
Sep 07 11:46:49.061189 n-d-851029-10 devstack@keystone.service[81925]: DEBUG keystone.server.flask.request_processing.req_logging [None req-7826fa8f-b495-459f-921c-e873cd69153c None admin] REQUEST_METHOD: `GET` {{(pid=81925) log_request_info /opt/stack/keystone/keystone/server/flask/request_processing/req_logging.py:27}}
Sep 07 11:46:49.061666 n-d-851029-10 devstack@keystone.service[81925]: DEBUG keystone.server.flask.request_processing.req_logging [None req-7826fa8f-b495-459f-921c-e873cd69153c None admin] SCRIPT_NAME: `/identity` {{(pid=81925) log_request_info /opt/stack/keystone/keystone/server/flask/request_processing/req_logging.py:28}}
Sep 07 11:46:49.062131 n-d-851029-10 devstack@keystone.service[81925]: DEBUG keystone.server.flask.request_processing.req_logging [None req-7826fa8f-b495-459f-921c-e873cd69153c None admin] PATH_INFO: `/v3/users/ea2e513a34774852a4daddbe85083d20` {{(pid=81925) log_request_info /opt/stack/keystone/keystone/server/flask/request_processing/req_logging.py:29}}
Sep 07 11:46:49.088197 n-d-851029-10 devstack@keystone.service[81925]: DEBUG keystone.common.rbac_enforcer.enforcer [None req-7826fa8f-b495-459f-921c-e873cd69153c None admin] RBAC: Authorizing `identity:get_user(user_id=ea2e513a34774852a4daddbe85083d20)` {{(pid=81925) enforce_call /opt/stack/keystone/keystone/common/rbac_enforcer/enforcer.py:449}}
Sep 07 11:46:49.090062 n-d-851029-10 devstack@keystone.service[81925]: DEBUG keystone.common.rbac_enforcer.enforcer [None req-7826fa8f-b495-459f-921c-e873cd69153c None admin] RBAC: Authorization granted {{(pid=81925) enforce_call /opt/stack/keystone/keystone/common/rbac_enforcer/enforcer.py:457}}
Sep 07 11:46:49.093057 n-d-851029-10 devstack@keystone.service[81925]: [pid: 81925|app: 0|req: 53/106] 10.222.0.84 () {56 vars in 1177 bytes} [Wed Sep 7 11:46:48 2022] GET /identity/v3/users/ea2e513a34774852a4daddbe85083d20 => generated 289 bytes in 430 msecs (HTTP/1.1 200) 5 headers in 177 bytes (1 switches on core 0)
Sep 07 11:46:49.100683 n-d-851029-10 devstack@keystone.service[81924]: DEBUG keystone.server.flask.request_processing.middleware.auth_context [None req-2bff1eb0-c09f-4ffe-a546-7db72f8a9fc8 None admin] Authenticating user token {{(pid=81924) process_request /usr/local/lib/python3.8/dist-packages/keystonemiddleware/auth_token/__init__.py:407}}
Sep 07 11:46:49.243164 n-d-851029-10 devstack@keystone.service[81924]: DEBUG keystone.server.flask.request_processing.middleware.auth_context [None req-2bff1eb0-c09f-4ffe-a546-7db72f8a9fc8 None admin] Validating token access rules against request {{(pid=81924) validate_allowed_request /usr/local/lib/python3.8/dist-packages/keystonemiddleware/auth_token/__init__.py:545}}
Sep 07 11:46:49.287721 n-d-851029-10 devstack@keystone.service[81924]: DEBUG keystone.server.flask.request_processing.middleware.auth_context [None req-31d7a220-4587-4e48-9d9a-272ea5482180 None admin] RBAC: auth_context: {'token': , 'domain_id': None, 'trust_id': None, 'trustor_id': None, 'trustee_id': None, 'domain_name': None, 'group_ids': [], 'user_id': 'fbb6c1b2e24f4252a3c32ec53bbc41ec', 'user_domain_id': 'default', 'system_scope': 'all', 'project_id': None, 'project_domain_id': None, 'roles': ['admin', 'member', 'reader'], 'is_admin_project': True, 'service_user_id': None, 'service_user_domain_id': None, 'service_project_id': None, 'service_project_domain_id': None, 'service_roles': []} {{(pid=81924) fill_context /opt/stack/keystone/keystone/server/flask/request_processing/middleware/auth_context.py:478}}
Sep 07 11:46:49.288425 n-d-851029-10 devstack@keystone.service[81924]: DEBUG keystone.server.flask.request_processing.req_logging [None req-31d7a220-4587-4e48-9d9a-272ea5482180 None admin] REQUEST_METHOD: `GET` {{(pid=81924) log_request_info /opt/stack/keystone/keystone/server/flask/request_processing/req_logging.py:27}}
Sep 07 11:46:49.288904 n-d-851029-10 devstack@keystone.service[81924]: DEBUG keystone.server.flask.request_processing.req_logging [None req-31d7a220-4587-4e48-9d9a-272ea5482180 None admin] SCRIPT_NAME: `/identity` {{(pid=81924) log_request_info /opt/stack/keystone/keystone/server/flask/request_processing/req_logging.py:28}}
Sep 07 11:46:49.289336 n-d-851029-10 devstack@keystone.service[81924]: DEBUG keystone.server.flask.request_processing.req_logging [None req-31d7a220-4587-4e48-9d9a-272ea5482180 None admin] PATH_INFO: `/v3/auth/tokens` {{(pid=81924) log_request_info /opt/stack/keystone/keystone/server/flask/request_processing/req_logging.py:29}}
Sep 07 11:46:49.313822 n-d-851029-10 devstack@keystone.service[81924]: DEBUG dbcounter [-] [81924] Writing DB stats keystone:SELECT=99,keystone:INSERT=1 {{(pid=81924) stat_writer /usr/local/lib/python3.8/dist-packages/dbcounter.py:114}}
Sep 07 11:46:49.385225 n-d-851029-10 devstack@keystone.service[81924]: DEBUG keystone.common.rbac_enforcer.enforcer [None req-31d7a220-4587-4e48-9d9a-272ea5482180 None admin] RBAC: Authorizing `identity:validate_token()` {{(pid=81924) enforce_call /opt/stack/keystone/keystone/common/rbac_enforcer/enforcer.py:449}}
Sep 07 11:46:49.390990 n-d-851029-10 devstack@keystone.service[81924]: DEBUG keystone.common.rbac_enforcer.enforcer [None req-31d7a220-4587-4e48-9d9a-272ea5482180 None admin] RBAC: Authorization granted {{(pid=81924) enforce_call /opt/stack/keystone/keystone/common/rbac_enforcer/enforcer.py:457}}
Sep 07 11:46:49.397104 n-d-851029-10 devstack@keystone.service[81925]: DEBUG keystone.server.flask.request_processing.req_logging [None req-9882644d-3ce2-4358-b93d-ad15dc2913fe None None] REQUEST_METHOD: `GET` {{(pid=81925) log_request_info /opt/stack/keystone/keystone/server/flask/request_processing/req_logging.py:27}}
Sep 07 11:46:49.398113 n-d-851029-10 devstack@keystone.service[81925]: DEBUG keystone.server.flask.request_processing.req_logging [None req-9882644d-3ce2-4358-b93d-ad15dc2913fe None None] SCRIPT_NAME: `/identity` {{(pid=81925) log_request_info /opt/stack/keystone/keystone/server/flask/request_processing/req_logging.py:28}}
Sep 07 11:46:49.398930 n-d-851029-10 devstack@keystone.service[81925]: DEBUG keystone.server.flask.request_processing.req_logging [None req-9882644d-3ce2-4358-b93d-ad15dc2913fe None None] PATH_INFO: `/` {{(pid=81925) log_request_info /opt/stack/keystone/keystone/server/flask/request_processing/req_logging.py:29}}
Sep 07 11:46:49.401808 n-d-851029-10 devstack@keystone.service[81925]: [pid: 81925|app: 0|req: 54/107] 10.222.0.84 () {54 vars in 927 bytes} [Wed Sep 7 11:46:49 2022] GET /identity => generated 270 bytes in 7 msecs (HTTP/1.1 300) 6 headers in 234 bytes (1 switches on core 0)
Sep 07 11:46:49.409767 n-d-851029-10 devstack@keystone.service[81925]: DEBUG keystone.server.flask.request_processing.req_logging [None req-6412b2a0-67d1-40c8-a39d-c551da108e90 None None] REQUEST_METHOD: `POST` {{(pid=81925) log_request_info /opt/stack/keystone/keystone/server/flask/request_processing/req_logging.py:27}}
Sep 07 11:46:49.413085 n-d-851029-10 devstack@keystone.service[81925]: DEBUG keystone.server.flask.request_processing.req_logging [None req-6412b2a0-67d1-40c8-a39d-c551da108e90 None None] SCRIPT_NAME: `/identity` {{(pid=81925) log_request_info /opt/stack/keystone/keystone/server/flask/request_processing/req_logging.py:28}}
Sep 07 11:46:49.413815 n-d-851029-10 devstack@keystone.service[81925]: DEBUG keystone.server.flask.request_processing.req_logging [None req-6412b2a0-67d1-40c8-a39d-c551da108e90 None None] PATH_INFO: `/v3/auth/tokens` {{(pid=81925) log_request_info /opt/stack/keystone/keystone/server/flask/request_processing/req_logging.py:29}}
Sep 07 11:46:49.445052 n-d-851029-10 devstack@keystone.service[81925]: DEBUG keystone.auth.core [None req-6412b2a0-67d1-40c8-a39d-c551da108e90 None None] MFA Rules not processed for user `fbb6c1b2e24f4252a3c32ec53bbc41ec`. Rule list: `[]` (Enabled: `True`). {{(pid=81925) check_auth_methods_against_rules /opt/stack/keystone/keystone/auth/core.py:438}}
Sep 07 11:46:49.446976 n-d-851029-10 devstack@keystone.service[81925]: DEBUG keystone.common.fernet_utils [None req-6412b2a0-67d1-40c8-a39d-c551da108e90 None None] Loaded 2 Fernet keys from /etc/keystone/fernet-keys/, but `[fernet_tokens] max_active_keys = 3`; perhaps there have not been enough key rotations to reach `max_active_keys` yet? {{(pid=81925) load_keys /opt/stack/keystone/keystone/common/fernet_utils.py:286}}
Sep 07 11:46:49.546999 n-d-851029-10 devstack@keystone.service[81925]: DEBUG dbcounter [-] [81925] Writing DB stats keystone:SELECT=100 {{(pid=81925) stat_writer /usr/local/lib/python3.8/dist-packages/dbcounter.py:114}}
Sep 07 11:46:49.555338 n-d-851029-10 devstack@keystone.service[81924]: [pid: 81924|app: 0|req: 54/108] 10.222.0.84 () {58 vars in 1282 bytes} [Wed Sep 7 11:46:49 2022] GET /identity/v3/auth/tokens => generated 799 bytes in 456 msecs (HTTP/1.1 200) 6 headers in 358 bytes (1 switches on core 0)
Sep 07 11:46:49.563450 n-d-851029-10 devstack@keystone.service[81924]: DEBUG keystone.server.flask.request_processing.middleware.auth_context [None req-31d7a220-4587-4e48-9d9a-272ea5482180 None admin] Authenticating user token {{(pid=81924) process_request /usr/local/lib/python3.8/dist-packages/keystonemiddleware/auth_token/__init__.py:407}}
Sep 07 11:46:49.613440 n-d-851029-10 devstack@keystone.service[81925]: [pid: 81925|app: 0|req: 55/109] 10.222.0.84 () {58 vars in 1024 bytes} [Wed Sep 7 11:46:49 2022] POST /identity/v3/auth/tokens => generated 799 bytes in 206 msecs (HTTP/1.1 201) 6 headers in 363 bytes (1 switches on core 0)
Sep 07 11:46:49.639471 n-d-851029-10 devstack@keystone.service[81925]: DEBUG keystone.server.flask.request_processing.req_logging [None req-17cdc481-a9a9-47cf-80a6-8d18da1cc664 None None] REQUEST_METHOD: `GET` {{(pid=81925) log_request_info /opt/stack/keystone/keystone/server/flask/request_processing/req_logging.py:27}}
Sep 07 11:46:49.640072 n-d-851029-10 devstack@keystone.service[81925]: DEBUG keystone.server.flask.request_processing.req_logging [None req-17cdc481-a9a9-47cf-80a6-8d18da1cc664 None None] SCRIPT_NAME: `/identity` {{(pid=81925) log_request_info /opt/stack/keystone/keystone/server/flask/request_processing/req_logging.py:28}}
Sep 07 11:46:49.640546 n-d-851029-10 devstack@keystone.service[81925]: DEBUG keystone.server.flask.request_processing.req_logging [None req-17cdc481-a9a9-47cf-80a6-8d18da1cc664 None None] PATH_INFO: `/` {{(pid=81925) log_request_info /opt/stack/keystone/keystone/server/flask/request_processing/req_logging.py:29}}
Sep 07 11:46:49.642333 n-d-851029-10 devstack@keystone.service[81925]: [pid: 81925|app: 0|req: 56/110] 10.222.0.84 () {54 vars in 927 bytes} [Wed Sep 7 11:46:49 2022] GET /identity => generated 270 bytes in 4 msecs (HTTP/1.1 300) 6 headers in 234 bytes (1 switches on core 0)
Sep 07 11:46:49.643730 n-d-851029-10 devstack@keystone.service[81924]: DEBUG dbcounter [-] [81924] Writing DB stats keystone:SELECT=100 {{(pid=81924) stat_writer /usr/local/lib/python3.8/dist-packages/dbcounter.py:114}}
Sep 07 11:46:49.649204 n-d-851029-10 devstack@keystone.service[81925]: DEBUG keystone.server.flask.request_processing.req_logging [None req-deff97a8-2701-4f97-8f44-734caf662299 None None] REQUEST_METHOD: `POST` {{(pid=81925) log_request_info /opt/stack/keystone/keystone/server/flask/request_processing/req_logging.py:27}}
Sep 07 11:46:49.649742 n-d-851029-10 devstack@keystone.service[81925]: DEBUG keystone.server.flask.request_processing.req_logging [None req-deff97a8-2701-4f97-8f44-734caf662299 None None] SCRIPT_NAME: `/identity` {{(pid=81925) log_request_info /opt/stack/keystone/keystone/server/flask/request_processing/req_logging.py:28}}
Sep 07 11:46:49.650216 n-d-851029-10 devstack@keystone.service[81925]: DEBUG keystone.server.flask.request_processing.req_logging [None req-deff97a8-2701-4f97-8f44-734caf662299 None None] PATH_INFO: `/v3/auth/tokens` {{(pid=81925) log_request_info /opt/stack/keystone/keystone/server/flask/request_processing/req_logging.py:29}}
Sep 07 11:46:49.671861 n-d-851029-10 devstack@keystone.service[81925]: DEBUG keystone.auth.core [None req-deff97a8-2701-4f97-8f44-734caf662299 None None] MFA Rules not processed for user `fbb6c1b2e24f4252a3c32ec53bbc41ec`. Rule list: `[]` (Enabled: `True`). {{(pid=81925) check_auth_methods_against_rules /opt/stack/keystone/keystone/auth/core.py:438}}
Sep 07 11:46:49.673388 n-d-851029-10 devstack@keystone.service[81925]: DEBUG keystone.common.fernet_utils [None req-deff97a8-2701-4f97-8f44-734caf662299 None None] Loaded 2 Fernet keys from /etc/keystone/fernet-keys/, but `[fernet_tokens] max_active_keys = 3`; perhaps there have not been enough key rotations to reach `max_active_keys` yet? {{(pid=81925) load_keys /opt/stack/keystone/keystone/common/fernet_utils.py:286}}
Sep 07 11:46:49.754057 n-d-851029-10 devstack@keystone.service[81924]: DEBUG keystone.server.flask.request_processing.middleware.auth_context [None req-31d7a220-4587-4e48-9d9a-272ea5482180 None admin] Validating token access rules against request {{(pid=81924) validate_allowed_request /usr/local/lib/python3.8/dist-packages/keystonemiddleware/auth_token/__init__.py:545}}
Sep 07 11:46:49.756610 n-d-851029-10 devstack@keystone.service[81925]: [pid: 81925|app: 0|req: 57/111] 10.222.0.84 () {58 vars in 1024 bytes} [Wed Sep 7 11:46:49 2022] POST /identity/v3/auth/tokens => generated 799 bytes in 108 msecs (HTTP/1.1 201) 6 headers in 363 bytes (2 switches on core 0)
Sep 07 11:46:49.832037 n-d-851029-10 devstack@keystone.service[81924]: DEBUG keystone.server.flask.request_processing.middleware.auth_context [None req-697f775a-dd8c-472d-a268-004116a56700 None admin] RBAC: auth_context: {'token': , 'domain_id': None, 'trust_id': None, 'trustor_id': None, 'trustee_id': None, 'domain_name': None, 'group_ids': [], 'user_id': 'fbb6c1b2e24f4252a3c32ec53bbc41ec', 'user_domain_id': 'default', 'system_scope': 'all', 'project_id': None, 'project_domain_id': None, 'roles': ['admin', 'member', 'reader'], 'is_admin_project': True, 'service_user_id': None, 'service_user_domain_id': None, 'service_project_id': None, 'service_project_domain_id': None, 'service_roles': []} {{(pid=81924) fill_context /opt/stack/keystone/keystone/server/flask/request_processing/middleware/auth_context.py:478}}
Sep 07 11:46:49.834390 n-d-851029-10 devstack@keystone.service[81924]: DEBUG keystone.server.flask.request_processing.req_logging [None req-697f775a-dd8c-472d-a268-004116a56700 None admin] REQUEST_METHOD: `GET` {{(pid=81924) log_request_info /opt/stack/keystone/keystone/server/flask/request_processing/req_logging.py:27}}
Sep 07 11:46:49.834390 n-d-851029-10 devstack@keystone.service[81924]: DEBUG keystone.server.flask.request_processing.req_logging [None req-697f775a-dd8c-472d-a268-004116a56700 None admin] SCRIPT_NAME: `/identity` {{(pid=81924) log_request_info /opt/stack/keystone/keystone/server/flask/request_processing/req_logging.py:28}}
Sep 07 11:46:49.834390 n-d-851029-10 devstack@keystone.service[81924]: DEBUG keystone.server.flask.request_processing.req_logging [None req-697f775a-dd8c-472d-a268-004116a56700 None admin] PATH_INFO: `/v3/projects/cf3cf5e2fff5436b9076881b480f2fe2` {{(pid=81924) log_request_info /opt/stack/keystone/keystone/server/flask/request_processing/req_logging.py:29}}
Sep 07 11:46:49.834390 n-d-851029-10 devstack@keystone.service[81924]: DEBUG keystone.common.rbac_enforcer.enforcer [None req-697f775a-dd8c-472d-a268-004116a56700 None admin] RBAC: Authorizing `identity:get_project(project_id=cf3cf5e2fff5436b9076881b480f2fe2)` {{(pid=81924) enforce_call /opt/stack/keystone/keystone/common/rbac_enforcer/enforcer.py:449}}
Sep 07 11:46:49.835742 n-d-851029-10 devstack@keystone.service[81924]: DEBUG keystone.common.rbac_enforcer.enforcer [None req-697f775a-dd8c-472d-a268-004116a56700 None admin] RBAC: Authorization granted {{(pid=81924) enforce_call /opt/stack/keystone/keystone/common/rbac_enforcer/enforcer.py:457}}
Sep 07 11:46:49.837716 n-d-851029-10 devstack@keystone.service[81924]: [pid: 81924|app: 0|req: 55/112] 10.222.0.84 () {56 vars in 1186 bytes} [Wed Sep 7 11:46:49 2022] GET /identity/v3/projects/cf3cf5e2fff5436b9076881b480f2fe2 => generated 298 bytes in 274 msecs (HTTP/1.1 200) 5 headers in 177 bytes (1 switches on core 0)
Sep 07 11:46:49.843705 n-d-851029-10 devstack@keystone.service[81925]: DEBUG keystone.server.flask.request_processing.middleware.auth_context [None req-deff97a8-2701-4f97-8f44-734caf662299 None None] Authenticating user token {{(pid=81925) process_request /usr/local/lib/python3.8/dist-packages/keystonemiddleware/auth_token/__init__.py:407}}
Sep 07 11:46:49.919808 n-d-851029-10 devstack@keystone.service[81924]: DEBUG keystone.server.flask.request_processing.req_logging [None req-b7de0581-df2a-4378-9549-24c63298ecf4 None None] REQUEST_METHOD: `GET` {{(pid=81924) log_request_info /opt/stack/keystone/keystone/server/flask/request_processing/req_logging.py:27}}
Sep 07 11:46:49.920458 n-d-851029-10 devstack@keystone.service[81924]: DEBUG keystone.server.flask.request_processing.req_logging [None req-b7de0581-df2a-4378-9549-24c63298ecf4 None None] SCRIPT_NAME: `/identity` {{(pid=81924) log_request_info /opt/stack/keystone/keystone/server/flask/request_processing/req_logging.py:28}}
Sep 07 11:46:49.921073 n-d-851029-10 devstack@keystone.service[81924]: DEBUG keystone.server.flask.request_processing.req_logging [None req-b7de0581-df2a-4378-9549-24c63298ecf4 None None] PATH_INFO: `/` {{(pid=81924) log_request_info /opt/stack/keystone/keystone/server/flask/request_processing/req_logging.py:29}}
Sep 07 11:46:49.922692 n-d-851029-10 devstack@keystone.service[81924]: [pid: 81924|app: 0|req: 56/113] 10.222.0.84 () {54 vars in 927 bytes} [Wed Sep 7 11:46:49 2022] GET /identity => generated 270 bytes in 4 msecs (HTTP/1.1 300) 6 headers in 234 bytes (2 switches on core 0)
Sep 07 11:46:49.928481 n-d-851029-10 devstack@keystone.service[81924]: DEBUG keystone.server.flask.request_processing.req_logging [None req-0493b4f5-727f-4fb9-9e0e-a9135e7b6021 None None] REQUEST_METHOD: `POST` {{(pid=81924) log_request_info /opt/stack/keystone/keystone/server/flask/request_processing/req_logging.py:27}}
Sep 07 11:46:49.929053 n-d-851029-10 devstack@keystone.service[81924]: DEBUG keystone.server.flask.request_processing.req_logging [None req-0493b4f5-727f-4fb9-9e0e-a9135e7b6021 None None] SCRIPT_NAME: `/identity` {{(pid=81924) log_request_info /opt/stack/keystone/keystone/server/flask/request_processing/req_logging.py:28}}
Sep 07 11:46:49.929585 n-d-851029-10 devstack@keystone.service[81924]: DEBUG keystone.server.flask.request_processing.req_logging [None req-0493b4f5-727f-4fb9-9e0e-a9135e7b6021 None None] PATH_INFO: `/v3/auth/tokens` {{(pid=81924) log_request_info /opt/stack/keystone/keystone/server/flask/request_processing/req_logging.py:29}}
Sep 07 11:46:49.952191 n-d-851029-10 devstack@keystone.service[81924]: DEBUG keystone.auth.core [None req-0493b4f5-727f-4fb9-9e0e-a9135e7b6021 None None] MFA Rules not processed for user `fbb6c1b2e24f4252a3c32ec53bbc41ec`. Rule list: `[]` (Enabled: `True`). {{(pid=81924) check_auth_methods_against_rules /opt/stack/keystone/keystone/auth/core.py:438}}
Sep 07 11:46:49.953803 n-d-851029-10 devstack@keystone.service[81924]: DEBUG keystone.common.fernet_utils [None req-0493b4f5-727f-4fb9-9e0e-a9135e7b6021 None None] Loaded 2 Fernet keys from /etc/keystone/fernet-keys/, but `[fernet_tokens] max_active_keys = 3`; perhaps there have not been enough key rotations to reach `max_active_keys` yet? {{(pid=81924) load_keys /opt/stack/keystone/keystone/common/fernet_utils.py:286}}
Sep 07 11:46:49.973805 n-d-851029-10 devstack@keystone.service[81925]: DEBUG keystone.server.flask.request_processing.middleware.auth_context [None req-deff97a8-2701-4f97-8f44-734caf662299 None None] Validating token access rules against request {{(pid=81925) validate_allowed_request /usr/local/lib/python3.8/dist-packages/keystonemiddleware/auth_token/__init__.py:545}}
Sep 07 11:46:49.975811 n-d-851029-10 devstack@keystone.service[81925]: DEBUG dbcounter [-] [81925] Writing DB stats keystone:SELECT=100 {{(pid=81925) stat_writer /usr/local/lib/python3.8/dist-packages/dbcounter.py:114}}
Sep 07 11:46:50.050635 n-d-851029-10 devstack@keystone.service[81925]: DEBUG keystone.server.flask.request_processing.middleware.auth_context [None req-5540392e-ba0f-4817-aaaa-b4c221f17e14 None admin] RBAC: auth_context: {'token': , 'domain_id': None, 'trust_id': None, 'trustor_id': None, 'trustee_id': None, 'domain_name': None, 'group_ids': [], 'user_id': 'fbb6c1b2e24f4252a3c32ec53bbc41ec', 'user_domain_id': 'default', 'system_scope': 'all', 'project_id': None, 'project_domain_id': None, 'roles': ['admin', 'member', 'reader'], 'is_admin_project': True, 'service_user_id': None, 'service_user_domain_id': None, 'service_project_id': None, 'service_project_domain_id': None, 'service_roles': []} {{(pid=81925) fill_context /opt/stack/keystone/keystone/server/flask/request_processing/middleware/auth_context.py:478}}
Sep 07 11:46:50.051264 n-d-851029-10 devstack@keystone.service[81925]: DEBUG keystone.server.flask.request_processing.req_logging [None req-5540392e-ba0f-4817-aaaa-b4c221f17e14 None admin] REQUEST_METHOD: `GET` {{(pid=81925) log_request_info /opt/stack/keystone/keystone/server/flask/request_processing/req_logging.py:27}}
Sep 07 11:46:50.051548 n-d-851029-10 devstack@keystone.service[81925]: DEBUG keystone.server.flask.request_processing.req_logging [None req-5540392e-ba0f-4817-aaaa-b4c221f17e14 None admin] SCRIPT_NAME: `/identity` {{(pid=81925) log_request_info /opt/stack/keystone/keystone/server/flask/request_processing/req_logging.py:28}}
