Aug 02 10:30:52.618267 n-d-850746-2 devstack@keystone.service[80978]: DEBUG keystone.server.flask.request_processing.req_logging [None req-873f7491-5f01-4f17-b6c2-f2164a19d725 None None] SCRIPT_NAME: `/identity` {{(pid=80978) log_request_info /opt/stack/keystone/keystone/server/flask/request_processing/req_logging.py:28}}
Aug 02 10:30:52.618545 n-d-850746-2 devstack@keystone.service[80978]: DEBUG keystone.server.flask.request_processing.req_logging [None req-873f7491-5f01-4f17-b6c2-f2164a19d725 None None] PATH_INFO: `/v3/auth/tokens` {{(pid=80978) log_request_info /opt/stack/keystone/keystone/server/flask/request_processing/req_logging.py:29}}
Aug 02 10:30:52.626455 n-d-850746-2 devstack@keystone.service[80977]: DEBUG dbcounter [-] [80977] Writing DB stats keystone:SELECT=100 {{(pid=80977) stat_writer /usr/local/lib/python3.8/dist-packages/dbcounter.py:114}}
Aug 02 10:30:52.641709 n-d-850746-2 devstack@keystone.service[80978]: DEBUG keystone.auth.core [None req-873f7491-5f01-4f17-b6c2-f2164a19d725 None None] MFA Rules not processed for user `b2c1100cec804985abbb86ba10c3a234`. Rule list: `[]` (Enabled: `True`). {{(pid=80978) check_auth_methods_against_rules /opt/stack/keystone/keystone/auth/core.py:438}}
Aug 02 10:30:52.643155 n-d-850746-2 devstack@keystone.service[80978]: DEBUG keystone.common.fernet_utils [None req-873f7491-5f01-4f17-b6c2-f2164a19d725 None None] Loaded 2 Fernet keys from /etc/keystone/fernet-keys/, but `[fernet_tokens] max_active_keys = 3`; perhaps there have not been enough key rotations to reach `max_active_keys` yet? {{(pid=80978) load_keys /opt/stack/keystone/keystone/common/fernet_utils.py:286}}
Aug 02 10:30:52.684480 n-d-850746-2 devstack@keystone.service[80977]: DEBUG keystone.server.flask.request_processing.middleware.auth_context [None req-cd6482d0-f71f-4fe5-9381-8f613799c19e None admin] Validating token access rules against request {{(pid=80977) validate_allowed_request /usr/local/lib/python3.8/dist-packages/keystonemiddleware/auth_token/__init__.py:545}}
Aug 02 10:30:52.716047 n-d-850746-2 devstack@keystone.service[80978]: [pid: 80978|app: 0|req: 94/187] 10.222.0.99 () {58 vars in 1023 bytes} [Tue Aug 2 10:30:52 2022] POST /identity/v3/auth/tokens => generated 799 bytes in 99 msecs (HTTP/1.1 201) 6 headers in 363 bytes (2 switches on core 0)
Aug 02 10:30:52.725301 n-d-850746-2 devstack@keystone.service[80978]: DEBUG keystone.server.flask.request_processing.middleware.auth_context [None req-873f7491-5f01-4f17-b6c2-f2164a19d725 None None] Authenticating user token {{(pid=80978) process_request /usr/local/lib/python3.8/dist-packages/keystonemiddleware/auth_token/__init__.py:407}}
Aug 02 10:30:52.732191 n-d-850746-2 devstack@keystone.service[80977]: DEBUG keystone.server.flask.request_processing.middleware.auth_context [None req-78378dd1-86f0-4dff-960a-8ed719b0c2d8 None admin] RBAC: auth_context: {'token': , 'domain_id': None, 'trust_id': None, 'trustor_id': None, 'trustee_id': None, 'domain_name': None, 'group_ids': [], 'user_id': 'b2c1100cec804985abbb86ba10c3a234', 'user_domain_id': 'default', 'system_scope': 'all', 'project_id': None, 'project_domain_id': None, 'roles': ['admin', 'member', 'reader'], 'is_admin_project': True, 'service_user_id': None, 'service_user_domain_id': None, 'service_project_id': None, 'service_project_domain_id': None, 'service_roles': []} {{(pid=80977) fill_context /opt/stack/keystone/keystone/server/flask/request_processing/middleware/auth_context.py:478}}
Aug 02 10:30:52.732832 n-d-850746-2 devstack@keystone.service[80977]: DEBUG keystone.server.flask.request_processing.req_logging [None req-78378dd1-86f0-4dff-960a-8ed719b0c2d8 None admin] REQUEST_METHOD: `GET` {{(pid=80977) log_request_info /opt/stack/keystone/keystone/server/flask/request_processing/req_logging.py:27}}
Aug 02 10:30:52.733113 n-d-850746-2 devstack@keystone.service[80977]: DEBUG keystone.server.flask.request_processing.req_logging [None req-78378dd1-86f0-4dff-960a-8ed719b0c2d8 None admin] SCRIPT_NAME: `/identity` {{(pid=80977) log_request_info /opt/stack/keystone/keystone/server/flask/request_processing/req_logging.py:28}}
Aug 02 10:30:52.733444 n-d-850746-2 devstack@keystone.service[80977]: DEBUG keystone.server.flask.request_processing.req_logging [None req-78378dd1-86f0-4dff-960a-8ed719b0c2d8 None admin] PATH_INFO: `/v3/roles` {{(pid=80977) log_request_info /opt/stack/keystone/keystone/server/flask/request_processing/req_logging.py:29}}
Aug 02 10:30:52.734170 n-d-850746-2 devstack@keystone.service[80977]: DEBUG keystone.common.rbac_enforcer.enforcer [None req-78378dd1-86f0-4dff-960a-8ed719b0c2d8 None admin] RBAC: Adding query filter params (name=admin) {{(pid=80977) _extract_filter_values /opt/stack/keystone/keystone/common/rbac_enforcer/enforcer.py:167}}
Aug 02 10:30:52.734476 n-d-850746-2 devstack@keystone.service[80977]: DEBUG keystone.common.rbac_enforcer.enforcer [None req-78378dd1-86f0-4dff-960a-8ed719b0c2d8 None admin] RBAC: Authorizing `identity:list_roles()` {{(pid=80977) enforce_call /opt/stack/keystone/keystone/common/rbac_enforcer/enforcer.py:449}}
Aug 02 10:30:52.736354 n-d-850746-2 devstack@keystone.service[80977]: DEBUG keystone.common.rbac_enforcer.enforcer [None req-78378dd1-86f0-4dff-960a-8ed719b0c2d8 None admin] RBAC: Authorization granted {{(pid=80977) enforce_call /opt/stack/keystone/keystone/common/rbac_enforcer/enforcer.py:457}}
Aug 02 10:30:52.747713 n-d-850746-2 devstack@keystone.service[80977]: [pid: 80977|app: 0|req: 94/188] 10.222.0.99 () {56 vars in 1099 bytes} [Tue Aug 2 10:30:52 2022] GET /identity/v3/roles?name=admin => generated 339 bytes in 201 msecs (HTTP/1.1 200) 5 headers in 177 bytes (1 switches on core 0)
Aug 02 10:30:52.747713 n-d-850746-2 devstack@keystone.service[80977]: DEBUG keystone.server.flask.request_processing.middleware.auth_context [None req-78378dd1-86f0-4dff-960a-8ed719b0c2d8 None admin] Authenticating user token {{(pid=80977) process_request /usr/local/lib/python3.8/dist-packages/keystonemiddleware/auth_token/__init__.py:407}}
Aug 02 10:30:52.836004 n-d-850746-2 devstack@keystone.service[80978]: DEBUG keystone.server.flask.request_processing.middleware.auth_context [None req-873f7491-5f01-4f17-b6c2-f2164a19d725 None None] Validating token access rules against request {{(pid=80978) validate_allowed_request /usr/local/lib/python3.8/dist-packages/keystonemiddleware/auth_token/__init__.py:545}}
Aug 02 10:30:52.863484 n-d-850746-2 devstack@keystone.service[80977]: DEBUG keystone.server.flask.request_processing.middleware.auth_context [None req-78378dd1-86f0-4dff-960a-8ed719b0c2d8 None admin] Validating token access rules against request {{(pid=80977) validate_allowed_request /usr/local/lib/python3.8/dist-packages/keystonemiddleware/auth_token/__init__.py:545}}
Aug 02 10:30:52.864582 n-d-850746-2 devstack@keystone.service[80978]: DEBUG dbcounter [-] [80978] Writing DB stats keystone:SELECT=100 {{(pid=80978) stat_writer /usr/local/lib/python3.8/dist-packages/dbcounter.py:114}}
Aug 02 10:30:52.874724 n-d-850746-2 devstack@keystone.service[80978]: DEBUG keystone.server.flask.request_processing.middleware.auth_context [None req-ab2df714-d296-40a6-9248-5eb0103626fa None admin] RBAC: auth_context: {'token': , 'domain_id': None, 'trust_id': None, 'trustor_id': None, 'trustee_id': None, 'domain_name': None, 'group_ids': [], 'user_id': 'b2c1100cec804985abbb86ba10c3a234', 'user_domain_id': 'default', 'system_scope': 'all', 'project_id': None, 'project_domain_id': None, 'roles': ['admin', 'member', 'reader'], 'is_admin_project': True, 'service_user_id': None, 'service_user_domain_id': None, 'service_project_id': None, 'service_project_domain_id': None, 'service_roles': []} {{(pid=80978) fill_context /opt/stack/keystone/keystone/server/flask/request_processing/middleware/auth_context.py:478}}
Aug 02 10:30:52.875109 n-d-850746-2 devstack@keystone.service[80977]: DEBUG dbcounter [-] [80977] Writing DB stats keystone:SELECT=100 {{(pid=80977) stat_writer /usr/local/lib/python3.8/dist-packages/dbcounter.py:114}}
Aug 02 10:30:52.875374 n-d-850746-2 devstack@keystone.service[80978]: DEBUG keystone.server.flask.request_processing.req_logging [None req-ab2df714-d296-40a6-9248-5eb0103626fa None admin] REQUEST_METHOD: `GET` {{(pid=80978) log_request_info /opt/stack/keystone/keystone/server/flask/request_processing/req_logging.py:27}}
Aug 02 10:30:52.875688 n-d-850746-2 devstack@keystone.service[80978]: DEBUG keystone.server.flask.request_processing.req_logging [None req-ab2df714-d296-40a6-9248-5eb0103626fa None admin] SCRIPT_NAME: `/identity` {{(pid=80978) log_request_info /opt/stack/keystone/keystone/server/flask/request_processing/req_logging.py:28}}
Aug 02 10:30:52.875968 n-d-850746-2 devstack@keystone.service[80978]: DEBUG keystone.server.flask.request_processing.req_logging [None req-ab2df714-d296-40a6-9248-5eb0103626fa None admin] PATH_INFO: `/v3/domains/default` {{(pid=80978) log_request_info /opt/stack/keystone/keystone/server/flask/request_processing/req_logging.py:29}}
Aug 02 10:30:52.877218 n-d-850746-2 devstack@keystone.service[80978]: DEBUG keystone.common.rbac_enforcer.enforcer [None req-ab2df714-d296-40a6-9248-5eb0103626fa None admin] RBAC: Authorizing `identity:get_domain(domain_id=default)` {{(pid=80978) enforce_call /opt/stack/keystone/keystone/common/rbac_enforcer/enforcer.py:449}}
Aug 02 10:30:52.879239 n-d-850746-2 devstack@keystone.service[80978]: DEBUG keystone.common.rbac_enforcer.enforcer [None req-ab2df714-d296-40a6-9248-5eb0103626fa None admin] RBAC: Authorization granted {{(pid=80978) enforce_call /opt/stack/keystone/keystone/common/rbac_enforcer/enforcer.py:457}}
Aug 02 10:30:52.882442 n-d-850746-2 devstack@keystone.service[80978]: [pid: 80978|app: 0|req: 95/189] 10.222.0.99 () {56 vars in 1108 bytes} [Tue Aug 2 10:30:52 2022] GET /identity/v3/domains/default => generated 199 bytes in 166 msecs (HTTP/1.1 200) 5 headers in 177 bytes (1 switches on core 0)
Aug 02 10:30:52.883474 n-d-850746-2 devstack@keystone.service[80978]: DEBUG keystone.server.flask.request_processing.middleware.auth_context [None req-ab2df714-d296-40a6-9248-5eb0103626fa None admin] Authenticating user token {{(pid=80978) process_request /usr/local/lib/python3.8/dist-packages/keystonemiddleware/auth_token/__init__.py:407}}
Aug 02 10:30:52.910660 n-d-850746-2 devstack@keystone.service[80977]: DEBUG keystone.server.flask.request_processing.middleware.auth_context [None req-8ce9f1c4-e9a7-4619-8547-71472436eebe None admin] RBAC: auth_context: {'token': , 'domain_id': None, 'trust_id': None, 'trustor_id': None, 'trustee_id': None, 'domain_name': None, 'group_ids': [], 'user_id': 'b2c1100cec804985abbb86ba10c3a234', 'user_domain_id': 'default', 'system_scope': 'all', 'project_id': None, 'project_domain_id': None, 'roles': ['admin', 'member', 'reader'], 'is_admin_project': True, 'service_user_id': None, 'service_user_domain_id': None, 'service_project_id': None, 'service_project_domain_id': None, 'service_roles': []} {{(pid=80977) fill_context /opt/stack/keystone/keystone/server/flask/request_processing/middleware/auth_context.py:478}}
Aug 02 10:30:52.911319 n-d-850746-2 devstack@keystone.service[80977]: DEBUG keystone.server.flask.request_processing.req_logging [None req-8ce9f1c4-e9a7-4619-8547-71472436eebe None admin] REQUEST_METHOD: `GET` {{(pid=80977) log_request_info /opt/stack/keystone/keystone/server/flask/request_processing/req_logging.py:27}}
Aug 02 10:30:52.911630 n-d-850746-2 devstack@keystone.service[80977]: DEBUG keystone.server.flask.request_processing.req_logging [None req-8ce9f1c4-e9a7-4619-8547-71472436eebe None admin] SCRIPT_NAME: `/identity` {{(pid=80977) log_request_info /opt/stack/keystone/keystone/server/flask/request_processing/req_logging.py:28}}
Aug 02 10:30:52.911904 n-d-850746-2 devstack@keystone.service[80977]: DEBUG keystone.server.flask.request_processing.req_logging [None req-8ce9f1c4-e9a7-4619-8547-71472436eebe None admin] PATH_INFO: `/v3/roles/anotherrole` {{(pid=80977) log_request_info /opt/stack/keystone/keystone/server/flask/request_processing/req_logging.py:29}}
Aug 02 10:30:52.923633 n-d-850746-2 devstack@keystone.service[80977]: DEBUG keystone.common.rbac_enforcer.enforcer [None req-8ce9f1c4-e9a7-4619-8547-71472436eebe None admin] Extracting inferred target data resulted in "NOT FOUND (404)". {{(pid=80977) enforce_call /opt/stack/keystone/keystone/common/rbac_enforcer/enforcer.py:409}}
Aug 02 10:30:52.930133 n-d-850746-2 devstack@keystone.service[80977]: ERROR keystone.server.flask.application [None req-8ce9f1c4-e9a7-4619-8547-71472436eebe None admin] Could not find role: anotherrole.: keystone.exception.RoleNotFound: Could not find role: anotherrole.
Aug 02 10:30:52.930133 n-d-850746-2 devstack@keystone.service[80977]: ERROR keystone.server.flask.application
Traceback (most recent call last):
Aug 02 10:30:52.930133 n-d-850746-2 devstack@keystone.service[80977]: ERROR keystone.server.flask.application
File "/usr/local/lib/python3.8/dist-packages/flask/app.py", line 1517, in full_dispatch_request
Aug 02 10:30:52.930133 n-d-850746-2 devstack@keystone.service[80977]: ERROR keystone.server.flask.application rv = self.dispatch_request()
Aug 02 10:30:52.930133 n-d-850746-2 devstack@keystone.service[80977]: ERROR keystone.server.flask.application
File "/usr/local/lib/python3.8/dist-packages/flask/app.py", line 1503, in dispatch_request
Aug 02 10:30:52.930133 n-d-850746-2 devstack@keystone.service[80977]: ERROR keystone.server.flask.application return self.ensure_sync(self.view_functions[rule.endpoint])(**req.view_args)
Aug 02 10:30:52.930133 n-d-850746-2 devstack@keystone.service[80977]: ERROR keystone.server.flask.application
File "/usr/local/lib/python3.8/dist-packages/flask_restful/__init__.py", line 467, in wrapper
Aug 02 10:30:52.930133 n-d-850746-2 devstack@keystone.service[80977]: ERROR keystone.server.flask.application resp = resource(*args, **kwargs)
Aug 02 10:30:52.930133 n-d-850746-2 devstack@keystone.service[80977]: ERROR keystone.server.flask.application
File "/usr/local/lib/python3.8/dist-packages/flask/views.py", line 84, in view
Aug 02 10:30:52.930133 n-d-850746-2 devstack@keystone.service[80977]: ERROR keystone.server.flask.application return current_app.ensure_sync(self.dispatch_request)(*args, **kwargs)
Aug 02 10:30:52.930133 n-d-850746-2 devstack@keystone.service[80977]: ERROR keystone.server.flask.application
File "/usr/local/lib/python3.8/dist-packages/flask_restful/__init__.py", line 582, in dispatch_request
Aug 02 10:30:52.930133 n-d-850746-2 devstack@keystone.service[80977]: ERROR keystone.server.flask.application resp = meth(*args, **kwargs)
Aug 02 10:30:52.930133 n-d-850746-2 devstack@keystone.service[80977]: ERROR keystone.server.flask.application
File "/opt/stack/keystone/keystone/api/roles.py", line 50, in get
Aug 02 10:30:52.930133 n-d-850746-2 devstack@keystone.service[80977]: ERROR keystone.server.flask.application return self._get_role(role_id)
Aug 02 10:30:52.930133 n-d-850746-2 devstack@keystone.service[80977]: ERROR keystone.server.flask.application
File "/opt/stack/keystone/keystone/api/roles.py", line 70, in _get_role
Aug 02 10:30:52.930133 n-d-850746-2 devstack@keystone.service[80977]: ERROR keystone.server.flask.application ENFORCER.enforce_call(action='identity:get_role')
Aug 02 10:30:52.931029 n-d-850746-2 devstack@keystone.service[80977]: ERROR keystone.server.flask.application
File "/opt/stack/keystone/keystone/common/rbac_enforcer/enforcer.py", line 402, in enforce_call
Aug 02 10:30:52.931029 n-d-850746-2 devstack@keystone.service[80977]: ERROR keystone.server.flask.application policy_dict.update(cls._extract_member_target_data(
Aug 02 10:30:52.931029 n-d-850746-2 devstack@keystone.service[80977]: ERROR keystone.server.flask.application
File "/opt/stack/keystone/keystone/common/rbac_enforcer/enforcer.py", line 234, in _extract_member_target_data
Aug 02 10:30:52.931029 n-d-850746-2 devstack@keystone.service[80977]: ERROR keystone.server.flask.application member_name: func(flask.request.view_args[key])
Aug 02 10:30:52.931029 n-d-850746-2 devstack@keystone.service[80977]: ERROR keystone.server.flask.application
File "/opt/stack/keystone/keystone/common/manager.py", line 115, in wrapped
Aug 02 10:30:52.931029 n-d-850746-2 devstack@keystone.service[80977]: ERROR keystone.server.flask.application __ret_val = __f(*args, **kwargs)
Aug 02 10:30:52.931029 n-d-850746-2 devstack@keystone.service[80977]: ERROR keystone.server.flask.application
File "/usr/local/lib/python3.8/dist-packages/decorator.py", line 232, in fun
Aug 02 10:30:52.931029 n-d-850746-2 devstack@keystone.service[80977]: ERROR keystone.server.flask.application return caller(func, *(extras + args), **kw)
Aug 02 10:30:52.931029 n-d-850746-2 devstack@keystone.service[80977]: ERROR keystone.server.flask.application
File "/usr/local/lib/python3.8/dist-packages/dogpile/cache/region.py", line 1577, in get_or_create_for_user_func
Aug 02 10:30:52.931029 n-d-850746-2 devstack@keystone.service[80977]: ERROR keystone.server.flask.application return self.get_or_create(
Aug 02 10:30:52.931029 n-d-850746-2 devstack@keystone.service[80977]: ERROR keystone.server.flask.application
File "/usr/local/lib/python3.8/dist-packages/dogpile/cache/region.py", line 1042, in get_or_create
Aug 02 10:30:52.931029 n-d-850746-2 devstack@keystone.service[80977]: ERROR keystone.server.flask.application with Lock(
Aug 02 10:30:52.931029 n-d-850746-2 devstack@keystone.service[80977]: ERROR keystone.server.flask.application
File "/usr/local/lib/python3.8/dist-packages/dogpile/lock.py", line 185, in __enter__
Aug 02 10:30:52.931029 n-d-850746-2 devstack@keystone.service[80977]: ERROR keystone.server.flask.application return self._enter()
Aug 02 10:30:52.931029 n-d-850746-2 devstack@keystone.service[80977]: ERROR keystone.server.flask.application
File "/usr/local/lib/python3.8/dist-packages/dogpile/lock.py", line 94, in _enter
Aug 02 10:30:52.931029 n-d-850746-2 devstack@keystone.service[80977]: ERROR keystone.server.flask.application generated = self._enter_create(value, createdtime)
Aug 02 10:30:52.931898 n-d-850746-2 devstack@keystone.service[80977]: ERROR keystone.server.flask.application
File "/usr/local/lib/python3.8/dist-packages/dogpile/lock.py", line 178, in _enter_create
Aug 02 10:30:52.931898 n-d-850746-2 devstack@keystone.service[80977]: ERROR keystone.server.flask.application return self.creator()
Aug 02 10:30:52.931898 n-d-850746-2 devstack@keystone.service[80977]: ERROR keystone.server.flask.application
File "/usr/local/lib/python3.8/dist-packages/dogpile/cache/region.py", line 995, in gen_value
Aug 02 10:30:52.931898 n-d-850746-2 devstack@keystone.service[80977]: ERROR keystone.server.flask.application created_value = creator(
Aug 02 10:30:52.931898 n-d-850746-2 devstack@keystone.service[80977]: ERROR keystone.server.flask.application
File "/opt/stack/keystone/keystone/assignment/core.py", line 1276, in get_role
Aug 02 10:30:52.931898 n-d-850746-2 devstack@keystone.service[80977]: ERROR keystone.server.flask.application return self.driver.get_role(role_id)
Aug 02 10:30:52.931898 n-d-850746-2 devstack@keystone.service[80977]: ERROR keystone.server.flask.application
File "/opt/stack/keystone/keystone/assignment/role_backends/sql.py", line 70, in get_role
Aug 02 10:30:52.931898 n-d-850746-2 devstack@keystone.service[80977]: ERROR keystone.server.flask.application return self._get_role(session, role_id).to_dict()
Aug 02 10:30:52.931898 n-d-850746-2 devstack@keystone.service[80977]: ERROR keystone.server.flask.application
File "/opt/stack/keystone/keystone/assignment/role_backends/sql.py", line 65, in _get_role
Aug 02 10:30:52.931898 n-d-850746-2 devstack@keystone.service[80977]: ERROR keystone.server.flask.application raise exception.RoleNotFound(role_id=role_id)
Aug 02 10:30:52.931898 n-d-850746-2 devstack@keystone.service[80977]: ERROR keystone.server.flask.application keystone.exception.RoleNotFound: Could not find role: anotherrole.
Aug 02 10:30:52.931898 n-d-850746-2 devstack@keystone.service[80977]: ERROR keystone.server.flask.application
Aug 02 10:30:52.931898 n-d-850746-2 devstack@keystone.service[80977]: [pid: 80977|app: 0|req: 95/190] 10.222.0.99 () {56 vars in 1114 bytes} [Tue Aug 2 10:30:52 2022] GET /identity/v3/roles/anotherrole => generated 89 bytes in 185 msecs (HTTP/1.1 404) 5 headers in 183 bytes (1 switches on core 0)
Aug 02 10:30:52.932563 n-d-850746-2 devstack@keystone.service[80977]: DEBUG keystone.server.flask.request_processing.middleware.auth_context [None req-8ce9f1c4-e9a7-4619-8547-71472436eebe None admin] Authenticating user token {{(pid=80977) process_request /usr/local/lib/python3.8/dist-packages/keystonemiddleware/auth_token/__init__.py:407}}
Aug 02 10:30:53.003240 n-d-850746-2 devstack@keystone.service[80978]: DEBUG keystone.server.flask.request_processing.middleware.auth_context [None req-ab2df714-d296-40a6-9248-5eb0103626fa None admin] Validating token access rules against request {{(pid=80978) validate_allowed_request /usr/local/lib/python3.8/dist-packages/keystonemiddleware/auth_token/__init__.py:545}}
Aug 02 10:30:53.039563 n-d-850746-2 devstack@keystone.service[80977]: DEBUG keystone.server.flask.request_processing.middleware.auth_context [None req-8ce9f1c4-e9a7-4619-8547-71472436eebe None admin] Validating token access rules against request {{(pid=80977) validate_allowed_request /usr/local/lib/python3.8/dist-packages/keystonemiddleware/auth_token/__init__.py:545}}
Aug 02 10:30:53.041312 n-d-850746-2 devstack@keystone.service[80978]: DEBUG keystone.server.flask.request_processing.middleware.auth_context [None req-a96d2c8e-6133-4296-a004-ddf60ac71753 None admin] RBAC: auth_context: {'token': , 'domain_id': None, 'trust_id': None, 'trustor_id': None, 'trustee_id': None, 'domain_name': None, 'group_ids': [], 'user_id': 'b2c1100cec804985abbb86ba10c3a234', 'user_domain_id': 'default', 'system_scope': 'all', 'project_id': None, 'project_domain_id': None, 'roles': ['admin', 'member', 'reader'], 'is_admin_project': True, 'service_user_id': None, 'service_user_domain_id': None, 'service_project_id': None, 'service_project_domain_id': None, 'service_roles': []} {{(pid=80978) fill_context /opt/stack/keystone/keystone/server/flask/request_processing/middleware/auth_context.py:478}}
Aug 02 10:30:53.042171 n-d-850746-2 devstack@keystone.service[80978]: DEBUG keystone.server.flask.request_processing.req_logging [None req-a96d2c8e-6133-4296-a004-ddf60ac71753 None admin] REQUEST_METHOD: `GET` {{(pid=80978) log_request_info /opt/stack/keystone/keystone/server/flask/request_processing/req_logging.py:27}}
Aug 02 10:30:53.042449 n-d-850746-2 devstack@keystone.service[80978]: DEBUG keystone.server.flask.request_processing.req_logging [None req-a96d2c8e-6133-4296-a004-ddf60ac71753 None admin] SCRIPT_NAME: `/identity` {{(pid=80978) log_request_info /opt/stack/keystone/keystone/server/flask/request_processing/req_logging.py:28}}
Aug 02 10:30:53.042783 n-d-850746-2 devstack@keystone.service[80978]: DEBUG keystone.server.flask.request_processing.req_logging [None req-a96d2c8e-6133-4296-a004-ddf60ac71753 None admin] PATH_INFO: `/v3/users/34687d00467f4bb693be26a129855300` {{(pid=80978) log_request_info /opt/stack/keystone/keystone/server/flask/request_processing/req_logging.py:29}}
Aug 02 10:30:53.056740 n-d-850746-2 devstack@keystone.service[80978]: DEBUG keystone.common.rbac_enforcer.enforcer [None req-a96d2c8e-6133-4296-a004-ddf60ac71753 None admin] RBAC: Authorizing `identity:get_user(user_id=34687d00467f4bb693be26a129855300)` {{(pid=80978) enforce_call /opt/stack/keystone/keystone/common/rbac_enforcer/enforcer.py:449}}
Aug 02 10:30:53.058251 n-d-850746-2 devstack@keystone.service[80978]: DEBUG keystone.common.rbac_enforcer.enforcer [None req-a96d2c8e-6133-4296-a004-ddf60ac71753 None admin] RBAC: Authorization granted {{(pid=80978) enforce_call /opt/stack/keystone/keystone/common/rbac_enforcer/enforcer.py:457}}
Aug 02 10:30:53.060152 n-d-850746-2 devstack@keystone.service[80978]: [pid: 80978|app: 0|req: 96/191] 10.222.0.99 () {56 vars in 1177 bytes} [Tue Aug 2 10:30:52 2022] GET /identity/v3/users/34687d00467f4bb693be26a129855300 => generated 283 bytes in 177 msecs (HTTP/1.1 200) 5 headers in 177 bytes (1 switches on core 0)
Aug 02 10:30:53.064870 n-d-850746-2 devstack@keystone.service[80978]: DEBUG keystone.server.flask.request_processing.middleware.auth_context [None req-a96d2c8e-6133-4296-a004-ddf60ac71753 None admin] Authenticating user token {{(pid=80978) process_request /usr/local/lib/python3.8/dist-packages/keystonemiddleware/auth_token/__init__.py:407}}
Aug 02 10:30:53.080568 n-d-850746-2 devstack@keystone.service[80977]: DEBUG keystone.server.flask.request_processing.middleware.auth_context [None req-d2a57c01-ad9a-47d3-8354-49b7627cf267 None admin] RBAC: auth_context: {'token': , 'domain_id': None, 'trust_id': None, 'trustor_id': None, 'trustee_id': None, 'domain_name': None, 'group_ids': [], 'user_id': 'b2c1100cec804985abbb86ba10c3a234', 'user_domain_id': 'default', 'system_scope': 'all', 'project_id': None, 'project_domain_id': None, 'roles': ['admin', 'member', 'reader'], 'is_admin_project': True, 'service_user_id': None, 'service_user_domain_id': None, 'service_project_id': None, 'service_project_domain_id': None, 'service_roles': []} {{(pid=80977) fill_context /opt/stack/keystone/keystone/server/flask/request_processing/middleware/auth_context.py:478}}
Aug 02 10:30:53.081248 n-d-850746-2 devstack@keystone.service[80977]: DEBUG keystone.server.flask.request_processing.req_logging [None req-d2a57c01-ad9a-47d3-8354-49b7627cf267 None admin] REQUEST_METHOD: `POST` {{(pid=80977) log_request_info /opt/stack/keystone/keystone/server/flask/request_processing/req_logging.py:27}}
Aug 02 10:30:53.081529 n-d-850746-2 devstack@keystone.service[80977]: DEBUG keystone.server.flask.request_processing.req_logging [None req-d2a57c01-ad9a-47d3-8354-49b7627cf267 None admin] SCRIPT_NAME: `/identity` {{(pid=80977) log_request_info /opt/stack/keystone/keystone/server/flask/request_processing/req_logging.py:28}}
Aug 02 10:30:53.081800 n-d-850746-2 devstack@keystone.service[80977]: DEBUG keystone.server.flask.request_processing.req_logging [None req-d2a57c01-ad9a-47d3-8354-49b7627cf267 None admin] PATH_INFO: `/v3/users` {{(pid=80977) log_request_info /opt/stack/keystone/keystone/server/flask/request_processing/req_logging.py:29}}
Aug 02 10:30:53.082488 n-d-850746-2 devstack@keystone.service[80977]: DEBUG keystone.common.rbac_enforcer.enforcer [None req-d2a57c01-ad9a-47d3-8354-49b7627cf267 None admin] RBAC: Authorizing `identity:create_user()` {{(pid=80977) enforce_call /opt/stack/keystone/keystone/common/rbac_enforcer/enforcer.py:449}}
Aug 02 10:30:53.084632 n-d-850746-2 devstack@keystone.service[80977]: DEBUG keystone.common.rbac_enforcer.enforcer [None req-d2a57c01-ad9a-47d3-8354-49b7627cf267 None admin] RBAC: Authorization granted {{(pid=80977) enforce_call /opt/stack/keystone/keystone/common/rbac_enforcer/enforcer.py:457}}
Aug 02 10:30:53.108642 n-d-850746-2 devstack@keystone.service[80977]: [pid: 80977|app: 0|req: 96/192] 10.222.0.99 () {60 vars in 1132 bytes} [Tue Aug 2 10:30:52 2022] POST /identity/v3/users => generated 297 bytes in 177 msecs (HTTP/1.1 201) 5 headers in 182 bytes (1 switches on core 0)
Aug 02 10:30:53.109498 n-d-850746-2 devstack@keystone.service[80977]: DEBUG keystone.server.flask.request_processing.middleware.auth_context [None req-d2a57c01-ad9a-47d3-8354-49b7627cf267 None admin] Authenticating user token {{(pid=80977) process_request /usr/local/lib/python3.8/dist-packages/keystonemiddleware/auth_token/__init__.py:407}}
Aug 02 10:30:53.142231 n-d-850746-2 devstack@keystone.service[80978]: DEBUG dbcounter [-] [80978] Writing DB stats keystone:SELECT=100 {{(pid=80978) stat_writer /usr/local/lib/python3.8/dist-packages/dbcounter.py:114}}
Aug 02 10:30:53.155796 n-d-850746-2 devstack@keystone.service[80977]: DEBUG dbcounter [-] [80977] Writing DB stats keystone:SELECT=97,keystone:INSERT=3 {{(pid=80977) stat_writer /usr/local/lib/python3.8/dist-packages/dbcounter.py:114}}
Aug 02 10:30:53.203094 n-d-850746-2 devstack@keystone.service[80978]: DEBUG keystone.server.flask.request_processing.middleware.auth_context [None req-a96d2c8e-6133-4296-a004-ddf60ac71753 None admin] Validating token access rules against request {{(pid=80978) validate_allowed_request /usr/local/lib/python3.8/dist-packages/keystonemiddleware/auth_token/__init__.py:545}}
Aug 02 10:30:53.247034 n-d-850746-2 devstack@keystone.service[80978]: DEBUG keystone.server.flask.request_processing.middleware.auth_context [None req-b9a84796-5721-421d-8859-446bf34ed6b3 None admin] RBAC: auth_context: {'token': , 'domain_id': None, 'trust_id': None, 'trustor_id': None, 'trustee_id': None, 'domain_name': None, 'group_ids': [], 'user_id': 'b2c1100cec804985abbb86ba10c3a234', 'user_domain_id': 'default', 'system_scope': 'all', 'project_id': None, 'project_domain_id': None, 'roles': ['admin', 'member', 'reader'], 'is_admin_project': True, 'service_user_id': None, 'service_user_domain_id': None, 'service_project_id': None, 'service_project_domain_id': None, 'service_roles': []} {{(pid=80978) fill_context /opt/stack/keystone/keystone/server/flask/request_processing/middleware/auth_context.py:478}}
Aug 02 10:30:53.248075 n-d-850746-2 devstack@keystone.service[80978]: DEBUG keystone.server.flask.request_processing.req_logging [None req-b9a84796-5721-421d-8859-446bf34ed6b3 None admin] REQUEST_METHOD: `GET` {{(pid=80978) log_request_info /opt/stack/keystone/keystone/server/flask/request_processing/req_logging.py:27}}
Aug 02 10:30:53.248584 n-d-850746-2 devstack@keystone.service[80978]: DEBUG keystone.server.flask.request_processing.req_logging [None req-b9a84796-5721-421d-8859-446bf34ed6b3 None admin] SCRIPT_NAME: `/identity` {{(pid=80978) log_request_info /opt/stack/keystone/keystone/server/flask/request_processing/req_logging.py:28}}
Aug 02 10:30:53.249057 n-d-850746-2 devstack@keystone.service[80978]: DEBUG keystone.server.flask.request_processing.req_logging [None req-b9a84796-5721-421d-8859-446bf34ed6b3 None admin] PATH_INFO: `/v3/roles` {{(pid=80978) log_request_info /opt/stack/keystone/keystone/server/flask/request_processing/req_logging.py:29}}
Aug 02 10:30:53.250016 n-d-850746-2 devstack@keystone.service[80978]: DEBUG keystone.common.rbac_enforcer.enforcer [None req-b9a84796-5721-421d-8859-446bf34ed6b3 None admin] RBAC: Adding query filter params (name=anotherrole) {{(pid=80978) _extract_filter_values /opt/stack/keystone/keystone/common/rbac_enforcer/enforcer.py:167}}
Aug 02 10:30:53.250570 n-d-850746-2 devstack@keystone.service[80978]: DEBUG keystone.common.rbac_enforcer.enforcer [None req-b9a84796-5721-421d-8859-446bf34ed6b3 None admin] RBAC: Authorizing `identity:list_roles()` {{(pid=80978) enforce_call /opt/stack/keystone/keystone/common/rbac_enforcer/enforcer.py:449}}
Aug 02 10:30:53.252470 n-d-850746-2 devstack@keystone.service[80978]: DEBUG keystone.common.rbac_enforcer.enforcer [None req-b9a84796-5721-421d-8859-446bf34ed6b3 None admin] RBAC: Authorization granted {{(pid=80978) enforce_call /opt/stack/keystone/keystone/common/rbac_enforcer/enforcer.py:457}}
Aug 02 10:30:53.268957 n-d-850746-2 devstack@keystone.service[80978]: [pid: 80978|app: 0|req: 97/193] 10.222.0.99 () {56 vars in 1111 bytes} [Tue Aug 2 10:30:53 2022] GET /identity/v3/roles?name=anotherrole => generated 334 bytes in 203 msecs (HTTP/1.1 200) 5 headers in 177 bytes (1 switches on core 0)
Aug 02 10:30:53.270912 n-d-850746-2 devstack@keystone.service[80978]: DEBUG keystone.server.flask.request_processing.middleware.auth_context [None req-b9a84796-5721-421d-8859-446bf34ed6b3 None admin] Authenticating user token {{(pid=80978) process_request /usr/local/lib/python3.8/dist-packages/keystonemiddleware/auth_token/__init__.py:407}}
Aug 02 10:30:53.277799 n-d-850746-2 devstack@keystone.service[80977]: DEBUG keystone.server.flask.request_processing.middleware.auth_context [None req-d2a57c01-ad9a-47d3-8354-49b7627cf267 None admin] Validating token access rules against request {{(pid=80977) validate_allowed_request /usr/local/lib/python3.8/dist-packages/keystonemiddleware/auth_token/__init__.py:545}}
Aug 02 10:30:53.328612 n-d-850746-2 devstack@keystone.service[80977]: DEBUG keystone.server.flask.request_processing.middleware.auth_context [None req-8f46daeb-d41f-47d9-97a2-0bc7099a3bf6 None admin] RBAC: auth_context: {'token': , 'domain_id': None, 'trust_id': None, 'trustor_id': None, 'trustee_id': None, 'domain_name': None, 'group_ids': [], 'user_id': 'b2c1100cec804985abbb86ba10c3a234', 'user_domain_id': 'default', 'system_scope': 'all', 'project_id': None, 'project_domain_id': None, 'roles': ['admin', 'member', 'reader'], 'is_admin_project': True, 'service_user_id': None, 'service_user_domain_id': None, 'service_project_id': None, 'service_project_domain_id': None, 'service_roles': []} {{(pid=80977) fill_context /opt/stack/keystone/keystone/server/flask/request_processing/middleware/auth_context.py:478}}
Aug 02 10:30:53.329087 n-d-850746-2 devstack@keystone.service[80977]: DEBUG keystone.server.flask.request_processing.req_logging [None req-8f46daeb-d41f-47d9-97a2-0bc7099a3bf6 None admin] REQUEST_METHOD: `GET` {{(pid=80977) log_request_info /opt/stack/keystone/keystone/server/flask/request_processing/req_logging.py:27}}
Aug 02 10:30:53.329503 n-d-850746-2 devstack@keystone.service[80977]: DEBUG keystone.server.flask.request_processing.req_logging [None req-8f46daeb-d41f-47d9-97a2-0bc7099a3bf6 None admin] SCRIPT_NAME: `/identity` {{(pid=80977) log_request_info /opt/stack/keystone/keystone/server/flask/request_processing/req_logging.py:28}}
Aug 02 10:30:53.329760 n-d-850746-2 devstack@keystone.service[80977]: DEBUG keystone.server.flask.request_processing.req_logging [None req-8f46daeb-d41f-47d9-97a2-0bc7099a3bf6 None admin] PATH_INFO: `/v3/auth/tokens` {{(pid=80977) log_request_info /opt/stack/keystone/keystone/server/flask/request_processing/req_logging.py:29}}
Aug 02 10:30:53.413538 n-d-850746-2 devstack@keystone.service[80978]: DEBUG keystone.server.flask.request_processing.middleware.auth_context [None req-b9a84796-5721-421d-8859-446bf34ed6b3 None admin] Validating token access rules against request {{(pid=80978) validate_allowed_request /usr/local/lib/python3.8/dist-packages/keystonemiddleware/auth_token/__init__.py:545}}
Aug 02 10:30:53.440991 n-d-850746-2 devstack@keystone.service[80977]: DEBUG keystone.common.rbac_enforcer.enforcer [None req-8f46daeb-d41f-47d9-97a2-0bc7099a3bf6 None admin] RBAC: Authorizing `identity:validate_token()` {{(pid=80977) enforce_call /opt/stack/keystone/keystone/common/rbac_enforcer/enforcer.py:449}}
Aug 02 10:30:53.441915 n-d-850746-2 devstack@keystone.service[80978]: DEBUG dbcounter [-] [80978] Writing DB stats keystone:SELECT=100 {{(pid=80978) stat_writer /usr/local/lib/python3.8/dist-packages/dbcounter.py:114}}
Aug 02 10:30:53.442474 n-d-850746-2 devstack@keystone.service[80977]: DEBUG keystone.common.rbac_enforcer.enforcer [None req-8f46daeb-d41f-47d9-97a2-0bc7099a3bf6 None admin] RBAC: Authorization granted {{(pid=80977) enforce_call /opt/stack/keystone/keystone/common/rbac_enforcer/enforcer.py:457}}
Aug 02 10:30:53.471367 n-d-850746-2 devstack@keystone.service[80978]: DEBUG keystone.server.flask.request_processing.middleware.auth_context [None req-27cbca39-04a9-4fb2-b14f-60d2c0ce3602 None admin] RBAC: auth_context: {'token': , 'domain_id': None, 'trust_id': None, 'trustor_id': None, 'trustee_id': None, 'domain_name': None, 'group_ids': [], 'user_id': 'b2c1100cec804985abbb86ba10c3a234', 'user_domain_id': 'default', 'system_scope': 'all', 'project_id': None, 'project_domain_id': None, 'roles': ['admin', 'member', 'reader'], 'is_admin_project': True, 'service_user_id': None, 'service_user_domain_id': None, 'service_project_id': None, 'service_project_domain_id': None, 'service_roles': []} {{(pid=80978) fill_context /opt/stack/keystone/keystone/server/flask/request_processing/middleware/auth_context.py:478}}
Aug 02 10:30:53.472121 n-d-850746-2 devstack@keystone.service[80978]: DEBUG keystone.server.flask.request_processing.req_logging [None req-27cbca39-04a9-4fb2-b14f-60d2c0ce3602 None admin] REQUEST_METHOD: `GET` {{(pid=80978) log_request_info /opt/stack/keystone/keystone/server/flask/request_processing/req_logging.py:27}}
Aug 02 10:30:53.472412 n-d-850746-2 devstack@keystone.service[80978]: DEBUG keystone.server.flask.request_processing.req_logging [None req-27cbca39-04a9-4fb2-b14f-60d2c0ce3602 None admin] SCRIPT_NAME: `/identity` {{(pid=80978) log_request_info /opt/stack/keystone/keystone/server/flask/request_processing/req_logging.py:28}}
Aug 02 10:30:53.472693 n-d-850746-2 devstack@keystone.service[80978]: DEBUG keystone.server.flask.request_processing.req_logging [None req-27cbca39-04a9-4fb2-b14f-60d2c0ce3602 None admin] PATH_INFO: `/v3/users/34687d00467f4bb693be26a129855300` {{(pid=80978) log_request_info /opt/stack/keystone/keystone/server/flask/request_processing/req_logging.py:29}}
Aug 02 10:30:53.473942 n-d-850746-2 devstack@keystone.service[80978]: DEBUG keystone.common.rbac_enforcer.enforcer [None req-27cbca39-04a9-4fb2-b14f-60d2c0ce3602 None admin] RBAC: Authorizing `identity:get_user(user_id=34687d00467f4bb693be26a129855300)` {{(pid=80978) enforce_call /opt/stack/keystone/keystone/common/rbac_enforcer/enforcer.py:449}}
Aug 02 10:30:53.475450 n-d-850746-2 devstack@keystone.service[80978]: DEBUG keystone.common.rbac_enforcer.enforcer [None req-27cbca39-04a9-4fb2-b14f-60d2c0ce3602 None admin] RBAC: Authorization granted {{(pid=80978) enforce_call /opt/stack/keystone/keystone/common/rbac_enforcer/enforcer.py:457}}
Aug 02 10:30:53.477196 n-d-850746-2 devstack@keystone.service[80978]: [pid: 80978|app: 0|req: 98/194] 10.222.0.99 () {56 vars in 1177 bytes} [Tue Aug 2 10:30:53 2022] GET /identity/v3/users/34687d00467f4bb693be26a129855300 => generated 283 bytes in 207 msecs (HTTP/1.1 200) 5 headers in 177 bytes (2 switches on core 0)
Aug 02 10:30:53.478392 n-d-850746-2 devstack@keystone.service[80978]: DEBUG keystone.server.flask.request_processing.req_logging [None req-3a688f1d-9dc8-4887-9289-4d038a57e69e None None] REQUEST_METHOD: `GET` {{(pid=80978) log_request_info /opt/stack/keystone/keystone/server/flask/request_processing/req_logging.py:27}}
Aug 02 10:30:53.478709 n-d-850746-2 devstack@keystone.service[80978]: DEBUG keystone.server.flask.request_processing.req_logging [None req-3a688f1d-9dc8-4887-9289-4d038a57e69e None None] SCRIPT_NAME: `/identity` {{(pid=80978) log_request_info /opt/stack/keystone/keystone/server/flask/request_processing/req_logging.py:28}}
Aug 02 10:30:53.478991 n-d-850746-2 devstack@keystone.service[80978]: DEBUG keystone.server.flask.request_processing.req_logging [None req-3a688f1d-9dc8-4887-9289-4d038a57e69e None None] PATH_INFO: `/` {{(pid=80978) log_request_info /opt/stack/keystone/keystone/server/flask/request_processing/req_logging.py:29}}
Aug 02 10:30:53.480463 n-d-850746-2 devstack@keystone.service[80978]: [pid: 80978|app: 0|req: 99/195] 10.222.0.99 () {54 vars in 926 bytes} [Tue Aug 2 10:30:53 2022] GET /identity => generated 270 bytes in 3 msecs (HTTP/1.1 300) 6 headers in 234 bytes (1 switches on core 0)
Aug 02 10:30:53.484916 n-d-850746-2 devstack@keystone.service[80977]: DEBUG dbcounter [-] [80977] Writing DB stats keystone:SELECT=100 {{(pid=80977) stat_writer /usr/local/lib/python3.8/dist-packages/dbcounter.py:114}}
Aug 02 10:30:53.485988 n-d-850746-2 devstack@keystone.service[80978]: DEBUG keystone.server.flask.request_processing.req_logging [None req-71ba6440-3e23-46aa-9084-c4fae89a11e3 None None] REQUEST_METHOD: `POST` {{(pid=80978) log_request_info /opt/stack/keystone/keystone/server/flask/request_processing/req_logging.py:27}}
Aug 02 10:30:53.486308 n-d-850746-2 devstack@keystone.service[80978]: DEBUG keystone.server.flask.request_processing.req_logging [None req-71ba6440-3e23-46aa-9084-c4fae89a11e3 None None] SCRIPT_NAME: `/identity` {{(pid=80978) log_request_info /opt/stack/keystone/keystone/server/flask/request_processing/req_logging.py:28}}
Aug 02 10:30:53.486774 n-d-850746-2 devstack@keystone.service[80978]: DEBUG keystone.server.flask.request_processing.req_logging [None req-71ba6440-3e23-46aa-9084-c4fae89a11e3 None None] PATH_INFO: `/v3/auth/tokens` {{(pid=80978) log_request_info /opt/stack/keystone/keystone/server/flask/request_processing/req_logging.py:29}}
Aug 02 10:30:53.507866 n-d-850746-2 devstack@keystone.service[80978]: DEBUG keystone.auth.core [None req-71ba6440-3e23-46aa-9084-c4fae89a11e3 None None] MFA Rules not processed for user `b2c1100cec804985abbb86ba10c3a234`. Rule list: `[]` (Enabled: `True`). {{(pid=80978) check_auth_methods_against_rules /opt/stack/keystone/keystone/auth/core.py:438}}
Aug 02 10:30:53.509068 n-d-850746-2 devstack@keystone.service[80978]: DEBUG keystone.common.fernet_utils [None req-71ba6440-3e23-46aa-9084-c4fae89a11e3 None None] Loaded 2 Fernet keys from /etc/keystone/fernet-keys/, but `[fernet_tokens] max_active_keys = 3`; perhaps there have not been enough key rotations to reach `max_active_keys` yet? {{(pid=80978) load_keys /opt/stack/keystone/keystone/common/fernet_utils.py:286}}
Aug 02 10:30:53.583144 n-d-850746-2 devstack@keystone.service[80977]: [pid: 80977|app: 0|req: 97/196] 10.222.0.99 () {58 vars in 1282 bytes} [Tue Aug 2 10:30:53 2022] GET /identity/v3/auth/tokens => generated 799 bytes in 470 msecs (HTTP/1.1 200) 6 headers in 358 bytes (1 switches on core 0)
Aug 02 10:30:53.583144 n-d-850746-2 devstack@keystone.service[80977]: DEBUG keystone.server.flask.request_processing.middleware.auth_context [None req-8f46daeb-d41f-47d9-97a2-0bc7099a3bf6 None admin] Authenticating user token {{(pid=80977) process_request /usr/local/lib/python3.8/dist-packages/keystonemiddleware/auth_token/__init__.py:407}}
Aug 02 10:30:53.625027 n-d-850746-2 devstack@keystone.service[80978]: [pid: 80978|app: 0|req: 100/197] 10.222.0.99 () {58 vars in 1023 bytes} [Tue Aug 2 10:30:53 2022] POST /identity/v3/auth/tokens => generated 799 bytes in 140 msecs (HTTP/1.1 201) 6 headers in 363 bytes (2 switches on core 0)
Aug 02 10:30:53.631627 n-d-850746-2 devstack@keystone.service[80978]: DEBUG keystone.server.flask.request_processing.middleware.auth_context [None req-71ba6440-3e23-46aa-9084-c4fae89a11e3 None None] Authenticating user token {{(pid=80978) process_request /usr/local/lib/python3.8/dist-packages/keystonemiddleware/auth_token/__init__.py:407}}
Aug 02 10:30:53.723544 n-d-850746-2 devstack@keystone.service[80977]: DEBUG keystone.server.flask.request_processing.middleware.auth_context [None req-8f46daeb-d41f-47d9-97a2-0bc7099a3bf6 None admin] Validating token access rules against request {{(pid=80977) validate_allowed_request /usr/local/lib/python3.8/dist-packages/keystonemiddleware/auth_token/__init__.py:545}}
Aug 02 10:30:53.750782 n-d-850746-2 devstack@keystone.service[80977]: DEBUG dbcounter [-] [80977] Writing DB stats keystone:SELECT=100 {{(pid=80977) stat_writer /usr/local/lib/python3.8/dist-packages/dbcounter.py:114}}
Aug 02 10:30:53.764498 n-d-850746-2 devstack@keystone.service[80977]: DEBUG keystone.server.flask.request_processing.middleware.auth_context [None req-8423d36a-9fb2-4922-97b2-e8894a1dba51 None admin] RBAC: auth_context: {'token': , 'domain_id': None, 'trust_id': None, 'trustor_id': None, 'trustee_id': None, 'domain_name': None, 'group_ids': [], 'user_id': 'b2c1100cec804985abbb86ba10c3a234', 'user_domain_id': 'default', 'system_scope': 'all', 'project_id': None, 'project_domain_id': None, 'roles': ['admin', 'member', 'reader'], 'is_admin_project': True, 'service_user_id': None, 'service_user_domain_id': None, 'service_project_id': None, 'service_project_domain_id': None, 'service_roles': []} {{(pid=80977) fill_context /opt/stack/keystone/keystone/server/flask/request_processing/middleware/auth_context.py:478}}
Aug 02 10:30:53.765794 n-d-850746-2 devstack@keystone.service[80977]: DEBUG keystone.server.flask.request_processing.req_logging [None req-8423d36a-9fb2-4922-97b2-e8894a1dba51 None admin] REQUEST_METHOD: `GET` {{(pid=80977) log_request_info /opt/stack/keystone/keystone/server/flask/request_processing/req_logging.py:27}}
Aug 02 10:30:53.766466 n-d-850746-2 devstack@keystone.service[80977]: DEBUG keystone.server.flask.request_processing.req_logging [None req-8423d36a-9fb2-4922-97b2-e8894a1dba51 None admin] SCRIPT_NAME: `/identity` {{(pid=80977) log_request_info /opt/stack/keystone/keystone/server/flask/request_processing/req_logging.py:28}}
Aug 02 10:30:53.766626 n-d-850746-2 devstack@keystone.service[80978]: DEBUG keystone.server.flask.request_processing.middleware.auth_context [None req-71ba6440-3e23-46aa-9084-c4fae89a11e3 None None] Validating token access rules against request {{(pid=80978) validate_allowed_request /usr/local/lib/python3.8/dist-packages/keystonemiddleware/auth_token/__init__.py:545}}
Aug 02 10:30:53.767305 n-d-850746-2 devstack@keystone.service[80977]: DEBUG keystone.server.flask.request_processing.req_logging [None req-8423d36a-9fb2-4922-97b2-e8894a1dba51 None admin] PATH_INFO: `/v3/auth/tokens` {{(pid=80977) log_request_info /opt/stack/keystone/keystone/server/flask/request_processing/req_logging.py:29}}
Aug 02 10:30:53.783986 n-d-850746-2 devstack@keystone.service[80978]: DEBUG dbcounter [-] [80978] Writing DB stats keystone:SELECT=100 {{(pid=80978) stat_writer /usr/local/lib/python3.8/dist-packages/dbcounter.py:114}}
Aug 02 10:30:53.810848 n-d-850746-2 devstack@keystone.service[80978]: DEBUG keystone.server.flask.request_processing.middleware.auth_context [None req-fd8d1c2f-7291-4f81-989d-a97859cafdd8 None admin] RBAC: auth_context: {'token': , 'domain_id': None, 'trust_id': None, 'trustor_id': None, 'trustee_id': None, 'domain_name': None, 'group_ids': [], 'user_id': 'b2c1100cec804985abbb86ba10c3a234', 'user_domain_id': 'default', 'system_scope': 'all', 'project_id': None, 'project_domain_id': None, 'roles': ['admin', 'member', 'reader'], 'is_admin_project': True, 'service_user_id': None, 'service_user_domain_id': None, 'service_project_id': None, 'service_project_domain_id': None, 'service_roles': []} {{(pid=80978) fill_context /opt/stack/keystone/keystone/server/flask/request_processing/middleware/auth_context.py:478}}
Aug 02 10:30:53.811693 n-d-850746-2 devstack@keystone.service[80978]: DEBUG keystone.server.flask.request_processing.req_logging [None req-fd8d1c2f-7291-4f81-989d-a97859cafdd8 None admin] REQUEST_METHOD: `GET` {{(pid=80978) log_request_info /opt/stack/keystone/keystone/server/flask/request_processing/req_logging.py:27}}
Aug 02 10:30:53.812081 n-d-850746-2 devstack@keystone.service[80978]: DEBUG keystone.server.flask.request_processing.req_logging [None req-fd8d1c2f-7291-4f81-989d-a97859cafdd8 None admin] SCRIPT_NAME: `/identity` {{(pid=80978) log_request_info /opt/stack/keystone/keystone/server/flask/request_processing/req_logging.py:28}}
Aug 02 10:30:53.812458 n-d-850746-2 devstack@keystone.service[80978]: DEBUG keystone.server.flask.request_processing.req_logging [None req-fd8d1c2f-7291-4f81-989d-a97859cafdd8 None admin] PATH_INFO: `/v3/projects/a34e78813ba04b54b914412d39ccf245` {{(pid=80978) log_request_info /opt/stack/keystone/keystone/server/flask/request_processing/req_logging.py:29}}
Aug 02 10:30:53.813951 n-d-850746-2 devstack@keystone.service[80978]: DEBUG keystone.common.rbac_enforcer.enforcer [None req-fd8d1c2f-7291-4f81-989d-a97859cafdd8 None admin] RBAC: Authorizing `identity:get_project(project_id=a34e78813ba04b54b914412d39ccf245)` {{(pid=80978) enforce_call /opt/stack/keystone/keystone/common/rbac_enforcer/enforcer.py:449}}
Aug 02 10:30:53.815525 n-d-850746-2 devstack@keystone.service[80978]: DEBUG keystone.common.rbac_enforcer.enforcer [None req-fd8d1c2f-7291-4f81-989d-a97859cafdd8 None admin] RBAC: Authorization granted {{(pid=80978) enforce_call /opt/stack/keystone/keystone/common/rbac_enforcer/enforcer.py:457}}
Aug 02 10:30:53.817397 n-d-850746-2 devstack@keystone.service[80978]: [pid: 80978|app: 0|req: 101/198] 10.222.0.99 () {56 vars in 1186 bytes} [Tue Aug 2 10:30:53 2022] GET /identity/v3/projects/a34e78813ba04b54b914412d39ccf245 => generated 302 bytes in 192 msecs (HTTP/1.1 200) 5 headers in 177 bytes (1 switches on core 0)
Aug 02 10:30:53.818322 n-d-850746-2 devstack@keystone.service[80978]: DEBUG keystone.server.flask.request_processing.middleware.auth_context [None req-fd8d1c2f-7291-4f81-989d-a97859cafdd8 None admin] Authenticating user token {{(pid=80978) process_request /usr/local/lib/python3.8/dist-packages/keystonemiddleware/auth_token/__init__.py:407}}
Aug 02 10:30:53.865319 n-d-850746-2 devstack@keystone.service[80977]: DEBUG keystone.common.rbac_enforcer.enforcer [None req-8423d36a-9fb2-4922-97b2-e8894a1dba51 None admin] RBAC: Authorizing `identity:validate_token()` {{(pid=80977) enforce_call /opt/stack/keystone/keystone/common/rbac_enforcer/enforcer.py:449}}
Aug 02 10:30:53.867858 n-d-850746-2 devstack@keystone.service[80977]: DEBUG keystone.common.rbac_enforcer.enforcer [None req-8423d36a-9fb2-4922-97b2-e8894a1dba51 None admin] RBAC: Authorization granted {{(pid=80977) enforce_call /opt/stack/keystone/keystone/common/rbac_enforcer/enforcer.py:457}}
Aug 02 10:30:53.943536 n-d-850746-2 devstack@keystone.service[80978]: DEBUG keystone.server.flask.request_processing.middleware.auth_context [None req-fd8d1c2f-7291-4f81-989d-a97859cafdd8 None admin] Validating token access rules against request {{(pid=80978) validate_allowed_request /usr/local/lib/python3.8/dist-packages/keystonemiddleware/auth_token/__init__.py:545}}
Aug 02 10:30:53.984181 n-d-850746-2 devstack@keystone.service[80977]: [pid: 80977|app: 0|req: 98/199] 10.222.0.99 () {58 vars in 1282 bytes} [Tue Aug 2 10:30:53 2022] GET /identity/v3/auth/tokens => generated 799 bytes in 404 msecs (HTTP/1.1 200) 6 headers in 358 bytes (1 switches on core 0)
