Jul 22 09:59:58.354342 n-d-850729-2 devstack@placement-api.service[117271]: DEBUG placement.requestlog [req-72bd9033-a457-41f0-9b43-8595b114e62a req-d6b4e8c7-80d8-4cfc-b149-b9f01d2ecd1b None None] Starting request: 10.222.0.27 "PUT /placement/allocations/41f98ae7-3d3e-475b-9cfc-820c3bb01e7f" {{(pid=117271) __call__ /opt/stack/placement/placement/requestlog.py:55}}
Jul 22 09:59:58.454244 n-d-850729-2 devstack@placement-api.service[117272]: INFO placement.requestlog [req-afef794d-5554-49b0-9323-1b8906389ada req-899dcd91-b4d7-42d6-8f18-57963ab92a69 service placement] 10.222.0.27 "GET /placement/resource_providers?name=n-h1-850729-2" status: 200 len: 440 microversion: 1.0
Jul 22 09:59:58.463819 n-d-850729-2 devstack@placement-api.service[117272]: [pid: 117272|app: 0|req: 28/54] 10.222.0.27 () {58 vars in 1274 bytes} [Fri Jul 22 09:59:58 2022] GET /placement/resource_providers?name=n-h1-850729-2 => generated 440 bytes in 141 msecs (HTTP/1.1 200) 6 headers in 224 bytes (1 switches on core 0)
Jul 22 09:59:58.464873 n-d-850729-2 devstack@placement-api.service[117272]: DEBUG placement.requestlog [req-afef794d-5554-49b0-9323-1b8906389ada req-991bac54-c646-469e-bc6f-cd1b146376c8 None None] Starting request: 10.222.0.27 "GET /placement/resource_providers/6ebc2934-2826-4103-9df6-90c049245b73/aggregates" {{(pid=117272) __call__ /opt/stack/placement/placement/requestlog.py:55}}
Jul 22 09:59:58.481751 n-d-850729-2 devstack@placement-api.service[117272]: INFO placement.requestlog [req-afef794d-5554-49b0-9323-1b8906389ada req-991bac54-c646-469e-bc6f-cd1b146376c8 service placement] 10.222.0.27 "GET /placement/resource_providers/6ebc2934-2826-4103-9df6-90c049245b73/aggregates" status: 200 len: 91 microversion: 1.19
Jul 22 09:59:58.482271 n-d-850729-2 devstack@placement-api.service[117272]: [pid: 117272|app: 0|req: 29/55] 10.222.0.27 () {60 vars in 1425 bytes} [Fri Jul 22 09:59:58 2022] GET /placement/resource_providers/6ebc2934-2826-4103-9df6-90c049245b73/aggregates => generated 91 bytes in 18 msecs (HTTP/1.1 200) 8 headers in 295 bytes (1 switches on core 0)
Jul 22 09:59:58.505348 n-d-850729-2 devstack@placement-api.service[117272]: DEBUG placement.requestlog [req-afef794d-5554-49b0-9323-1b8906389ada req-a49372ec-1a44-4aa0-be18-2dd5d364d3f0 None None] Starting request: 10.222.0.27 "PUT /placement/resource_providers/6ebc2934-2826-4103-9df6-90c049245b73/aggregates" {{(pid=117272) __call__ /opt/stack/placement/placement/requestlog.py:55}}
Jul 22 09:59:58.537639 n-d-850729-2 devstack@placement-api.service[117272]: DEBUG placement.objects.resource_provider [req-afef794d-5554-49b0-9323-1b8906389ada req-a49372ec-1a44-4aa0-be18-2dd5d364d3f0 service placement] Setting aggregates for provider 6ebc2934-2826-4103-9df6-90c049245b73. Successfully disassociated aggregate 7f231bbb-5a2a-49a7-bd5d-0fbc5d42fca8. {{(pid=117272) _set_aggregates /opt/stack/placement/placement/objects/resource_provider.py:404}}
Jul 22 09:59:58.543379 n-d-850729-2 devstack@placement-api.service[117271]: DEBUG placement.handlers.allocation [req-72bd9033-a457-41f0-9b43-8595b114e62a req-d6b4e8c7-80d8-4cfc-b149-b9f01d2ecd1b service placement] Successfully wrote allocations [, , ] {{(pid=117271) _update_consumers_and_create_allocations /opt/stack/placement/placement/handlers/allocation.py:462}}
Jul 22 09:59:58.620734 n-d-850729-2 devstack@placement-api.service[117272]: INFO placement.requestlog [req-afef794d-5554-49b0-9323-1b8906389ada req-a49372ec-1a44-4aa0-be18-2dd5d364d3f0 service placement] 10.222.0.27 "PUT /placement/resource_providers/6ebc2934-2826-4103-9df6-90c049245b73/aggregates" status: 200 len: 53 microversion: 1.19
Jul 22 09:59:58.622150 n-d-850729-2 devstack@placement-api.service[117271]: INFO placement.requestlog [req-72bd9033-a457-41f0-9b43-8595b114e62a req-d6b4e8c7-80d8-4cfc-b149-b9f01d2ecd1b service placement] 10.222.0.27 "PUT /placement/allocations/41f98ae7-3d3e-475b-9cfc-820c3bb01e7f" status: 204 len: 0 microversion: 1.36
Jul 22 09:59:58.622283 n-d-850729-2 devstack@placement-api.service[117272]: [pid: 117272|app: 0|req: 30/56] 10.222.0.27 () {64 vars in 1477 bytes} [Fri Jul 22 09:59:58 2022] PUT /placement/resource_providers/6ebc2934-2826-4103-9df6-90c049245b73/aggregates => generated 53 bytes in 117 msecs (HTTP/1.1 200) 8 headers in 295 bytes (1 switches on core 0)
Jul 22 09:59:58.622961 n-d-850729-2 devstack@placement-api.service[117271]: [pid: 117271|app: 0|req: 27/57] 10.222.0.27 () {64 vars in 1433 bytes} [Fri Jul 22 09:59:58 2022] PUT /placement/allocations/41f98ae7-3d3e-475b-9cfc-820c3bb01e7f => generated 0 bytes in 269 msecs (HTTP/1.1 204) 5 headers in 199 bytes (1 switches on core 0)
Jul 22 09:59:58.760742 n-d-850729-2 devstack@placement-api.service[117272]: DEBUG placement.requestlog [req-2895ba73-9f04-4488-9d8b-c4ded4ac070f req-bd3d7004-991b-43dd-9217-209448d1f722 None None] Starting request: 10.222.0.23 "GET /placement/allocations/f338727d-4648-4ca0-bd29-ac96970cb61d" {{(pid=117272) __call__ /opt/stack/placement/placement/requestlog.py:55}}
Jul 22 09:59:58.784084 n-d-850729-2 devstack@placement-api.service[117272]: INFO placement.requestlog [req-2895ba73-9f04-4488-9d8b-c4ded4ac070f req-bd3d7004-991b-43dd-9217-209448d1f722 service placement] 10.222.0.23 "GET /placement/allocations/f338727d-4648-4ca0-bd29-ac96970cb61d" status: 200 len: 258 microversion: 1.28
Jul 22 09:59:58.784751 n-d-850729-2 devstack@placement-api.service[117272]: [pid: 117272|app: 0|req: 31/58] 10.222.0.23 () {60 vars in 1377 bytes} [Fri Jul 22 09:59:58 2022] GET /placement/allocations/f338727d-4648-4ca0-bd29-ac96970cb61d => generated 258 bytes in 24 msecs (HTTP/1.1 200) 8 headers in 296 bytes (1 switches on core 0)
Jul 22 09:59:59.197709 n-d-850729-2 devstack@placement-api.service[117271]: DEBUG placement.requestlog [req-83fa36e1-c23d-4254-8800-08eb085a66e8 req-a6daf969-c350-4f8c-b286-219ec95e988d None None] Starting request: 10.222.0.27 "GET /placement/resource_providers?name=n-h1-850729-2" {{(pid=117271) __call__ /opt/stack/placement/placement/requestlog.py:55}}
Jul 22 09:59:59.215016 n-d-850729-2 devstack@placement-api.service[117271]: INFO placement.requestlog [req-83fa36e1-c23d-4254-8800-08eb085a66e8 req-a6daf969-c350-4f8c-b286-219ec95e988d service placement] 10.222.0.27 "GET /placement/resource_providers?name=n-h1-850729-2" status: 200 len: 440 microversion: 1.0
Jul 22 09:59:59.215651 n-d-850729-2 devstack@placement-api.service[117271]: [pid: 117271|app: 0|req: 28/59] 10.222.0.27 () {58 vars in 1274 bytes} [Fri Jul 22 09:59:59 2022] GET /placement/resource_providers?name=n-h1-850729-2 => generated 440 bytes in 18 msecs (HTTP/1.1 200) 6 headers in 224 bytes (1 switches on core 0)
Jul 22 09:59:59.243219 n-d-850729-2 devstack@placement-api.service[117272]: DEBUG placement.requestlog [req-83fa36e1-c23d-4254-8800-08eb085a66e8 req-18e04f20-e21a-4b79-b8d5-bfa4c5c46adf None None] Starting request: 10.222.0.27 "GET /placement/resource_providers/6ebc2934-2826-4103-9df6-90c049245b73/aggregates" {{(pid=117272) __call__ /opt/stack/placement/placement/requestlog.py:55}}
Jul 22 09:59:59.268390 n-d-850729-2 devstack@placement-api.service[117272]: INFO placement.requestlog [req-83fa36e1-c23d-4254-8800-08eb085a66e8 req-18e04f20-e21a-4b79-b8d5-bfa4c5c46adf service placement] 10.222.0.27 "GET /placement/resource_providers/6ebc2934-2826-4103-9df6-90c049245b73/aggregates" status: 200 len: 53 microversion: 1.19
Jul 22 09:59:59.269488 n-d-850729-2 devstack@placement-api.service[117272]: [pid: 117272|app: 0|req: 32/60] 10.222.0.27 () {60 vars in 1425 bytes} [Fri Jul 22 09:59:59 2022] GET /placement/resource_providers/6ebc2934-2826-4103-9df6-90c049245b73/aggregates => generated 53 bytes in 26 msecs (HTTP/1.1 200) 8 headers in 295 bytes (2 switches on core 0)
Jul 22 09:59:59.279661 n-d-850729-2 devstack@placement-api.service[117271]: DEBUG placement.requestlog [req-83fa36e1-c23d-4254-8800-08eb085a66e8 req-75c6589f-e59a-4ca9-87b0-27ecb96689b7 None None] Starting request: 10.222.0.27 "PUT /placement/resource_providers/6ebc2934-2826-4103-9df6-90c049245b73/aggregates" {{(pid=117271) __call__ /opt/stack/placement/placement/requestlog.py:55}}
Jul 22 09:59:59.311528 n-d-850729-2 devstack@placement-api.service[117271]: DEBUG placement.objects.resource_provider [req-83fa36e1-c23d-4254-8800-08eb085a66e8 req-75c6589f-e59a-4ca9-87b0-27ecb96689b7 service placement] _ensure_aggregate() did not find aggregate fb923cf4-213a-41f5-aab2-a245a4de62a4. Attempting to create it. {{(pid=117271) _ensure_aggregate /opt/stack/placement/placement/objects/resource_provider.py:321}}
Jul 22 09:59:59.314695 n-d-850729-2 devstack@placement-api.service[117271]: DEBUG placement.objects.resource_provider [req-83fa36e1-c23d-4254-8800-08eb085a66e8 req-75c6589f-e59a-4ca9-87b0-27ecb96689b7 service placement] _ensure_aggregate() created new aggregate fb923cf4-213a-41f5-aab2-a245a4de62a4 (id=3). {{(pid=117271) _ensure_aggregate /opt/stack/placement/placement/objects/resource_provider.py:327}}
Jul 22 09:59:59.316395 n-d-850729-2 devstack@placement-api.service[117271]: DEBUG dbcounter [-] [117271] Writing DB stats placement:SELECT=78,placement:DELETE=6,placement:INSERT=12,placement:UPDATE=4 {{(pid=117271) stat_writer /usr/local/lib/python3.8/dist-packages/dbcounter.py:114}}
Jul 22 09:59:59.319108 n-d-850729-2 devstack@placement-api.service[117271]: DEBUG placement.objects.resource_provider [req-83fa36e1-c23d-4254-8800-08eb085a66e8 req-75c6589f-e59a-4ca9-87b0-27ecb96689b7 service placement] Setting aggregates for provider 6ebc2934-2826-4103-9df6-90c049245b73. Successfully associated aggregate fb923cf4-213a-41f5-aab2-a245a4de62a4. {{(pid=117271) _set_aggregates /opt/stack/placement/placement/objects/resource_provider.py:389}}
Jul 22 09:59:59.386410 n-d-850729-2 devstack@placement-api.service[117271]: INFO placement.requestlog [req-83fa36e1-c23d-4254-8800-08eb085a66e8 req-75c6589f-e59a-4ca9-87b0-27ecb96689b7 service placement] 10.222.0.27 "PUT /placement/resource_providers/6ebc2934-2826-4103-9df6-90c049245b73/aggregates" status: 200 len: 91 microversion: 1.19
Jul 22 09:59:59.390341 n-d-850729-2 devstack@placement-api.service[117271]: [pid: 117271|app: 0|req: 29/61] 10.222.0.27 () {64 vars in 1477 bytes} [Fri Jul 22 09:59:59 2022] PUT /placement/resource_providers/6ebc2934-2826-4103-9df6-90c049245b73/aggregates => generated 91 bytes in 111 msecs (HTTP/1.1 200) 8 headers in 295 bytes (2 switches on core 0)
Jul 22 09:59:59.509112 n-d-850729-2 devstack@placement-api.service[117272]: DEBUG placement.requestlog [req-44fcb308-a464-4f08-b038-1e167bc8499c req-52d36221-3a99-4085-ab1f-024324e3578e None None] Starting request: 10.222.0.27 "GET /placement/resource_providers?name=n-h1-850729-2" {{(pid=117272) __call__ /opt/stack/placement/placement/requestlog.py:55}}
Jul 22 09:59:59.521122 n-d-850729-2 devstack@placement-api.service[117272]: INFO placement.requestlog [req-44fcb308-a464-4f08-b038-1e167bc8499c req-52d36221-3a99-4085-ab1f-024324e3578e service placement] 10.222.0.27 "GET /placement/resource_providers?name=n-h1-850729-2" status: 200 len: 440 microversion: 1.0
Jul 22 09:59:59.521795 n-d-850729-2 devstack@placement-api.service[117272]: [pid: 117272|app: 0|req: 33/62] 10.222.0.27 () {58 vars in 1274 bytes} [Fri Jul 22 09:59:59 2022] GET /placement/resource_providers?name=n-h1-850729-2 => generated 440 bytes in 13 msecs (HTTP/1.1 200) 6 headers in 224 bytes (2 switches on core 0)
Jul 22 09:59:59.528206 n-d-850729-2 devstack@placement-api.service[117271]: DEBUG placement.requestlog [req-44fcb308-a464-4f08-b038-1e167bc8499c req-1b27fc19-e62b-4268-a48d-d26ecff1b8f6 None None] Starting request: 10.222.0.27 "GET /placement/resource_providers/6ebc2934-2826-4103-9df6-90c049245b73/aggregates" {{(pid=117271) __call__ /opt/stack/placement/placement/requestlog.py:55}}
Jul 22 09:59:59.551497 n-d-850729-2 devstack@placement-api.service[117271]: INFO placement.requestlog [req-44fcb308-a464-4f08-b038-1e167bc8499c req-1b27fc19-e62b-4268-a48d-d26ecff1b8f6 service placement] 10.222.0.27 "GET /placement/resource_providers/6ebc2934-2826-4103-9df6-90c049245b73/aggregates" status: 200 len: 91 microversion: 1.19
Jul 22 09:59:59.555313 n-d-850729-2 devstack@placement-api.service[117271]: [pid: 117271|app: 0|req: 30/63] 10.222.0.27 () {60 vars in 1425 bytes} [Fri Jul 22 09:59:59 2022] GET /placement/resource_providers/6ebc2934-2826-4103-9df6-90c049245b73/aggregates => generated 91 bytes in 25 msecs (HTTP/1.1 200) 8 headers in 295 bytes (1 switches on core 0)
Jul 22 09:59:59.566015 n-d-850729-2 devstack@placement-api.service[117272]: DEBUG placement.requestlog [req-44fcb308-a464-4f08-b038-1e167bc8499c req-87cbd641-592f-4c30-9c52-f56193495da5 None None] Starting request: 10.222.0.27 "PUT /placement/resource_providers/6ebc2934-2826-4103-9df6-90c049245b73/aggregates" {{(pid=117272) __call__ /opt/stack/placement/placement/requestlog.py:55}}
Jul 22 09:59:59.591322 n-d-850729-2 devstack@placement-api.service[117272]: DEBUG placement.objects.resource_provider [req-44fcb308-a464-4f08-b038-1e167bc8499c req-87cbd641-592f-4c30-9c52-f56193495da5 service placement] Setting aggregates for provider 6ebc2934-2826-4103-9df6-90c049245b73. Successfully disassociated aggregate fb923cf4-213a-41f5-aab2-a245a4de62a4. {{(pid=117272) _set_aggregates /opt/stack/placement/placement/objects/resource_provider.py:404}}
Jul 22 09:59:59.690194 n-d-850729-2 devstack@placement-api.service[117272]: INFO placement.requestlog [req-44fcb308-a464-4f08-b038-1e167bc8499c req-87cbd641-592f-4c30-9c52-f56193495da5 service placement] 10.222.0.27 "PUT /placement/resource_providers/6ebc2934-2826-4103-9df6-90c049245b73/aggregates" status: 200 len: 54 microversion: 1.19
Jul 22 09:59:59.693907 n-d-850729-2 devstack@placement-api.service[117272]: [pid: 117272|app: 0|req: 34/64] 10.222.0.27 () {64 vars in 1477 bytes} [Fri Jul 22 09:59:59 2022] PUT /placement/resource_providers/6ebc2934-2826-4103-9df6-90c049245b73/aggregates => generated 54 bytes in 128 msecs (HTTP/1.1 200) 8 headers in 295 bytes (2 switches on core 0)
Jul 22 10:00:00.073848 n-d-850729-2 devstack@placement-api.service[117271]: DEBUG placement.requestlog [req-570ed26f-0c3f-4c64-8687-07c96302b79d req-1b17bb1e-ab12-4a87-ba37-5b4f23fe9a0c None None] Starting request: 10.222.0.64 "DELETE /placement/allocations/18bbc477-7dd9-4879-ba9c-3f22822edd72" {{(pid=117271) __call__ /opt/stack/placement/placement/requestlog.py:55}}
Jul 22 10:00:00.093700 n-d-850729-2 devstack@placement-api.service[117272]: DEBUG placement.requestlog [req-72bd9033-a457-41f0-9b43-8595b114e62a req-a4b8c2aa-51e4-4292-9796-62a9b0fd4073 None None] Starting request: 10.222.0.23 "GET /placement/allocations/41f98ae7-3d3e-475b-9cfc-820c3bb01e7f" {{(pid=117272) __call__ /opt/stack/placement/placement/requestlog.py:55}}
Jul 22 10:00:00.130119 n-d-850729-2 devstack@placement-api.service[117272]: INFO placement.requestlog [req-72bd9033-a457-41f0-9b43-8595b114e62a req-a4b8c2aa-51e4-4292-9796-62a9b0fd4073 service placement] 10.222.0.23 "GET /placement/allocations/41f98ae7-3d3e-475b-9cfc-820c3bb01e7f" status: 200 len: 258 microversion: 1.28
Jul 22 10:00:00.136094 n-d-850729-2 devstack@placement-api.service[117272]: [pid: 117272|app: 0|req: 35/65] 10.222.0.23 () {60 vars in 1377 bytes} [Fri Jul 22 10:00:00 2022] GET /placement/allocations/41f98ae7-3d3e-475b-9cfc-820c3bb01e7f => generated 258 bytes in 37 msecs (HTTP/1.1 200) 8 headers in 296 bytes (1 switches on core 0)
Jul 22 10:00:00.309823 n-d-850729-2 devstack@placement-api.service[117272]: DEBUG placement.requestlog [req-be9bc0fb-4e2c-4d6b-8bb0-30b1207c7381 req-06e1cfd3-d4ad-43fc-a842-8e67db186d2d None None] Starting request: 10.222.0.27 "GET /placement/resource_providers?name=n-h1-850729-2" {{(pid=117272) __call__ /opt/stack/placement/placement/requestlog.py:55}}
Jul 22 10:00:00.328369 n-d-850729-2 devstack@placement-api.service[117272]: INFO placement.requestlog [req-be9bc0fb-4e2c-4d6b-8bb0-30b1207c7381 req-06e1cfd3-d4ad-43fc-a842-8e67db186d2d service placement] 10.222.0.27 "GET /placement/resource_providers?name=n-h1-850729-2" status: 200 len: 441 microversion: 1.0
Jul 22 10:00:00.329360 n-d-850729-2 devstack@placement-api.service[117272]: [pid: 117272|app: 0|req: 36/66] 10.222.0.27 () {58 vars in 1274 bytes} [Fri Jul 22 10:00:00 2022] GET /placement/resource_providers?name=n-h1-850729-2 => generated 441 bytes in 19 msecs (HTTP/1.1 200) 6 headers in 224 bytes (1 switches on core 0)
Jul 22 10:00:00.340280 n-d-850729-2 devstack@placement-api.service[117272]: DEBUG placement.requestlog [req-be9bc0fb-4e2c-4d6b-8bb0-30b1207c7381 req-924a48d9-083b-40d3-b24e-8586ba10f54d None None] Starting request: 10.222.0.27 "GET /placement/resource_providers/6ebc2934-2826-4103-9df6-90c049245b73/aggregates" {{(pid=117272) __call__ /opt/stack/placement/placement/requestlog.py:55}}
Jul 22 10:00:00.357380 n-d-850729-2 devstack@placement-api.service[117271]: DEBUG placement.handlers.allocation [req-570ed26f-0c3f-4c64-8687-07c96302b79d req-1b17bb1e-ab12-4a87-ba37-5b4f23fe9a0c service placement] Successfully deleted allocations [, , ] {{(pid=117271) delete_allocations /opt/stack/placement/placement/handlers/allocation.py:627}}
Jul 22 10:00:00.358490 n-d-850729-2 devstack@placement-api.service[117271]: INFO placement.requestlog [req-570ed26f-0c3f-4c64-8687-07c96302b79d req-1b17bb1e-ab12-4a87-ba37-5b4f23fe9a0c service placement] 10.222.0.64 "DELETE /placement/allocations/18bbc477-7dd9-4879-ba9c-3f22822edd72" status: 204 len: 0 microversion: 1.0
Jul 22 10:00:00.362672 n-d-850729-2 devstack@placement-api.service[117271]: [pid: 117271|app: 0|req: 31/67] 10.222.0.64 () {60 vars in 1355 bytes} [Fri Jul 22 10:00:00 2022] DELETE /placement/allocations/18bbc477-7dd9-4879-ba9c-3f22822edd72 => generated 0 bytes in 287 msecs (HTTP/1.1 204) 5 headers in 198 bytes (1 switches on core 0)
Jul 22 10:00:00.383334 n-d-850729-2 devstack@placement-api.service[117272]: INFO placement.requestlog [req-be9bc0fb-4e2c-4d6b-8bb0-30b1207c7381 req-924a48d9-083b-40d3-b24e-8586ba10f54d service placement] 10.222.0.27 "GET /placement/resource_providers/6ebc2934-2826-4103-9df6-90c049245b73/aggregates" status: 200 len: 54 microversion: 1.19
Jul 22 10:00:00.392229 n-d-850729-2 devstack@placement-api.service[117272]: [pid: 117272|app: 0|req: 37/68] 10.222.0.27 () {60 vars in 1425 bytes} [Fri Jul 22 10:00:00 2022] GET /placement/resource_providers/6ebc2934-2826-4103-9df6-90c049245b73/aggregates => generated 54 bytes in 52 msecs (HTTP/1.1 200) 8 headers in 295 bytes (1 switches on core 0)
Jul 22 10:00:00.392471 n-d-850729-2 devstack@placement-api.service[117271]: DEBUG placement.requestlog [req-be9bc0fb-4e2c-4d6b-8bb0-30b1207c7381 req-fa79031d-de4d-4795-a445-76293bb126c1 None None] Starting request: 10.222.0.27 "PUT /placement/resource_providers/6ebc2934-2826-4103-9df6-90c049245b73/aggregates" {{(pid=117271) __call__ /opt/stack/placement/placement/requestlog.py:55}}
Jul 22 10:00:00.434332 n-d-850729-2 devstack@placement-api.service[117271]: DEBUG placement.objects.resource_provider [req-be9bc0fb-4e2c-4d6b-8bb0-30b1207c7381 req-fa79031d-de4d-4795-a445-76293bb126c1 service placement] _ensure_aggregate() did not find aggregate ce96c0b8-7685-45d0-a194-10dd93b028a6. Attempting to create it. {{(pid=117271) _ensure_aggregate /opt/stack/placement/placement/objects/resource_provider.py:321}}
Jul 22 10:00:00.436430 n-d-850729-2 devstack@placement-api.service[117271]: DEBUG placement.objects.resource_provider [req-be9bc0fb-4e2c-4d6b-8bb0-30b1207c7381 req-fa79031d-de4d-4795-a445-76293bb126c1 service placement] _ensure_aggregate() created new aggregate ce96c0b8-7685-45d0-a194-10dd93b028a6 (id=4). {{(pid=117271) _ensure_aggregate /opt/stack/placement/placement/objects/resource_provider.py:327}}
Jul 22 10:00:00.439779 n-d-850729-2 devstack@placement-api.service[117271]: DEBUG placement.objects.resource_provider [req-be9bc0fb-4e2c-4d6b-8bb0-30b1207c7381 req-fa79031d-de4d-4795-a445-76293bb126c1 service placement] Setting aggregates for provider 6ebc2934-2826-4103-9df6-90c049245b73. Successfully associated aggregate ce96c0b8-7685-45d0-a194-10dd93b028a6. {{(pid=117271) _set_aggregates /opt/stack/placement/placement/objects/resource_provider.py:389}}
Jul 22 10:00:00.571027 n-d-850729-2 devstack@placement-api.service[117271]: INFO placement.requestlog [req-be9bc0fb-4e2c-4d6b-8bb0-30b1207c7381 req-fa79031d-de4d-4795-a445-76293bb126c1 service placement] 10.222.0.27 "PUT /placement/resource_providers/6ebc2934-2826-4103-9df6-90c049245b73/aggregates" status: 200 len: 92 microversion: 1.19
Jul 22 10:00:00.572041 n-d-850729-2 devstack@placement-api.service[117271]: [pid: 117271|app: 0|req: 32/69] 10.222.0.27 () {64 vars in 1477 bytes} [Fri Jul 22 10:00:00 2022] PUT /placement/resource_providers/6ebc2934-2826-4103-9df6-90c049245b73/aggregates => generated 92 bytes in 180 msecs (HTTP/1.1 200) 8 headers in 295 bytes (1 switches on core 0)
Jul 22 10:00:00.694333 n-d-850729-2 devstack@placement-api.service[117272]: DEBUG placement.requestlog [req-648f4b97-9ac9-479a-a3a8-7270e3bf3762 req-404c77a0-bf26-4f2c-832c-0311322f3b15 None None] Starting request: 10.222.0.27 "GET /placement/resource_providers?name=n-h1-850729-2" {{(pid=117272) __call__ /opt/stack/placement/placement/requestlog.py:55}}
Jul 22 10:00:00.709360 n-d-850729-2 devstack@placement-api.service[117272]: INFO placement.requestlog [req-648f4b97-9ac9-479a-a3a8-7270e3bf3762 req-404c77a0-bf26-4f2c-832c-0311322f3b15 service placement] 10.222.0.27 "GET /placement/resource_providers?name=n-h1-850729-2" status: 200 len: 441 microversion: 1.0
Jul 22 10:00:00.710492 n-d-850729-2 devstack@placement-api.service[117272]: [pid: 117272|app: 0|req: 38/70] 10.222.0.27 () {58 vars in 1274 bytes} [Fri Jul 22 10:00:00 2022] GET /placement/resource_providers?name=n-h1-850729-2 => generated 441 bytes in 16 msecs (HTTP/1.1 200) 6 headers in 224 bytes (1 switches on core 0)
Jul 22 10:00:00.718009 n-d-850729-2 devstack@placement-api.service[117271]: DEBUG placement.requestlog [req-648f4b97-9ac9-479a-a3a8-7270e3bf3762 req-23ede929-b653-41d4-bcbb-eb66d9adb7d6 None None] Starting request: 10.222.0.27 "GET /placement/resource_providers/6ebc2934-2826-4103-9df6-90c049245b73/aggregates" {{(pid=117271) __call__ /opt/stack/placement/placement/requestlog.py:55}}
Jul 22 10:00:00.748956 n-d-850729-2 devstack@placement-api.service[117271]: INFO placement.requestlog [req-648f4b97-9ac9-479a-a3a8-7270e3bf3762 req-23ede929-b653-41d4-bcbb-eb66d9adb7d6 service placement] 10.222.0.27 "GET /placement/resource_providers/6ebc2934-2826-4103-9df6-90c049245b73/aggregates" status: 200 len: 92 microversion: 1.19
Jul 22 10:00:00.750450 n-d-850729-2 devstack@placement-api.service[117271]: [pid: 117271|app: 0|req: 33/71] 10.222.0.27 () {60 vars in 1425 bytes} [Fri Jul 22 10:00:00 2022] GET /placement/resource_providers/6ebc2934-2826-4103-9df6-90c049245b73/aggregates => generated 92 bytes in 33 msecs (HTTP/1.1 200) 8 headers in 295 bytes (1 switches on core 0)
Jul 22 10:00:00.760061 n-d-850729-2 devstack@placement-api.service[117272]: DEBUG placement.requestlog [req-648f4b97-9ac9-479a-a3a8-7270e3bf3762 req-56a2d61f-4065-4f37-83f0-77cbb05560df None None] Starting request: 10.222.0.27 "PUT /placement/resource_providers/6ebc2934-2826-4103-9df6-90c049245b73/aggregates" {{(pid=117272) __call__ /opt/stack/placement/placement/requestlog.py:55}}
Jul 22 10:00:00.777361 n-d-850729-2 devstack@placement-api.service[117272]: DEBUG placement.objects.resource_provider [req-648f4b97-9ac9-479a-a3a8-7270e3bf3762 req-56a2d61f-4065-4f37-83f0-77cbb05560df service placement] Setting aggregates for provider 6ebc2934-2826-4103-9df6-90c049245b73. Successfully disassociated aggregate ce96c0b8-7685-45d0-a194-10dd93b028a6. {{(pid=117272) _set_aggregates /opt/stack/placement/placement/objects/resource_provider.py:404}}
Jul 22 10:00:00.878403 n-d-850729-2 devstack@placement-api.service[117272]: INFO placement.requestlog [req-648f4b97-9ac9-479a-a3a8-7270e3bf3762 req-56a2d61f-4065-4f37-83f0-77cbb05560df service placement] 10.222.0.27 "PUT /placement/resource_providers/6ebc2934-2826-4103-9df6-90c049245b73/aggregates" status: 200 len: 54 microversion: 1.19
Jul 22 10:00:00.881925 n-d-850729-2 devstack@placement-api.service[117272]: [pid: 117272|app: 0|req: 39/72] 10.222.0.27 () {64 vars in 1477 bytes} [Fri Jul 22 10:00:00 2022] PUT /placement/resource_providers/6ebc2934-2826-4103-9df6-90c049245b73/aggregates => generated 54 bytes in 122 msecs (HTTP/1.1 200) 8 headers in 295 bytes (1 switches on core 0)
Jul 22 10:00:01.550369 n-d-850729-2 devstack@placement-api.service[117271]: DEBUG placement.requestlog [req-5bfd3c85-a4b0-4a93-80ff-0429d8968f34 req-e46b21c7-e3d7-4734-9152-201a62f984bc None None] Starting request: 10.222.0.27 "GET /placement/resource_providers?name=n-h1-850729-2" {{(pid=117271) __call__ /opt/stack/placement/placement/requestlog.py:55}}
Jul 22 10:00:01.581898 n-d-850729-2 devstack@placement-api.service[117271]: INFO placement.requestlog [req-5bfd3c85-a4b0-4a93-80ff-0429d8968f34 req-e46b21c7-e3d7-4734-9152-201a62f984bc service placement] 10.222.0.27 "GET /placement/resource_providers?name=n-h1-850729-2" status: 200 len: 441 microversion: 1.0
Jul 22 10:00:01.583989 n-d-850729-2 devstack@placement-api.service[117271]: [pid: 117271|app: 0|req: 34/73] 10.222.0.27 () {58 vars in 1274 bytes} [Fri Jul 22 10:00:01 2022] GET /placement/resource_providers?name=n-h1-850729-2 => generated 441 bytes in 34 msecs (HTTP/1.1 200) 6 headers in 224 bytes (2 switches on core 0)
Jul 22 10:00:01.594457 n-d-850729-2 devstack@placement-api.service[117272]: DEBUG placement.requestlog [req-5bfd3c85-a4b0-4a93-80ff-0429d8968f34 req-ae8f1dec-a65d-403b-bc49-e026d1566aaa None None] Starting request: 10.222.0.27 "GET /placement/resource_providers/6ebc2934-2826-4103-9df6-90c049245b73/aggregates" {{(pid=117272) __call__ /opt/stack/placement/placement/requestlog.py:55}}
Jul 22 10:00:01.618308 n-d-850729-2 devstack@placement-api.service[117272]: INFO placement.requestlog [req-5bfd3c85-a4b0-4a93-80ff-0429d8968f34 req-ae8f1dec-a65d-403b-bc49-e026d1566aaa service placement] 10.222.0.27 "GET /placement/resource_providers/6ebc2934-2826-4103-9df6-90c049245b73/aggregates" status: 200 len: 54 microversion: 1.19
Jul 22 10:00:01.619184 n-d-850729-2 devstack@placement-api.service[117272]: [pid: 117272|app: 0|req: 40/74] 10.222.0.27 () {60 vars in 1425 bytes} [Fri Jul 22 10:00:01 2022] GET /placement/resource_providers/6ebc2934-2826-4103-9df6-90c049245b73/aggregates => generated 54 bytes in 26 msecs (HTTP/1.1 200) 8 headers in 295 bytes (1 switches on core 0)
Jul 22 10:00:01.633467 n-d-850729-2 devstack@placement-api.service[117271]: DEBUG placement.requestlog [req-5bfd3c85-a4b0-4a93-80ff-0429d8968f34 req-dc7918de-5e9e-45f3-888a-465810fc53d8 None None] Starting request: 10.222.0.27 "PUT /placement/resource_providers/6ebc2934-2826-4103-9df6-90c049245b73/aggregates" {{(pid=117271) __call__ /opt/stack/placement/placement/requestlog.py:55}}
Jul 22 10:00:01.678210 n-d-850729-2 devstack@placement-api.service[117271]: DEBUG placement.objects.resource_provider [req-5bfd3c85-a4b0-4a93-80ff-0429d8968f34 req-dc7918de-5e9e-45f3-888a-465810fc53d8 service placement] _ensure_aggregate() did not find aggregate d462871b-3aa2-4117-a3ae-107677888f58. Attempting to create it. {{(pid=117271) _ensure_aggregate /opt/stack/placement/placement/objects/resource_provider.py:321}}
Jul 22 10:00:01.680232 n-d-850729-2 devstack@placement-api.service[117271]: DEBUG placement.objects.resource_provider [req-5bfd3c85-a4b0-4a93-80ff-0429d8968f34 req-dc7918de-5e9e-45f3-888a-465810fc53d8 service placement] _ensure_aggregate() created new aggregate d462871b-3aa2-4117-a3ae-107677888f58 (id=5). {{(pid=117271) _ensure_aggregate /opt/stack/placement/placement/objects/resource_provider.py:327}}
Jul 22 10:00:01.681910 n-d-850729-2 devstack@placement-api.service[117271]: DEBUG placement.objects.resource_provider [req-5bfd3c85-a4b0-4a93-80ff-0429d8968f34 req-dc7918de-5e9e-45f3-888a-465810fc53d8 service placement] Setting aggregates for provider 6ebc2934-2826-4103-9df6-90c049245b73. Successfully associated aggregate d462871b-3aa2-4117-a3ae-107677888f58. {{(pid=117271) _set_aggregates /opt/stack/placement/placement/objects/resource_provider.py:389}}
Jul 22 10:00:01.777360 n-d-850729-2 devstack@placement-api.service[117271]: INFO placement.requestlog [req-5bfd3c85-a4b0-4a93-80ff-0429d8968f34 req-dc7918de-5e9e-45f3-888a-465810fc53d8 service placement] 10.222.0.27 "PUT /placement/resource_providers/6ebc2934-2826-4103-9df6-90c049245b73/aggregates" status: 200 len: 92 microversion: 1.19
Jul 22 10:00:01.778093 n-d-850729-2 devstack@placement-api.service[117271]: [pid: 117271|app: 0|req: 35/75] 10.222.0.27 () {64 vars in 1477 bytes} [Fri Jul 22 10:00:01 2022] PUT /placement/resource_providers/6ebc2934-2826-4103-9df6-90c049245b73/aggregates => generated 92 bytes in 146 msecs (HTTP/1.1 200) 8 headers in 295 bytes (1 switches on core 0)
Jul 22 10:00:02.176750 n-d-850729-2 devstack@placement-api.service[117272]: DEBUG placement.requestlog [req-a3650d72-f046-4721-9347-25ba1eba6e03 req-e6d5f8a2-28b2-45d3-a603-1450b2dba0f0 None None] Starting request: 10.222.0.27 "GET /placement/resource_providers?name=n-h1-850729-2" {{(pid=117272) __call__ /opt/stack/placement/placement/requestlog.py:55}}
Jul 22 10:00:02.199062 n-d-850729-2 devstack@placement-api.service[117272]: INFO placement.requestlog [req-a3650d72-f046-4721-9347-25ba1eba6e03 req-e6d5f8a2-28b2-45d3-a603-1450b2dba0f0 service placement] 10.222.0.27 "GET /placement/resource_providers?name=n-h1-850729-2" status: 200 len: 441 microversion: 1.0
Jul 22 10:00:02.200464 n-d-850729-2 devstack@placement-api.service[117272]: [pid: 117272|app: 0|req: 41/76] 10.222.0.27 () {58 vars in 1274 bytes} [Fri Jul 22 10:00:02 2022] GET /placement/resource_providers?name=n-h1-850729-2 => generated 441 bytes in 24 msecs (HTTP/1.1 200) 6 headers in 224 bytes (1 switches on core 0)
Jul 22 10:00:02.212956 n-d-850729-2 devstack@placement-api.service[117271]: DEBUG placement.requestlog [req-a3650d72-f046-4721-9347-25ba1eba6e03 req-0b3065f5-c19c-4d30-b92c-4e4cd5cc0358 None None] Starting request: 10.222.0.27 "GET /placement/resource_providers/6ebc2934-2826-4103-9df6-90c049245b73/aggregates" {{(pid=117271) __call__ /opt/stack/placement/placement/requestlog.py:55}}
Jul 22 10:00:02.227578 n-d-850729-2 devstack@placement-api.service[117271]: INFO placement.requestlog [req-a3650d72-f046-4721-9347-25ba1eba6e03 req-0b3065f5-c19c-4d30-b92c-4e4cd5cc0358 service placement] 10.222.0.27 "GET /placement/resource_providers/6ebc2934-2826-4103-9df6-90c049245b73/aggregates" status: 200 len: 92 microversion: 1.19
Jul 22 10:00:02.228283 n-d-850729-2 devstack@placement-api.service[117271]: [pid: 117271|app: 0|req: 36/77] 10.222.0.27 () {60 vars in 1425 bytes} [Fri Jul 22 10:00:02 2022] GET /placement/resource_providers/6ebc2934-2826-4103-9df6-90c049245b73/aggregates => generated 92 bytes in 15 msecs (HTTP/1.1 200) 8 headers in 295 bytes (1 switches on core 0)
Jul 22 10:00:02.236931 n-d-850729-2 devstack@placement-api.service[117272]: DEBUG placement.requestlog [req-a3650d72-f046-4721-9347-25ba1eba6e03 req-7ebac081-6e91-43c1-a4a9-fbf9cfaec800 None None] Starting request: 10.222.0.27 "PUT /placement/resource_providers/6ebc2934-2826-4103-9df6-90c049245b73/aggregates" {{(pid=117272) __call__ /opt/stack/placement/placement/requestlog.py:55}}
Jul 22 10:00:02.256353 n-d-850729-2 devstack@placement-api.service[117272]: DEBUG placement.objects.resource_provider [req-a3650d72-f046-4721-9347-25ba1eba6e03 req-7ebac081-6e91-43c1-a4a9-fbf9cfaec800 service placement] Setting aggregates for provider 6ebc2934-2826-4103-9df6-90c049245b73. Successfully disassociated aggregate d462871b-3aa2-4117-a3ae-107677888f58. {{(pid=117272) _set_aggregates /opt/stack/placement/placement/objects/resource_provider.py:404}}
Jul 22 10:00:02.350708 n-d-850729-2 devstack@placement-api.service[117272]: INFO placement.requestlog [req-a3650d72-f046-4721-9347-25ba1eba6e03 req-7ebac081-6e91-43c1-a4a9-fbf9cfaec800 service placement] 10.222.0.27 "PUT /placement/resource_providers/6ebc2934-2826-4103-9df6-90c049245b73/aggregates" status: 200 len: 54 microversion: 1.19
Jul 22 10:00:02.355537 n-d-850729-2 devstack@placement-api.service[117272]: [pid: 117272|app: 0|req: 42/78] 10.222.0.27 () {64 vars in 1477 bytes} [Fri Jul 22 10:00:02 2022] PUT /placement/resource_providers/6ebc2934-2826-4103-9df6-90c049245b73/aggregates => generated 54 bytes in 119 msecs (HTTP/1.1 200) 8 headers in 295 bytes (1 switches on core 0)
Jul 22 10:00:08.253342 n-d-850729-2 devstack@placement-api.service[117271]: DEBUG placement.requestlog [req-8adc78f3-8dd2-4dbc-b824-bf89f4e3da10 req-815d8415-a4db-470a-8e4d-c9af76110a9c None None] Starting request: 10.222.0.27 "GET /placement/resource_providers?name=n-h1-850729-2" {{(pid=117271) __call__ /opt/stack/placement/placement/requestlog.py:55}}
Jul 22 10:00:08.279228 n-d-850729-2 devstack@placement-api.service[117271]: INFO placement.requestlog [req-8adc78f3-8dd2-4dbc-b824-bf89f4e3da10 req-815d8415-a4db-470a-8e4d-c9af76110a9c service placement] 10.222.0.27 "GET /placement/resource_providers?name=n-h1-850729-2" status: 200 len: 441 microversion: 1.0
Jul 22 10:00:08.280492 n-d-850729-2 devstack@placement-api.service[117271]: [pid: 117271|app: 0|req: 37/79] 10.222.0.27 () {58 vars in 1274 bytes} [Fri Jul 22 10:00:08 2022] GET /placement/resource_providers?name=n-h1-850729-2 => generated 441 bytes in 28 msecs (HTTP/1.1 200) 6 headers in 224 bytes (1 switches on core 0)
Jul 22 10:00:08.287684 n-d-850729-2 devstack@placement-api.service[117272]: DEBUG placement.requestlog [req-8adc78f3-8dd2-4dbc-b824-bf89f4e3da10 req-0dc53f88-a1cd-469e-aa43-b6bd52ff0c6b None None] Starting request: 10.222.0.27 "GET /placement/resource_providers/6ebc2934-2826-4103-9df6-90c049245b73/aggregates" {{(pid=117272) __call__ /opt/stack/placement/placement/requestlog.py:55}}
Jul 22 10:00:08.315351 n-d-850729-2 devstack@placement-api.service[117272]: INFO placement.requestlog [req-8adc78f3-8dd2-4dbc-b824-bf89f4e3da10 req-0dc53f88-a1cd-469e-aa43-b6bd52ff0c6b service placement] 10.222.0.27 "GET /placement/resource_providers/6ebc2934-2826-4103-9df6-90c049245b73/aggregates" status: 200 len: 54 microversion: 1.19
Jul 22 10:00:08.317247 n-d-850729-2 devstack@placement-api.service[117272]: [pid: 117272|app: 0|req: 43/80] 10.222.0.27 () {60 vars in 1425 bytes} [Fri Jul 22 10:00:08 2022] GET /placement/resource_providers/6ebc2934-2826-4103-9df6-90c049245b73/aggregates => generated 54 bytes in 30 msecs (HTTP/1.1 200) 8 headers in 295 bytes (1 switches on core 0)
Jul 22 10:00:08.329026 n-d-850729-2 devstack@placement-api.service[117271]: DEBUG placement.requestlog [req-8adc78f3-8dd2-4dbc-b824-bf89f4e3da10 req-4984f291-4aaa-480a-b5fd-bc037eea087d None None] Starting request: 10.222.0.27 "PUT /placement/resource_providers/6ebc2934-2826-4103-9df6-90c049245b73/aggregates" {{(pid=117271) __call__ /opt/stack/placement/placement/requestlog.py:55}}
Jul 22 10:00:08.353970 n-d-850729-2 devstack@placement-api.service[117271]: DEBUG placement.objects.resource_provider [req-8adc78f3-8dd2-4dbc-b824-bf89f4e3da10 req-4984f291-4aaa-480a-b5fd-bc037eea087d service placement] _ensure_aggregate() did not find aggregate 5299e004-fb74-4050-8e06-046aae0765db. Attempting to create it. {{(pid=117271) _ensure_aggregate /opt/stack/placement/placement/objects/resource_provider.py:321}}
Jul 22 10:00:08.397705 n-d-850729-2 devstack@placement-api.service[117271]: DEBUG placement.objects.resource_provider [req-8adc78f3-8dd2-4dbc-b824-bf89f4e3da10 req-4984f291-4aaa-480a-b5fd-bc037eea087d service placement] _ensure_aggregate() created new aggregate 5299e004-fb74-4050-8e06-046aae0765db (id=6). {{(pid=117271) _ensure_aggregate /opt/stack/placement/placement/objects/resource_provider.py:327}}
Jul 22 10:00:08.412483 n-d-850729-2 devstack@placement-api.service[117271]: DEBUG placement.objects.resource_provider [req-8adc78f3-8dd2-4dbc-b824-bf89f4e3da10 req-4984f291-4aaa-480a-b5fd-bc037eea087d service placement] Setting aggregates for provider 6ebc2934-2826-4103-9df6-90c049245b73. Successfully associated aggregate 5299e004-fb74-4050-8e06-046aae0765db. {{(pid=117271) _set_aggregates /opt/stack/placement/placement/objects/resource_provider.py:389}}
Jul 22 10:00:08.537572 n-d-850729-2 devstack@placement-api.service[117271]: INFO placement.requestlog [req-8adc78f3-8dd2-4dbc-b824-bf89f4e3da10 req-4984f291-4aaa-480a-b5fd-bc037eea087d service placement] 10.222.0.27 "PUT /placement/resource_providers/6ebc2934-2826-4103-9df6-90c049245b73/aggregates" status: 200 len: 92 microversion: 1.19
Jul 22 10:00:08.540058 n-d-850729-2 devstack@placement-api.service[117271]: [pid: 117271|app: 0|req: 38/81] 10.222.0.27 () {64 vars in 1477 bytes} [Fri Jul 22 10:00:08 2022] PUT /placement/resource_providers/6ebc2934-2826-4103-9df6-90c049245b73/aggregates => generated 92 bytes in 210 msecs (HTTP/1.1 200) 8 headers in 295 bytes (1 switches on core 0)
Jul 22 10:00:08.658159 n-d-850729-2 devstack@placement-api.service[117272]: DEBUG placement.requestlog [req-3de516c8-9b29-4113-a77e-70caaf9e018b req-90502a1b-693c-4373-848a-92e35f73f9e0 None None] Starting request: 10.222.0.27 "GET /placement/resource_providers?name=n-h1-850729-2" {{(pid=117272) __call__ /opt/stack/placement/placement/requestlog.py:55}}
Jul 22 10:00:08.696067 n-d-850729-2 devstack@placement-api.service[117272]: INFO placement.requestlog [req-3de516c8-9b29-4113-a77e-70caaf9e018b req-90502a1b-693c-4373-848a-92e35f73f9e0 service placement] 10.222.0.27 "GET /placement/resource_providers?name=n-h1-850729-2" status: 200 len: 441 microversion: 1.0
Jul 22 10:00:08.701455 n-d-850729-2 devstack@placement-api.service[117272]: [pid: 117272|app: 0|req: 44/82] 10.222.0.27 () {58 vars in 1274 bytes} [Fri Jul 22 10:00:08 2022] GET /placement/resource_providers?name=n-h1-850729-2 => generated 441 bytes in 40 msecs (HTTP/1.1 200) 6 headers in 224 bytes (1 switches on core 0)
Jul 22 10:00:08.705103 n-d-850729-2 devstack@placement-api.service[117271]: DEBUG placement.requestlog [req-3de516c8-9b29-4113-a77e-70caaf9e018b req-3e4609b4-c1c4-4562-b8ff-d4b90591a126 None None] Starting request: 10.222.0.27 "GET /placement/resource_providers/6ebc2934-2826-4103-9df6-90c049245b73/aggregates" {{(pid=117271) __call__ /opt/stack/placement/placement/requestlog.py:55}}
Jul 22 10:00:08.801167 n-d-850729-2 devstack@placement-api.service[117271]: INFO placement.requestlog [req-3de516c8-9b29-4113-a77e-70caaf9e018b req-3e4609b4-c1c4-4562-b8ff-d4b90591a126 service placement] 10.222.0.27 "GET /placement/resource_providers/6ebc2934-2826-4103-9df6-90c049245b73/aggregates" status: 200 len: 92 microversion: 1.19
Jul 22 10:00:08.803621 n-d-850729-2 devstack@placement-api.service[117271]: [pid: 117271|app: 0|req: 39/83] 10.222.0.27 () {60 vars in 1425 bytes} [Fri Jul 22 10:00:08 2022] GET /placement/resource_providers/6ebc2934-2826-4103-9df6-90c049245b73/aggregates => generated 92 bytes in 99 msecs (HTTP/1.1 200) 8 headers in 295 bytes (1 switches on core 0)
Jul 22 10:00:08.812432 n-d-850729-2 devstack@placement-api.service[117272]: DEBUG placement.requestlog [req-3de516c8-9b29-4113-a77e-70caaf9e018b req-661e0dc3-b5a4-40f3-b201-723a35d42cee None None] Starting request: 10.222.0.27 "PUT /placement/resource_providers/6ebc2934-2826-4103-9df6-90c049245b73/aggregates" {{(pid=117272) __call__ /opt/stack/placement/placement/requestlog.py:55}}
Jul 22 10:00:08.863472 n-d-850729-2 devstack@placement-api.service[117272]: DEBUG dbcounter [-] [117272] Writing DB stats placement:SELECT=85,placement:DELETE=7,placement:UPDATE=6,placement:INSERT=2 {{(pid=117272) stat_writer /usr/local/lib/python3.8/dist-packages/dbcounter.py:114}}
Jul 22 10:00:08.872873 n-d-850729-2 devstack@placement-api.service[117272]: DEBUG placement.objects.resource_provider [req-3de516c8-9b29-4113-a77e-70caaf9e018b req-661e0dc3-b5a4-40f3-b201-723a35d42cee service placement] Setting aggregates for provider 6ebc2934-2826-4103-9df6-90c049245b73. Successfully disassociated aggregate 5299e004-fb74-4050-8e06-046aae0765db. {{(pid=117272) _set_aggregates /opt/stack/placement/placement/objects/resource_provider.py:404}}
Jul 22 10:00:08.980584 n-d-850729-2 devstack@placement-api.service[117272]: INFO placement.requestlog [req-3de516c8-9b29-4113-a77e-70caaf9e018b req-661e0dc3-b5a4-40f3-b201-723a35d42cee service placement] 10.222.0.27 "PUT /placement/resource_providers/6ebc2934-2826-4103-9df6-90c049245b73/aggregates" status: 200 len: 54 microversion: 1.19
Jul 22 10:00:08.981474 n-d-850729-2 devstack@placement-api.service[117272]: [pid: 117272|app: 0|req: 45/84] 10.222.0.27 () {64 vars in 1477 bytes} [Fri Jul 22 10:00:08 2022] PUT /placement/resource_providers/6ebc2934-2826-4103-9df6-90c049245b73/aggregates => generated 54 bytes in 170 msecs (HTTP/1.1 200) 8 headers in 295 bytes (1 switches on core 0)
Jul 22 10:00:14.866423 n-d-850729-2 devstack@placement-api.service[117271]: DEBUG placement.requestlog [req-11dfe8c7-e953-4f3f-a771-5abb5a94ebda req-6e361e27-d708-4de8-af41-9a871eac2c6d None None] Starting request: 10.222.0.27 "GET /placement/allocation_candidates?limit=1000&resources=DISK_GB%3A1%2CMEMORY_MB%3A1024%2CVCPU%3A1&root_required=%21COMPUTE_STATUS_DISABLED" {{(pid=117271) __call__ /opt/stack/placement/placement/requestlog.py:55}}
Jul 22 10:00:14.933360 n-d-850729-2 devstack@placement-api.service[117271]: DEBUG placement.objects.research_context [req-11dfe8c7-e953-4f3f-a771-5abb5a94ebda req-6e361e27-d708-4de8-af41-9a871eac2c6d service placement] getting providers with 1 DISK_GB {{(pid=117271) __init__ /opt/stack/placement/placement/objects/research_context.py:136}}
Jul 22 10:00:14.960640 n-d-850729-2 devstack@placement-api.service[117271]: DEBUG placement.objects.research_context [req-11dfe8c7-e953-4f3f-a771-5abb5a94ebda req-6e361e27-d708-4de8-af41-9a871eac2c6d service placement] getting providers with 1024 MEMORY_MB {{(pid=117271) __init__ /opt/stack/placement/placement/objects/research_context.py:136}}
Jul 22 10:00:15.113553 n-d-850729-2 devstack@placement-api.service[117272]: DEBUG placement.requestlog [req-291880dc-46ff-4310-800b-0d8d49e72ca3 req-e58124a1-339f-4df4-91c8-ed8869d1628e None None] Starting request: 10.222.0.23 "GET /placement/resource_providers/6281a96d-782e-4132-b8d4-33bb989c9831/allocations" {{(pid=117272) __call__ /opt/stack/placement/placement/requestlog.py:55}}
Jul 22 10:00:15.162797 n-d-850729-2 devstack@placement-api.service[117272]: INFO placement.requestlog [req-291880dc-46ff-4310-800b-0d8d49e72ca3 req-e58124a1-339f-4df4-91c8-ed8869d1628e service placement] 10.222.0.23 "GET /placement/resource_providers/6281a96d-782e-4132-b8d4-33bb989c9831/allocations" status: 200 len: 254 microversion: 1.0
Jul 22 10:00:15.163884 n-d-850729-2 devstack@placement-api.service[117272]: [pid: 117272|app: 0|req: 46/85] 10.222.0.23 () {58 vars in 1390 bytes} [Fri Jul 22 10:00:15 2022] GET /placement/resource_providers/6281a96d-782e-4132-b8d4-33bb989c9831/allocations => generated 254 bytes in 51 msecs (HTTP/1.1 200) 6 headers in 224 bytes (2 switches on core 0)
Jul 22 10:00:15.254644 n-d-850729-2 devstack@placement-api.service[117271]: DEBUG placement.objects.research_context [req-11dfe8c7-e953-4f3f-a771-5abb5a94ebda req-6e361e27-d708-4de8-af41-9a871eac2c6d service placement] getting providers with 1 VCPU {{(pid=117271) __init__ /opt/stack/placement/placement/objects/research_context.py:136}}
Jul 22 10:00:15.275696 n-d-850729-2 devstack@placement-api.service[117271]: DEBUG placement.objects.research_context [req-11dfe8c7-e953-4f3f-a771-5abb5a94ebda req-6e361e27-d708-4de8-af41-9a871eac2c6d service placement] found 2 providers with available 1 DISK_GB {{(pid=117271) get_provider_ids_matching /opt/stack/placement/placement/objects/research_context.py:563}}
Jul 22 10:00:15.275976 n-d-850729-2 devstack@placement-api.service[117271]: DEBUG placement.objects.research_context [req-11dfe8c7-e953-4f3f-a771-5abb5a94ebda req-6e361e27-d708-4de8-af41-9a871eac2c6d service placement] found 2 providers with available 1024 MEMORY_MB {{(pid=117271) get_provider_ids_matching /opt/stack/placement/placement/objects/research_context.py:563}}
Jul 22 10:00:15.278471 n-d-850729-2 devstack@placement-api.service[117271]: DEBUG placement.objects.research_context [req-11dfe8c7-e953-4f3f-a771-5abb5a94ebda req-6e361e27-d708-4de8-af41-9a871eac2c6d service placement] found 2 providers after filtering by previous result {{(pid=117271) get_provider_ids_matching /opt/stack/placement/placement/objects/research_context.py:594}}
Jul 22 10:00:15.279223 n-d-850729-2 devstack@placement-api.service[117271]: DEBUG placement.objects.research_context [req-11dfe8c7-e953-4f3f-a771-5abb5a94ebda req-6e361e27-d708-4de8-af41-9a871eac2c6d service placement] found 2 providers with available 1 VCPU {{(pid=117271) get_provider_ids_matching /opt/stack/placement/placement/objects/research_context.py:563}}
Jul 22 10:00:15.279503 n-d-850729-2 devstack@placement-api.service[117271]: DEBUG placement.objects.research_context [req-11dfe8c7-e953-4f3f-a771-5abb5a94ebda req-6e361e27-d708-4de8-af41-9a871eac2c6d service placement] found 2 providers after filtering by previous result {{(pid=117271) get_provider_ids_matching /opt/stack/placement/placement/objects/research_context.py:594}}
Jul 22 10:00:15.314843 n-d-850729-2 devstack@placement-api.service[117271]: DEBUG placement.objects.allocation_candidate [req-11dfe8c7-e953-4f3f-a771-5abb5a94ebda req-6e361e27-d708-4de8-af41-9a871eac2c6d service placement] RequestGroup(use_same_provider=False, resources={DISK_GB:1, MEMORY_MB:1024, VCPU:1}, traits=(), aggregates=[]) (suffix '') returned 2 matches {{(pid=117271) _get_by_requests /opt/stack/placement/placement/objects/allocation_candidate.py:156}}
Jul 22 10:00:15.315436 n-d-850729-2 devstack@placement-api.service[117271]: DEBUG placement.objects.allocation_candidate [req-11dfe8c7-e953-4f3f-a771-5abb5a94ebda req-6e361e27-d708-4de8-af41-9a871eac2c6d service placement] Merging candidates yields 2 allocation requests and 2 provider summaries {{(pid=117271) _merge_candidates /opt/stack/placement/placement/objects/allocation_candidate.py:809}}
Jul 22 10:00:15.320729 n-d-850729-2 devstack@placement-api.service[117271]: INFO placement.requestlog [req-11dfe8c7-e953-4f3f-a771-5abb5a94ebda req-6e361e27-d708-4de8-af41-9a871eac2c6d service placement] 10.222.0.27 "GET /placement/allocation_candidates?limit=1000&resources=DISK_GB%3A1%2CMEMORY_MB%3A1024%2CVCPU%3A1&root_required=%21COMPUTE_STATUS_DISABLED" status: 200 len: 1306 microversion: 1.36
Jul 22 10:00:15.322289 n-d-850729-2 devstack@placement-api.service[117271]: [pid: 117271|app: 0|req: 40/86] 10.222.0.27 () {60 vars in 1506 bytes} [Fri Jul 22 10:00:14 2022] GET /placement/allocation_candidates?limit=1000&resources=DISK_GB%3A1%2CMEMORY_MB%3A1024%2CVCPU%3A1&root_required=%21COMPUTE_STATUS_DISABLED => generated 1306 bytes in 456 msecs (HTTP/1.1 200) 8 headers in 297 bytes (1 switches on core 0)
Jul 22 10:00:15.455571 n-d-850729-2 devstack@placement-api.service[117272]: DEBUG placement.requestlog [req-11dfe8c7-e953-4f3f-a771-5abb5a94ebda req-460a3a08-bd03-4d12-9488-28f934edcb24 None None] Starting request: 10.222.0.27 "GET /placement/allocations/0012c693-af4d-4a07-a08a-2159191b7178" {{(pid=117272) __call__ /opt/stack/placement/placement/requestlog.py:55}}
Jul 22 10:00:15.468179 n-d-850729-2 devstack@placement-api.service[117272]: INFO placement.requestlog [req-11dfe8c7-e953-4f3f-a771-5abb5a94ebda req-460a3a08-bd03-4d12-9488-28f934edcb24 service placement] 10.222.0.27 "GET /placement/allocations/0012c693-af4d-4a07-a08a-2159191b7178" status: 200 len: 19 microversion: 1.28
Jul 22 10:00:15.472047 n-d-850729-2 devstack@placement-api.service[117272]: [pid: 117272|app: 0|req: 47/87] 10.222.0.27 () {60 vars in 1380 bytes} [Fri Jul 22 10:00:15 2022] GET /placement/allocations/0012c693-af4d-4a07-a08a-2159191b7178 => generated 19 bytes in 17 msecs (HTTP/1.1 200) 8 headers in 295 bytes (1 switches on core 0)
Jul 22 10:00:15.475927 n-d-850729-2 devstack@placement-api.service[117271]: DEBUG placement.requestlog [req-11dfe8c7-e953-4f3f-a771-5abb5a94ebda req-6ec79ca7-6b81-4e26-a7bf-2a45cdc29864 None None] Starting request: 10.222.0.27 "PUT /placement/allocations/0012c693-af4d-4a07-a08a-2159191b7178" {{(pid=117271) __call__ /opt/stack/placement/placement/requestlog.py:55}}
Jul 22 10:00:15.813200 n-d-850729-2 devstack@placement-api.service[117271]: DEBUG placement.handlers.allocation [req-11dfe8c7-e953-4f3f-a771-5abb5a94ebda req-6ec79ca7-6b81-4e26-a7bf-2a45cdc29864 service placement] Successfully wrote allocations [, , ] {{(pid=117271) _update_consumers_and_create_allocations /opt/stack/placement/placement/handlers/allocation.py:462}}
Jul 22 10:00:15.899927 n-d-850729-2 devstack@placement-api.service[117271]: INFO placement.requestlog [req-11dfe8c7-e953-4f3f-a771-5abb5a94ebda req-6ec79ca7-6b81-4e26-a7bf-2a45cdc29864 service placement] 10.222.0.27 "PUT /placement/allocations/0012c693-af4d-4a07-a08a-2159191b7178" status: 204 len: 0 microversion: 1.36
Jul 22 10:00:15.903496 n-d-850729-2 devstack@placement-api.service[117271]: [pid: 117271|app: 0|req: 41/88] 10.222.0.27 () {64 vars in 1433 bytes} [Fri Jul 22 10:00:15 2022] PUT /placement/allocations/0012c693-af4d-4a07-a08a-2159191b7178 => generated 0 bytes in 425 msecs (HTTP/1.1 204) 5 headers in 199 bytes (2 switches on core 0)
Jul 22 10:00:17.310953 n-d-850729-2 devstack@placement-api.service[117272]: DEBUG placement.requestlog [req-11dfe8c7-e953-4f3f-a771-5abb5a94ebda req-ecd1a864-d315-4605-a416-460f4a5ff31e None None] Starting request: 10.222.0.64 "GET /placement/allocations/0012c693-af4d-4a07-a08a-2159191b7178" {{(pid=117272) __call__ /opt/stack/placement/placement/requestlog.py:55}}
Jul 22 10:00:17.346181 n-d-850729-2 devstack@placement-api.service[117272]: INFO placement.requestlog [req-11dfe8c7-e953-4f3f-a771-5abb5a94ebda req-ecd1a864-d315-4605-a416-460f4a5ff31e service placement] 10.222.0.64 "GET /placement/allocations/0012c693-af4d-4a07-a08a-2159191b7178" status: 200 len: 259 microversion: 1.28
