Jul 22 10:02:12.517066 n-d-850729-2 devstack@placement-api.service[117272]: [pid: 117272|app: 0|req: 92/179] 10.222.0.27 () {60 vars in 1380 bytes} [Fri Jul 22 10:02:12 2022] GET /placement/allocations/405d9945-63bb-4841-8326-1731815c69c7 => generated 19 bytes in 26 msecs (HTTP/1.1 200) 8 headers in 295 bytes (1 switches on core 0)
Jul 22 10:02:12.524059 n-d-850729-2 devstack@placement-api.service[117271]: DEBUG placement.requestlog [req-00661865-5b5e-4792-8dc1-40b25c0bdc65 req-8c3aa03e-a2df-4633-a2af-abb8808f0ce7 None None] Starting request: 10.222.0.27 "PUT /placement/allocations/405d9945-63bb-4841-8326-1731815c69c7" {{(pid=117271) __call__ /opt/stack/placement/placement/requestlog.py:55}}
Jul 22 10:02:12.853729 n-d-850729-2 devstack@placement-api.service[117271]: DEBUG placement.handlers.allocation [req-00661865-5b5e-4792-8dc1-40b25c0bdc65 req-8c3aa03e-a2df-4633-a2af-abb8808f0ce7 service placement] Successfully wrote allocations [, , ] {{(pid=117271) _update_consumers_and_create_allocations /opt/stack/placement/placement/handlers/allocation.py:462}}
Jul 22 10:02:12.942825 n-d-850729-2 devstack@placement-api.service[117271]: INFO placement.requestlog [req-00661865-5b5e-4792-8dc1-40b25c0bdc65 req-8c3aa03e-a2df-4633-a2af-abb8808f0ce7 service placement] 10.222.0.27 "PUT /placement/allocations/405d9945-63bb-4841-8326-1731815c69c7" status: 204 len: 0 microversion: 1.36
Jul 22 10:02:12.943532 n-d-850729-2 devstack@placement-api.service[117271]: [pid: 117271|app: 0|req: 88/180] 10.222.0.27 () {64 vars in 1433 bytes} [Fri Jul 22 10:02:12 2022] PUT /placement/allocations/405d9945-63bb-4841-8326-1731815c69c7 => generated 0 bytes in 420 msecs (HTTP/1.1 204) 5 headers in 199 bytes (1 switches on core 0)
Jul 22 10:02:13.235816 n-d-850729-2 devstack@placement-api.service[117272]: DEBUG placement.requestlog [req-c28d4a13-904d-45c1-b78c-702ed556f14c req-ae0809c8-0878-4b17-820d-131260592239 None None] Starting request: 10.222.0.27 "GET /placement/allocation_candidates?limit=1000&resources=DISK_GB%3A2%2CMEMORY_MB%3A1024%2CVCPU%3A1&root_required=%21COMPUTE_STATUS_DISABLED" {{(pid=117272) __call__ /opt/stack/placement/placement/requestlog.py:55}}
Jul 22 10:02:13.304353 n-d-850729-2 devstack@placement-api.service[117272]: DEBUG placement.objects.research_context [req-c28d4a13-904d-45c1-b78c-702ed556f14c req-ae0809c8-0878-4b17-820d-131260592239 service placement] getting providers with 2 DISK_GB {{(pid=117272) __init__ /opt/stack/placement/placement/objects/research_context.py:136}}
Jul 22 10:02:13.309289 n-d-850729-2 devstack@placement-api.service[117272]: DEBUG placement.objects.research_context [req-c28d4a13-904d-45c1-b78c-702ed556f14c req-ae0809c8-0878-4b17-820d-131260592239 service placement] getting providers with 1024 MEMORY_MB {{(pid=117272) __init__ /opt/stack/placement/placement/objects/research_context.py:136}}
Jul 22 10:02:13.315653 n-d-850729-2 devstack@placement-api.service[117272]: DEBUG placement.objects.research_context [req-c28d4a13-904d-45c1-b78c-702ed556f14c req-ae0809c8-0878-4b17-820d-131260592239 service placement] getting providers with 1 VCPU {{(pid=117272) __init__ /opt/stack/placement/placement/objects/research_context.py:136}}
Jul 22 10:02:13.325435 n-d-850729-2 devstack@placement-api.service[117272]: DEBUG placement.objects.research_context [req-c28d4a13-904d-45c1-b78c-702ed556f14c req-ae0809c8-0878-4b17-820d-131260592239 service placement] found 2 providers with available 2 DISK_GB {{(pid=117272) get_provider_ids_matching /opt/stack/placement/placement/objects/research_context.py:563}}
Jul 22 10:02:13.325435 n-d-850729-2 devstack@placement-api.service[117272]: DEBUG placement.objects.research_context [req-c28d4a13-904d-45c1-b78c-702ed556f14c req-ae0809c8-0878-4b17-820d-131260592239 service placement] found 2 providers with available 1024 MEMORY_MB {{(pid=117272) get_provider_ids_matching /opt/stack/placement/placement/objects/research_context.py:563}}
Jul 22 10:02:13.325435 n-d-850729-2 devstack@placement-api.service[117272]: DEBUG placement.objects.research_context [req-c28d4a13-904d-45c1-b78c-702ed556f14c req-ae0809c8-0878-4b17-820d-131260592239 service placement] found 2 providers after filtering by previous result {{(pid=117272) get_provider_ids_matching /opt/stack/placement/placement/objects/research_context.py:594}}
Jul 22 10:02:13.325435 n-d-850729-2 devstack@placement-api.service[117272]: DEBUG placement.objects.research_context [req-c28d4a13-904d-45c1-b78c-702ed556f14c req-ae0809c8-0878-4b17-820d-131260592239 service placement] found 2 providers with available 1 VCPU {{(pid=117272) get_provider_ids_matching /opt/stack/placement/placement/objects/research_context.py:563}}
Jul 22 10:02:13.325435 n-d-850729-2 devstack@placement-api.service[117272]: DEBUG placement.objects.research_context [req-c28d4a13-904d-45c1-b78c-702ed556f14c req-ae0809c8-0878-4b17-820d-131260592239 service placement] found 2 providers after filtering by previous result {{(pid=117272) get_provider_ids_matching /opt/stack/placement/placement/objects/research_context.py:594}}
Jul 22 10:02:13.336646 n-d-850729-2 devstack@placement-api.service[117272]: DEBUG placement.objects.allocation_candidate [req-c28d4a13-904d-45c1-b78c-702ed556f14c req-ae0809c8-0878-4b17-820d-131260592239 service placement] RequestGroup(use_same_provider=False, resources={DISK_GB:2, MEMORY_MB:1024, VCPU:1}, traits=(), aggregates=[]) (suffix '') returned 2 matches {{(pid=117272) _get_by_requests /opt/stack/placement/placement/objects/allocation_candidate.py:156}}
Jul 22 10:02:13.337010 n-d-850729-2 devstack@placement-api.service[117272]: DEBUG placement.objects.allocation_candidate [req-c28d4a13-904d-45c1-b78c-702ed556f14c req-ae0809c8-0878-4b17-820d-131260592239 service placement] Merging candidates yields 2 allocation requests and 2 provider summaries {{(pid=117272) _merge_candidates /opt/stack/placement/placement/objects/allocation_candidate.py:809}}
Jul 22 10:02:13.338905 n-d-850729-2 devstack@placement-api.service[117272]: INFO placement.requestlog [req-c28d4a13-904d-45c1-b78c-702ed556f14c req-ae0809c8-0878-4b17-820d-131260592239 service placement] 10.222.0.27 "GET /placement/allocation_candidates?limit=1000&resources=DISK_GB%3A2%2CMEMORY_MB%3A1024%2CVCPU%3A1&root_required=%21COMPUTE_STATUS_DISABLED" status: 200 len: 1309 microversion: 1.36
Jul 22 10:02:13.339433 n-d-850729-2 devstack@placement-api.service[117272]: [pid: 117272|app: 0|req: 93/181] 10.222.0.27 () {60 vars in 1506 bytes} [Fri Jul 22 10:02:13 2022] GET /placement/allocation_candidates?limit=1000&resources=DISK_GB%3A2%2CMEMORY_MB%3A1024%2CVCPU%3A1&root_required=%21COMPUTE_STATUS_DISABLED => generated 1309 bytes in 104 msecs (HTTP/1.1 200) 8 headers in 297 bytes (1 switches on core 0)
Jul 22 10:02:13.451468 n-d-850729-2 devstack@placement-api.service[117271]: DEBUG placement.requestlog [req-c28d4a13-904d-45c1-b78c-702ed556f14c req-48b9a610-c1d4-42f6-85a5-ad7f4553d8b8 None None] Starting request: 10.222.0.27 "GET /placement/allocations/d18a1e16-056c-4824-9711-0a1eba68390e" {{(pid=117271) __call__ /opt/stack/placement/placement/requestlog.py:55}}
Jul 22 10:02:13.476052 n-d-850729-2 devstack@placement-api.service[117271]: INFO placement.requestlog [req-c28d4a13-904d-45c1-b78c-702ed556f14c req-48b9a610-c1d4-42f6-85a5-ad7f4553d8b8 service placement] 10.222.0.27 "GET /placement/allocations/d18a1e16-056c-4824-9711-0a1eba68390e" status: 200 len: 19 microversion: 1.28
Jul 22 10:02:13.483111 n-d-850729-2 devstack@placement-api.service[117271]: [pid: 117271|app: 0|req: 89/182] 10.222.0.27 () {60 vars in 1380 bytes} [Fri Jul 22 10:02:13 2022] GET /placement/allocations/d18a1e16-056c-4824-9711-0a1eba68390e => generated 19 bytes in 30 msecs (HTTP/1.1 200) 8 headers in 295 bytes (1 switches on core 0)
Jul 22 10:02:13.484582 n-d-850729-2 devstack@placement-api.service[117272]: DEBUG placement.requestlog [req-c28d4a13-904d-45c1-b78c-702ed556f14c req-c3dd9947-ee46-4196-ab08-de4bbcbc54c3 None None] Starting request: 10.222.0.27 "PUT /placement/allocations/d18a1e16-056c-4824-9711-0a1eba68390e" {{(pid=117272) __call__ /opt/stack/placement/placement/requestlog.py:55}}
Jul 22 10:02:13.662049 n-d-850729-2 devstack@placement-api.service[117272]: DEBUG placement.handlers.allocation [req-c28d4a13-904d-45c1-b78c-702ed556f14c req-c3dd9947-ee46-4196-ab08-de4bbcbc54c3 service placement] Successfully wrote allocations [, , ] {{(pid=117272) _update_consumers_and_create_allocations /opt/stack/placement/placement/handlers/allocation.py:462}}
Jul 22 10:02:13.753360 n-d-850729-2 devstack@placement-api.service[117272]: INFO placement.requestlog [req-c28d4a13-904d-45c1-b78c-702ed556f14c req-c3dd9947-ee46-4196-ab08-de4bbcbc54c3 service placement] 10.222.0.27 "PUT /placement/allocations/d18a1e16-056c-4824-9711-0a1eba68390e" status: 204 len: 0 microversion: 1.36
Jul 22 10:02:13.757925 n-d-850729-2 devstack@placement-api.service[117272]: [pid: 117272|app: 0|req: 94/183] 10.222.0.27 () {64 vars in 1433 bytes} [Fri Jul 22 10:02:13 2022] PUT /placement/allocations/d18a1e16-056c-4824-9711-0a1eba68390e => generated 0 bytes in 270 msecs (HTTP/1.1 204) 5 headers in 199 bytes (1 switches on core 0)
Jul 22 10:02:14.350694 n-d-850729-2 devstack@placement-api.service[117271]: DEBUG placement.requestlog [req-00661865-5b5e-4792-8dc1-40b25c0bdc65 req-b06a5ff4-e0b9-4e07-8667-7a37e1db5ff1 None None] Starting request: 10.222.0.64 "GET /placement/allocations/405d9945-63bb-4841-8326-1731815c69c7" {{(pid=117271) __call__ /opt/stack/placement/placement/requestlog.py:55}}
Jul 22 10:02:14.394700 n-d-850729-2 devstack@placement-api.service[117271]: INFO placement.requestlog [req-00661865-5b5e-4792-8dc1-40b25c0bdc65 req-b06a5ff4-e0b9-4e07-8667-7a37e1db5ff1 service placement] 10.222.0.64 "GET /placement/allocations/405d9945-63bb-4841-8326-1731815c69c7" status: 200 len: 259 microversion: 1.28
Jul 22 10:02:14.395555 n-d-850729-2 devstack@placement-api.service[117271]: [pid: 117271|app: 0|req: 90/184] 10.222.0.64 () {60 vars in 1377 bytes} [Fri Jul 22 10:02:14 2022] GET /placement/allocations/405d9945-63bb-4841-8326-1731815c69c7 => generated 259 bytes in 45 msecs (HTTP/1.1 200) 8 headers in 296 bytes (2 switches on core 0)
Jul 22 10:02:15.269464 n-d-850729-2 devstack@placement-api.service[117272]: DEBUG placement.requestlog [req-c28d4a13-904d-45c1-b78c-702ed556f14c req-e7625632-d99b-490a-bb0d-14e8cc5fa311 None None] Starting request: 10.222.0.64 "GET /placement/allocations/d18a1e16-056c-4824-9711-0a1eba68390e" {{(pid=117272) __call__ /opt/stack/placement/placement/requestlog.py:55}}
Jul 22 10:02:15.321123 n-d-850729-2 devstack@placement-api.service[117272]: INFO placement.requestlog [req-c28d4a13-904d-45c1-b78c-702ed556f14c req-e7625632-d99b-490a-bb0d-14e8cc5fa311 service placement] 10.222.0.64 "GET /placement/allocations/d18a1e16-056c-4824-9711-0a1eba68390e" status: 200 len: 259 microversion: 1.28
Jul 22 10:02:15.324605 n-d-850729-2 devstack@placement-api.service[117272]: [pid: 117272|app: 0|req: 95/185] 10.222.0.64 () {60 vars in 1377 bytes} [Fri Jul 22 10:02:15 2022] GET /placement/allocations/d18a1e16-056c-4824-9711-0a1eba68390e => generated 259 bytes in 55 msecs (HTTP/1.1 200) 8 headers in 296 bytes (2 switches on core 0)
Jul 22 10:02:15.943382 n-d-850729-2 devstack@placement-api.service[117271]: DEBUG placement.requestlog [req-3fad0c35-d6c1-492d-a04b-467ffb3422bc req-f1ebbe95-23f6-477f-9210-df85c1c3512a None None] Starting request: 10.222.0.23 "GET /placement/resource_providers/6281a96d-782e-4132-b8d4-33bb989c9831/allocations" {{(pid=117271) __call__ /opt/stack/placement/placement/requestlog.py:55}}
Jul 22 10:02:15.981679 n-d-850729-2 devstack@placement-api.service[117271]: INFO placement.requestlog [req-3fad0c35-d6c1-492d-a04b-467ffb3422bc req-f1ebbe95-23f6-477f-9210-df85c1c3512a service placement] 10.222.0.23 "GET /placement/resource_providers/6281a96d-782e-4132-b8d4-33bb989c9831/allocations" status: 200 len: 457 microversion: 1.0
Jul 22 10:02:15.989130 n-d-850729-2 devstack@placement-api.service[117271]: [pid: 117271|app: 0|req: 91/186] 10.222.0.23 () {58 vars in 1390 bytes} [Fri Jul 22 10:02:15 2022] GET /placement/resource_providers/6281a96d-782e-4132-b8d4-33bb989c9831/allocations => generated 457 bytes in 43 msecs (HTTP/1.1 200) 6 headers in 224 bytes (1 switches on core 0)
Jul 22 10:02:16.759106 n-d-850729-2 devstack@placement-api.service[117272]: DEBUG placement.requestlog [None req-ad7002ca-a662-4e39-8346-fc468f8184ad None None] Starting request: 10.222.0.27 "GET /placement/resource_providers/42341210-96f5-48f0-82f7-fed601f3fe0d/aggregates" {{(pid=117272) __call__ /opt/stack/placement/placement/requestlog.py:55}}
Jul 22 10:02:16.782525 n-d-850729-2 devstack@placement-api.service[117272]: INFO placement.requestlog [None req-ad7002ca-a662-4e39-8346-fc468f8184ad service placement] 10.222.0.27 "GET /placement/resource_providers/42341210-96f5-48f0-82f7-fed601f3fe0d/aggregates" status: 404 len: 235 microversion: 1.1
Jul 22 10:02:16.783029 n-d-850729-2 devstack@placement-api.service[117272]: [pid: 117272|app: 0|req: 96/187] 10.222.0.27 () {58 vars in 1362 bytes} [Fri Jul 22 10:02:16 2022] GET /placement/resource_providers/42341210-96f5-48f0-82f7-fed601f3fe0d/aggregates => generated 235 bytes in 24 msecs (HTTP/1.1 404) 5 headers in 202 bytes (1 switches on core 0)
Jul 22 10:02:16.810039 n-d-850729-2 devstack@placement-api.service[117271]: DEBUG placement.requestlog [None req-4d9054a9-ede3-453e-ac0b-8ce21cf46227 None None] Starting request: 10.222.0.27 "DELETE /placement/resource_providers/42341210-96f5-48f0-82f7-fed601f3fe0d" {{(pid=117271) __call__ /opt/stack/placement/placement/requestlog.py:55}}
Jul 22 10:02:16.819525 n-d-850729-2 devstack@placement-api.service[117271]: DEBUG placement.wsgi_wrapper [None req-4d9054a9-ede3-453e-ac0b-8ce21cf46227 service placement] Placement API returning an error response: No resource provider with uuid 42341210-96f5-48f0-82f7-fed601f3fe0d found for delete {{(pid=117271) call_func /opt/stack/placement/placement/wsgi_wrapper.py:31}}
Jul 22 10:02:16.820394 n-d-850729-2 devstack@placement-api.service[117271]: INFO placement.requestlog [None req-4d9054a9-ede3-453e-ac0b-8ce21cf46227 service placement] 10.222.0.27 "DELETE /placement/resource_providers/42341210-96f5-48f0-82f7-fed601f3fe0d" status: 404 len: 246 microversion: 1.1
Jul 22 10:02:16.822426 n-d-850729-2 devstack@placement-api.service[117271]: [pid: 117271|app: 0|req: 92/188] 10.222.0.27 () {60 vars in 1351 bytes} [Fri Jul 22 10:02:16 2022] DELETE /placement/resource_providers/42341210-96f5-48f0-82f7-fed601f3fe0d => generated 246 bytes in 11 msecs (HTTP/1.1 404) 6 headers in 231 bytes (1 switches on core 0)
Jul 22 10:02:17.743911 n-d-850729-2 devstack@placement-api.service[117272]: DEBUG placement.requestlog [req-88d93ae1-8c19-41e8-8f3f-4b4d1caa3e7f req-c2889784-47f9-46d7-be69-3c01e651d278 None None] Starting request: 10.222.0.64 "DELETE /placement/allocations/8d6063fb-0139-4623-b2b0-b6d5239e4309" {{(pid=117272) __call__ /opt/stack/placement/placement/requestlog.py:55}}
Jul 22 10:02:17.954940 n-d-850729-2 devstack@placement-api.service[117272]: DEBUG placement.handlers.allocation [req-88d93ae1-8c19-41e8-8f3f-4b4d1caa3e7f req-c2889784-47f9-46d7-be69-3c01e651d278 service placement] Successfully deleted allocations [, , ] {{(pid=117272) delete_allocations /opt/stack/placement/placement/handlers/allocation.py:627}}
Jul 22 10:02:17.955636 n-d-850729-2 devstack@placement-api.service[117272]: INFO placement.requestlog [req-88d93ae1-8c19-41e8-8f3f-4b4d1caa3e7f req-c2889784-47f9-46d7-be69-3c01e651d278 service placement] 10.222.0.64 "DELETE /placement/allocations/8d6063fb-0139-4623-b2b0-b6d5239e4309" status: 204 len: 0 microversion: 1.0
Jul 22 10:02:17.957382 n-d-850729-2 devstack@placement-api.service[117272]: [pid: 117272|app: 0|req: 97/189] 10.222.0.64 () {60 vars in 1355 bytes} [Fri Jul 22 10:02:17 2022] DELETE /placement/allocations/8d6063fb-0139-4623-b2b0-b6d5239e4309 => generated 0 bytes in 213 msecs (HTTP/1.1 204) 5 headers in 198 bytes (1 switches on core 0)
Jul 22 10:02:18.869622 n-d-850729-2 devstack@placement-api.service[117271]: DEBUG placement.requestlog [req-03f02a17-9d48-4d64-bc43-863be9552f4e req-5e580145-d8ba-44fa-85ef-84ed7aaed525 None None] Starting request: 10.222.0.27 "GET /placement/allocation_candidates?limit=1000&resources=DISK_GB%3A1%2CMEMORY_MB%3A1024%2CVCPU%3A1&root_required=%21COMPUTE_STATUS_DISABLED" {{(pid=117271) __call__ /opt/stack/placement/placement/requestlog.py:55}}
Jul 22 10:02:18.924082 n-d-850729-2 devstack@placement-api.service[117271]: DEBUG placement.objects.research_context [req-03f02a17-9d48-4d64-bc43-863be9552f4e req-5e580145-d8ba-44fa-85ef-84ed7aaed525 service placement] getting providers with 1 DISK_GB {{(pid=117271) __init__ /opt/stack/placement/placement/objects/research_context.py:136}}
Jul 22 10:02:18.930210 n-d-850729-2 devstack@placement-api.service[117271]: DEBUG placement.objects.research_context [req-03f02a17-9d48-4d64-bc43-863be9552f4e req-5e580145-d8ba-44fa-85ef-84ed7aaed525 service placement] getting providers with 1024 MEMORY_MB {{(pid=117271) __init__ /opt/stack/placement/placement/objects/research_context.py:136}}
Jul 22 10:02:18.936503 n-d-850729-2 devstack@placement-api.service[117271]: DEBUG placement.objects.research_context [req-03f02a17-9d48-4d64-bc43-863be9552f4e req-5e580145-d8ba-44fa-85ef-84ed7aaed525 service placement] getting providers with 1 VCPU {{(pid=117271) __init__ /opt/stack/placement/placement/objects/research_context.py:136}}
Jul 22 10:02:18.942932 n-d-850729-2 devstack@placement-api.service[117271]: DEBUG placement.objects.research_context [req-03f02a17-9d48-4d64-bc43-863be9552f4e req-5e580145-d8ba-44fa-85ef-84ed7aaed525 service placement] found 2 providers with available 1 DISK_GB {{(pid=117271) get_provider_ids_matching /opt/stack/placement/placement/objects/research_context.py:563}}
Jul 22 10:02:18.943206 n-d-850729-2 devstack@placement-api.service[117271]: DEBUG placement.objects.research_context [req-03f02a17-9d48-4d64-bc43-863be9552f4e req-5e580145-d8ba-44fa-85ef-84ed7aaed525 service placement] found 2 providers with available 1024 MEMORY_MB {{(pid=117271) get_provider_ids_matching /opt/stack/placement/placement/objects/research_context.py:563}}
Jul 22 10:02:18.953755 n-d-850729-2 devstack@placement-api.service[117271]: DEBUG placement.objects.research_context [req-03f02a17-9d48-4d64-bc43-863be9552f4e req-5e580145-d8ba-44fa-85ef-84ed7aaed525 service placement] found 2 providers after filtering by previous result {{(pid=117271) get_provider_ids_matching /opt/stack/placement/placement/objects/research_context.py:594}}
Jul 22 10:02:18.955536 n-d-850729-2 devstack@placement-api.service[117271]: DEBUG placement.objects.research_context [req-03f02a17-9d48-4d64-bc43-863be9552f4e req-5e580145-d8ba-44fa-85ef-84ed7aaed525 service placement] found 2 providers with available 1 VCPU {{(pid=117271) get_provider_ids_matching /opt/stack/placement/placement/objects/research_context.py:563}}
Jul 22 10:02:18.955536 n-d-850729-2 devstack@placement-api.service[117271]: DEBUG placement.objects.research_context [req-03f02a17-9d48-4d64-bc43-863be9552f4e req-5e580145-d8ba-44fa-85ef-84ed7aaed525 service placement] found 2 providers after filtering by previous result {{(pid=117271) get_provider_ids_matching /opt/stack/placement/placement/objects/research_context.py:594}}
Jul 22 10:02:18.976164 n-d-850729-2 devstack@placement-api.service[117271]: DEBUG placement.objects.allocation_candidate [req-03f02a17-9d48-4d64-bc43-863be9552f4e req-5e580145-d8ba-44fa-85ef-84ed7aaed525 service placement] RequestGroup(use_same_provider=False, resources={DISK_GB:1, MEMORY_MB:1024, VCPU:1}, traits=(), aggregates=[]) (suffix '') returned 2 matches {{(pid=117271) _get_by_requests /opt/stack/placement/placement/objects/allocation_candidate.py:156}}
Jul 22 10:02:18.976805 n-d-850729-2 devstack@placement-api.service[117271]: DEBUG placement.objects.allocation_candidate [req-03f02a17-9d48-4d64-bc43-863be9552f4e req-5e580145-d8ba-44fa-85ef-84ed7aaed525 service placement] Merging candidates yields 2 allocation requests and 2 provider summaries {{(pid=117271) _merge_candidates /opt/stack/placement/placement/objects/allocation_candidate.py:809}}
Jul 22 10:02:18.978991 n-d-850729-2 devstack@placement-api.service[117271]: INFO placement.requestlog [req-03f02a17-9d48-4d64-bc43-863be9552f4e req-5e580145-d8ba-44fa-85ef-84ed7aaed525 service placement] 10.222.0.27 "GET /placement/allocation_candidates?limit=1000&resources=DISK_GB%3A1%2CMEMORY_MB%3A1024%2CVCPU%3A1&root_required=%21COMPUTE_STATUS_DISABLED" status: 200 len: 1309 microversion: 1.36
Jul 22 10:02:18.979809 n-d-850729-2 devstack@placement-api.service[117271]: [pid: 117271|app: 0|req: 93/190] 10.222.0.27 () {60 vars in 1506 bytes} [Fri Jul 22 10:02:18 2022] GET /placement/allocation_candidates?limit=1000&resources=DISK_GB%3A1%2CMEMORY_MB%3A1024%2CVCPU%3A1&root_required=%21COMPUTE_STATUS_DISABLED => generated 1309 bytes in 111 msecs (HTTP/1.1 200) 8 headers in 297 bytes (1 switches on core 0)
Jul 22 10:02:19.131427 n-d-850729-2 devstack@placement-api.service[117272]: DEBUG placement.requestlog [req-03f02a17-9d48-4d64-bc43-863be9552f4e req-6f6e4307-96bf-438e-9f33-a621a80b2e8a None None] Starting request: 10.222.0.27 "GET /placement/allocations/e2697721-90e1-4d4c-8a22-526282605f72" {{(pid=117272) __call__ /opt/stack/placement/placement/requestlog.py:55}}
Jul 22 10:02:19.152702 n-d-850729-2 devstack@placement-api.service[117272]: INFO placement.requestlog [req-03f02a17-9d48-4d64-bc43-863be9552f4e req-6f6e4307-96bf-438e-9f33-a621a80b2e8a service placement] 10.222.0.27 "GET /placement/allocations/e2697721-90e1-4d4c-8a22-526282605f72" status: 200 len: 19 microversion: 1.28
Jul 22 10:02:19.161089 n-d-850729-2 devstack@placement-api.service[117272]: [pid: 117272|app: 0|req: 98/191] 10.222.0.27 () {60 vars in 1380 bytes} [Fri Jul 22 10:02:19 2022] GET /placement/allocations/e2697721-90e1-4d4c-8a22-526282605f72 => generated 19 bytes in 27 msecs (HTTP/1.1 200) 8 headers in 295 bytes (1 switches on core 0)
Jul 22 10:02:19.161246 n-d-850729-2 devstack@placement-api.service[117271]: DEBUG placement.requestlog [req-03f02a17-9d48-4d64-bc43-863be9552f4e req-7eefed41-67e1-4bb2-bbe8-2c3445fdc952 None None] Starting request: 10.222.0.27 "PUT /placement/allocations/e2697721-90e1-4d4c-8a22-526282605f72" {{(pid=117271) __call__ /opt/stack/placement/placement/requestlog.py:55}}
Jul 22 10:02:19.471507 n-d-850729-2 devstack@placement-api.service[117271]: DEBUG dbcounter [-] [117271] Writing DB stats placement:DELETE=7,placement:SELECT=77,placement:INSERT=12,placement:UPDATE=4 {{(pid=117271) stat_writer /usr/local/lib/python3.8/dist-packages/dbcounter.py:114}}
Jul 22 10:02:19.484996 n-d-850729-2 devstack@placement-api.service[117271]: DEBUG placement.handlers.allocation [req-03f02a17-9d48-4d64-bc43-863be9552f4e req-7eefed41-67e1-4bb2-bbe8-2c3445fdc952 service placement] Successfully wrote allocations [, , ] {{(pid=117271) _update_consumers_and_create_allocations /opt/stack/placement/placement/handlers/allocation.py:462}}
Jul 22 10:02:19.548546 n-d-850729-2 devstack@placement-api.service[117271]: INFO placement.requestlog [req-03f02a17-9d48-4d64-bc43-863be9552f4e req-7eefed41-67e1-4bb2-bbe8-2c3445fdc952 service placement] 10.222.0.27 "PUT /placement/allocations/e2697721-90e1-4d4c-8a22-526282605f72" status: 204 len: 0 microversion: 1.36
Jul 22 10:02:19.549034 n-d-850729-2 devstack@placement-api.service[117271]: [pid: 117271|app: 0|req: 94/192] 10.222.0.27 () {64 vars in 1433 bytes} [Fri Jul 22 10:02:19 2022] PUT /placement/allocations/e2697721-90e1-4d4c-8a22-526282605f72 => generated 0 bytes in 390 msecs (HTTP/1.1 204) 5 headers in 199 bytes (2 switches on core 0)
Jul 22 10:02:20.316205 n-d-850729-2 devstack@placement-api.service[117272]: DEBUG placement.requestlog [req-cbc19ba9-5e45-4cdc-83d1-3b9bb040562b req-435d60d0-50f2-49f3-a120-592f3bf55cb8 None None] Starting request: 10.222.0.27 "GET /placement/allocation_candidates?limit=1000&resources=DISK_GB%3A1%2CMEMORY_MB%3A1024%2CVCPU%3A1&root_required=%21COMPUTE_STATUS_DISABLED" {{(pid=117272) __call__ /opt/stack/placement/placement/requestlog.py:55}}
Jul 22 10:02:20.384840 n-d-850729-2 devstack@placement-api.service[117272]: DEBUG placement.objects.research_context [req-cbc19ba9-5e45-4cdc-83d1-3b9bb040562b req-435d60d0-50f2-49f3-a120-592f3bf55cb8 service placement] getting providers with 1 DISK_GB {{(pid=117272) __init__ /opt/stack/placement/placement/objects/research_context.py:136}}
Jul 22 10:02:20.392565 n-d-850729-2 devstack@placement-api.service[117272]: DEBUG dbcounter [-] [117272] Writing DB stats placement:SELECT=86,placement:DELETE=8,placement:INSERT=4,placement:UPDATE=2 {{(pid=117272) stat_writer /usr/local/lib/python3.8/dist-packages/dbcounter.py:114}}
Jul 22 10:02:20.397474 n-d-850729-2 devstack@placement-api.service[117272]: DEBUG placement.objects.research_context [req-cbc19ba9-5e45-4cdc-83d1-3b9bb040562b req-435d60d0-50f2-49f3-a120-592f3bf55cb8 service placement] getting providers with 1024 MEMORY_MB {{(pid=117272) __init__ /opt/stack/placement/placement/objects/research_context.py:136}}
Jul 22 10:02:20.406167 n-d-850729-2 devstack@placement-api.service[117272]: DEBUG placement.objects.research_context [req-cbc19ba9-5e45-4cdc-83d1-3b9bb040562b req-435d60d0-50f2-49f3-a120-592f3bf55cb8 service placement] getting providers with 1 VCPU {{(pid=117272) __init__ /opt/stack/placement/placement/objects/research_context.py:136}}
Jul 22 10:02:20.412529 n-d-850729-2 devstack@placement-api.service[117272]: DEBUG placement.objects.research_context [req-cbc19ba9-5e45-4cdc-83d1-3b9bb040562b req-435d60d0-50f2-49f3-a120-592f3bf55cb8 service placement] found 2 providers with available 1 DISK_GB {{(pid=117272) get_provider_ids_matching /opt/stack/placement/placement/objects/research_context.py:563}}
Jul 22 10:02:20.413074 n-d-850729-2 devstack@placement-api.service[117272]: DEBUG placement.objects.research_context [req-cbc19ba9-5e45-4cdc-83d1-3b9bb040562b req-435d60d0-50f2-49f3-a120-592f3bf55cb8 service placement] found 2 providers with available 1024 MEMORY_MB {{(pid=117272) get_provider_ids_matching /opt/stack/placement/placement/objects/research_context.py:563}}
Jul 22 10:02:20.413551 n-d-850729-2 devstack@placement-api.service[117272]: DEBUG placement.objects.research_context [req-cbc19ba9-5e45-4cdc-83d1-3b9bb040562b req-435d60d0-50f2-49f3-a120-592f3bf55cb8 service placement] found 2 providers after filtering by previous result {{(pid=117272) get_provider_ids_matching /opt/stack/placement/placement/objects/research_context.py:594}}
Jul 22 10:02:20.413964 n-d-850729-2 devstack@placement-api.service[117272]: DEBUG placement.objects.research_context [req-cbc19ba9-5e45-4cdc-83d1-3b9bb040562b req-435d60d0-50f2-49f3-a120-592f3bf55cb8 service placement] found 2 providers with available 1 VCPU {{(pid=117272) get_provider_ids_matching /opt/stack/placement/placement/objects/research_context.py:563}}
Jul 22 10:02:20.414393 n-d-850729-2 devstack@placement-api.service[117272]: DEBUG placement.objects.research_context [req-cbc19ba9-5e45-4cdc-83d1-3b9bb040562b req-435d60d0-50f2-49f3-a120-592f3bf55cb8 service placement] found 2 providers after filtering by previous result {{(pid=117272) get_provider_ids_matching /opt/stack/placement/placement/objects/research_context.py:594}}
Jul 22 10:02:20.427808 n-d-850729-2 devstack@placement-api.service[117272]: DEBUG placement.objects.allocation_candidate [req-cbc19ba9-5e45-4cdc-83d1-3b9bb040562b req-435d60d0-50f2-49f3-a120-592f3bf55cb8 service placement] RequestGroup(use_same_provider=False, resources={DISK_GB:1, MEMORY_MB:1024, VCPU:1}, traits=(), aggregates=[]) (suffix '') returned 2 matches {{(pid=117272) _get_by_requests /opt/stack/placement/placement/objects/allocation_candidate.py:156}}
Jul 22 10:02:20.428471 n-d-850729-2 devstack@placement-api.service[117272]: DEBUG placement.objects.allocation_candidate [req-cbc19ba9-5e45-4cdc-83d1-3b9bb040562b req-435d60d0-50f2-49f3-a120-592f3bf55cb8 service placement] Merging candidates yields 2 allocation requests and 2 provider summaries {{(pid=117272) _merge_candidates /opt/stack/placement/placement/objects/allocation_candidate.py:809}}
Jul 22 10:02:20.432306 n-d-850729-2 devstack@placement-api.service[117272]: INFO placement.requestlog [req-cbc19ba9-5e45-4cdc-83d1-3b9bb040562b req-435d60d0-50f2-49f3-a120-592f3bf55cb8 service placement] 10.222.0.27 "GET /placement/allocation_candidates?limit=1000&resources=DISK_GB%3A1%2CMEMORY_MB%3A1024%2CVCPU%3A1&root_required=%21COMPUTE_STATUS_DISABLED" status: 200 len: 1309 microversion: 1.36
Jul 22 10:02:20.433398 n-d-850729-2 devstack@placement-api.service[117272]: [pid: 117272|app: 0|req: 99/193] 10.222.0.27 () {60 vars in 1506 bytes} [Fri Jul 22 10:02:20 2022] GET /placement/allocation_candidates?limit=1000&resources=DISK_GB%3A1%2CMEMORY_MB%3A1024%2CVCPU%3A1&root_required=%21COMPUTE_STATUS_DISABLED => generated 1309 bytes in 117 msecs (HTTP/1.1 200) 8 headers in 297 bytes (1 switches on core 0)
Jul 22 10:02:20.539673 n-d-850729-2 devstack@placement-api.service[117271]: DEBUG placement.requestlog [req-cbc19ba9-5e45-4cdc-83d1-3b9bb040562b req-1500aa31-c1cb-45b9-a73a-359bb4882a1b None None] Starting request: 10.222.0.27 "GET /placement/allocations/b9eded90-c145-41f7-8958-b8a9de98a5d8" {{(pid=117271) __call__ /opt/stack/placement/placement/requestlog.py:55}}
Jul 22 10:02:20.552300 n-d-850729-2 devstack@placement-api.service[117271]: INFO placement.requestlog [req-cbc19ba9-5e45-4cdc-83d1-3b9bb040562b req-1500aa31-c1cb-45b9-a73a-359bb4882a1b service placement] 10.222.0.27 "GET /placement/allocations/b9eded90-c145-41f7-8958-b8a9de98a5d8" status: 200 len: 19 microversion: 1.28
Jul 22 10:02:20.557986 n-d-850729-2 devstack@placement-api.service[117271]: [pid: 117271|app: 0|req: 95/194] 10.222.0.27 () {60 vars in 1380 bytes} [Fri Jul 22 10:02:20 2022] GET /placement/allocations/b9eded90-c145-41f7-8958-b8a9de98a5d8 => generated 19 bytes in 19 msecs (HTTP/1.1 200) 8 headers in 295 bytes (1 switches on core 0)
Jul 22 10:02:20.561816 n-d-850729-2 devstack@placement-api.service[117272]: DEBUG placement.requestlog [req-cbc19ba9-5e45-4cdc-83d1-3b9bb040562b req-7b76f204-4ed9-4f85-a83d-c04298939d25 None None] Starting request: 10.222.0.27 "PUT /placement/allocations/b9eded90-c145-41f7-8958-b8a9de98a5d8" {{(pid=117272) __call__ /opt/stack/placement/placement/requestlog.py:55}}
Jul 22 10:02:20.695020 n-d-850729-2 devstack@placement-api.service[117272]: DEBUG placement.handlers.allocation [req-cbc19ba9-5e45-4cdc-83d1-3b9bb040562b req-7b76f204-4ed9-4f85-a83d-c04298939d25 service placement] Successfully wrote allocations [, , ] {{(pid=117272) _update_consumers_and_create_allocations /opt/stack/placement/placement/handlers/allocation.py:462}}
Jul 22 10:02:20.763357 n-d-850729-2 devstack@placement-api.service[117272]: INFO placement.requestlog [req-cbc19ba9-5e45-4cdc-83d1-3b9bb040562b req-7b76f204-4ed9-4f85-a83d-c04298939d25 service placement] 10.222.0.27 "PUT /placement/allocations/b9eded90-c145-41f7-8958-b8a9de98a5d8" status: 204 len: 0 microversion: 1.36
Jul 22 10:02:20.764375 n-d-850729-2 devstack@placement-api.service[117272]: [pid: 117272|app: 0|req: 100/195] 10.222.0.27 () {64 vars in 1433 bytes} [Fri Jul 22 10:02:20 2022] PUT /placement/allocations/b9eded90-c145-41f7-8958-b8a9de98a5d8 => generated 0 bytes in 202 msecs (HTTP/1.1 204) 5 headers in 199 bytes (1 switches on core 0)
Jul 22 10:02:21.496093 n-d-850729-2 devstack@placement-api.service[117271]: DEBUG placement.requestlog [req-03f02a17-9d48-4d64-bc43-863be9552f4e req-b8e33cb6-13c2-47d6-8766-1392cc165b57 None None] Starting request: 10.222.0.23 "GET /placement/allocations/e2697721-90e1-4d4c-8a22-526282605f72" {{(pid=117271) __call__ /opt/stack/placement/placement/requestlog.py:55}}
Jul 22 10:02:21.735578 n-d-850729-2 devstack@placement-api.service[117271]: INFO placement.requestlog [req-03f02a17-9d48-4d64-bc43-863be9552f4e req-b8e33cb6-13c2-47d6-8766-1392cc165b57 service placement] 10.222.0.23 "GET /placement/allocations/e2697721-90e1-4d4c-8a22-526282605f72" status: 200 len: 259 microversion: 1.28
Jul 22 10:02:21.736237 n-d-850729-2 devstack@placement-api.service[117271]: [pid: 117271|app: 0|req: 96/196] 10.222.0.23 () {60 vars in 1377 bytes} [Fri Jul 22 10:02:21 2022] GET /placement/allocations/e2697721-90e1-4d4c-8a22-526282605f72 => generated 259 bytes in 241 msecs (HTTP/1.1 200) 8 headers in 296 bytes (1 switches on core 0)
Jul 22 10:02:21.875442 n-d-850729-2 devstack@placement-api.service[117272]: DEBUG placement.requestlog [req-cbc19ba9-5e45-4cdc-83d1-3b9bb040562b req-34a0bcfc-67a8-4e54-9d59-7a5ecb3b9d99 None None] Starting request: 10.222.0.23 "GET /placement/allocations/b9eded90-c145-41f7-8958-b8a9de98a5d8" {{(pid=117272) __call__ /opt/stack/placement/placement/requestlog.py:55}}
Jul 22 10:02:21.901163 n-d-850729-2 devstack@placement-api.service[117272]: INFO placement.requestlog [req-cbc19ba9-5e45-4cdc-83d1-3b9bb040562b req-34a0bcfc-67a8-4e54-9d59-7a5ecb3b9d99 service placement] 10.222.0.23 "GET /placement/allocations/b9eded90-c145-41f7-8958-b8a9de98a5d8" status: 200 len: 259 microversion: 1.28
Jul 22 10:02:21.902057 n-d-850729-2 devstack@placement-api.service[117272]: [pid: 117272|app: 0|req: 101/197] 10.222.0.23 () {60 vars in 1377 bytes} [Fri Jul 22 10:02:21 2022] GET /placement/allocations/b9eded90-c145-41f7-8958-b8a9de98a5d8 => generated 259 bytes in 27 msecs (HTTP/1.1 200) 8 headers in 296 bytes (1 switches on core 0)
Jul 22 10:02:22.229586 n-d-850729-2 devstack@placement-api.service[117271]: DEBUG placement.requestlog [req-03f02a17-9d48-4d64-bc43-863be9552f4e req-d53193a2-1784-4248-8e7e-8b1b5b4eced0 None None] Starting request: 10.222.0.23 "GET /placement/resource_providers?in_tree=6281a96d-782e-4132-b8d4-33bb989c9831" {{(pid=117271) __call__ /opt/stack/placement/placement/requestlog.py:55}}
Jul 22 10:02:22.251356 n-d-850729-2 devstack@placement-api.service[117271]: INFO placement.requestlog [req-03f02a17-9d48-4d64-bc43-863be9552f4e req-d53193a2-1784-4248-8e7e-8b1b5b4eced0 service placement] 10.222.0.23 "GET /placement/resource_providers?in_tree=6281a96d-782e-4132-b8d4-33bb989c9831" status: 200 len: 863 microversion: 1.14
Jul 22 10:02:22.252456 n-d-850729-2 devstack@placement-api.service[117271]: [pid: 117271|app: 0|req: 97/198] 10.222.0.23 () {60 vars in 1376 bytes} [Fri Jul 22 10:02:22 2022] GET /placement/resource_providers?in_tree=6281a96d-782e-4132-b8d4-33bb989c9831 => generated 863 bytes in 23 msecs (HTTP/1.1 200) 6 headers in 225 bytes (1 switches on core 0)
Jul 22 10:02:22.268837 n-d-850729-2 devstack@placement-api.service[117272]: DEBUG placement.requestlog [req-03f02a17-9d48-4d64-bc43-863be9552f4e req-b2c5e7c0-ad06-4ba2-9de1-dcae705b9b21 None None] Starting request: 10.222.0.23 "GET /placement/resource_providers/6281a96d-782e-4132-b8d4-33bb989c9831/inventories" {{(pid=117272) __call__ /opt/stack/placement/placement/requestlog.py:55}}
Jul 22 10:02:22.304632 n-d-850729-2 devstack@placement-api.service[117272]: INFO placement.requestlog [req-03f02a17-9d48-4d64-bc43-863be9552f4e req-b2c5e7c0-ad06-4ba2-9de1-dcae705b9b21 service placement] 10.222.0.23 "GET /placement/resource_providers/6281a96d-782e-4132-b8d4-33bb989c9831/inventories" status: 200 len: 398 microversion: 1.0
Jul 22 10:02:22.305731 n-d-850729-2 devstack@placement-api.service[117272]: [pid: 117272|app: 0|req: 102/199] 10.222.0.23 () {58 vars in 1390 bytes} [Fri Jul 22 10:02:22 2022] GET /placement/resource_providers/6281a96d-782e-4132-b8d4-33bb989c9831/inventories => generated 398 bytes in 37 msecs (HTTP/1.1 200) 6 headers in 224 bytes (1 switches on core 0)
Jul 22 10:02:24.325144 n-d-850729-2 devstack@placement-api.service[117271]: DEBUG placement.requestlog [req-03f02a17-9d48-4d64-bc43-863be9552f4e req-5f1e8837-43e2-469b-828b-2ec5f3226ccb None None] Starting request: 10.222.0.23 "GET /placement/resource_providers/6281a96d-782e-4132-b8d4-33bb989c9831/aggregates" {{(pid=117271) __call__ /opt/stack/placement/placement/requestlog.py:55}}
Jul 22 10:02:24.325732 n-d-850729-2 devstack@placement-api.service[117272]: DEBUG placement.requestlog [req-cbc19ba9-5e45-4cdc-83d1-3b9bb040562b req-cb10524d-e973-446a-a5e2-da4c0c7ef25c None None] Starting request: 10.222.0.23 "GET /placement/resource_providers?in_tree=6281a96d-782e-4132-b8d4-33bb989c9831" {{(pid=117272) __call__ /opt/stack/placement/placement/requestlog.py:55}}
Jul 22 10:02:24.349842 n-d-850729-2 devstack@placement-api.service[117272]: INFO placement.requestlog [req-cbc19ba9-5e45-4cdc-83d1-3b9bb040562b req-cb10524d-e973-446a-a5e2-da4c0c7ef25c service placement] 10.222.0.23 "GET /placement/resource_providers?in_tree=6281a96d-782e-4132-b8d4-33bb989c9831" status: 200 len: 863 microversion: 1.14
Jul 22 10:02:24.350738 n-d-850729-2 devstack@placement-api.service[117272]: [pid: 117272|app: 0|req: 103/200] 10.222.0.23 () {60 vars in 1376 bytes} [Fri Jul 22 10:02:24 2022] GET /placement/resource_providers?in_tree=6281a96d-782e-4132-b8d4-33bb989c9831 => generated 863 bytes in 25 msecs (HTTP/1.1 200) 6 headers in 225 bytes (1 switches on core 0)
Jul 22 10:02:24.351191 n-d-850729-2 devstack@placement-api.service[117271]: INFO placement.requestlog [req-03f02a17-9d48-4d64-bc43-863be9552f4e req-5f1e8837-43e2-469b-828b-2ec5f3226ccb service placement] 10.222.0.23 "GET /placement/resource_providers/6281a96d-782e-4132-b8d4-33bb989c9831/aggregates" status: 200 len: 54 microversion: 1.19
Jul 22 10:02:24.352343 n-d-850729-2 devstack@placement-api.service[117271]: [pid: 117271|app: 0|req: 98/201] 10.222.0.23 () {60 vars in 1431 bytes} [Fri Jul 22 10:02:24 2022] GET /placement/resource_providers/6281a96d-782e-4132-b8d4-33bb989c9831/aggregates => generated 54 bytes in 27 msecs (HTTP/1.1 200) 8 headers in 295 bytes (1 switches on core 0)
Jul 22 10:02:24.385355 n-d-850729-2 devstack@placement-api.service[117272]: DEBUG placement.requestlog [req-cbc19ba9-5e45-4cdc-83d1-3b9bb040562b req-01e1c28c-4f03-4fb6-9547-4b25a6f0ceba None None] Starting request: 10.222.0.23 "GET /placement/resource_providers/6281a96d-782e-4132-b8d4-33bb989c9831/inventories" {{(pid=117272) __call__ /opt/stack/placement/placement/requestlog.py:55}}
Jul 22 10:02:24.392865 n-d-850729-2 devstack@placement-api.service[117271]: DEBUG placement.requestlog [req-03f02a17-9d48-4d64-bc43-863be9552f4e req-3c773155-3127-4afd-92f0-f5f1ff540265 None None] Starting request: 10.222.0.23 "GET /placement/resource_providers/6281a96d-782e-4132-b8d4-33bb989c9831/traits" {{(pid=117271) __call__ /opt/stack/placement/placement/requestlog.py:55}}
Jul 22 10:02:24.416545 n-d-850729-2 devstack@placement-api.service[117272]: INFO placement.requestlog [req-cbc19ba9-5e45-4cdc-83d1-3b9bb040562b req-01e1c28c-4f03-4fb6-9547-4b25a6f0ceba service placement] 10.222.0.23 "GET /placement/resource_providers/6281a96d-782e-4132-b8d4-33bb989c9831/inventories" status: 200 len: 398 microversion: 1.0
Jul 22 10:02:24.418182 n-d-850729-2 devstack@placement-api.service[117272]: [pid: 117272|app: 0|req: 104/202] 10.222.0.23 () {58 vars in 1390 bytes} [Fri Jul 22 10:02:24 2022] GET /placement/resource_providers/6281a96d-782e-4132-b8d4-33bb989c9831/inventories => generated 398 bytes in 33 msecs (HTTP/1.1 200) 6 headers in 224 bytes (1 switches on core 0)
Jul 22 10:02:24.435366 n-d-850729-2 devstack@placement-api.service[117271]: INFO placement.requestlog [req-03f02a17-9d48-4d64-bc43-863be9552f4e req-3c773155-3127-4afd-92f0-f5f1ff540265 service placement] 10.222.0.23 "GET /placement/resource_providers/6281a96d-782e-4132-b8d4-33bb989c9831/traits" status: 200 len: 212 microversion: 1.6
Jul 22 10:02:24.436301 n-d-850729-2 devstack@placement-api.service[117271]: [pid: 117271|app: 0|req: 99/203] 10.222.0.23 () {60 vars in 1418 bytes} [Fri Jul 22 10:02:24 2022] GET /placement/resource_providers/6281a96d-782e-4132-b8d4-33bb989c9831/traits => generated 212 bytes in 49 msecs (HTTP/1.1 200) 6 headers in 224 bytes (1 switches on core 0)
Jul 22 10:02:24.437223 n-d-850729-2 devstack@placement-api.service[117272]: DEBUG placement.requestlog [req-cbc19ba9-5e45-4cdc-83d1-3b9bb040562b req-8c22a6fe-c4e4-4eb7-9e19-1a15a3faca76 None None] Starting request: 10.222.0.23 "GET /placement/resource_providers/6281a96d-782e-4132-b8d4-33bb989c9831/aggregates" {{(pid=117272) __call__ /opt/stack/placement/placement/requestlog.py:55}}
Jul 22 10:02:24.451512 n-d-850729-2 devstack@placement-api.service[117272]: INFO placement.requestlog [req-cbc19ba9-5e45-4cdc-83d1-3b9bb040562b req-8c22a6fe-c4e4-4eb7-9e19-1a15a3faca76 service placement] 10.222.0.23 "GET /placement/resource_providers/6281a96d-782e-4132-b8d4-33bb989c9831/aggregates" status: 200 len: 54 microversion: 1.19
Jul 22 10:02:24.452399 n-d-850729-2 devstack@placement-api.service[117272]: [pid: 117272|app: 0|req: 105/204] 10.222.0.23 () {60 vars in 1431 bytes} [Fri Jul 22 10:02:24 2022] GET /placement/resource_providers/6281a96d-782e-4132-b8d4-33bb989c9831/aggregates => generated 54 bytes in 15 msecs (HTTP/1.1 200) 8 headers in 295 bytes (1 switches on core 0)
Jul 22 10:02:24.703482 n-d-850729-2 devstack@placement-api.service[117271]: DEBUG placement.requestlog [req-cbc19ba9-5e45-4cdc-83d1-3b9bb040562b req-dbe6d628-ab73-46e7-a5ae-41f52aba663c None None] Starting request: 10.222.0.23 "GET /placement/resource_providers/6281a96d-782e-4132-b8d4-33bb989c9831/traits" {{(pid=117271) __call__ /opt/stack/placement/placement/requestlog.py:55}}
Jul 22 10:02:24.747388 n-d-850729-2 devstack@placement-api.service[117271]: INFO placement.requestlog [req-cbc19ba9-5e45-4cdc-83d1-3b9bb040562b req-dbe6d628-ab73-46e7-a5ae-41f52aba663c service placement] 10.222.0.23 "GET /placement/resource_providers/6281a96d-782e-4132-b8d4-33bb989c9831/traits" status: 200 len: 212 microversion: 1.6
Jul 22 10:02:24.748286 n-d-850729-2 devstack@placement-api.service[117271]: [pid: 117271|app: 0|req: 100/205] 10.222.0.23 () {60 vars in 1418 bytes} [Fri Jul 22 10:02:24 2022] GET /placement/resource_providers/6281a96d-782e-4132-b8d4-33bb989c9831/traits => generated 212 bytes in 45 msecs (HTTP/1.1 200) 6 headers in 224 bytes (1 switches on core 0)
Jul 22 10:02:28.143601 n-d-850729-2 devstack@placement-api.service[117272]: DEBUG placement.requestlog [req-9c597f38-fba8-42f6-aaf8-1ccb91910e01 req-0e33292d-c7f8-4d93-9fd3-7ad133ad50c6 None None] Starting request: 10.222.0.23 "GET /placement/allocations/c276f608-5349-450f-8ccf-532326c27ed9" {{(pid=117272) __call__ /opt/stack/placement/placement/requestlog.py:55}}
Jul 22 10:02:28.167702 n-d-850729-2 devstack@placement-api.service[117272]: INFO placement.requestlog [req-9c597f38-fba8-42f6-aaf8-1ccb91910e01 req-0e33292d-c7f8-4d93-9fd3-7ad133ad50c6 service placement] 10.222.0.23 "GET /placement/allocations/c276f608-5349-450f-8ccf-532326c27ed9" status: 200 len: 259 microversion: 1.28
Jul 22 10:02:28.168367 n-d-850729-2 devstack@placement-api.service[117272]: [pid: 117272|app: 0|req: 106/206] 10.222.0.23 () {60 vars in 1377 bytes} [Fri Jul 22 10:02:28 2022] GET /placement/allocations/c276f608-5349-450f-8ccf-532326c27ed9 => generated 259 bytes in 25 msecs (HTTP/1.1 200) 8 headers in 296 bytes (1 switches on core 0)
Jul 22 10:02:28.791668 n-d-850729-2 devstack@placement-api.service[117271]: DEBUG placement.requestlog [req-0a33fde7-1aed-444f-bd20-0d538c9147f5 req-ae2a33a1-fe8f-4360-af09-aa162c2ce8d1 None None] Starting request: 10.222.0.27 "GET /placement/allocation_candidates?limit=1000&resources=DISK_GB%3A1%2CMEMORY_MB%3A1024%2CVCPU%3A1&root_required=%21COMPUTE_STATUS_DISABLED" {{(pid=117271) __call__ /opt/stack/placement/placement/requestlog.py:55}}
Jul 22 10:02:28.848574 n-d-850729-2 devstack@placement-api.service[117271]: DEBUG placement.objects.research_context [req-0a33fde7-1aed-444f-bd20-0d538c9147f5 req-ae2a33a1-fe8f-4360-af09-aa162c2ce8d1 service placement] getting providers with 1 DISK_GB {{(pid=117271) __init__ /opt/stack/placement/placement/objects/research_context.py:136}}
Jul 22 10:02:28.866217 n-d-850729-2 devstack@placement-api.service[117271]: DEBUG placement.objects.research_context [req-0a33fde7-1aed-444f-bd20-0d538c9147f5 req-ae2a33a1-fe8f-4360-af09-aa162c2ce8d1 service placement] getting providers with 1024 MEMORY_MB {{(pid=117271) __init__ /opt/stack/placement/placement/objects/research_context.py:136}}
Jul 22 10:02:28.872572 n-d-850729-2 devstack@placement-api.service[117271]: DEBUG placement.objects.research_context [req-0a33fde7-1aed-444f-bd20-0d538c9147f5 req-ae2a33a1-fe8f-4360-af09-aa162c2ce8d1 service placement] getting providers with 1 VCPU {{(pid=117271) __init__ /opt/stack/placement/placement/objects/research_context.py:136}}
Jul 22 10:02:28.878156 n-d-850729-2 devstack@placement-api.service[117271]: DEBUG placement.objects.research_context [req-0a33fde7-1aed-444f-bd20-0d538c9147f5 req-ae2a33a1-fe8f-4360-af09-aa162c2ce8d1 service placement] found 2 providers with available 1 DISK_GB {{(pid=117271) get_provider_ids_matching /opt/stack/placement/placement/objects/research_context.py:563}}
Jul 22 10:02:28.879109 n-d-850729-2 devstack@placement-api.service[117271]: DEBUG placement.objects.research_context [req-0a33fde7-1aed-444f-bd20-0d538c9147f5 req-ae2a33a1-fe8f-4360-af09-aa162c2ce8d1 service placement] found 2 providers with available 1024 MEMORY_MB {{(pid=117271) get_provider_ids_matching /opt/stack/placement/placement/objects/research_context.py:563}}
Jul 22 10:02:28.879589 n-d-850729-2 devstack@placement-api.service[117271]: DEBUG placement.objects.research_context [req-0a33fde7-1aed-444f-bd20-0d538c9147f5 req-ae2a33a1-fe8f-4360-af09-aa162c2ce8d1 service placement] found 2 providers after filtering by previous result {{(pid=117271) get_provider_ids_matching /opt/stack/placement/placement/objects/research_context.py:594}}
Jul 22 10:02:28.880044 n-d-850729-2 devstack@placement-api.service[117271]: DEBUG placement.objects.research_context [req-0a33fde7-1aed-444f-bd20-0d538c9147f5 req-ae2a33a1-fe8f-4360-af09-aa162c2ce8d1 service placement] found 2 providers with available 1 VCPU {{(pid=117271) get_provider_ids_matching /opt/stack/placement/placement/objects/research_context.py:563}}
Jul 22 10:02:28.880496 n-d-850729-2 devstack@placement-api.service[117271]: DEBUG placement.objects.research_context [req-0a33fde7-1aed-444f-bd20-0d538c9147f5 req-ae2a33a1-fe8f-4360-af09-aa162c2ce8d1 service placement] found 2 providers after filtering by previous result {{(pid=117271) get_provider_ids_matching /opt/stack/placement/placement/objects/research_context.py:594}}
Jul 22 10:02:28.892556 n-d-850729-2 devstack@placement-api.service[117271]: DEBUG placement.objects.allocation_candidate [req-0a33fde7-1aed-444f-bd20-0d538c9147f5 req-ae2a33a1-fe8f-4360-af09-aa162c2ce8d1 service placement] RequestGroup(use_same_provider=False, resources={DISK_GB:1, MEMORY_MB:1024, VCPU:1}, traits=(), aggregates=[]) (suffix '') returned 2 matches {{(pid=117271) _get_by_requests /opt/stack/placement/placement/objects/allocation_candidate.py:156}}
Jul 22 10:02:28.893242 n-d-850729-2 devstack@placement-api.service[117271]: DEBUG placement.objects.allocation_candidate [req-0a33fde7-1aed-444f-bd20-0d538c9147f5 req-ae2a33a1-fe8f-4360-af09-aa162c2ce8d1 service placement] Merging candidates yields 2 allocation requests and 2 provider summaries {{(pid=117271) _merge_candidates /opt/stack/placement/placement/objects/allocation_candidate.py:809}}
Jul 22 10:02:28.895650 n-d-850729-2 devstack@placement-api.service[117271]: INFO placement.requestlog [req-0a33fde7-1aed-444f-bd20-0d538c9147f5 req-ae2a33a1-fe8f-4360-af09-aa162c2ce8d1 service placement] 10.222.0.27 "GET /placement/allocation_candidates?limit=1000&resources=DISK_GB%3A1%2CMEMORY_MB%3A1024%2CVCPU%3A1&root_required=%21COMPUTE_STATUS_DISABLED" status: 200 len: 1309 microversion: 1.36
Jul 22 10:02:28.896552 n-d-850729-2 devstack@placement-api.service[117271]: [pid: 117271|app: 0|req: 101/207] 10.222.0.27 () {60 vars in 1506 bytes} [Fri Jul 22 10:02:28 2022] GET /placement/allocation_candidates?limit=1000&resources=DISK_GB%3A1%2CMEMORY_MB%3A1024%2CVCPU%3A1&root_required=%21COMPUTE_STATUS_DISABLED => generated 1309 bytes in 105 msecs (HTTP/1.1 200) 8 headers in 297 bytes (1 switches on core 0)
Jul 22 10:02:28.981719 n-d-850729-2 devstack@placement-api.service[117272]: DEBUG placement.requestlog [req-0a33fde7-1aed-444f-bd20-0d538c9147f5 req-135476a1-0467-48aa-ac69-804f8ac7b166 None None] Starting request: 10.222.0.27 "GET /placement/allocations/b4b2bf10-8baa-43c7-ac61-14d52bd94cde" {{(pid=117272) __call__ /opt/stack/placement/placement/requestlog.py:55}}
Jul 22 10:02:28.993971 n-d-850729-2 devstack@placement-api.service[117272]: INFO placement.requestlog [req-0a33fde7-1aed-444f-bd20-0d538c9147f5 req-135476a1-0467-48aa-ac69-804f8ac7b166 service placement] 10.222.0.27 "GET /placement/allocations/b4b2bf10-8baa-43c7-ac61-14d52bd94cde" status: 200 len: 19 microversion: 1.28
Jul 22 10:02:28.999307 n-d-850729-2 devstack@placement-api.service[117272]: [pid: 117272|app: 0|req: 107/208] 10.222.0.27 () {60 vars in 1380 bytes} [Fri Jul 22 10:02:28 2022] GET /placement/allocations/b4b2bf10-8baa-43c7-ac61-14d52bd94cde => generated 19 bytes in 18 msecs (HTTP/1.1 200) 8 headers in 295 bytes (1 switches on core 0)
Jul 22 10:02:29.002335 n-d-850729-2 devstack@placement-api.service[117271]: DEBUG placement.requestlog [req-0a33fde7-1aed-444f-bd20-0d538c9147f5 req-5d76f53e-03d9-45d9-b62d-df5460a8d658 None None] Starting request: 10.222.0.27 "PUT /placement/allocations/b4b2bf10-8baa-43c7-ac61-14d52bd94cde" {{(pid=117271) __call__ /opt/stack/placement/placement/requestlog.py:55}}
Jul 22 10:02:29.377319 n-d-850729-2 devstack@placement-api.service[117271]: DEBUG placement.handlers.allocation [req-0a33fde7-1aed-444f-bd20-0d538c9147f5 req-5d76f53e-03d9-45d9-b62d-df5460a8d658 service placement] Successfully wrote allocations [, , ] {{(pid=117271) _update_consumers_and_create_allocations /opt/stack/placement/placement/handlers/allocation.py:462}}
