Jul 22 10:13:43.348580 n-d-850729-2 devstack@placement-api.service[117272]: [pid: 117272|app: 0|req: 329/640] 10.222.0.27 () {58 vars in 1362 bytes} [Fri Jul 22 10:13:43 2022] GET /placement/resource_providers/2010f466-5913-4cb5-8c29-c8510e10f1eb/aggregates => generated 235 bytes in 17 msecs (HTTP/1.1 404) 5 headers in 202 bytes (2 switches on core 0)
Jul 22 10:13:43.356490 n-d-850729-2 devstack@placement-api.service[117271]: DEBUG placement.objects.research_context [req-f2042453-5249-40c2-8c1b-8668c7cfb209 req-383982ee-8b0b-4d46-96ce-96c43ed5f0fe service placement] getting providers with 1024 MEMORY_MB {{(pid=117271) __init__ /opt/stack/placement/placement/objects/research_context.py:136}}
Jul 22 10:13:43.371461 n-d-850729-2 devstack@placement-api.service[117271]: DEBUG placement.objects.research_context [req-f2042453-5249-40c2-8c1b-8668c7cfb209 req-383982ee-8b0b-4d46-96ce-96c43ed5f0fe service placement] getting providers with 1 VCPU {{(pid=117271) __init__ /opt/stack/placement/placement/objects/research_context.py:136}}
Jul 22 10:13:43.382259 n-d-850729-2 devstack@placement-api.service[117272]: DEBUG placement.requestlog [None req-dc732e1c-5bd1-4c06-8c59-75b941f0bbd2 None None] Starting request: 10.222.0.27 "DELETE /placement/resource_providers/2010f466-5913-4cb5-8c29-c8510e10f1eb" {{(pid=117272) __call__ /opt/stack/placement/placement/requestlog.py:55}}
Jul 22 10:13:43.386198 n-d-850729-2 devstack@placement-api.service[117271]: DEBUG placement.objects.research_context [req-f2042453-5249-40c2-8c1b-8668c7cfb209 req-383982ee-8b0b-4d46-96ce-96c43ed5f0fe service placement] found 2 providers with available 1 DISK_GB {{(pid=117271) get_provider_ids_matching /opt/stack/placement/placement/objects/research_context.py:563}}
Jul 22 10:13:43.386713 n-d-850729-2 devstack@placement-api.service[117271]: DEBUG placement.objects.research_context [req-f2042453-5249-40c2-8c1b-8668c7cfb209 req-383982ee-8b0b-4d46-96ce-96c43ed5f0fe service placement] found 2 providers with available 1024 MEMORY_MB {{(pid=117271) get_provider_ids_matching /opt/stack/placement/placement/objects/research_context.py:563}}
Jul 22 10:13:43.387240 n-d-850729-2 devstack@placement-api.service[117271]: DEBUG placement.objects.research_context [req-f2042453-5249-40c2-8c1b-8668c7cfb209 req-383982ee-8b0b-4d46-96ce-96c43ed5f0fe service placement] found 2 providers after filtering by previous result {{(pid=117271) get_provider_ids_matching /opt/stack/placement/placement/objects/research_context.py:594}}
Jul 22 10:13:43.387892 n-d-850729-2 devstack@placement-api.service[117271]: DEBUG placement.objects.research_context [req-f2042453-5249-40c2-8c1b-8668c7cfb209 req-383982ee-8b0b-4d46-96ce-96c43ed5f0fe service placement] found 2 providers with available 1 VCPU {{(pid=117271) get_provider_ids_matching /opt/stack/placement/placement/objects/research_context.py:563}}
Jul 22 10:13:43.388311 n-d-850729-2 devstack@placement-api.service[117271]: DEBUG placement.objects.research_context [req-f2042453-5249-40c2-8c1b-8668c7cfb209 req-383982ee-8b0b-4d46-96ce-96c43ed5f0fe service placement] found 2 providers after filtering by previous result {{(pid=117271) get_provider_ids_matching /opt/stack/placement/placement/objects/research_context.py:594}}
Jul 22 10:13:43.395105 n-d-850729-2 devstack@placement-api.service[117272]: DEBUG placement.wsgi_wrapper [None req-dc732e1c-5bd1-4c06-8c59-75b941f0bbd2 service placement] Placement API returning an error response: No resource provider with uuid 2010f466-5913-4cb5-8c29-c8510e10f1eb found for delete {{(pid=117272) call_func /opt/stack/placement/placement/wsgi_wrapper.py:31}}
Jul 22 10:13:43.397080 n-d-850729-2 devstack@placement-api.service[117272]: INFO placement.requestlog [None req-dc732e1c-5bd1-4c06-8c59-75b941f0bbd2 service placement] 10.222.0.27 "DELETE /placement/resource_providers/2010f466-5913-4cb5-8c29-c8510e10f1eb" status: 404 len: 246 microversion: 1.1
Jul 22 10:13:43.398861 n-d-850729-2 devstack@placement-api.service[117272]: [pid: 117272|app: 0|req: 330/641] 10.222.0.27 () {60 vars in 1351 bytes} [Fri Jul 22 10:13:43 2022] DELETE /placement/resource_providers/2010f466-5913-4cb5-8c29-c8510e10f1eb => generated 246 bytes in 17 msecs (HTTP/1.1 404) 6 headers in 231 bytes (2 switches on core 0)
Jul 22 10:13:43.407844 n-d-850729-2 devstack@placement-api.service[117271]: DEBUG placement.objects.allocation_candidate [req-f2042453-5249-40c2-8c1b-8668c7cfb209 req-383982ee-8b0b-4d46-96ce-96c43ed5f0fe service placement] RequestGroup(use_same_provider=False, resources={DISK_GB:1, MEMORY_MB:1024, VCPU:1}, traits=(), aggregates=[]) (suffix '') returned 2 matches {{(pid=117271) _get_by_requests /opt/stack/placement/placement/objects/allocation_candidate.py:156}}
Jul 22 10:13:43.407844 n-d-850729-2 devstack@placement-api.service[117271]: DEBUG placement.objects.allocation_candidate [req-f2042453-5249-40c2-8c1b-8668c7cfb209 req-383982ee-8b0b-4d46-96ce-96c43ed5f0fe service placement] Merging candidates yields 2 allocation requests and 2 provider summaries {{(pid=117271) _merge_candidates /opt/stack/placement/placement/objects/allocation_candidate.py:809}}
Jul 22 10:13:43.407844 n-d-850729-2 devstack@placement-api.service[117271]: INFO placement.requestlog [req-f2042453-5249-40c2-8c1b-8668c7cfb209 req-383982ee-8b0b-4d46-96ce-96c43ed5f0fe service placement] 10.222.0.27 "GET /placement/allocation_candidates?limit=1000&resources=DISK_GB%3A1%2CMEMORY_MB%3A1024%2CVCPU%3A1&root_required=%21COMPUTE_STATUS_DISABLED" status: 200 len: 1309 microversion: 1.36
Jul 22 10:13:43.413631 n-d-850729-2 devstack@placement-api.service[117271]: [pid: 117271|app: 0|req: 312/642] 10.222.0.27 () {60 vars in 1506 bytes} [Fri Jul 22 10:13:43 2022] GET /placement/allocation_candidates?limit=1000&resources=DISK_GB%3A1%2CMEMORY_MB%3A1024%2CVCPU%3A1&root_required=%21COMPUTE_STATUS_DISABLED => generated 1309 bytes in 150 msecs (HTTP/1.1 200) 8 headers in 297 bytes (1 switches on core 0)
Jul 22 10:13:43.507445 n-d-850729-2 devstack@placement-api.service[117272]: DEBUG placement.requestlog [req-f2042453-5249-40c2-8c1b-8668c7cfb209 req-4490b00d-eb7f-4d7d-8892-bd9897cb82ca None None] Starting request: 10.222.0.27 "GET /placement/allocations/540e227e-38a1-44c0-9f37-e418dc0d28e1" {{(pid=117272) __call__ /opt/stack/placement/placement/requestlog.py:55}}
Jul 22 10:13:43.531439 n-d-850729-2 devstack@placement-api.service[117272]: INFO placement.requestlog [req-f2042453-5249-40c2-8c1b-8668c7cfb209 req-4490b00d-eb7f-4d7d-8892-bd9897cb82ca service placement] 10.222.0.27 "GET /placement/allocations/540e227e-38a1-44c0-9f37-e418dc0d28e1" status: 200 len: 19 microversion: 1.28
Jul 22 10:13:43.531439 n-d-850729-2 devstack@placement-api.service[117272]: [pid: 117272|app: 0|req: 331/643] 10.222.0.27 () {60 vars in 1380 bytes} [Fri Jul 22 10:13:43 2022] GET /placement/allocations/540e227e-38a1-44c0-9f37-e418dc0d28e1 => generated 19 bytes in 20 msecs (HTTP/1.1 200) 8 headers in 295 bytes (1 switches on core 0)
Jul 22 10:13:43.534268 n-d-850729-2 devstack@placement-api.service[117271]: DEBUG placement.requestlog [req-f2042453-5249-40c2-8c1b-8668c7cfb209 req-f8cbb1c8-d7ea-4185-aacb-ae378d74b1d3 None None] Starting request: 10.222.0.27 "PUT /placement/allocations/540e227e-38a1-44c0-9f37-e418dc0d28e1" {{(pid=117271) __call__ /opt/stack/placement/placement/requestlog.py:55}}
Jul 22 10:13:43.900531 n-d-850729-2 devstack@placement-api.service[117271]: DEBUG placement.handlers.allocation [req-f2042453-5249-40c2-8c1b-8668c7cfb209 req-f8cbb1c8-d7ea-4185-aacb-ae378d74b1d3 service placement] Successfully wrote allocations [, , ] {{(pid=117271) _update_consumers_and_create_allocations /opt/stack/placement/placement/handlers/allocation.py:462}}
Jul 22 10:13:43.998592 n-d-850729-2 devstack@placement-api.service[117271]: INFO placement.requestlog [req-f2042453-5249-40c2-8c1b-8668c7cfb209 req-f8cbb1c8-d7ea-4185-aacb-ae378d74b1d3 service placement] 10.222.0.27 "PUT /placement/allocations/540e227e-38a1-44c0-9f37-e418dc0d28e1" status: 204 len: 0 microversion: 1.36
Jul 22 10:13:44.009449 n-d-850729-2 devstack@placement-api.service[117271]: [pid: 117271|app: 0|req: 313/644] 10.222.0.27 () {64 vars in 1433 bytes} [Fri Jul 22 10:13:43 2022] PUT /placement/allocations/540e227e-38a1-44c0-9f37-e418dc0d28e1 => generated 0 bytes in 467 msecs (HTTP/1.1 204) 5 headers in 199 bytes (1 switches on core 0)
Jul 22 10:13:44.069927 n-d-850729-2 devstack@placement-api.service[117272]: DEBUG placement.requestlog [req-f25af195-e4ca-480a-8b8f-799caad518ea req-113bd205-d260-483c-ac1e-079a0b25ac62 None None] Starting request: 10.222.0.27 "GET /placement/allocation_candidates?limit=1000&resources=DISK_GB%3A1%2CMEMORY_MB%3A1024%2CVCPU%3A1&root_required=%21COMPUTE_STATUS_DISABLED" {{(pid=117272) __call__ /opt/stack/placement/placement/requestlog.py:55}}
Jul 22 10:13:44.176221 n-d-850729-2 devstack@placement-api.service[117272]: DEBUG placement.objects.research_context [req-f25af195-e4ca-480a-8b8f-799caad518ea req-113bd205-d260-483c-ac1e-079a0b25ac62 service placement] getting providers with 1 DISK_GB {{(pid=117272) __init__ /opt/stack/placement/placement/objects/research_context.py:136}}
Jul 22 10:13:44.182594 n-d-850729-2 devstack@placement-api.service[117272]: DEBUG placement.objects.research_context [req-f25af195-e4ca-480a-8b8f-799caad518ea req-113bd205-d260-483c-ac1e-079a0b25ac62 service placement] getting providers with 1024 MEMORY_MB {{(pid=117272) __init__ /opt/stack/placement/placement/objects/research_context.py:136}}
Jul 22 10:13:44.189080 n-d-850729-2 devstack@placement-api.service[117272]: DEBUG placement.objects.research_context [req-f25af195-e4ca-480a-8b8f-799caad518ea req-113bd205-d260-483c-ac1e-079a0b25ac62 service placement] getting providers with 1 VCPU {{(pid=117272) __init__ /opt/stack/placement/placement/objects/research_context.py:136}}
Jul 22 10:13:44.195496 n-d-850729-2 devstack@placement-api.service[117272]: DEBUG placement.objects.research_context [req-f25af195-e4ca-480a-8b8f-799caad518ea req-113bd205-d260-483c-ac1e-079a0b25ac62 service placement] found 2 providers with available 1 DISK_GB {{(pid=117272) get_provider_ids_matching /opt/stack/placement/placement/objects/research_context.py:563}}
Jul 22 10:13:44.195798 n-d-850729-2 devstack@placement-api.service[117272]: DEBUG placement.objects.research_context [req-f25af195-e4ca-480a-8b8f-799caad518ea req-113bd205-d260-483c-ac1e-079a0b25ac62 service placement] found 2 providers with available 1024 MEMORY_MB {{(pid=117272) get_provider_ids_matching /opt/stack/placement/placement/objects/research_context.py:563}}
Jul 22 10:13:44.196285 n-d-850729-2 devstack@placement-api.service[117272]: DEBUG placement.objects.research_context [req-f25af195-e4ca-480a-8b8f-799caad518ea req-113bd205-d260-483c-ac1e-079a0b25ac62 service placement] found 2 providers after filtering by previous result {{(pid=117272) get_provider_ids_matching /opt/stack/placement/placement/objects/research_context.py:594}}
Jul 22 10:13:44.196698 n-d-850729-2 devstack@placement-api.service[117272]: DEBUG placement.objects.research_context [req-f25af195-e4ca-480a-8b8f-799caad518ea req-113bd205-d260-483c-ac1e-079a0b25ac62 service placement] found 2 providers with available 1 VCPU {{(pid=117272) get_provider_ids_matching /opt/stack/placement/placement/objects/research_context.py:563}}
Jul 22 10:13:44.197112 n-d-850729-2 devstack@placement-api.service[117272]: DEBUG placement.objects.research_context [req-f25af195-e4ca-480a-8b8f-799caad518ea req-113bd205-d260-483c-ac1e-079a0b25ac62 service placement] found 2 providers after filtering by previous result {{(pid=117272) get_provider_ids_matching /opt/stack/placement/placement/objects/research_context.py:594}}
Jul 22 10:13:44.213551 n-d-850729-2 devstack@placement-api.service[117272]: DEBUG placement.objects.allocation_candidate [req-f25af195-e4ca-480a-8b8f-799caad518ea req-113bd205-d260-483c-ac1e-079a0b25ac62 service placement] RequestGroup(use_same_provider=False, resources={DISK_GB:1, MEMORY_MB:1024, VCPU:1}, traits=(), aggregates=[]) (suffix '') returned 2 matches {{(pid=117272) _get_by_requests /opt/stack/placement/placement/objects/allocation_candidate.py:156}}
Jul 22 10:13:44.214184 n-d-850729-2 devstack@placement-api.service[117272]: DEBUG placement.objects.allocation_candidate [req-f25af195-e4ca-480a-8b8f-799caad518ea req-113bd205-d260-483c-ac1e-079a0b25ac62 service placement] Merging candidates yields 2 allocation requests and 2 provider summaries {{(pid=117272) _merge_candidates /opt/stack/placement/placement/objects/allocation_candidate.py:809}}
Jul 22 10:13:44.218316 n-d-850729-2 devstack@placement-api.service[117272]: INFO placement.requestlog [req-f25af195-e4ca-480a-8b8f-799caad518ea req-113bd205-d260-483c-ac1e-079a0b25ac62 service placement] 10.222.0.27 "GET /placement/allocation_candidates?limit=1000&resources=DISK_GB%3A1%2CMEMORY_MB%3A1024%2CVCPU%3A1&root_required=%21COMPUTE_STATUS_DISABLED" status: 200 len: 1309 microversion: 1.36
Jul 22 10:13:44.221462 n-d-850729-2 devstack@placement-api.service[117272]: [pid: 117272|app: 0|req: 332/645] 10.222.0.27 () {60 vars in 1506 bytes} [Fri Jul 22 10:13:44 2022] GET /placement/allocation_candidates?limit=1000&resources=DISK_GB%3A1%2CMEMORY_MB%3A1024%2CVCPU%3A1&root_required=%21COMPUTE_STATUS_DISABLED => generated 1309 bytes in 152 msecs (HTTP/1.1 200) 8 headers in 297 bytes (1 switches on core 0)
Jul 22 10:13:44.339924 n-d-850729-2 devstack@placement-api.service[117271]: DEBUG placement.requestlog [req-f25af195-e4ca-480a-8b8f-799caad518ea req-a5bfc208-84af-4407-b8e0-9fb135356d12 None None] Starting request: 10.222.0.27 "GET /placement/allocations/9ff332aa-bbc8-4424-b61e-86e8a5c12e95" {{(pid=117271) __call__ /opt/stack/placement/placement/requestlog.py:55}}
Jul 22 10:13:44.353489 n-d-850729-2 devstack@placement-api.service[117271]: INFO placement.requestlog [req-f25af195-e4ca-480a-8b8f-799caad518ea req-a5bfc208-84af-4407-b8e0-9fb135356d12 service placement] 10.222.0.27 "GET /placement/allocations/9ff332aa-bbc8-4424-b61e-86e8a5c12e95" status: 200 len: 19 microversion: 1.28
Jul 22 10:13:44.354411 n-d-850729-2 devstack@placement-api.service[117271]: [pid: 117271|app: 0|req: 314/646] 10.222.0.27 () {60 vars in 1380 bytes} [Fri Jul 22 10:13:44 2022] GET /placement/allocations/9ff332aa-bbc8-4424-b61e-86e8a5c12e95 => generated 19 bytes in 15 msecs (HTTP/1.1 200) 8 headers in 295 bytes (1 switches on core 0)
Jul 22 10:13:44.363709 n-d-850729-2 devstack@placement-api.service[117272]: DEBUG placement.requestlog [req-f25af195-e4ca-480a-8b8f-799caad518ea req-1be7942b-0679-4606-9343-0d78f7bf7685 None None] Starting request: 10.222.0.27 "PUT /placement/allocations/9ff332aa-bbc8-4424-b61e-86e8a5c12e95" {{(pid=117272) __call__ /opt/stack/placement/placement/requestlog.py:55}}
Jul 22 10:13:44.537765 n-d-850729-2 devstack@placement-api.service[117272]: DEBUG placement.handlers.allocation [req-f25af195-e4ca-480a-8b8f-799caad518ea req-1be7942b-0679-4606-9343-0d78f7bf7685 service placement] Successfully wrote allocations [, , ] {{(pid=117272) _update_consumers_and_create_allocations /opt/stack/placement/placement/handlers/allocation.py:462}}
Jul 22 10:13:44.651830 n-d-850729-2 devstack@placement-api.service[117272]: INFO placement.requestlog [req-f25af195-e4ca-480a-8b8f-799caad518ea req-1be7942b-0679-4606-9343-0d78f7bf7685 service placement] 10.222.0.27 "PUT /placement/allocations/9ff332aa-bbc8-4424-b61e-86e8a5c12e95" status: 204 len: 0 microversion: 1.36
Jul 22 10:13:44.653298 n-d-850729-2 devstack@placement-api.service[117272]: [pid: 117272|app: 0|req: 333/647] 10.222.0.27 () {64 vars in 1433 bytes} [Fri Jul 22 10:13:44 2022] PUT /placement/allocations/9ff332aa-bbc8-4424-b61e-86e8a5c12e95 => generated 0 bytes in 290 msecs (HTTP/1.1 204) 5 headers in 199 bytes (2 switches on core 0)
Jul 22 10:13:45.901817 n-d-850729-2 devstack@placement-api.service[117271]: DEBUG placement.requestlog [req-f2042453-5249-40c2-8c1b-8668c7cfb209 req-200c463c-d85d-435e-996f-5e76ad521999 None None] Starting request: 10.222.0.64 "GET /placement/allocations/540e227e-38a1-44c0-9f37-e418dc0d28e1" {{(pid=117271) __call__ /opt/stack/placement/placement/requestlog.py:55}}
Jul 22 10:13:45.948749 n-d-850729-2 devstack@placement-api.service[117271]: INFO placement.requestlog [req-f2042453-5249-40c2-8c1b-8668c7cfb209 req-200c463c-d85d-435e-996f-5e76ad521999 service placement] 10.222.0.64 "GET /placement/allocations/540e227e-38a1-44c0-9f37-e418dc0d28e1" status: 200 len: 259 microversion: 1.28
Jul 22 10:13:45.949898 n-d-850729-2 devstack@placement-api.service[117271]: [pid: 117271|app: 0|req: 315/648] 10.222.0.64 () {60 vars in 1377 bytes} [Fri Jul 22 10:13:45 2022] GET /placement/allocations/540e227e-38a1-44c0-9f37-e418dc0d28e1 => generated 259 bytes in 48 msecs (HTTP/1.1 200) 8 headers in 296 bytes (1 switches on core 0)
Jul 22 10:13:46.216356 n-d-850729-2 devstack@placement-api.service[117272]: DEBUG placement.requestlog [req-f25af195-e4ca-480a-8b8f-799caad518ea req-8314e33e-ec5c-4b17-b099-66003480bc38 None None] Starting request: 10.222.0.64 "GET /placement/allocations/9ff332aa-bbc8-4424-b61e-86e8a5c12e95" {{(pid=117272) __call__ /opt/stack/placement/placement/requestlog.py:55}}
Jul 22 10:13:46.259997 n-d-850729-2 devstack@placement-api.service[117272]: INFO placement.requestlog [req-f25af195-e4ca-480a-8b8f-799caad518ea req-8314e33e-ec5c-4b17-b099-66003480bc38 service placement] 10.222.0.64 "GET /placement/allocations/9ff332aa-bbc8-4424-b61e-86e8a5c12e95" status: 200 len: 259 microversion: 1.28
Jul 22 10:13:46.259997 n-d-850729-2 devstack@placement-api.service[117272]: [pid: 117272|app: 0|req: 334/649] 10.222.0.64 () {60 vars in 1377 bytes} [Fri Jul 22 10:13:46 2022] GET /placement/allocations/9ff332aa-bbc8-4424-b61e-86e8a5c12e95 => generated 259 bytes in 41 msecs (HTTP/1.1 200) 8 headers in 296 bytes (1 switches on core 0)
Jul 22 10:13:51.063690 n-d-850729-2 devstack@placement-api.service[117271]: DEBUG placement.requestlog [req-b53dd082-917d-40c7-8c21-c1d5b5410624 req-d5153404-29da-43ce-bd9a-2fa26a529356 None None] Starting request: 10.222.0.27 "GET /placement/allocation_candidates?limit=1000&resources=DISK_GB%3A1%2CMEMORY_MB%3A1024%2CVCPU%3A1&root_required=%21COMPUTE_STATUS_DISABLED" {{(pid=117271) __call__ /opt/stack/placement/placement/requestlog.py:55}}
Jul 22 10:13:51.121224 n-d-850729-2 devstack@placement-api.service[117271]: DEBUG placement.objects.research_context [req-b53dd082-917d-40c7-8c21-c1d5b5410624 req-d5153404-29da-43ce-bd9a-2fa26a529356 service placement] getting providers with 1 DISK_GB {{(pid=117271) __init__ /opt/stack/placement/placement/objects/research_context.py:136}}
Jul 22 10:13:51.130948 n-d-850729-2 devstack@placement-api.service[117271]: DEBUG placement.objects.research_context [req-b53dd082-917d-40c7-8c21-c1d5b5410624 req-d5153404-29da-43ce-bd9a-2fa26a529356 service placement] getting providers with 1024 MEMORY_MB {{(pid=117271) __init__ /opt/stack/placement/placement/objects/research_context.py:136}}
Jul 22 10:13:51.145356 n-d-850729-2 devstack@placement-api.service[117271]: DEBUG placement.objects.research_context [req-b53dd082-917d-40c7-8c21-c1d5b5410624 req-d5153404-29da-43ce-bd9a-2fa26a529356 service placement] getting providers with 1 VCPU {{(pid=117271) __init__ /opt/stack/placement/placement/objects/research_context.py:136}}
Jul 22 10:13:51.152534 n-d-850729-2 devstack@placement-api.service[117271]: DEBUG placement.objects.research_context [req-b53dd082-917d-40c7-8c21-c1d5b5410624 req-d5153404-29da-43ce-bd9a-2fa26a529356 service placement] found 2 providers with available 1 DISK_GB {{(pid=117271) get_provider_ids_matching /opt/stack/placement/placement/objects/research_context.py:563}}
Jul 22 10:13:51.152825 n-d-850729-2 devstack@placement-api.service[117271]: DEBUG placement.objects.research_context [req-b53dd082-917d-40c7-8c21-c1d5b5410624 req-d5153404-29da-43ce-bd9a-2fa26a529356 service placement] found 2 providers with available 1024 MEMORY_MB {{(pid=117271) get_provider_ids_matching /opt/stack/placement/placement/objects/research_context.py:563}}
Jul 22 10:13:51.153135 n-d-850729-2 devstack@placement-api.service[117271]: DEBUG placement.objects.research_context [req-b53dd082-917d-40c7-8c21-c1d5b5410624 req-d5153404-29da-43ce-bd9a-2fa26a529356 service placement] found 2 providers after filtering by previous result {{(pid=117271) get_provider_ids_matching /opt/stack/placement/placement/objects/research_context.py:594}}
Jul 22 10:13:51.153463 n-d-850729-2 devstack@placement-api.service[117271]: DEBUG placement.objects.research_context [req-b53dd082-917d-40c7-8c21-c1d5b5410624 req-d5153404-29da-43ce-bd9a-2fa26a529356 service placement] found 2 providers with available 1 VCPU {{(pid=117271) get_provider_ids_matching /opt/stack/placement/placement/objects/research_context.py:563}}
Jul 22 10:13:51.153911 n-d-850729-2 devstack@placement-api.service[117271]: DEBUG placement.objects.research_context [req-b53dd082-917d-40c7-8c21-c1d5b5410624 req-d5153404-29da-43ce-bd9a-2fa26a529356 service placement] found 2 providers after filtering by previous result {{(pid=117271) get_provider_ids_matching /opt/stack/placement/placement/objects/research_context.py:594}}
Jul 22 10:13:51.166386 n-d-850729-2 devstack@placement-api.service[117271]: DEBUG placement.objects.allocation_candidate [req-b53dd082-917d-40c7-8c21-c1d5b5410624 req-d5153404-29da-43ce-bd9a-2fa26a529356 service placement] RequestGroup(use_same_provider=False, resources={DISK_GB:1, MEMORY_MB:1024, VCPU:1}, traits=(), aggregates=[]) (suffix '') returned 2 matches {{(pid=117271) _get_by_requests /opt/stack/placement/placement/objects/allocation_candidate.py:156}}
Jul 22 10:13:51.167015 n-d-850729-2 devstack@placement-api.service[117271]: DEBUG placement.objects.allocation_candidate [req-b53dd082-917d-40c7-8c21-c1d5b5410624 req-d5153404-29da-43ce-bd9a-2fa26a529356 service placement] Merging candidates yields 2 allocation requests and 2 provider summaries {{(pid=117271) _merge_candidates /opt/stack/placement/placement/objects/allocation_candidate.py:809}}
Jul 22 10:13:51.168808 n-d-850729-2 devstack@placement-api.service[117271]: INFO placement.requestlog [req-b53dd082-917d-40c7-8c21-c1d5b5410624 req-d5153404-29da-43ce-bd9a-2fa26a529356 service placement] 10.222.0.27 "GET /placement/allocation_candidates?limit=1000&resources=DISK_GB%3A1%2CMEMORY_MB%3A1024%2CVCPU%3A1&root_required=%21COMPUTE_STATUS_DISABLED" status: 200 len: 1309 microversion: 1.36
Jul 22 10:13:51.169583 n-d-850729-2 devstack@placement-api.service[117271]: [pid: 117271|app: 0|req: 316/650] 10.222.0.27 () {60 vars in 1506 bytes} [Fri Jul 22 10:13:51 2022] GET /placement/allocation_candidates?limit=1000&resources=DISK_GB%3A1%2CMEMORY_MB%3A1024%2CVCPU%3A1&root_required=%21COMPUTE_STATUS_DISABLED => generated 1309 bytes in 106 msecs (HTTP/1.1 200) 8 headers in 297 bytes (2 switches on core 0)
Jul 22 10:13:51.253945 n-d-850729-2 devstack@placement-api.service[117272]: DEBUG placement.requestlog [req-b53dd082-917d-40c7-8c21-c1d5b5410624 req-f0c29f8f-c5d3-4b88-a897-ffff33068c58 None None] Starting request: 10.222.0.27 "GET /placement/allocations/7faec7f9-a86a-4c37-9930-2fe7f5de9ce4" {{(pid=117272) __call__ /opt/stack/placement/placement/requestlog.py:55}}
Jul 22 10:13:51.272867 n-d-850729-2 devstack@placement-api.service[117272]: INFO placement.requestlog [req-b53dd082-917d-40c7-8c21-c1d5b5410624 req-f0c29f8f-c5d3-4b88-a897-ffff33068c58 service placement] 10.222.0.27 "GET /placement/allocations/7faec7f9-a86a-4c37-9930-2fe7f5de9ce4" status: 200 len: 19 microversion: 1.28
Jul 22 10:13:51.273821 n-d-850729-2 devstack@placement-api.service[117272]: [pid: 117272|app: 0|req: 335/651] 10.222.0.27 () {60 vars in 1380 bytes} [Fri Jul 22 10:13:51 2022] GET /placement/allocations/7faec7f9-a86a-4c37-9930-2fe7f5de9ce4 => generated 19 bytes in 20 msecs (HTTP/1.1 200) 8 headers in 295 bytes (1 switches on core 0)
Jul 22 10:13:51.280808 n-d-850729-2 devstack@placement-api.service[117271]: DEBUG placement.requestlog [req-b53dd082-917d-40c7-8c21-c1d5b5410624 req-01330940-5764-4bbd-a52a-2748d28a4ee9 None None] Starting request: 10.222.0.27 "PUT /placement/allocations/7faec7f9-a86a-4c37-9930-2fe7f5de9ce4" {{(pid=117271) __call__ /opt/stack/placement/placement/requestlog.py:55}}
Jul 22 10:13:51.620477 n-d-850729-2 devstack@placement-api.service[117271]: DEBUG placement.handlers.allocation [req-b53dd082-917d-40c7-8c21-c1d5b5410624 req-01330940-5764-4bbd-a52a-2748d28a4ee9 service placement] Successfully wrote allocations [, , ] {{(pid=117271) _update_consumers_and_create_allocations /opt/stack/placement/placement/handlers/allocation.py:462}}
Jul 22 10:13:51.742615 n-d-850729-2 devstack@placement-api.service[117271]: INFO placement.requestlog [req-b53dd082-917d-40c7-8c21-c1d5b5410624 req-01330940-5764-4bbd-a52a-2748d28a4ee9 service placement] 10.222.0.27 "PUT /placement/allocations/7faec7f9-a86a-4c37-9930-2fe7f5de9ce4" status: 204 len: 0 microversion: 1.36
Jul 22 10:13:51.743025 n-d-850729-2 devstack@placement-api.service[117271]: [pid: 117271|app: 0|req: 317/652] 10.222.0.27 () {64 vars in 1433 bytes} [Fri Jul 22 10:13:51 2022] PUT /placement/allocations/7faec7f9-a86a-4c37-9930-2fe7f5de9ce4 => generated 0 bytes in 463 msecs (HTTP/1.1 204) 5 headers in 199 bytes (2 switches on core 0)
Jul 22 10:13:53.010338 n-d-850729-2 devstack@placement-api.service[117272]: DEBUG placement.requestlog [req-b53dd082-917d-40c7-8c21-c1d5b5410624 req-ad691249-ddd0-4b94-bd25-54964fdf98d2 None None] Starting request: 10.222.0.23 "GET /placement/allocations/7faec7f9-a86a-4c37-9930-2fe7f5de9ce4" {{(pid=117272) __call__ /opt/stack/placement/placement/requestlog.py:55}}
Jul 22 10:13:53.043248 n-d-850729-2 devstack@placement-api.service[117272]: INFO placement.requestlog [req-b53dd082-917d-40c7-8c21-c1d5b5410624 req-ad691249-ddd0-4b94-bd25-54964fdf98d2 service placement] 10.222.0.23 "GET /placement/allocations/7faec7f9-a86a-4c37-9930-2fe7f5de9ce4" status: 200 len: 259 microversion: 1.28
Jul 22 10:13:53.045022 n-d-850729-2 devstack@placement-api.service[117272]: [pid: 117272|app: 0|req: 336/653] 10.222.0.23 () {60 vars in 1377 bytes} [Fri Jul 22 10:13:53 2022] GET /placement/allocations/7faec7f9-a86a-4c37-9930-2fe7f5de9ce4 => generated 259 bytes in 35 msecs (HTTP/1.1 200) 8 headers in 296 bytes (1 switches on core 0)
Jul 22 10:13:53.797981 n-d-850729-2 devstack@placement-api.service[117271]: DEBUG placement.requestlog [None req-76e3b723-2825-4bd4-b30e-6e9dd3142e2d None None] Starting request: 10.222.0.27 "GET /placement/resource_providers/d0813073-2e4e-4a95-bfd3-a1041df1aa4d/aggregates" {{(pid=117271) __call__ /opt/stack/placement/placement/requestlog.py:55}}
Jul 22 10:13:53.810428 n-d-850729-2 devstack@placement-api.service[117271]: INFO placement.requestlog [None req-76e3b723-2825-4bd4-b30e-6e9dd3142e2d service placement] 10.222.0.27 "GET /placement/resource_providers/d0813073-2e4e-4a95-bfd3-a1041df1aa4d/aggregates" status: 404 len: 235 microversion: 1.1
Jul 22 10:13:53.811799 n-d-850729-2 devstack@placement-api.service[117271]: [pid: 117271|app: 0|req: 318/654] 10.222.0.27 () {58 vars in 1362 bytes} [Fri Jul 22 10:13:53 2022] GET /placement/resource_providers/d0813073-2e4e-4a95-bfd3-a1041df1aa4d/aggregates => generated 235 bytes in 14 msecs (HTTP/1.1 404) 5 headers in 202 bytes (1 switches on core 0)
Jul 22 10:13:53.820341 n-d-850729-2 devstack@placement-api.service[117272]: DEBUG placement.requestlog [None req-00004327-63aa-4113-a170-5799fe63bc3c None None] Starting request: 10.222.0.27 "DELETE /placement/resource_providers/d0813073-2e4e-4a95-bfd3-a1041df1aa4d" {{(pid=117272) __call__ /opt/stack/placement/placement/requestlog.py:55}}
Jul 22 10:13:53.833319 n-d-850729-2 devstack@placement-api.service[117272]: DEBUG placement.wsgi_wrapper [None req-00004327-63aa-4113-a170-5799fe63bc3c service placement] Placement API returning an error response: No resource provider with uuid d0813073-2e4e-4a95-bfd3-a1041df1aa4d found for delete {{(pid=117272) call_func /opt/stack/placement/placement/wsgi_wrapper.py:31}}
Jul 22 10:13:53.835799 n-d-850729-2 devstack@placement-api.service[117272]: INFO placement.requestlog [None req-00004327-63aa-4113-a170-5799fe63bc3c service placement] 10.222.0.27 "DELETE /placement/resource_providers/d0813073-2e4e-4a95-bfd3-a1041df1aa4d" status: 404 len: 246 microversion: 1.1
Jul 22 10:13:53.836604 n-d-850729-2 devstack@placement-api.service[117272]: [pid: 117272|app: 0|req: 337/655] 10.222.0.27 () {60 vars in 1351 bytes} [Fri Jul 22 10:13:53 2022] DELETE /placement/resource_providers/d0813073-2e4e-4a95-bfd3-a1041df1aa4d => generated 246 bytes in 16 msecs (HTTP/1.1 404) 6 headers in 231 bytes (1 switches on core 0)
Jul 22 10:13:53.838820 n-d-850729-2 devstack@placement-api.service[117271]: DEBUG placement.requestlog [req-922a6321-969e-4903-8a35-e686ab6e6730 req-7f195454-34bd-47d6-805f-86d7cc04a2c3 None None] Starting request: 10.222.0.64 "GET /placement/allocations/9ff332aa-bbc8-4424-b61e-86e8a5c12e95" {{(pid=117271) __call__ /opt/stack/placement/placement/requestlog.py:55}}
Jul 22 10:13:53.864083 n-d-850729-2 devstack@placement-api.service[117271]: INFO placement.requestlog [req-922a6321-969e-4903-8a35-e686ab6e6730 req-7f195454-34bd-47d6-805f-86d7cc04a2c3 service placement] 10.222.0.64 "GET /placement/allocations/9ff332aa-bbc8-4424-b61e-86e8a5c12e95" status: 200 len: 259 microversion: 1.28
Jul 22 10:13:53.865050 n-d-850729-2 devstack@placement-api.service[117271]: [pid: 117271|app: 0|req: 319/656] 10.222.0.64 () {60 vars in 1377 bytes} [Fri Jul 22 10:13:53 2022] GET /placement/allocations/9ff332aa-bbc8-4424-b61e-86e8a5c12e95 => generated 259 bytes in 26 msecs (HTTP/1.1 200) 8 headers in 296 bytes (2 switches on core 0)
Jul 22 10:13:59.105728 n-d-850729-2 devstack@placement-api.service[117272]: DEBUG placement.requestlog [None req-e1bd6a57-f9dc-4514-808c-47732774f130 None None] Starting request: 10.222.0.27 "GET /placement/resource_providers/cd523ed1-b6f6-444f-ac72-281803c2a50d/aggregates" {{(pid=117272) __call__ /opt/stack/placement/placement/requestlog.py:55}}
Jul 22 10:13:59.114738 n-d-850729-2 devstack@placement-api.service[117272]: DEBUG dbcounter [-] [117272] Writing DB stats placement:SELECT=68,placement:DELETE=6,placement:INSERT=4,placement:UPDATE=2 {{(pid=117272) stat_writer /usr/local/lib/python3.8/dist-packages/dbcounter.py:114}}
Jul 22 10:13:59.119855 n-d-850729-2 devstack@placement-api.service[117272]: INFO placement.requestlog [None req-e1bd6a57-f9dc-4514-808c-47732774f130 service placement] 10.222.0.27 "GET /placement/resource_providers/cd523ed1-b6f6-444f-ac72-281803c2a50d/aggregates" status: 404 len: 235 microversion: 1.1
Jul 22 10:13:59.122307 n-d-850729-2 devstack@placement-api.service[117272]: [pid: 117272|app: 0|req: 338/657] 10.222.0.27 () {58 vars in 1362 bytes} [Fri Jul 22 10:13:59 2022] GET /placement/resource_providers/cd523ed1-b6f6-444f-ac72-281803c2a50d/aggregates => generated 235 bytes in 17 msecs (HTTP/1.1 404) 5 headers in 202 bytes (1 switches on core 0)
Jul 22 10:13:59.158661 n-d-850729-2 devstack@placement-api.service[117271]: DEBUG placement.requestlog [None req-2daf8c9d-40d6-487f-b503-d306888d25f9 None None] Starting request: 10.222.0.27 "DELETE /placement/resource_providers/cd523ed1-b6f6-444f-ac72-281803c2a50d" {{(pid=117271) __call__ /opt/stack/placement/placement/requestlog.py:55}}
Jul 22 10:13:59.179220 n-d-850729-2 devstack@placement-api.service[117271]: DEBUG placement.wsgi_wrapper [None req-2daf8c9d-40d6-487f-b503-d306888d25f9 service placement] Placement API returning an error response: No resource provider with uuid cd523ed1-b6f6-444f-ac72-281803c2a50d found for delete {{(pid=117271) call_func /opt/stack/placement/placement/wsgi_wrapper.py:31}}
Jul 22 10:13:59.181034 n-d-850729-2 devstack@placement-api.service[117271]: INFO placement.requestlog [None req-2daf8c9d-40d6-487f-b503-d306888d25f9 service placement] 10.222.0.27 "DELETE /placement/resource_providers/cd523ed1-b6f6-444f-ac72-281803c2a50d" status: 404 len: 246 microversion: 1.1
Jul 22 10:13:59.182325 n-d-850729-2 devstack@placement-api.service[117271]: [pid: 117271|app: 0|req: 320/658] 10.222.0.27 () {60 vars in 1351 bytes} [Fri Jul 22 10:13:59 2022] DELETE /placement/resource_providers/cd523ed1-b6f6-444f-ac72-281803c2a50d => generated 246 bytes in 24 msecs (HTTP/1.1 404) 6 headers in 231 bytes (1 switches on core 0)
Jul 22 10:14:01.229963 n-d-850729-2 devstack@placement-api.service[117272]: DEBUG placement.requestlog [None req-7196e89d-4dbb-48ba-8647-5b3dd0240bf9 None None] Starting request: 10.222.0.27 "GET /placement/resource_providers/e82be75a-26fb-4835-94ae-97835ca676a2/aggregates" {{(pid=117272) __call__ /opt/stack/placement/placement/requestlog.py:55}}
Jul 22 10:14:01.241492 n-d-850729-2 devstack@placement-api.service[117272]: INFO placement.requestlog [None req-7196e89d-4dbb-48ba-8647-5b3dd0240bf9 service placement] 10.222.0.27 "GET /placement/resource_providers/e82be75a-26fb-4835-94ae-97835ca676a2/aggregates" status: 404 len: 235 microversion: 1.1
Jul 22 10:14:01.242616 n-d-850729-2 devstack@placement-api.service[117272]: [pid: 117272|app: 0|req: 339/659] 10.222.0.27 () {58 vars in 1362 bytes} [Fri Jul 22 10:14:01 2022] GET /placement/resource_providers/e82be75a-26fb-4835-94ae-97835ca676a2/aggregates => generated 235 bytes in 12 msecs (HTTP/1.1 404) 5 headers in 202 bytes (1 switches on core 0)
Jul 22 10:14:01.247856 n-d-850729-2 devstack@placement-api.service[117271]: DEBUG placement.requestlog [None req-6997dabf-c799-4b3c-aa80-46deabe3358e None None] Starting request: 10.222.0.27 "DELETE /placement/resource_providers/e82be75a-26fb-4835-94ae-97835ca676a2" {{(pid=117271) __call__ /opt/stack/placement/placement/requestlog.py:55}}
Jul 22 10:14:01.261224 n-d-850729-2 devstack@placement-api.service[117271]: DEBUG placement.wsgi_wrapper [None req-6997dabf-c799-4b3c-aa80-46deabe3358e service placement] Placement API returning an error response: No resource provider with uuid e82be75a-26fb-4835-94ae-97835ca676a2 found for delete {{(pid=117271) call_func /opt/stack/placement/placement/wsgi_wrapper.py:31}}
Jul 22 10:14:01.266485 n-d-850729-2 devstack@placement-api.service[117271]: INFO placement.requestlog [None req-6997dabf-c799-4b3c-aa80-46deabe3358e service placement] 10.222.0.27 "DELETE /placement/resource_providers/e82be75a-26fb-4835-94ae-97835ca676a2" status: 404 len: 246 microversion: 1.1
Jul 22 10:14:01.266485 n-d-850729-2 devstack@placement-api.service[117271]: [pid: 117271|app: 0|req: 321/660] 10.222.0.27 () {60 vars in 1351 bytes} [Fri Jul 22 10:14:01 2022] DELETE /placement/resource_providers/e82be75a-26fb-4835-94ae-97835ca676a2 => generated 246 bytes in 17 msecs (HTTP/1.1 404) 6 headers in 231 bytes (1 switches on core 0)
Jul 22 10:14:08.898752 n-d-850729-2 devstack@placement-api.service[117272]: DEBUG placement.requestlog [req-6fd5e561-41b0-4afc-a0ee-9dd634ca68e3 req-f54268c8-fab5-4e7f-8f88-1388a68b898c None None] Starting request: 10.222.0.64 "GET /placement/resource_providers/6ebc2934-2826-4103-9df6-90c049245b73/allocations" {{(pid=117272) __call__ /opt/stack/placement/placement/requestlog.py:55}}
Jul 22 10:14:08.933893 n-d-850729-2 devstack@placement-api.service[117272]: INFO placement.requestlog [req-6fd5e561-41b0-4afc-a0ee-9dd634ca68e3 req-f54268c8-fab5-4e7f-8f88-1388a68b898c service placement] 10.222.0.64 "GET /placement/resource_providers/6ebc2934-2826-4103-9df6-90c049245b73/allocations" status: 200 len: 631 microversion: 1.0
Jul 22 10:14:08.934699 n-d-850729-2 devstack@placement-api.service[117272]: [pid: 117272|app: 0|req: 340/661] 10.222.0.64 () {58 vars in 1390 bytes} [Fri Jul 22 10:14:08 2022] GET /placement/resource_providers/6ebc2934-2826-4103-9df6-90c049245b73/allocations => generated 631 bytes in 41 msecs (HTTP/1.1 200) 6 headers in 224 bytes (1 switches on core 0)
Jul 22 10:14:10.273006 n-d-850729-2 devstack@placement-api.service[117271]: DEBUG placement.requestlog [None req-c2deace3-83dd-4e0d-8883-f28c1a189d70 None None] Starting request: 10.222.0.27 "GET /placement/resource_providers/fa9fc7b8-e809-4ede-9f00-9edf70ce7cef/aggregates" {{(pid=117271) __call__ /opt/stack/placement/placement/requestlog.py:55}}
Jul 22 10:14:10.281698 n-d-850729-2 devstack@placement-api.service[117271]: DEBUG dbcounter [-] [117271] Writing DB stats placement:SELECT=74,placement:INSERT=12,placement:DELETE=4,placement:UPDATE=4 {{(pid=117271) stat_writer /usr/local/lib/python3.8/dist-packages/dbcounter.py:114}}
Jul 22 10:14:10.288731 n-d-850729-2 devstack@placement-api.service[117271]: INFO placement.requestlog [None req-c2deace3-83dd-4e0d-8883-f28c1a189d70 service placement] 10.222.0.27 "GET /placement/resource_providers/fa9fc7b8-e809-4ede-9f00-9edf70ce7cef/aggregates" status: 404 len: 235 microversion: 1.1
Jul 22 10:14:10.291883 n-d-850729-2 devstack@placement-api.service[117271]: [pid: 117271|app: 0|req: 322/662] 10.222.0.27 () {58 vars in 1362 bytes} [Fri Jul 22 10:14:10 2022] GET /placement/resource_providers/fa9fc7b8-e809-4ede-9f00-9edf70ce7cef/aggregates => generated 235 bytes in 19 msecs (HTTP/1.1 404) 5 headers in 202 bytes (1 switches on core 0)
Jul 22 10:14:10.317662 n-d-850729-2 devstack@placement-api.service[117272]: DEBUG placement.requestlog [None req-556500ba-6633-49f0-b45b-41374be183d7 None None] Starting request: 10.222.0.27 "DELETE /placement/resource_providers/fa9fc7b8-e809-4ede-9f00-9edf70ce7cef" {{(pid=117272) __call__ /opt/stack/placement/placement/requestlog.py:55}}
Jul 22 10:14:10.323459 n-d-850729-2 devstack@placement-api.service[117272]: DEBUG placement.wsgi_wrapper [None req-556500ba-6633-49f0-b45b-41374be183d7 service placement] Placement API returning an error response: No resource provider with uuid fa9fc7b8-e809-4ede-9f00-9edf70ce7cef found for delete {{(pid=117272) call_func /opt/stack/placement/placement/wsgi_wrapper.py:31}}
Jul 22 10:14:10.324489 n-d-850729-2 devstack@placement-api.service[117272]: INFO placement.requestlog [None req-556500ba-6633-49f0-b45b-41374be183d7 service placement] 10.222.0.27 "DELETE /placement/resource_providers/fa9fc7b8-e809-4ede-9f00-9edf70ce7cef" status: 404 len: 246 microversion: 1.1
Jul 22 10:14:10.325001 n-d-850729-2 devstack@placement-api.service[117272]: [pid: 117272|app: 0|req: 341/663] 10.222.0.27 () {60 vars in 1351 bytes} [Fri Jul 22 10:14:10 2022] DELETE /placement/resource_providers/fa9fc7b8-e809-4ede-9f00-9edf70ce7cef => generated 246 bytes in 14 msecs (HTTP/1.1 404) 6 headers in 231 bytes (1 switches on core 0)
Jul 22 10:14:10.908160 n-d-850729-2 devstack@placement-api.service[117271]: DEBUG placement.requestlog [req-e66e74cc-68b9-46cf-a679-3a3aa157fe0d req-836c5eb8-7a2c-4218-a26e-571c2d49f055 None None] Starting request: 10.222.0.27 "GET /placement/allocation_candidates?limit=1000&resources=DISK_GB%3A1%2CMEMORY_MB%3A1024%2CVCPU%3A1&root_required=%21COMPUTE_STATUS_DISABLED" {{(pid=117271) __call__ /opt/stack/placement/placement/requestlog.py:55}}
Jul 22 10:14:10.961623 n-d-850729-2 devstack@placement-api.service[117271]: DEBUG placement.objects.research_context [req-e66e74cc-68b9-46cf-a679-3a3aa157fe0d req-836c5eb8-7a2c-4218-a26e-571c2d49f055 service placement] getting providers with 1 DISK_GB {{(pid=117271) __init__ /opt/stack/placement/placement/objects/research_context.py:136}}
Jul 22 10:14:10.974143 n-d-850729-2 devstack@placement-api.service[117271]: DEBUG placement.objects.research_context [req-e66e74cc-68b9-46cf-a679-3a3aa157fe0d req-836c5eb8-7a2c-4218-a26e-571c2d49f055 service placement] getting providers with 1024 MEMORY_MB {{(pid=117271) __init__ /opt/stack/placement/placement/objects/research_context.py:136}}
Jul 22 10:14:10.980044 n-d-850729-2 devstack@placement-api.service[117271]: DEBUG placement.objects.research_context [req-e66e74cc-68b9-46cf-a679-3a3aa157fe0d req-836c5eb8-7a2c-4218-a26e-571c2d49f055 service placement] getting providers with 1 VCPU {{(pid=117271) __init__ /opt/stack/placement/placement/objects/research_context.py:136}}
Jul 22 10:14:10.985314 n-d-850729-2 devstack@placement-api.service[117271]: DEBUG placement.objects.research_context [req-e66e74cc-68b9-46cf-a679-3a3aa157fe0d req-836c5eb8-7a2c-4218-a26e-571c2d49f055 service placement] found 2 providers with available 1 DISK_GB {{(pid=117271) get_provider_ids_matching /opt/stack/placement/placement/objects/research_context.py:563}}
Jul 22 10:14:10.985533 n-d-850729-2 devstack@placement-api.service[117271]: DEBUG placement.objects.research_context [req-e66e74cc-68b9-46cf-a679-3a3aa157fe0d req-836c5eb8-7a2c-4218-a26e-571c2d49f055 service placement] found 2 providers with available 1024 MEMORY_MB {{(pid=117271) get_provider_ids_matching /opt/stack/placement/placement/objects/research_context.py:563}}
Jul 22 10:14:10.985803 n-d-850729-2 devstack@placement-api.service[117271]: DEBUG placement.objects.research_context [req-e66e74cc-68b9-46cf-a679-3a3aa157fe0d req-836c5eb8-7a2c-4218-a26e-571c2d49f055 service placement] found 2 providers after filtering by previous result {{(pid=117271) get_provider_ids_matching /opt/stack/placement/placement/objects/research_context.py:594}}
Jul 22 10:14:10.986059 n-d-850729-2 devstack@placement-api.service[117271]: DEBUG placement.objects.research_context [req-e66e74cc-68b9-46cf-a679-3a3aa157fe0d req-836c5eb8-7a2c-4218-a26e-571c2d49f055 service placement] found 2 providers with available 1 VCPU {{(pid=117271) get_provider_ids_matching /opt/stack/placement/placement/objects/research_context.py:563}}
Jul 22 10:14:10.986319 n-d-850729-2 devstack@placement-api.service[117271]: DEBUG placement.objects.research_context [req-e66e74cc-68b9-46cf-a679-3a3aa157fe0d req-836c5eb8-7a2c-4218-a26e-571c2d49f055 service placement] found 2 providers after filtering by previous result {{(pid=117271) get_provider_ids_matching /opt/stack/placement/placement/objects/research_context.py:594}}
Jul 22 10:14:10.998144 n-d-850729-2 devstack@placement-api.service[117271]: DEBUG placement.objects.allocation_candidate [req-e66e74cc-68b9-46cf-a679-3a3aa157fe0d req-836c5eb8-7a2c-4218-a26e-571c2d49f055 service placement] RequestGroup(use_same_provider=False, resources={DISK_GB:1, MEMORY_MB:1024, VCPU:1}, traits=(), aggregates=[]) (suffix '') returned 2 matches {{(pid=117271) _get_by_requests /opt/stack/placement/placement/objects/allocation_candidate.py:156}}
Jul 22 10:14:10.998515 n-d-850729-2 devstack@placement-api.service[117271]: DEBUG placement.objects.allocation_candidate [req-e66e74cc-68b9-46cf-a679-3a3aa157fe0d req-836c5eb8-7a2c-4218-a26e-571c2d49f055 service placement] Merging candidates yields 2 allocation requests and 2 provider summaries {{(pid=117271) _merge_candidates /opt/stack/placement/placement/objects/allocation_candidate.py:809}}
Jul 22 10:14:11.000022 n-d-850729-2 devstack@placement-api.service[117271]: INFO placement.requestlog [req-e66e74cc-68b9-46cf-a679-3a3aa157fe0d req-836c5eb8-7a2c-4218-a26e-571c2d49f055 service placement] 10.222.0.27 "GET /placement/allocation_candidates?limit=1000&resources=DISK_GB%3A1%2CMEMORY_MB%3A1024%2CVCPU%3A1&root_required=%21COMPUTE_STATUS_DISABLED" status: 200 len: 1309 microversion: 1.36
Jul 22 10:14:11.000394 n-d-850729-2 devstack@placement-api.service[117271]: [pid: 117271|app: 0|req: 323/664] 10.222.0.27 () {60 vars in 1506 bytes} [Fri Jul 22 10:14:10 2022] GET /placement/allocation_candidates?limit=1000&resources=DISK_GB%3A1%2CMEMORY_MB%3A1024%2CVCPU%3A1&root_required=%21COMPUTE_STATUS_DISABLED => generated 1309 bytes in 92 msecs (HTTP/1.1 200) 8 headers in 297 bytes (1 switches on core 0)
Jul 22 10:14:11.063196 n-d-850729-2 devstack@placement-api.service[117272]: DEBUG placement.requestlog [req-e66e74cc-68b9-46cf-a679-3a3aa157fe0d req-beb0abd5-c667-4bc0-aacd-293585359d8a None None] Starting request: 10.222.0.27 "GET /placement/allocations/c85e7a1e-77b2-4bf4-90cf-cefbb115429a" {{(pid=117272) __call__ /opt/stack/placement/placement/requestlog.py:55}}
Jul 22 10:14:11.074511 n-d-850729-2 devstack@placement-api.service[117272]: INFO placement.requestlog [req-e66e74cc-68b9-46cf-a679-3a3aa157fe0d req-beb0abd5-c667-4bc0-aacd-293585359d8a service placement] 10.222.0.27 "GET /placement/allocations/c85e7a1e-77b2-4bf4-90cf-cefbb115429a" status: 200 len: 19 microversion: 1.28
Jul 22 10:14:11.074881 n-d-850729-2 devstack@placement-api.service[117272]: [pid: 117272|app: 0|req: 342/665] 10.222.0.27 () {60 vars in 1380 bytes} [Fri Jul 22 10:14:11 2022] GET /placement/allocations/c85e7a1e-77b2-4bf4-90cf-cefbb115429a => generated 19 bytes in 12 msecs (HTTP/1.1 200) 8 headers in 295 bytes (1 switches on core 0)
Jul 22 10:14:11.080819 n-d-850729-2 devstack@placement-api.service[117271]: DEBUG placement.requestlog [req-e66e74cc-68b9-46cf-a679-3a3aa157fe0d req-1730bcb3-ea02-4a98-b1ff-501fabf3875c None None] Starting request: 10.222.0.27 "PUT /placement/allocations/c85e7a1e-77b2-4bf4-90cf-cefbb115429a" {{(pid=117271) __call__ /opt/stack/placement/placement/requestlog.py:55}}
Jul 22 10:14:11.201200 n-d-850729-2 devstack@placement-api.service[117272]: DEBUG placement.requestlog [None req-d4744de6-1780-4110-81a1-dfa97bc34375 None None] Starting request: 10.222.0.27 "GET /placement/resource_providers/ea6bb33b-bdb3-4ab2-be38-d037c0685e56/aggregates" {{(pid=117272) __call__ /opt/stack/placement/placement/requestlog.py:55}}
Jul 22 10:14:11.213998 n-d-850729-2 devstack@placement-api.service[117272]: INFO placement.requestlog [None req-d4744de6-1780-4110-81a1-dfa97bc34375 service placement] 10.222.0.27 "GET /placement/resource_providers/ea6bb33b-bdb3-4ab2-be38-d037c0685e56/aggregates" status: 404 len: 235 microversion: 1.1
Jul 22 10:14:11.214562 n-d-850729-2 devstack@placement-api.service[117272]: [pid: 117272|app: 0|req: 343/666] 10.222.0.27 () {58 vars in 1362 bytes} [Fri Jul 22 10:14:11 2022] GET /placement/resource_providers/ea6bb33b-bdb3-4ab2-be38-d037c0685e56/aggregates => generated 235 bytes in 14 msecs (HTTP/1.1 404) 5 headers in 202 bytes (2 switches on core 0)
Jul 22 10:14:11.250881 n-d-850729-2 devstack@placement-api.service[117272]: DEBUG placement.requestlog [None req-7c89caa7-22a5-418d-bdac-efe67a80ed11 None None] Starting request: 10.222.0.27 "DELETE /placement/resource_providers/ea6bb33b-bdb3-4ab2-be38-d037c0685e56" {{(pid=117272) __call__ /opt/stack/placement/placement/requestlog.py:55}}
Jul 22 10:14:11.263257 n-d-850729-2 devstack@placement-api.service[117272]: DEBUG placement.wsgi_wrapper [None req-7c89caa7-22a5-418d-bdac-efe67a80ed11 service placement] Placement API returning an error response: No resource provider with uuid ea6bb33b-bdb3-4ab2-be38-d037c0685e56 found for delete {{(pid=117272) call_func /opt/stack/placement/placement/wsgi_wrapper.py:31}}
Jul 22 10:14:11.264450 n-d-850729-2 devstack@placement-api.service[117272]: INFO placement.requestlog [None req-7c89caa7-22a5-418d-bdac-efe67a80ed11 service placement] 10.222.0.27 "DELETE /placement/resource_providers/ea6bb33b-bdb3-4ab2-be38-d037c0685e56" status: 404 len: 246 microversion: 1.1
Jul 22 10:14:11.270020 n-d-850729-2 devstack@placement-api.service[117272]: [pid: 117272|app: 0|req: 344/667] 10.222.0.27 () {60 vars in 1351 bytes} [Fri Jul 22 10:14:11 2022] DELETE /placement/resource_providers/ea6bb33b-bdb3-4ab2-be38-d037c0685e56 => generated 246 bytes in 14 msecs (HTTP/1.1 404) 6 headers in 231 bytes (1 switches on core 0)
Jul 22 10:14:11.436746 n-d-850729-2 devstack@placement-api.service[117271]: DEBUG placement.handlers.allocation [req-e66e74cc-68b9-46cf-a679-3a3aa157fe0d req-1730bcb3-ea02-4a98-b1ff-501fabf3875c service placement] Successfully wrote allocations [, , ] {{(pid=117271) _update_consumers_and_create_allocations /opt/stack/placement/placement/handlers/allocation.py:462}}
Jul 22 10:14:11.517208 n-d-850729-2 devstack@placement-api.service[117271]: INFO placement.requestlog [req-e66e74cc-68b9-46cf-a679-3a3aa157fe0d req-1730bcb3-ea02-4a98-b1ff-501fabf3875c service placement] 10.222.0.27 "PUT /placement/allocations/c85e7a1e-77b2-4bf4-90cf-cefbb115429a" status: 204 len: 0 microversion: 1.36
Jul 22 10:14:11.517827 n-d-850729-2 devstack@placement-api.service[117271]: [pid: 117271|app: 0|req: 324/668] 10.222.0.27 () {64 vars in 1433 bytes} [Fri Jul 22 10:14:11 2022] PUT /placement/allocations/c85e7a1e-77b2-4bf4-90cf-cefbb115429a => generated 0 bytes in 437 msecs (HTTP/1.1 204) 5 headers in 199 bytes (1 switches on core 0)
Jul 22 10:14:12.361921 n-d-850729-2 devstack@placement-api.service[117272]: DEBUG placement.requestlog [None req-808e1cee-7689-460a-a6c4-8797827a0a07 None None] Starting request: 10.222.0.27 "GET /placement/resource_providers/6d49296c-f6c5-493f-bb19-de459b959085/aggregates" {{(pid=117272) __call__ /opt/stack/placement/placement/requestlog.py:55}}
Jul 22 10:14:12.373646 n-d-850729-2 devstack@placement-api.service[117272]: INFO placement.requestlog [None req-808e1cee-7689-460a-a6c4-8797827a0a07 service placement] 10.222.0.27 "GET /placement/resource_providers/6d49296c-f6c5-493f-bb19-de459b959085/aggregates" status: 404 len: 235 microversion: 1.1
Jul 22 10:14:12.376092 n-d-850729-2 devstack@placement-api.service[117272]: [pid: 117272|app: 0|req: 345/669] 10.222.0.27 () {58 vars in 1362 bytes} [Fri Jul 22 10:14:12 2022] GET /placement/resource_providers/6d49296c-f6c5-493f-bb19-de459b959085/aggregates => generated 235 bytes in 13 msecs (HTTP/1.1 404) 5 headers in 202 bytes (1 switches on core 0)
Jul 22 10:14:12.389312 n-d-850729-2 devstack@placement-api.service[117271]: DEBUG placement.requestlog [None req-bead68ca-8b7f-4cfc-9b76-162eb0439006 None None] Starting request: 10.222.0.27 "DELETE /placement/resource_providers/6d49296c-f6c5-493f-bb19-de459b959085" {{(pid=117271) __call__ /opt/stack/placement/placement/requestlog.py:55}}
Jul 22 10:14:12.408993 n-d-850729-2 devstack@placement-api.service[117271]: DEBUG placement.wsgi_wrapper [None req-bead68ca-8b7f-4cfc-9b76-162eb0439006 service placement] Placement API returning an error response: No resource provider with uuid 6d49296c-f6c5-493f-bb19-de459b959085 found for delete {{(pid=117271) call_func /opt/stack/placement/placement/wsgi_wrapper.py:31}}
