Jul 22 08:58:24.981780 n-d-850729-1 devstack@keystone.service[80675]: DEBUG keystone.server.flask.request_processing.req_logging [None req-efecd2bb-8fbb-4180-aec0-98e55d9cbc49 admin admin] REQUEST_METHOD: `GET` {{(pid=80675) log_request_info /opt/stack/keystone/keystone/server/flask/request_processing/req_logging.py:27}}
Jul 22 08:58:24.982096 n-d-850729-1 devstack@keystone.service[80675]: DEBUG keystone.server.flask.request_processing.req_logging [None req-efecd2bb-8fbb-4180-aec0-98e55d9cbc49 admin admin] SCRIPT_NAME: `/identity` {{(pid=80675) log_request_info /opt/stack/keystone/keystone/server/flask/request_processing/req_logging.py:28}}
Jul 22 08:58:24.982382 n-d-850729-1 devstack@keystone.service[80675]: DEBUG keystone.server.flask.request_processing.req_logging [None req-efecd2bb-8fbb-4180-aec0-98e55d9cbc49 admin admin] PATH_INFO: `/v3/auth/tokens` {{(pid=80675) log_request_info /opt/stack/keystone/keystone/server/flask/request_processing/req_logging.py:29}}
Jul 22 08:58:24.991303 n-d-850729-1 devstack@keystone.service[80675]: DEBUG keystone.common.rbac_enforcer.enforcer [None req-efecd2bb-8fbb-4180-aec0-98e55d9cbc49 admin admin] RBAC: Authorizing `identity:validate_token()` {{(pid=80675) enforce_call /opt/stack/keystone/keystone/common/rbac_enforcer/enforcer.py:449}}
Jul 22 08:58:25.043925 n-d-850729-1 devstack@keystone.service[80675]: WARNING keystone.common.rbac_enforcer.enforcer [None req-efecd2bb-8fbb-4180-aec0-98e55d9cbc49 admin admin] Deprecated policy rules found. Use oslopolicy-policy-generator and oslopolicy-policy-upgrade to detect and resolve deprecated policies in your configuration.
Jul 22 08:58:25.044275 n-d-850729-1 devstack@keystone.service[80675]: DEBUG keystone.common.rbac_enforcer.enforcer [None req-efecd2bb-8fbb-4180-aec0-98e55d9cbc49 admin admin] RBAC: Authorization granted {{(pid=80675) enforce_call /opt/stack/keystone/keystone/common/rbac_enforcer/enforcer.py:457}}
Jul 22 08:58:25.054839 n-d-850729-1 devstack@keystone.service[80675]: [pid: 80675|app: 0|req: 2/4] 10.222.0.60 () {58 vars in 1324 bytes} [Fri Jul 22 08:58:24 2022] GET /identity/v3/auth/tokens => generated 914 bytes in 294 msecs (HTTP/1.1 200) 6 headers in 379 bytes (1 switches on core 0)
Jul 22 08:58:25.060920 n-d-850729-1 devstack@keystone.service[80676]: DEBUG keystone.server.flask.request_processing.middleware.auth_context [None req-48c3612b-d6ff-4a59-8870-68c20afc1104 None None] Authenticating user token {{(pid=80676) process_request /usr/local/lib/python3.8/dist-packages/keystonemiddleware/auth_token/__init__.py:407}}
Jul 22 08:58:25.075900 n-d-850729-1 devstack@keystone.service[80676]: DEBUG keystone.server.flask.request_processing.middleware.auth_context [None req-48c3612b-d6ff-4a59-8870-68c20afc1104 None None] Validating token access rules against request {{(pid=80676) validate_allowed_request /usr/local/lib/python3.8/dist-packages/keystonemiddleware/auth_token/__init__.py:545}}
Jul 22 08:58:25.080585 n-d-850729-1 devstack@keystone.service[80676]: DEBUG keystone.server.flask.request_processing.middleware.auth_context [None req-ef57339c-95c3-498b-bd51-8c3de98fb291 admin admin] RBAC: auth_context: {'token': , 'domain_id': None, 'trust_id': None, 'trustor_id': None, 'trustee_id': None, 'domain_name': None, 'group_ids': [], 'user_id': '70b024ebef2e4cb4bb8435b323e5a4b8', 'user_domain_id': 'default', 'system_scope': None, 'project_id': 'cf87f232722542aaaf7705acdfd8b762', 'project_domain_id': 'default', 'roles': ['member', 'reader', 'admin'], 'is_admin_project': True, 'service_user_id': None, 'service_user_domain_id': None, 'service_project_id': None, 'service_project_domain_id': None, 'service_roles': []} {{(pid=80676) fill_context /opt/stack/keystone/keystone/server/flask/request_processing/middleware/auth_context.py:478}}
Jul 22 08:58:25.081707 n-d-850729-1 devstack@keystone.service[80676]: DEBUG keystone.server.flask.request_processing.req_logging [None req-ef57339c-95c3-498b-bd51-8c3de98fb291 admin admin] REQUEST_METHOD: `GET` {{(pid=80676) log_request_info /opt/stack/keystone/keystone/server/flask/request_processing/req_logging.py:27}}
Jul 22 08:58:25.082002 n-d-850729-1 devstack@keystone.service[80676]: DEBUG keystone.server.flask.request_processing.req_logging [None req-ef57339c-95c3-498b-bd51-8c3de98fb291 admin admin] SCRIPT_NAME: `/identity` {{(pid=80676) log_request_info /opt/stack/keystone/keystone/server/flask/request_processing/req_logging.py:28}}
Jul 22 08:58:25.082330 n-d-850729-1 devstack@keystone.service[80676]: DEBUG keystone.server.flask.request_processing.req_logging [None req-ef57339c-95c3-498b-bd51-8c3de98fb291 admin admin] PATH_INFO: `/v3/projects/cf87f232722542aaaf7705acdfd8b762` {{(pid=80676) log_request_info /opt/stack/keystone/keystone/server/flask/request_processing/req_logging.py:29}}
Jul 22 08:58:25.083871 n-d-850729-1 devstack@keystone.service[80676]: DEBUG keystone.common.rbac_enforcer.enforcer [None req-ef57339c-95c3-498b-bd51-8c3de98fb291 admin admin] RBAC: Authorizing `identity:get_project(project_id=cf87f232722542aaaf7705acdfd8b762)` {{(pid=80676) enforce_call /opt/stack/keystone/keystone/common/rbac_enforcer/enforcer.py:449}}
Jul 22 08:58:25.138471 n-d-850729-1 devstack@keystone.service[80676]: WARNING keystone.common.rbac_enforcer.enforcer [None req-ef57339c-95c3-498b-bd51-8c3de98fb291 admin admin] Deprecated policy rules found. Use oslopolicy-policy-generator and oslopolicy-policy-upgrade to detect and resolve deprecated policies in your configuration.
Jul 22 08:58:25.139053 n-d-850729-1 devstack@keystone.service[80676]: DEBUG keystone.common.rbac_enforcer.enforcer [None req-ef57339c-95c3-498b-bd51-8c3de98fb291 admin admin] RBAC: Authorization granted {{(pid=80676) enforce_call /opt/stack/keystone/keystone/common/rbac_enforcer/enforcer.py:457}}
Jul 22 08:58:25.143525 n-d-850729-1 devstack@keystone.service[80676]: [pid: 80676|app: 0|req: 3/5] 10.222.0.60 () {56 vars in 1207 bytes} [Fri Jul 22 08:58:25 2022] GET /identity/v3/projects/cf87f232722542aaaf7705acdfd8b762 => generated 344 bytes in 83 msecs (HTTP/1.1 200) 5 headers in 177 bytes (1 switches on core 0)
Jul 22 08:58:27.175027 n-d-850729-1 devstack@keystone.service[80675]: DEBUG keystone.server.flask.request_processing.req_logging [None req-5c61db62-f55a-4605-82f6-fcca2775abb4 None None] REQUEST_METHOD: `GET` {{(pid=80675) log_request_info /opt/stack/keystone/keystone/server/flask/request_processing/req_logging.py:27}}
Jul 22 08:58:27.175558 n-d-850729-1 devstack@keystone.service[80675]: DEBUG keystone.server.flask.request_processing.req_logging [None req-5c61db62-f55a-4605-82f6-fcca2775abb4 None None] SCRIPT_NAME: `/identity` {{(pid=80675) log_request_info /opt/stack/keystone/keystone/server/flask/request_processing/req_logging.py:28}}
Jul 22 08:58:27.175663 n-d-850729-1 devstack@keystone.service[80675]: DEBUG keystone.server.flask.request_processing.req_logging [None req-5c61db62-f55a-4605-82f6-fcca2775abb4 None None] PATH_INFO: `/` {{(pid=80675) log_request_info /opt/stack/keystone/keystone/server/flask/request_processing/req_logging.py:29}}
Jul 22 08:58:27.179735 n-d-850729-1 devstack@keystone.service[80675]: [pid: 80675|app: 0|req: 3/6] 10.222.0.60 () {54 vars in 926 bytes} [Fri Jul 22 08:58:27 2022] GET /identity => generated 270 bytes in 6 msecs (HTTP/1.1 300) 6 headers in 234 bytes (1 switches on core 0)
Jul 22 08:58:27.185082 n-d-850729-1 devstack@keystone.service[80676]: DEBUG keystone.server.flask.request_processing.req_logging [None req-ff48d6da-2717-4de7-8493-06eaa696d0de None None] REQUEST_METHOD: `POST` {{(pid=80676) log_request_info /opt/stack/keystone/keystone/server/flask/request_processing/req_logging.py:27}}
Jul 22 08:58:27.185447 n-d-850729-1 devstack@keystone.service[80676]: DEBUG keystone.server.flask.request_processing.req_logging [None req-ff48d6da-2717-4de7-8493-06eaa696d0de None None] SCRIPT_NAME: `/identity` {{(pid=80676) log_request_info /opt/stack/keystone/keystone/server/flask/request_processing/req_logging.py:28}}
Jul 22 08:58:27.185664 n-d-850729-1 devstack@keystone.service[80676]: DEBUG keystone.server.flask.request_processing.req_logging [None req-ff48d6da-2717-4de7-8493-06eaa696d0de None None] PATH_INFO: `/v3/auth/tokens` {{(pid=80676) log_request_info /opt/stack/keystone/keystone/server/flask/request_processing/req_logging.py:29}}
Jul 22 08:58:27.204783 n-d-850729-1 devstack@keystone.service[80676]: DEBUG keystone.auth.core [None req-ff48d6da-2717-4de7-8493-06eaa696d0de None None] MFA Rules not processed for user `70b024ebef2e4cb4bb8435b323e5a4b8`. Rule list: `[]` (Enabled: `True`). {{(pid=80676) check_auth_methods_against_rules /opt/stack/keystone/keystone/auth/core.py:438}}
Jul 22 08:58:27.206344 n-d-850729-1 devstack@keystone.service[80676]: DEBUG keystone.common.fernet_utils [None req-ff48d6da-2717-4de7-8493-06eaa696d0de None None] Loaded 2 Fernet keys from /etc/keystone/fernet-keys/, but `[fernet_tokens] max_active_keys = 3`; perhaps there have not been enough key rotations to reach `max_active_keys` yet? {{(pid=80676) load_keys /opt/stack/keystone/keystone/common/fernet_utils.py:286}}
Jul 22 08:58:27.214284 n-d-850729-1 devstack@keystone.service[80676]: [pid: 80676|app: 0|req: 4/7] 10.222.0.60 () {58 vars in 1023 bytes} [Fri Jul 22 08:58:27 2022] POST /identity/v3/auth/tokens => generated 914 bytes in 30 msecs (HTTP/1.1 201) 6 headers in 384 bytes (1 switches on core 0)
Jul 22 08:58:27.237129 n-d-850729-1 devstack@keystone.service[80675]: DEBUG keystone.server.flask.request_processing.middleware.auth_context [None req-5c61db62-f55a-4605-82f6-fcca2775abb4 None None] Authenticating user token {{(pid=80675) process_request /usr/local/lib/python3.8/dist-packages/keystonemiddleware/auth_token/__init__.py:407}}
Jul 22 08:58:27.249114 n-d-850729-1 devstack@keystone.service[80675]: DEBUG keystone.server.flask.request_processing.middleware.auth_context [None req-5c61db62-f55a-4605-82f6-fcca2775abb4 None None] Validating token access rules against request {{(pid=80675) validate_allowed_request /usr/local/lib/python3.8/dist-packages/keystonemiddleware/auth_token/__init__.py:545}}
Jul 22 08:58:27.254020 n-d-850729-1 devstack@keystone.service[80675]: DEBUG keystone.server.flask.request_processing.middleware.auth_context [None req-d0e52766-89a1-4823-abaa-681e3c6649aa admin admin] RBAC: auth_context: {'token': , 'domain_id': None, 'trust_id': None, 'trustor_id': None, 'trustee_id': None, 'domain_name': None, 'group_ids': [], 'user_id': '70b024ebef2e4cb4bb8435b323e5a4b8', 'user_domain_id': 'default', 'system_scope': None, 'project_id': 'cf87f232722542aaaf7705acdfd8b762', 'project_domain_id': 'default', 'roles': ['member', 'reader', 'admin'], 'is_admin_project': True, 'service_user_id': None, 'service_user_domain_id': None, 'service_project_id': None, 'service_project_domain_id': None, 'service_roles': []} {{(pid=80675) fill_context /opt/stack/keystone/keystone/server/flask/request_processing/middleware/auth_context.py:478}}
Jul 22 08:58:27.254677 n-d-850729-1 devstack@keystone.service[80675]: DEBUG keystone.server.flask.request_processing.req_logging [None req-d0e52766-89a1-4823-abaa-681e3c6649aa admin admin] REQUEST_METHOD: `GET` {{(pid=80675) log_request_info /opt/stack/keystone/keystone/server/flask/request_processing/req_logging.py:27}}
Jul 22 08:58:27.254971 n-d-850729-1 devstack@keystone.service[80675]: DEBUG keystone.server.flask.request_processing.req_logging [None req-d0e52766-89a1-4823-abaa-681e3c6649aa admin admin] SCRIPT_NAME: `/identity` {{(pid=80675) log_request_info /opt/stack/keystone/keystone/server/flask/request_processing/req_logging.py:28}}
Jul 22 08:58:27.255256 n-d-850729-1 devstack@keystone.service[80675]: DEBUG keystone.server.flask.request_processing.req_logging [None req-d0e52766-89a1-4823-abaa-681e3c6649aa admin admin] PATH_INFO: `/v3/auth/tokens` {{(pid=80675) log_request_info /opt/stack/keystone/keystone/server/flask/request_processing/req_logging.py:29}}
Jul 22 08:58:27.263015 n-d-850729-1 devstack@keystone.service[80675]: DEBUG keystone.common.rbac_enforcer.enforcer [None req-d0e52766-89a1-4823-abaa-681e3c6649aa admin admin] RBAC: Authorizing `identity:validate_token()` {{(pid=80675) enforce_call /opt/stack/keystone/keystone/common/rbac_enforcer/enforcer.py:449}}
Jul 22 08:58:27.264801 n-d-850729-1 devstack@keystone.service[80675]: DEBUG keystone.common.rbac_enforcer.enforcer [None req-d0e52766-89a1-4823-abaa-681e3c6649aa admin admin] RBAC: Authorization granted {{(pid=80675) enforce_call /opt/stack/keystone/keystone/common/rbac_enforcer/enforcer.py:457}}
Jul 22 08:58:27.274059 n-d-850729-1 devstack@keystone.service[80675]: [pid: 80675|app: 0|req: 4/8] 10.222.0.60 () {58 vars in 1324 bytes} [Fri Jul 22 08:58:27 2022] GET /identity/v3/auth/tokens => generated 914 bytes in 37 msecs (HTTP/1.1 200) 6 headers in 379 bytes (1 switches on core 0)
Jul 22 08:58:27.279662 n-d-850729-1 devstack@keystone.service[80676]: DEBUG keystone.server.flask.request_processing.middleware.auth_context [None req-ff48d6da-2717-4de7-8493-06eaa696d0de None None] Authenticating user token {{(pid=80676) process_request /usr/local/lib/python3.8/dist-packages/keystonemiddleware/auth_token/__init__.py:407}}
Jul 22 08:58:27.289989 n-d-850729-1 devstack@keystone.service[80676]: DEBUG keystone.server.flask.request_processing.middleware.auth_context [None req-ff48d6da-2717-4de7-8493-06eaa696d0de None None] Validating token access rules against request {{(pid=80676) validate_allowed_request /usr/local/lib/python3.8/dist-packages/keystonemiddleware/auth_token/__init__.py:545}}
Jul 22 08:58:27.294853 n-d-850729-1 devstack@keystone.service[80676]: DEBUG keystone.server.flask.request_processing.middleware.auth_context [None req-918603d4-dae7-4622-a277-578f320c3878 admin admin] RBAC: auth_context: {'token': , 'domain_id': None, 'trust_id': None, 'trustor_id': None, 'trustee_id': None, 'domain_name': None, 'group_ids': [], 'user_id': '70b024ebef2e4cb4bb8435b323e5a4b8', 'user_domain_id': 'default', 'system_scope': None, 'project_id': 'cf87f232722542aaaf7705acdfd8b762', 'project_domain_id': 'default', 'roles': ['member', 'reader', 'admin'], 'is_admin_project': True, 'service_user_id': None, 'service_user_domain_id': None, 'service_project_id': None, 'service_project_domain_id': None, 'service_roles': []} {{(pid=80676) fill_context /opt/stack/keystone/keystone/server/flask/request_processing/middleware/auth_context.py:478}}
Jul 22 08:58:27.295722 n-d-850729-1 devstack@keystone.service[80676]: DEBUG keystone.server.flask.request_processing.req_logging [None req-918603d4-dae7-4622-a277-578f320c3878 admin admin] REQUEST_METHOD: `GET` {{(pid=80676) log_request_info /opt/stack/keystone/keystone/server/flask/request_processing/req_logging.py:27}}
Jul 22 08:58:27.296017 n-d-850729-1 devstack@keystone.service[80676]: DEBUG keystone.server.flask.request_processing.req_logging [None req-918603d4-dae7-4622-a277-578f320c3878 admin admin] SCRIPT_NAME: `/identity` {{(pid=80676) log_request_info /opt/stack/keystone/keystone/server/flask/request_processing/req_logging.py:28}}
Jul 22 08:58:27.296793 n-d-850729-1 devstack@keystone.service[80676]: DEBUG keystone.server.flask.request_processing.req_logging [None req-918603d4-dae7-4622-a277-578f320c3878 admin admin] PATH_INFO: `/v3/users/70b024ebef2e4cb4bb8435b323e5a4b8` {{(pid=80676) log_request_info /opt/stack/keystone/keystone/server/flask/request_processing/req_logging.py:29}}
Jul 22 08:58:27.298248 n-d-850729-1 devstack@keystone.service[80676]: DEBUG keystone.common.rbac_enforcer.enforcer [None req-918603d4-dae7-4622-a277-578f320c3878 admin admin] RBAC: Authorizing `identity:get_user(user_id=70b024ebef2e4cb4bb8435b323e5a4b8)` {{(pid=80676) enforce_call /opt/stack/keystone/keystone/common/rbac_enforcer/enforcer.py:449}}
Jul 22 08:58:27.300090 n-d-850729-1 devstack@keystone.service[80676]: DEBUG keystone.common.rbac_enforcer.enforcer [None req-918603d4-dae7-4622-a277-578f320c3878 admin admin] RBAC: Authorization granted {{(pid=80676) enforce_call /opt/stack/keystone/keystone/common/rbac_enforcer/enforcer.py:457}}
Jul 22 08:58:27.301662 n-d-850729-1 devstack@keystone.service[80676]: [pid: 80676|app: 0|req: 5/9] 10.222.0.60 () {56 vars in 1198 bytes} [Fri Jul 22 08:58:27 2022] GET /identity/v3/users/70b024ebef2e4cb4bb8435b323e5a4b8 => generated 247 bytes in 22 msecs (HTTP/1.1 200) 5 headers in 177 bytes (1 switches on core 0)
Jul 22 08:58:29.373684 n-d-850729-1 devstack@keystone.service[80675]: DEBUG keystone.server.flask.request_processing.req_logging [None req-5991deca-bc2f-4c41-bd8e-44a7adfff336 None None] REQUEST_METHOD: `GET` {{(pid=80675) log_request_info /opt/stack/keystone/keystone/server/flask/request_processing/req_logging.py:27}}
Jul 22 08:58:29.374239 n-d-850729-1 devstack@keystone.service[80675]: DEBUG keystone.server.flask.request_processing.req_logging [None req-5991deca-bc2f-4c41-bd8e-44a7adfff336 None None] SCRIPT_NAME: `/identity` {{(pid=80675) log_request_info /opt/stack/keystone/keystone/server/flask/request_processing/req_logging.py:28}}
Jul 22 08:58:29.374239 n-d-850729-1 devstack@keystone.service[80675]: DEBUG keystone.server.flask.request_processing.req_logging [None req-5991deca-bc2f-4c41-bd8e-44a7adfff336 None None] PATH_INFO: `/` {{(pid=80675) log_request_info /opt/stack/keystone/keystone/server/flask/request_processing/req_logging.py:29}}
Jul 22 08:58:29.376246 n-d-850729-1 devstack@keystone.service[80675]: [pid: 80675|app: 0|req: 5/10] 10.222.0.60 () {54 vars in 926 bytes} [Fri Jul 22 08:58:29 2022] GET /identity => generated 270 bytes in 4 msecs (HTTP/1.1 300) 6 headers in 234 bytes (1 switches on core 0)
Jul 22 08:58:29.381205 n-d-850729-1 devstack@keystone.service[80676]: DEBUG keystone.server.flask.request_processing.req_logging [None req-670a0a09-2d46-4987-8fdc-e3306cf71c8e None None] REQUEST_METHOD: `POST` {{(pid=80676) log_request_info /opt/stack/keystone/keystone/server/flask/request_processing/req_logging.py:27}}
Jul 22 08:58:29.381599 n-d-850729-1 devstack@keystone.service[80676]: DEBUG keystone.server.flask.request_processing.req_logging [None req-670a0a09-2d46-4987-8fdc-e3306cf71c8e None None] SCRIPT_NAME: `/identity` {{(pid=80676) log_request_info /opt/stack/keystone/keystone/server/flask/request_processing/req_logging.py:28}}
Jul 22 08:58:29.381926 n-d-850729-1 devstack@keystone.service[80676]: DEBUG keystone.server.flask.request_processing.req_logging [None req-670a0a09-2d46-4987-8fdc-e3306cf71c8e None None] PATH_INFO: `/v3/auth/tokens` {{(pid=80676) log_request_info /opt/stack/keystone/keystone/server/flask/request_processing/req_logging.py:29}}
Jul 22 08:58:29.398811 n-d-850729-1 devstack@keystone.service[80676]: DEBUG keystone.auth.core [None req-670a0a09-2d46-4987-8fdc-e3306cf71c8e None None] MFA Rules not processed for user `70b024ebef2e4cb4bb8435b323e5a4b8`. Rule list: `[]` (Enabled: `True`). {{(pid=80676) check_auth_methods_against_rules /opt/stack/keystone/keystone/auth/core.py:438}}
Jul 22 08:58:29.400003 n-d-850729-1 devstack@keystone.service[80676]: DEBUG keystone.common.fernet_utils [None req-670a0a09-2d46-4987-8fdc-e3306cf71c8e None None] Loaded 2 Fernet keys from /etc/keystone/fernet-keys/, but `[fernet_tokens] max_active_keys = 3`; perhaps there have not been enough key rotations to reach `max_active_keys` yet? {{(pid=80676) load_keys /opt/stack/keystone/keystone/common/fernet_utils.py:286}}
Jul 22 08:58:29.442990 n-d-850729-1 devstack@keystone.service[80675]: DEBUG keystone.server.flask.request_processing.req_logging [None req-46acb9c9-ca5d-4691-9787-07f8c79db34f None None] REQUEST_METHOD: `GET` {{(pid=80675) log_request_info /opt/stack/keystone/keystone/server/flask/request_processing/req_logging.py:27}}
Jul 22 08:58:29.443281 n-d-850729-1 devstack@keystone.service[80675]: DEBUG keystone.server.flask.request_processing.req_logging [None req-46acb9c9-ca5d-4691-9787-07f8c79db34f None None] SCRIPT_NAME: `/identity` {{(pid=80675) log_request_info /opt/stack/keystone/keystone/server/flask/request_processing/req_logging.py:28}}
Jul 22 08:58:29.443566 n-d-850729-1 devstack@keystone.service[80675]: DEBUG keystone.server.flask.request_processing.req_logging [None req-46acb9c9-ca5d-4691-9787-07f8c79db34f None None] PATH_INFO: `/` {{(pid=80675) log_request_info /opt/stack/keystone/keystone/server/flask/request_processing/req_logging.py:29}}
Jul 22 08:58:29.444922 n-d-850729-1 devstack@keystone.service[80675]: [pid: 80675|app: 0|req: 6/11] 10.222.0.60 () {54 vars in 926 bytes} [Fri Jul 22 08:58:29 2022] GET /identity => generated 270 bytes in 3 msecs (HTTP/1.1 300) 6 headers in 234 bytes (2 switches on core 0)
Jul 22 08:58:29.450128 n-d-850729-1 devstack@keystone.service[80675]: DEBUG keystone.server.flask.request_processing.req_logging [None req-65747f05-4307-4889-9714-10391e2cd4b2 None None] REQUEST_METHOD: `POST` {{(pid=80675) log_request_info /opt/stack/keystone/keystone/server/flask/request_processing/req_logging.py:27}}
Jul 22 08:58:29.450428 n-d-850729-1 devstack@keystone.service[80675]: DEBUG keystone.server.flask.request_processing.req_logging [None req-65747f05-4307-4889-9714-10391e2cd4b2 None None] SCRIPT_NAME: `/identity` {{(pid=80675) log_request_info /opt/stack/keystone/keystone/server/flask/request_processing/req_logging.py:28}}
Jul 22 08:58:29.450709 n-d-850729-1 devstack@keystone.service[80675]: DEBUG keystone.server.flask.request_processing.req_logging [None req-65747f05-4307-4889-9714-10391e2cd4b2 None None] PATH_INFO: `/v3/auth/tokens` {{(pid=80675) log_request_info /opt/stack/keystone/keystone/server/flask/request_processing/req_logging.py:29}}
Jul 22 08:58:29.480113 n-d-850729-1 devstack@keystone.service[80676]: [pid: 80676|app: 0|req: 6/12] 10.222.0.60 () {58 vars in 1023 bytes} [Fri Jul 22 08:58:29 2022] POST /identity/v3/auth/tokens => generated 799 bytes in 100 msecs (HTTP/1.1 201) 6 headers in 363 bytes (1 switches on core 0)
Jul 22 08:58:29.490764 n-d-850729-1 devstack@keystone.service[80675]: DEBUG passlib.handlers.bcrypt [None req-65747f05-4307-4889-9714-10391e2cd4b2 None None] detected 'bcrypt' backend, version '3.2.2' {{(pid=80675) _load_backend_mixin /usr/local/lib/python3.8/dist-packages/passlib/handlers/bcrypt.py:625}}
Jul 22 08:58:29.491190 n-d-850729-1 devstack@keystone.service[80675]: DEBUG passlib.handlers.bcrypt [None req-65747f05-4307-4889-9714-10391e2cd4b2 None None] 'bcrypt' backend lacks $2$ support, enabling workaround {{(pid=80675) _finalize_backend_mixin /usr/local/lib/python3.8/dist-packages/passlib/handlers/bcrypt.py:406}}
Jul 22 08:58:29.504337 n-d-850729-1 devstack@keystone.service[80676]: DEBUG keystone.server.flask.request_processing.middleware.auth_context [None req-670a0a09-2d46-4987-8fdc-e3306cf71c8e None None] Authenticating user token {{(pid=80676) process_request /usr/local/lib/python3.8/dist-packages/keystonemiddleware/auth_token/__init__.py:407}}
Jul 22 08:58:29.527129 n-d-850729-1 devstack@keystone.service[80676]: DEBUG dbcounter [-] [80676] Writing DB stats keystone:SELECT=100 {{(pid=80676) stat_writer /usr/local/lib/python3.8/dist-packages/dbcounter.py:114}}
Jul 22 08:58:29.537003 n-d-850729-1 devstack@keystone.service[80675]: DEBUG keystone.auth.core [None req-65747f05-4307-4889-9714-10391e2cd4b2 None None] MFA Rules not processed for user `70b024ebef2e4cb4bb8435b323e5a4b8`. Rule list: `[]` (Enabled: `True`). {{(pid=80675) check_auth_methods_against_rules /opt/stack/keystone/keystone/auth/core.py:438}}
Jul 22 08:58:29.538746 n-d-850729-1 devstack@keystone.service[80675]: DEBUG keystone.common.fernet_utils [None req-65747f05-4307-4889-9714-10391e2cd4b2 None None] Loaded 2 Fernet keys from /etc/keystone/fernet-keys/, but `[fernet_tokens] max_active_keys = 3`; perhaps there have not been enough key rotations to reach `max_active_keys` yet? {{(pid=80675) load_keys /opt/stack/keystone/keystone/common/fernet_utils.py:286}}
Jul 22 08:58:29.607026 n-d-850729-1 devstack@keystone.service[80676]: DEBUG keystone.server.flask.request_processing.middleware.auth_context [None req-670a0a09-2d46-4987-8fdc-e3306cf71c8e None None] Validating token access rules against request {{(pid=80676) validate_allowed_request /usr/local/lib/python3.8/dist-packages/keystonemiddleware/auth_token/__init__.py:545}}
Jul 22 08:58:29.639402 n-d-850729-1 devstack@keystone.service[80675]: [pid: 80675|app: 0|req: 7/13] 10.222.0.60 () {58 vars in 1023 bytes} [Fri Jul 22 08:58:29 2022] POST /identity/v3/auth/tokens => generated 799 bytes in 190 msecs (HTTP/1.1 201) 6 headers in 363 bytes (2 switches on core 0)
Jul 22 08:58:29.640435 n-d-850729-1 devstack@keystone.service[80676]: DEBUG keystone.server.flask.request_processing.middleware.auth_context [None req-18fd05d7-2e50-4e67-9163-aa9876fcd912 None admin] RBAC: auth_context: {'token': , 'domain_id': None, 'trust_id': None, 'trustor_id': None, 'trustee_id': None, 'domain_name': None, 'group_ids': [], 'user_id': '70b024ebef2e4cb4bb8435b323e5a4b8', 'user_domain_id': 'default', 'system_scope': 'all', 'project_id': None, 'project_domain_id': None, 'roles': ['admin', 'member', 'reader'], 'is_admin_project': True, 'service_user_id': None, 'service_user_domain_id': None, 'service_project_id': None, 'service_project_domain_id': None, 'service_roles': []} {{(pid=80676) fill_context /opt/stack/keystone/keystone/server/flask/request_processing/middleware/auth_context.py:478}}
Jul 22 08:58:29.641245 n-d-850729-1 devstack@keystone.service[80676]: DEBUG keystone.server.flask.request_processing.req_logging [None req-18fd05d7-2e50-4e67-9163-aa9876fcd912 None admin] REQUEST_METHOD: `GET` {{(pid=80676) log_request_info /opt/stack/keystone/keystone/server/flask/request_processing/req_logging.py:27}}
Jul 22 08:58:29.641538 n-d-850729-1 devstack@keystone.service[80676]: DEBUG keystone.server.flask.request_processing.req_logging [None req-18fd05d7-2e50-4e67-9163-aa9876fcd912 None admin] SCRIPT_NAME: `/identity` {{(pid=80676) log_request_info /opt/stack/keystone/keystone/server/flask/request_processing/req_logging.py:28}}
Jul 22 08:58:29.641825 n-d-850729-1 devstack@keystone.service[80676]: DEBUG keystone.server.flask.request_processing.req_logging [None req-18fd05d7-2e50-4e67-9163-aa9876fcd912 None admin] PATH_INFO: `/v3/roles/admin` {{(pid=80676) log_request_info /opt/stack/keystone/keystone/server/flask/request_processing/req_logging.py:29}}
Jul 22 08:58:29.653164 n-d-850729-1 devstack@keystone.service[80676]: DEBUG keystone.common.rbac_enforcer.enforcer [None req-18fd05d7-2e50-4e67-9163-aa9876fcd912 None admin] Extracting inferred target data resulted in "NOT FOUND (404)". {{(pid=80676) enforce_call /opt/stack/keystone/keystone/common/rbac_enforcer/enforcer.py:409}}
Jul 22 08:58:29.662234 n-d-850729-1 devstack@keystone.service[80675]: DEBUG keystone.server.flask.request_processing.middleware.auth_context [None req-65747f05-4307-4889-9714-10391e2cd4b2 None None] Authenticating user token {{(pid=80675) process_request /usr/local/lib/python3.8/dist-packages/keystonemiddleware/auth_token/__init__.py:407}}
Jul 22 08:58:29.664963 n-d-850729-1 devstack@keystone.service[80676]: ERROR keystone.server.flask.application [None req-18fd05d7-2e50-4e67-9163-aa9876fcd912 None admin] Could not find role: admin.: keystone.exception.RoleNotFound: Could not find role: admin.
Jul 22 08:58:29.664963 n-d-850729-1 devstack@keystone.service[80676]: ERROR keystone.server.flask.application
Traceback (most recent call last):
Jul 22 08:58:29.664963 n-d-850729-1 devstack@keystone.service[80676]: ERROR keystone.server.flask.application
File "/usr/local/lib/python3.8/dist-packages/flask/app.py", line 1523, in full_dispatch_request
Jul 22 08:58:29.664963 n-d-850729-1 devstack@keystone.service[80676]: ERROR keystone.server.flask.application rv = self.dispatch_request()
Jul 22 08:58:29.664963 n-d-850729-1 devstack@keystone.service[80676]: ERROR keystone.server.flask.application
File "/usr/local/lib/python3.8/dist-packages/flask/app.py", line 1509, in dispatch_request
Jul 22 08:58:29.664963 n-d-850729-1 devstack@keystone.service[80676]: ERROR keystone.server.flask.application return self.ensure_sync(self.view_functions[rule.endpoint])(**req.view_args)
Jul 22 08:58:29.664963 n-d-850729-1 devstack@keystone.service[80676]: ERROR keystone.server.flask.application
File "/usr/local/lib/python3.8/dist-packages/flask_restful/__init__.py", line 467, in wrapper
Jul 22 08:58:29.664963 n-d-850729-1 devstack@keystone.service[80676]: ERROR keystone.server.flask.application resp = resource(*args, **kwargs)
Jul 22 08:58:29.664963 n-d-850729-1 devstack@keystone.service[80676]: ERROR keystone.server.flask.application
File "/usr/local/lib/python3.8/dist-packages/flask/views.py", line 84, in view
Jul 22 08:58:29.664963 n-d-850729-1 devstack@keystone.service[80676]: ERROR keystone.server.flask.application return current_app.ensure_sync(self.dispatch_request)(*args, **kwargs)
Jul 22 08:58:29.664963 n-d-850729-1 devstack@keystone.service[80676]: ERROR keystone.server.flask.application
File "/usr/local/lib/python3.8/dist-packages/flask_restful/__init__.py", line 582, in dispatch_request
Jul 22 08:58:29.664963 n-d-850729-1 devstack@keystone.service[80676]: ERROR keystone.server.flask.application resp = meth(*args, **kwargs)
Jul 22 08:58:29.664963 n-d-850729-1 devstack@keystone.service[80676]: ERROR keystone.server.flask.application
File "/opt/stack/keystone/keystone/api/roles.py", line 50, in get
Jul 22 08:58:29.664963 n-d-850729-1 devstack@keystone.service[80676]: ERROR keystone.server.flask.application return self._get_role(role_id)
Jul 22 08:58:29.664963 n-d-850729-1 devstack@keystone.service[80676]: ERROR keystone.server.flask.application
File "/opt/stack/keystone/keystone/api/roles.py", line 70, in _get_role
Jul 22 08:58:29.664963 n-d-850729-1 devstack@keystone.service[80676]: ERROR keystone.server.flask.application ENFORCER.enforce_call(action='identity:get_role')
Jul 22 08:58:29.666214 n-d-850729-1 devstack@keystone.service[80676]: ERROR keystone.server.flask.application
File "/opt/stack/keystone/keystone/common/rbac_enforcer/enforcer.py", line 402, in enforce_call
Jul 22 08:58:29.666214 n-d-850729-1 devstack@keystone.service[80676]: ERROR keystone.server.flask.application policy_dict.update(cls._extract_member_target_data(
Jul 22 08:58:29.666214 n-d-850729-1 devstack@keystone.service[80676]: ERROR keystone.server.flask.application
File "/opt/stack/keystone/keystone/common/rbac_enforcer/enforcer.py", line 234, in _extract_member_target_data
Jul 22 08:58:29.666214 n-d-850729-1 devstack@keystone.service[80676]: ERROR keystone.server.flask.application member_name: func(flask.request.view_args[key])
Jul 22 08:58:29.666214 n-d-850729-1 devstack@keystone.service[80676]: ERROR keystone.server.flask.application
File "/opt/stack/keystone/keystone/common/manager.py", line 115, in wrapped
Jul 22 08:58:29.666214 n-d-850729-1 devstack@keystone.service[80676]: ERROR keystone.server.flask.application __ret_val = __f(*args, **kwargs)
Jul 22 08:58:29.666214 n-d-850729-1 devstack@keystone.service[80676]: ERROR keystone.server.flask.application
File "/usr/local/lib/python3.8/dist-packages/decorator.py", line 232, in fun
Jul 22 08:58:29.666214 n-d-850729-1 devstack@keystone.service[80676]: ERROR keystone.server.flask.application return caller(func, *(extras + args), **kw)
Jul 22 08:58:29.666214 n-d-850729-1 devstack@keystone.service[80676]: ERROR keystone.server.flask.application
File "/usr/local/lib/python3.8/dist-packages/dogpile/cache/region.py", line 1577, in get_or_create_for_user_func
Jul 22 08:58:29.666214 n-d-850729-1 devstack@keystone.service[80676]: ERROR keystone.server.flask.application return self.get_or_create(
Jul 22 08:58:29.666214 n-d-850729-1 devstack@keystone.service[80676]: ERROR keystone.server.flask.application
File "/usr/local/lib/python3.8/dist-packages/dogpile/cache/region.py", line 1042, in get_or_create
Jul 22 08:58:29.666214 n-d-850729-1 devstack@keystone.service[80676]: ERROR keystone.server.flask.application with Lock(
Jul 22 08:58:29.666214 n-d-850729-1 devstack@keystone.service[80676]: ERROR keystone.server.flask.application
File "/usr/local/lib/python3.8/dist-packages/dogpile/lock.py", line 185, in __enter__
Jul 22 08:58:29.666214 n-d-850729-1 devstack@keystone.service[80676]: ERROR keystone.server.flask.application return self._enter()
Jul 22 08:58:29.666214 n-d-850729-1 devstack@keystone.service[80676]: ERROR keystone.server.flask.application
File "/usr/local/lib/python3.8/dist-packages/dogpile/lock.py", line 94, in _enter
Jul 22 08:58:29.666214 n-d-850729-1 devstack@keystone.service[80676]: ERROR keystone.server.flask.application generated = self._enter_create(value, createdtime)
Jul 22 08:58:29.667363 n-d-850729-1 devstack@keystone.service[80676]: ERROR keystone.server.flask.application
File "/usr/local/lib/python3.8/dist-packages/dogpile/lock.py", line 178, in _enter_create
Jul 22 08:58:29.667363 n-d-850729-1 devstack@keystone.service[80676]: ERROR keystone.server.flask.application return self.creator()
Jul 22 08:58:29.667363 n-d-850729-1 devstack@keystone.service[80676]: ERROR keystone.server.flask.application
File "/usr/local/lib/python3.8/dist-packages/dogpile/cache/region.py", line 995, in gen_value
Jul 22 08:58:29.667363 n-d-850729-1 devstack@keystone.service[80676]: ERROR keystone.server.flask.application created_value = creator(
Jul 22 08:58:29.667363 n-d-850729-1 devstack@keystone.service[80676]: ERROR keystone.server.flask.application
File "/opt/stack/keystone/keystone/assignment/core.py", line 1276, in get_role
Jul 22 08:58:29.667363 n-d-850729-1 devstack@keystone.service[80676]: ERROR keystone.server.flask.application return self.driver.get_role(role_id)
Jul 22 08:58:29.667363 n-d-850729-1 devstack@keystone.service[80676]: ERROR keystone.server.flask.application
File "/opt/stack/keystone/keystone/assignment/role_backends/sql.py", line 70, in get_role
Jul 22 08:58:29.667363 n-d-850729-1 devstack@keystone.service[80676]: ERROR keystone.server.flask.application return self._get_role(session, role_id).to_dict()
Jul 22 08:58:29.667363 n-d-850729-1 devstack@keystone.service[80676]: ERROR keystone.server.flask.application
File "/opt/stack/keystone/keystone/assignment/role_backends/sql.py", line 65, in _get_role
Jul 22 08:58:29.667363 n-d-850729-1 devstack@keystone.service[80676]: ERROR keystone.server.flask.application raise exception.RoleNotFound(role_id=role_id)
Jul 22 08:58:29.667363 n-d-850729-1 devstack@keystone.service[80676]: ERROR keystone.server.flask.application keystone.exception.RoleNotFound: Could not find role: admin.
Jul 22 08:58:29.667363 n-d-850729-1 devstack@keystone.service[80676]: ERROR keystone.server.flask.application
Jul 22 08:58:29.667363 n-d-850729-1 devstack@keystone.service[80676]: [pid: 80676|app: 0|req: 7/14] 10.222.0.60 () {56 vars in 1096 bytes} [Fri Jul 22 08:58:29 2022] GET /identity/v3/roles/admin => generated 83 bytes in 162 msecs (HTTP/1.1 404) 5 headers in 183 bytes (2 switches on core 0)
Jul 22 08:58:29.672482 n-d-850729-1 devstack@keystone.service[80676]: DEBUG keystone.server.flask.request_processing.middleware.auth_context [None req-18fd05d7-2e50-4e67-9163-aa9876fcd912 None admin] Authenticating user token {{(pid=80676) process_request /usr/local/lib/python3.8/dist-packages/keystonemiddleware/auth_token/__init__.py:407}}
Jul 22 08:58:29.753091 n-d-850729-1 devstack@keystone.service[80676]: DEBUG dbcounter [-] [80676] Writing DB stats keystone:SELECT=100 {{(pid=80676) stat_writer /usr/local/lib/python3.8/dist-packages/dbcounter.py:114}}
Jul 22 08:58:29.765951 n-d-850729-1 devstack@keystone.service[80675]: DEBUG keystone.server.flask.request_processing.middleware.auth_context [None req-65747f05-4307-4889-9714-10391e2cd4b2 None None] Validating token access rules against request {{(pid=80675) validate_allowed_request /usr/local/lib/python3.8/dist-packages/keystonemiddleware/auth_token/__init__.py:545}}
Jul 22 08:58:29.768334 n-d-850729-1 devstack@keystone.service[80675]: DEBUG dbcounter [-] [80675] Writing DB stats keystone:SELECT=100 {{(pid=80675) stat_writer /usr/local/lib/python3.8/dist-packages/dbcounter.py:114}}
Jul 22 08:58:29.772241 n-d-850729-1 devstack@keystone.service[80676]: DEBUG keystone.server.flask.request_processing.middleware.auth_context [None req-18fd05d7-2e50-4e67-9163-aa9876fcd912 None admin] Validating token access rules against request {{(pid=80676) validate_allowed_request /usr/local/lib/python3.8/dist-packages/keystonemiddleware/auth_token/__init__.py:545}}
Jul 22 08:58:29.803483 n-d-850729-1 devstack@keystone.service[80675]: DEBUG keystone.server.flask.request_processing.middleware.auth_context [None req-97cf27ff-3816-4e8c-bda2-3bfae31b4fef None admin] RBAC: auth_context: {'token': , 'domain_id': None, 'trust_id': None, 'trustor_id': None, 'trustee_id': None, 'domain_name': None, 'group_ids': [], 'user_id': '70b024ebef2e4cb4bb8435b323e5a4b8', 'user_domain_id': 'default', 'system_scope': 'all', 'project_id': None, 'project_domain_id': None, 'roles': ['admin', 'member', 'reader'], 'is_admin_project': True, 'service_user_id': None, 'service_user_domain_id': None, 'service_project_id': None, 'service_project_domain_id': None, 'service_roles': []} {{(pid=80675) fill_context /opt/stack/keystone/keystone/server/flask/request_processing/middleware/auth_context.py:478}}
Jul 22 08:58:29.804389 n-d-850729-1 devstack@keystone.service[80675]: DEBUG keystone.server.flask.request_processing.req_logging [None req-97cf27ff-3816-4e8c-bda2-3bfae31b4fef None admin] REQUEST_METHOD: `GET` {{(pid=80675) log_request_info /opt/stack/keystone/keystone/server/flask/request_processing/req_logging.py:27}}
Jul 22 08:58:29.804684 n-d-850729-1 devstack@keystone.service[80675]: DEBUG keystone.server.flask.request_processing.req_logging [None req-97cf27ff-3816-4e8c-bda2-3bfae31b4fef None admin] SCRIPT_NAME: `/identity` {{(pid=80675) log_request_info /opt/stack/keystone/keystone/server/flask/request_processing/req_logging.py:28}}
Jul 22 08:58:29.804971 n-d-850729-1 devstack@keystone.service[80675]: DEBUG keystone.server.flask.request_processing.req_logging [None req-97cf27ff-3816-4e8c-bda2-3bfae31b4fef None admin] PATH_INFO: `/v3/auth/tokens` {{(pid=80675) log_request_info /opt/stack/keystone/keystone/server/flask/request_processing/req_logging.py:29}}
Jul 22 08:58:29.805809 n-d-850729-1 devstack@keystone.service[80676]: DEBUG keystone.server.flask.request_processing.middleware.auth_context [None req-38ffa969-f069-4b04-a4fa-c4bcd5e65bec None admin] RBAC: auth_context: {'token': , 'domain_id': None, 'trust_id': None, 'trustor_id': None, 'trustee_id': None, 'domain_name': None, 'group_ids': [], 'user_id': '70b024ebef2e4cb4bb8435b323e5a4b8', 'user_domain_id': 'default', 'system_scope': 'all', 'project_id': None, 'project_domain_id': None, 'roles': ['admin', 'member', 'reader'], 'is_admin_project': True, 'service_user_id': None, 'service_user_domain_id': None, 'service_project_id': None, 'service_project_domain_id': None, 'service_roles': []} {{(pid=80676) fill_context /opt/stack/keystone/keystone/server/flask/request_processing/middleware/auth_context.py:478}}
Jul 22 08:58:29.806508 n-d-850729-1 devstack@keystone.service[80676]: DEBUG keystone.server.flask.request_processing.req_logging [None req-38ffa969-f069-4b04-a4fa-c4bcd5e65bec None admin] REQUEST_METHOD: `GET` {{(pid=80676) log_request_info /opt/stack/keystone/keystone/server/flask/request_processing/req_logging.py:27}}
Jul 22 08:58:29.806801 n-d-850729-1 devstack@keystone.service[80676]: DEBUG keystone.server.flask.request_processing.req_logging [None req-38ffa969-f069-4b04-a4fa-c4bcd5e65bec None admin] SCRIPT_NAME: `/identity` {{(pid=80676) log_request_info /opt/stack/keystone/keystone/server/flask/request_processing/req_logging.py:28}}
Jul 22 08:58:29.807086 n-d-850729-1 devstack@keystone.service[80676]: DEBUG keystone.server.flask.request_processing.req_logging [None req-38ffa969-f069-4b04-a4fa-c4bcd5e65bec None admin] PATH_INFO: `/v3/roles` {{(pid=80676) log_request_info /opt/stack/keystone/keystone/server/flask/request_processing/req_logging.py:29}}
Jul 22 08:58:29.807851 n-d-850729-1 devstack@keystone.service[80676]: DEBUG keystone.common.rbac_enforcer.enforcer [None req-38ffa969-f069-4b04-a4fa-c4bcd5e65bec None admin] RBAC: Adding query filter params (name=admin) {{(pid=80676) _extract_filter_values /opt/stack/keystone/keystone/common/rbac_enforcer/enforcer.py:167}}
Jul 22 08:58:29.808162 n-d-850729-1 devstack@keystone.service[80676]: DEBUG keystone.common.rbac_enforcer.enforcer [None req-38ffa969-f069-4b04-a4fa-c4bcd5e65bec None admin] RBAC: Authorizing `identity:list_roles()` {{(pid=80676) enforce_call /opt/stack/keystone/keystone/common/rbac_enforcer/enforcer.py:449}}
Jul 22 08:58:29.809583 n-d-850729-1 devstack@keystone.service[80676]: DEBUG keystone.common.rbac_enforcer.enforcer [None req-38ffa969-f069-4b04-a4fa-c4bcd5e65bec None admin] RBAC: Authorization granted {{(pid=80676) enforce_call /opt/stack/keystone/keystone/common/rbac_enforcer/enforcer.py:457}}
Jul 22 08:58:29.826220 n-d-850729-1 devstack@keystone.service[80676]: [pid: 80676|app: 0|req: 8/15] 10.222.0.60 () {56 vars in 1099 bytes} [Fri Jul 22 08:58:29 2022] GET /identity/v3/roles?name=admin => generated 339 bytes in 155 msecs (HTTP/1.1 200) 5 headers in 177 bytes (2 switches on core 0)
Jul 22 08:58:29.828263 n-d-850729-1 devstack@keystone.service[80676]: DEBUG keystone.server.flask.request_processing.middleware.auth_context [None req-38ffa969-f069-4b04-a4fa-c4bcd5e65bec None admin] Authenticating user token {{(pid=80676) process_request /usr/local/lib/python3.8/dist-packages/keystonemiddleware/auth_token/__init__.py:407}}
Jul 22 08:58:29.878735 n-d-850729-1 devstack@keystone.service[80675]: DEBUG keystone.common.rbac_enforcer.enforcer [None req-97cf27ff-3816-4e8c-bda2-3bfae31b4fef None admin] RBAC: Authorizing `identity:validate_token()` {{(pid=80675) enforce_call /opt/stack/keystone/keystone/common/rbac_enforcer/enforcer.py:449}}
Jul 22 08:58:29.880281 n-d-850729-1 devstack@keystone.service[80675]: DEBUG keystone.common.rbac_enforcer.enforcer [None req-97cf27ff-3816-4e8c-bda2-3bfae31b4fef None admin] RBAC: Authorization granted {{(pid=80675) enforce_call /opt/stack/keystone/keystone/common/rbac_enforcer/enforcer.py:457}}
Jul 22 08:58:29.929828 n-d-850729-1 devstack@keystone.service[80676]: DEBUG keystone.server.flask.request_processing.middleware.auth_context [None req-38ffa969-f069-4b04-a4fa-c4bcd5e65bec None admin] Validating token access rules against request {{(pid=80676) validate_allowed_request /usr/local/lib/python3.8/dist-packages/keystonemiddleware/auth_token/__init__.py:545}}
Jul 22 08:58:29.964887 n-d-850729-1 devstack@keystone.service[80676]: DEBUG keystone.server.flask.request_processing.middleware.auth_context [None req-aacb7253-a39a-4756-9753-6df286e780b8 None admin] RBAC: auth_context: {'token': , 'domain_id': None, 'trust_id': None, 'trustor_id': None, 'trustee_id': None, 'domain_name': None, 'group_ids': [], 'user_id': '70b024ebef2e4cb4bb8435b323e5a4b8', 'user_domain_id': 'default', 'system_scope': 'all', 'project_id': None, 'project_domain_id': None, 'roles': ['admin', 'member', 'reader'], 'is_admin_project': True, 'service_user_id': None, 'service_user_domain_id': None, 'service_project_id': None, 'service_project_domain_id': None, 'service_roles': []} {{(pid=80676) fill_context /opt/stack/keystone/keystone/server/flask/request_processing/middleware/auth_context.py:478}}
Jul 22 08:58:29.965755 n-d-850729-1 devstack@keystone.service[80676]: DEBUG keystone.server.flask.request_processing.req_logging [None req-aacb7253-a39a-4756-9753-6df286e780b8 None admin] REQUEST_METHOD: `GET` {{(pid=80676) log_request_info /opt/stack/keystone/keystone/server/flask/request_processing/req_logging.py:27}}
Jul 22 08:58:29.966042 n-d-850729-1 devstack@keystone.service[80676]: DEBUG keystone.server.flask.request_processing.req_logging [None req-aacb7253-a39a-4756-9753-6df286e780b8 None admin] SCRIPT_NAME: `/identity` {{(pid=80676) log_request_info /opt/stack/keystone/keystone/server/flask/request_processing/req_logging.py:28}}
Jul 22 08:58:29.966353 n-d-850729-1 devstack@keystone.service[80676]: DEBUG keystone.server.flask.request_processing.req_logging [None req-aacb7253-a39a-4756-9753-6df286e780b8 None admin] PATH_INFO: `/v3/users/70b024ebef2e4cb4bb8435b323e5a4b8` {{(pid=80676) log_request_info /opt/stack/keystone/keystone/server/flask/request_processing/req_logging.py:29}}
Jul 22 08:58:29.967556 n-d-850729-1 devstack@keystone.service[80676]: DEBUG keystone.common.rbac_enforcer.enforcer [None req-aacb7253-a39a-4756-9753-6df286e780b8 None admin] RBAC: Authorizing `identity:get_user(user_id=70b024ebef2e4cb4bb8435b323e5a4b8)` {{(pid=80676) enforce_call /opt/stack/keystone/keystone/common/rbac_enforcer/enforcer.py:449}}
Jul 22 08:58:29.969634 n-d-850729-1 devstack@keystone.service[80676]: DEBUG keystone.common.rbac_enforcer.enforcer [None req-aacb7253-a39a-4756-9753-6df286e780b8 None admin] RBAC: Authorization granted {{(pid=80676) enforce_call /opt/stack/keystone/keystone/common/rbac_enforcer/enforcer.py:457}}
Jul 22 08:58:29.971258 n-d-850729-1 devstack@keystone.service[80676]: [pid: 80676|app: 0|req: 9/16] 10.222.0.60 () {56 vars in 1177 bytes} [Fri Jul 22 08:58:29 2022] GET /identity/v3/users/70b024ebef2e4cb4bb8435b323e5a4b8 => generated 247 bytes in 144 msecs (HTTP/1.1 200) 5 headers in 177 bytes (2 switches on core 0)
Jul 22 08:58:29.976871 n-d-850729-1 devstack@keystone.service[80676]: DEBUG keystone.server.flask.request_processing.middleware.auth_context [None req-aacb7253-a39a-4756-9753-6df286e780b8 None admin] Authenticating user token {{(pid=80676) process_request /usr/local/lib/python3.8/dist-packages/keystonemiddleware/auth_token/__init__.py:407}}
Jul 22 08:58:29.988902 n-d-850729-1 devstack@keystone.service[80675]: [pid: 80675|app: 0|req: 8/17] 10.222.0.60 () {58 vars in 1282 bytes} [Fri Jul 22 08:58:29 2022] GET /identity/v3/auth/tokens => generated 799 bytes in 327 msecs (HTTP/1.1 200) 6 headers in 358 bytes (2 switches on core 0)
Jul 22 08:58:29.992385 n-d-850729-1 devstack@keystone.service[80676]: DEBUG dbcounter [-] [80676] Writing DB stats keystone:SELECT=100 {{(pid=80676) stat_writer /usr/local/lib/python3.8/dist-packages/dbcounter.py:114}}
Jul 22 08:58:29.994912 n-d-850729-1 devstack@keystone.service[80675]: DEBUG keystone.server.flask.request_processing.middleware.auth_context [None req-97cf27ff-3816-4e8c-bda2-3bfae31b4fef None admin] Authenticating user token {{(pid=80675) process_request /usr/local/lib/python3.8/dist-packages/keystonemiddleware/auth_token/__init__.py:407}}
Jul 22 08:58:29.997638 n-d-850729-1 devstack@keystone.service[80675]: DEBUG dbcounter [-] [80675] Writing DB stats keystone:SELECT=100 {{(pid=80675) stat_writer /usr/local/lib/python3.8/dist-packages/dbcounter.py:114}}
Jul 22 08:58:30.077218 n-d-850729-1 devstack@keystone.service[80676]: DEBUG keystone.server.flask.request_processing.middleware.auth_context [None req-aacb7253-a39a-4756-9753-6df286e780b8 None admin] Validating token access rules against request {{(pid=80676) validate_allowed_request /usr/local/lib/python3.8/dist-packages/keystonemiddleware/auth_token/__init__.py:545}}
Jul 22 08:58:30.097212 n-d-850729-1 devstack@keystone.service[80675]: DEBUG keystone.server.flask.request_processing.middleware.auth_context [None req-97cf27ff-3816-4e8c-bda2-3bfae31b4fef None admin] Validating token access rules against request {{(pid=80675) validate_allowed_request /usr/local/lib/python3.8/dist-packages/keystonemiddleware/auth_token/__init__.py:545}}
Jul 22 08:58:30.110944 n-d-850729-1 devstack@keystone.service[80676]: DEBUG keystone.server.flask.request_processing.middleware.auth_context [None req-0a53c653-0813-462a-b82b-1d05c505c547 None admin] RBAC: auth_context: {'token': , 'domain_id': None, 'trust_id': None, 'trustor_id': None, 'trustee_id': None, 'domain_name': None, 'group_ids': [], 'user_id': '70b024ebef2e4cb4bb8435b323e5a4b8', 'user_domain_id': 'default', 'system_scope': 'all', 'project_id': None, 'project_domain_id': None, 'roles': ['admin', 'member', 'reader'], 'is_admin_project': True, 'service_user_id': None, 'service_user_domain_id': None, 'service_project_id': None, 'service_project_domain_id': None, 'service_roles': []} {{(pid=80676) fill_context /opt/stack/keystone/keystone/server/flask/request_processing/middleware/auth_context.py:478}}
Jul 22 08:58:30.111736 n-d-850729-1 devstack@keystone.service[80676]: DEBUG keystone.server.flask.request_processing.req_logging [None req-0a53c653-0813-462a-b82b-1d05c505c547 None admin] REQUEST_METHOD: `GET` {{(pid=80676) log_request_info /opt/stack/keystone/keystone/server/flask/request_processing/req_logging.py:27}}
Jul 22 08:58:30.112023 n-d-850729-1 devstack@keystone.service[80676]: DEBUG keystone.server.flask.request_processing.req_logging [None req-0a53c653-0813-462a-b82b-1d05c505c547 None admin] SCRIPT_NAME: `/identity` {{(pid=80676) log_request_info /opt/stack/keystone/keystone/server/flask/request_processing/req_logging.py:28}}
Jul 22 08:58:30.112303 n-d-850729-1 devstack@keystone.service[80676]: DEBUG keystone.server.flask.request_processing.req_logging [None req-0a53c653-0813-462a-b82b-1d05c505c547 None admin] PATH_INFO: `/v3/domains/default` {{(pid=80676) log_request_info /opt/stack/keystone/keystone/server/flask/request_processing/req_logging.py:29}}
Jul 22 08:58:30.113477 n-d-850729-1 devstack@keystone.service[80676]: DEBUG keystone.common.rbac_enforcer.enforcer [None req-0a53c653-0813-462a-b82b-1d05c505c547 None admin] RBAC: Authorizing `identity:get_domain(domain_id=default)` {{(pid=80676) enforce_call /opt/stack/keystone/keystone/common/rbac_enforcer/enforcer.py:449}}
Jul 22 08:58:30.114945 n-d-850729-1 devstack@keystone.service[80676]: DEBUG keystone.common.rbac_enforcer.enforcer [None req-0a53c653-0813-462a-b82b-1d05c505c547 None admin] RBAC: Authorization granted {{(pid=80676) enforce_call /opt/stack/keystone/keystone/common/rbac_enforcer/enforcer.py:457}}
