Jul 26 20:05:07.560882 n-d-850673-2 nova-scheduler[110127]: DEBUG nova.scheduler.host_manager [None req-090aa731-e587-4abf-95b9-d382e94dfa68 tempest-MigrationsAdminTest-382397347 tempest-MigrationsAdminTest-382397347-project-admin] Update host state with aggregates: [] {{(pid=110127) _locked_update /opt/stack/nova/nova/scheduler/host_manager.py:170}}
Jul 26 20:05:07.561580 n-d-850673-2 nova-scheduler[110127]: DEBUG nova.scheduler.host_manager [None req-090aa731-e587-4abf-95b9-d382e94dfa68 tempest-MigrationsAdminTest-382397347 tempest-MigrationsAdminTest-382397347-project-admin] Update host state with service dict: {'id': 3, 'uuid': 'cc5520bf-de7b-4632-a698-8c1d01b1d88f', 'host': 'n-h1-850673-2', 'binary': 'nova-compute', 'topic': 'compute', 'report_count': 24, 'disabled': False, 'disabled_reason': None, 'last_seen_up': datetime.datetime(2022, 7, 26, 20, 5, 3, tzinfo=datetime.timezone.utc), 'forced_down': False, 'version': 61, 'created_at': datetime.datetime(2022, 7, 26, 20, 1, 4, tzinfo=datetime.timezone.utc), 'updated_at': datetime.datetime(2022, 7, 26, 20, 5, 3, tzinfo=datetime.timezone.utc), 'deleted_at': None, 'deleted': False} {{(pid=110127) _locked_update /opt/stack/nova/nova/scheduler/host_manager.py:173}}
Jul 26 20:05:07.562330 n-d-850673-2 nova-scheduler[110127]: DEBUG nova.scheduler.host_manager [None req-090aa731-e587-4abf-95b9-d382e94dfa68 tempest-MigrationsAdminTest-382397347 tempest-MigrationsAdminTest-382397347-project-admin] Update host state with instances: ['0bc36c9b-e1ca-427d-b8b0-aa364d6db68f', '79f0c902-cf79-41c8-a240-6b78b6531b29'] {{(pid=110127) _locked_update /opt/stack/nova/nova/scheduler/host_manager.py:176}}
Jul 26 20:05:07.562963 n-d-850673-2 nova-scheduler[110127]: DEBUG oslo_concurrency.lockutils [None req-090aa731-e587-4abf-95b9-d382e94dfa68 tempest-MigrationsAdminTest-382397347 tempest-MigrationsAdminTest-382397347-project-admin] Lock "('n-h1-850673-2', 'n-h1-850673-2')" "released" by "nova.scheduler.host_manager.HostState.update.._locked_update" :: held 0.006s {{(pid=110127) inner /usr/local/lib/python3.8/dist-packages/oslo_concurrency/lockutils.py:400}}
Jul 26 20:05:07.564522 n-d-850673-2 nova-scheduler[110127]: DEBUG oslo_concurrency.lockutils [None req-090aa731-e587-4abf-95b9-d382e94dfa68 tempest-MigrationsAdminTest-382397347 tempest-MigrationsAdminTest-382397347-project-admin] Lock "9b02d062-7dbe-4b80-95fe-56dda2d39a76" acquired by "nova.context.set_target_cell..get_or_set_cached_cell_and_set_connections" :: waited 0.000s {{(pid=110127) inner /usr/local/lib/python3.8/dist-packages/oslo_concurrency/lockutils.py:386}}
Jul 26 20:05:07.565127 n-d-850673-2 nova-scheduler[110127]: DEBUG oslo_concurrency.lockutils [None req-090aa731-e587-4abf-95b9-d382e94dfa68 tempest-MigrationsAdminTest-382397347 tempest-MigrationsAdminTest-382397347-project-admin] Lock "9b02d062-7dbe-4b80-95fe-56dda2d39a76" "released" by "nova.context.set_target_cell..get_or_set_cached_cell_and_set_connections" :: held 0.001s {{(pid=110127) inner /usr/local/lib/python3.8/dist-packages/oslo_concurrency/lockutils.py:400}}
Jul 26 20:05:07.570509 n-d-850673-2 nova-scheduler[110128]: DEBUG oslo_concurrency.lockutils [None req-2cbd4b31-df3a-4e0d-8f76-fc3e9d52a1e9 tempest-ServersAdmin275Test-2077737666 tempest-ServersAdmin275Test-2077737666-project] Lock "('n-h1-850673-2', 'n-h1-850673-2')" acquired by "nova.scheduler.host_manager.HostState.update.._locked_update" :: waited 0.000s {{(pid=110128) inner /usr/local/lib/python3.8/dist-packages/oslo_concurrency/lockutils.py:386}}
Jul 26 20:05:07.570917 n-d-850673-2 nova-scheduler[110127]: DEBUG oslo_concurrency.lockutils [None req-090aa731-e587-4abf-95b9-d382e94dfa68 tempest-MigrationsAdminTest-382397347 tempest-MigrationsAdminTest-382397347-project-admin] Lock "('n-h2-850673-2', 'n-h2-850673-2')" acquired by "nova.scheduler.host_manager.HostState.update.._locked_update" :: waited 0.000s {{(pid=110127) inner /usr/local/lib/python3.8/dist-packages/oslo_concurrency/lockutils.py:386}}
Jul 26 20:05:07.571511 n-d-850673-2 nova-scheduler[110128]: DEBUG nova.scheduler.host_manager [None req-2cbd4b31-df3a-4e0d-8f76-fc3e9d52a1e9 tempest-ServersAdmin275Test-2077737666 tempest-ServersAdmin275Test-2077737666-project] Update host state from compute node: ComputeNode(cpu_allocation_ratio=16.0,cpu_info='{"arch": "x86_64", "model": "Intel(R) Xeon(R) CPU E5-2430L 0 @ 2.00GHz", "vendor": "GenuineIntel", "topology": {"sockets": 1, "cores": 6, "threads": 1}, "features": ["mmx", "sse", "rdtsc", "pae", "sse2", "nx", "sse3", "xsave"]}',created_at=2022-07-26T20:01:06Z,current_workload=2,deleted=False,deleted_at=None,disk_allocation_ratio=1.0,disk_available_least=63,free_disk_gb=76,free_ram_mb=13823,host='n-h1-850673-2',host_ip=10.222.0.55,hypervisor_hostname='n-h1-850673-2',hypervisor_type='hyperv',hypervisor_version=10000,id=1,local_gb=79,local_gb_used=3,mapped=1,memory_mb=16383,memory_mb_used=2560,metrics='[]',numa_topology='{"nova_object.name": "NUMATopology", "nova_object.namespace": "nova", "nova_object.version": "1.2", "nova_object.data": {"cells": [{"nova_object.name": "NUMACell", "nova_object.namespace": "nova", "nova_object.version": "1.5", "nova_object.data": {"id": 0, "cpuset": [0, 1, 2, 3, 4, 5], "memory": 16383, "cpu_usage": 0, "memory_usage": 11758, "pinned_cpus": [], "siblings": [], "mempages": []}, "nova_object.changes": ["cpu_usage", "memory", "pinned_cpus", "siblings", "memory_usage", "cpuset", "id", "mempages"]}]}, "nova_object.changes": ["cells"]}',pci_device_pools=PciDevicePoolList,ram_allocation_ratio=1.5,running_vms=2,service_id=None,stats={failed_builds='0',io_workload='2',num_instances='2',num_os_type_None='2',num_proj_61710b28a4b040b89141e884a173be24='1',num_proj_9506b73f46154e0288464e1dfa996ddd='1',num_task_resize_prep='1',num_task_spawning='1',num_vm_active='1',num_vm_building='1'},supported_hv_specs=[HVSpec,HVSpec],updated_at=2022-07-26T20:05:06Z,uuid=1177313b-931a-44b7-b7f4-1797a73375a7,vcpus=6,vcpus_used=2) {{(pid=110128) _locked_update /opt/stack/nova/nova/scheduler/host_manager.py:167}}
Jul 26 20:05:07.572244 n-d-850673-2 nova-scheduler[110127]: DEBUG nova.scheduler.host_manager [None req-090aa731-e587-4abf-95b9-d382e94dfa68 tempest-MigrationsAdminTest-382397347 tempest-MigrationsAdminTest-382397347-project-admin] Update host state from compute node: ComputeNode(cpu_allocation_ratio=16.0,cpu_info='{"arch": "x86_64", "model": "Intel(R) Xeon(R) CPU E5-2430L 0 @ 2.00GHz", "vendor": "GenuineIntel", "topology": {"sockets": 1, "cores": 6, "threads": 1}, "features": ["mmx", "sse", "rdtsc", "pae", "sse2", "nx", "sse3", "xsave"]}',created_at=2022-07-26T20:01:09Z,current_workload=0,deleted=False,deleted_at=None,disk_allocation_ratio=1.0,disk_available_least=64,free_disk_gb=77,free_ram_mb=13823,host='n-h2-850673-2',host_ip=10.222.0.46,hypervisor_hostname='n-h2-850673-2',hypervisor_type='hyperv',hypervisor_version=10000,id=2,local_gb=79,local_gb_used=2,mapped=1,memory_mb=16383,memory_mb_used=2560,metrics='[]',numa_topology='{"nova_object.name": "NUMATopology", "nova_object.namespace": "nova", "nova_object.version": "1.2", "nova_object.data": {"cells": [{"nova_object.name": "NUMACell", "nova_object.namespace": "nova", "nova_object.version": "1.5", "nova_object.data": {"id": 0, "cpuset": [0, 1, 2, 3, 4, 5], "memory": 16383, "cpu_usage": 0, "memory_usage": 12730, "pinned_cpus": [], "siblings": [], "mempages": []}, "nova_object.changes": ["memory", "siblings", "memory_usage", "id", "cpuset", "pinned_cpus", "mempages", "cpu_usage"]}]}, "nova_object.changes": ["cells"]}',pci_device_pools=PciDevicePoolList,ram_allocation_ratio=1.5,running_vms=2,service_id=None,stats={failed_builds='0',io_workload='2',num_instances='2',num_os_type_None='2',num_proj_488073d263f04876946c868b9b43e909='1',num_proj_8e967b176fad49779b982a3b8ab3d2b9='1',num_proj_ec0e5fb86d994e0d9118f8065fa1fd44='0',num_proj_fe04d5d4f4f44e2dacb27a01021a5813='0',num_task_None='2',num_task_spawning='0',num_vm_building='2'},supported_hv_specs=[HVSpec,HVSpec],updated_at=2022-07-26T20:04:57Z,uuid=b2baa14f-7f9c-45ce-9f49-0e145d51b671,vcpus=6,vcpus_used=2) {{(pid=110127) _locked_update /opt/stack/nova/nova/scheduler/host_manager.py:167}}
Jul 26 20:05:07.573328 n-d-850673-2 nova-scheduler[110127]: DEBUG nova.scheduler.host_manager [None req-090aa731-e587-4abf-95b9-d382e94dfa68 tempest-MigrationsAdminTest-382397347 tempest-MigrationsAdminTest-382397347-project-admin] Update host state with aggregates: [] {{(pid=110127) _locked_update /opt/stack/nova/nova/scheduler/host_manager.py:170}}
Jul 26 20:05:07.573829 n-d-850673-2 nova-scheduler[110128]: DEBUG nova.scheduler.host_manager [None req-2cbd4b31-df3a-4e0d-8f76-fc3e9d52a1e9 tempest-ServersAdmin275Test-2077737666 tempest-ServersAdmin275Test-2077737666-project] Update host state with aggregates: [] {{(pid=110128) _locked_update /opt/stack/nova/nova/scheduler/host_manager.py:170}}
Jul 26 20:05:07.574426 n-d-850673-2 nova-scheduler[110127]: DEBUG nova.scheduler.host_manager [None req-090aa731-e587-4abf-95b9-d382e94dfa68 tempest-MigrationsAdminTest-382397347 tempest-MigrationsAdminTest-382397347-project-admin] Update host state with service dict: {'id': 4, 'uuid': '5ea55adf-378b-4719-b1cc-8a17cc32ef03', 'host': 'n-h2-850673-2', 'binary': 'nova-compute', 'topic': 'compute', 'report_count': 24, 'disabled': False, 'disabled_reason': None, 'last_seen_up': datetime.datetime(2022, 7, 26, 20, 5, 5, tzinfo=datetime.timezone.utc), 'forced_down': False, 'version': 61, 'created_at': datetime.datetime(2022, 7, 26, 20, 1, 8, tzinfo=datetime.timezone.utc), 'updated_at': datetime.datetime(2022, 7, 26, 20, 5, 5, tzinfo=datetime.timezone.utc), 'deleted_at': None, 'deleted': False} {{(pid=110127) _locked_update /opt/stack/nova/nova/scheduler/host_manager.py:173}}
Jul 26 20:05:07.575023 n-d-850673-2 nova-scheduler[110128]: DEBUG nova.scheduler.host_manager [None req-2cbd4b31-df3a-4e0d-8f76-fc3e9d52a1e9 tempest-ServersAdmin275Test-2077737666 tempest-ServersAdmin275Test-2077737666-project] Update host state with service dict: {'id': 3, 'uuid': 'cc5520bf-de7b-4632-a698-8c1d01b1d88f', 'host': 'n-h1-850673-2', 'binary': 'nova-compute', 'topic': 'compute', 'report_count': 24, 'disabled': False, 'disabled_reason': None, 'last_seen_up': datetime.datetime(2022, 7, 26, 20, 5, 3, tzinfo=datetime.timezone.utc), 'forced_down': False, 'version': 61, 'created_at': datetime.datetime(2022, 7, 26, 20, 1, 4, tzinfo=datetime.timezone.utc), 'updated_at': datetime.datetime(2022, 7, 26, 20, 5, 3, tzinfo=datetime.timezone.utc), 'deleted_at': None, 'deleted': False} {{(pid=110128) _locked_update /opt/stack/nova/nova/scheduler/host_manager.py:173}}
Jul 26 20:05:07.575322 n-d-850673-2 nova-scheduler[110127]: DEBUG nova.scheduler.host_manager [None req-090aa731-e587-4abf-95b9-d382e94dfa68 tempest-MigrationsAdminTest-382397347 tempest-MigrationsAdminTest-382397347-project-admin] Update host state with instances: ['10c12581-208b-4440-8416-6e7ff558646b', '0ae3d47e-4887-4210-aaaa-2c2c2a602ba7'] {{(pid=110127) _locked_update /opt/stack/nova/nova/scheduler/host_manager.py:176}}
Jul 26 20:05:07.575941 n-d-850673-2 nova-scheduler[110127]: DEBUG oslo_concurrency.lockutils [None req-090aa731-e587-4abf-95b9-d382e94dfa68 tempest-MigrationsAdminTest-382397347 tempest-MigrationsAdminTest-382397347-project-admin] Lock "('n-h2-850673-2', 'n-h2-850673-2')" "released" by "nova.scheduler.host_manager.HostState.update.._locked_update" :: held 0.005s {{(pid=110127) inner /usr/local/lib/python3.8/dist-packages/oslo_concurrency/lockutils.py:400}}
Jul 26 20:05:07.576755 n-d-850673-2 nova-scheduler[110127]: INFO nova.scheduler.host_manager [None req-090aa731-e587-4abf-95b9-d382e94dfa68 tempest-MigrationsAdminTest-382397347 tempest-MigrationsAdminTest-382397347-project-admin] Host filter ignoring hosts: n-h1-850673-2
Jul 26 20:05:07.577375 n-d-850673-2 nova-scheduler[110127]: DEBUG nova.filters [None req-090aa731-e587-4abf-95b9-d382e94dfa68 tempest-MigrationsAdminTest-382397347 tempest-MigrationsAdminTest-382397347-project-admin] Starting with 1 host(s) {{(pid=110127) get_filtered_objects /opt/stack/nova/nova/filters.py:70}}
Jul 26 20:05:07.577863 n-d-850673-2 nova-scheduler[110128]: DEBUG nova.scheduler.host_manager [None req-2cbd4b31-df3a-4e0d-8f76-fc3e9d52a1e9 tempest-ServersAdmin275Test-2077737666 tempest-ServersAdmin275Test-2077737666-project] Update host state with instances: ['0bc36c9b-e1ca-427d-b8b0-aa364d6db68f', '79f0c902-cf79-41c8-a240-6b78b6531b29'] {{(pid=110128) _locked_update /opt/stack/nova/nova/scheduler/host_manager.py:176}}
Jul 26 20:05:07.578921 n-d-850673-2 nova-scheduler[110128]: DEBUG oslo_concurrency.lockutils [None req-2cbd4b31-df3a-4e0d-8f76-fc3e9d52a1e9 tempest-ServersAdmin275Test-2077737666 tempest-ServersAdmin275Test-2077737666-project] Lock "('n-h1-850673-2', 'n-h1-850673-2')" "released" by "nova.scheduler.host_manager.HostState.update.._locked_update" :: held 0.008s {{(pid=110128) inner /usr/local/lib/python3.8/dist-packages/oslo_concurrency/lockutils.py:400}}
Jul 26 20:05:07.579316 n-d-850673-2 nova-scheduler[110127]: DEBUG nova.filters [None req-090aa731-e587-4abf-95b9-d382e94dfa68 tempest-MigrationsAdminTest-382397347 tempest-MigrationsAdminTest-382397347-project-admin] Filter AvailabilityZoneFilter returned 1 host(s) {{(pid=110127) get_filtered_objects /opt/stack/nova/nova/filters.py:102}}
Jul 26 20:05:07.579962 n-d-850673-2 nova-scheduler[110127]: DEBUG nova.filters [None req-090aa731-e587-4abf-95b9-d382e94dfa68 tempest-MigrationsAdminTest-382397347 tempest-MigrationsAdminTest-382397347-project-admin] Filter ComputeFilter returned 1 host(s) {{(pid=110127) get_filtered_objects /opt/stack/nova/nova/filters.py:102}}
Jul 26 20:05:07.580575 n-d-850673-2 nova-scheduler[110127]: DEBUG nova.filters [None req-090aa731-e587-4abf-95b9-d382e94dfa68 tempest-MigrationsAdminTest-382397347 tempest-MigrationsAdminTest-382397347-project-admin] Filter ComputeCapabilitiesFilter returned 1 host(s) {{(pid=110127) get_filtered_objects /opt/stack/nova/nova/filters.py:102}}
Jul 26 20:05:07.581672 n-d-850673-2 nova-scheduler[110127]: DEBUG nova.filters [None req-090aa731-e587-4abf-95b9-d382e94dfa68 tempest-MigrationsAdminTest-382397347 tempest-MigrationsAdminTest-382397347-project-admin] Filter ImagePropertiesFilter returned 1 host(s) {{(pid=110127) get_filtered_objects /opt/stack/nova/nova/filters.py:102}}
Jul 26 20:05:07.581782 n-d-850673-2 nova-scheduler[110128]: DEBUG oslo_concurrency.lockutils [None req-2cbd4b31-df3a-4e0d-8f76-fc3e9d52a1e9 tempest-ServersAdmin275Test-2077737666 tempest-ServersAdmin275Test-2077737666-project] Lock "9b02d062-7dbe-4b80-95fe-56dda2d39a76" acquired by "nova.context.set_target_cell..get_or_set_cached_cell_and_set_connections" :: waited 0.002s {{(pid=110128) inner /usr/local/lib/python3.8/dist-packages/oslo_concurrency/lockutils.py:386}}
Jul 26 20:05:07.582120 n-d-850673-2 nova-scheduler[110128]: DEBUG oslo_concurrency.lockutils [None req-2cbd4b31-df3a-4e0d-8f76-fc3e9d52a1e9 tempest-ServersAdmin275Test-2077737666 tempest-ServersAdmin275Test-2077737666-project] Lock "9b02d062-7dbe-4b80-95fe-56dda2d39a76" "released" by "nova.context.set_target_cell..get_or_set_cached_cell_and_set_connections" :: held 0.001s {{(pid=110128) inner /usr/local/lib/python3.8/dist-packages/oslo_concurrency/lockutils.py:400}}
Jul 26 20:05:07.582684 n-d-850673-2 nova-scheduler[110127]: DEBUG nova.filters [None req-090aa731-e587-4abf-95b9-d382e94dfa68 tempest-MigrationsAdminTest-382397347 tempest-MigrationsAdminTest-382397347-project-admin] Filter ServerGroupAntiAffinityFilter returned 1 host(s) {{(pid=110127) get_filtered_objects /opt/stack/nova/nova/filters.py:102}}
Jul 26 20:05:07.583167 n-d-850673-2 nova-scheduler[110127]: DEBUG nova.filters [None req-090aa731-e587-4abf-95b9-d382e94dfa68 tempest-MigrationsAdminTest-382397347 tempest-MigrationsAdminTest-382397347-project-admin] Filter ServerGroupAffinityFilter returned 1 host(s) {{(pid=110127) get_filtered_objects /opt/stack/nova/nova/filters.py:102}}
Jul 26 20:05:07.583670 n-d-850673-2 nova-scheduler[110127]: DEBUG nova.filters [None req-090aa731-e587-4abf-95b9-d382e94dfa68 tempest-MigrationsAdminTest-382397347 tempest-MigrationsAdminTest-382397347-project-admin] Filter SameHostFilter returned 1 host(s) {{(pid=110127) get_filtered_objects /opt/stack/nova/nova/filters.py:102}}
Jul 26 20:05:07.584616 n-d-850673-2 nova-scheduler[110127]: DEBUG nova.filters [None req-090aa731-e587-4abf-95b9-d382e94dfa68 tempest-MigrationsAdminTest-382397347 tempest-MigrationsAdminTest-382397347-project-admin] Filter DifferentHostFilter returned 1 host(s) {{(pid=110127) get_filtered_objects /opt/stack/nova/nova/filters.py:102}}
Jul 26 20:05:07.585106 n-d-850673-2 nova-scheduler[110127]: DEBUG nova.scheduler.manager [None req-090aa731-e587-4abf-95b9-d382e94dfa68 tempest-MigrationsAdminTest-382397347 tempest-MigrationsAdminTest-382397347-project-admin] Filtered [(n-h2-850673-2, n-h2-850673-2) ram: 13823MB disk: 65536MB io_ops: 2 instances: 2] {{(pid=110127) _get_sorted_hosts /opt/stack/nova/nova/scheduler/manager.py:610}}
Jul 26 20:05:07.585713 n-d-850673-2 nova-scheduler[110127]: DEBUG nova.scheduler.manager [None req-090aa731-e587-4abf-95b9-d382e94dfa68 tempest-MigrationsAdminTest-382397347 tempest-MigrationsAdminTest-382397347-project-admin] Weighed [WeighedHost [host: (n-h2-850673-2, n-h2-850673-2) ram: 13823MB disk: 65536MB io_ops: 2 instances: 2, weight: 0.0]] {{(pid=110127) _get_sorted_hosts /opt/stack/nova/nova/scheduler/manager.py:632}}
Jul 26 20:05:07.586319 n-d-850673-2 nova-scheduler[110127]: DEBUG nova.scheduler.utils [None req-090aa731-e587-4abf-95b9-d382e94dfa68 tempest-MigrationsAdminTest-382397347 tempest-MigrationsAdminTest-382397347-project-admin] Attempting to claim resources in the placement API for instance 0bc36c9b-e1ca-427d-b8b0-aa364d6db68f {{(pid=110127) claim_resources /opt/stack/nova/nova/scheduler/utils.py:1253}}
Jul 26 20:05:07.596953 n-d-850673-2 nova-scheduler[110128]: DEBUG oslo_concurrency.lockutils [None req-2cbd4b31-df3a-4e0d-8f76-fc3e9d52a1e9 tempest-ServersAdmin275Test-2077737666 tempest-ServersAdmin275Test-2077737666-project] Lock "('n-h2-850673-2', 'n-h2-850673-2')" acquired by "nova.scheduler.host_manager.HostState.update.._locked_update" :: waited 0.000s {{(pid=110128) inner /usr/local/lib/python3.8/dist-packages/oslo_concurrency/lockutils.py:386}}
Jul 26 20:05:07.597875 n-d-850673-2 nova-scheduler[110128]: DEBUG nova.scheduler.host_manager [None req-2cbd4b31-df3a-4e0d-8f76-fc3e9d52a1e9 tempest-ServersAdmin275Test-2077737666 tempest-ServersAdmin275Test-2077737666-project] Update host state from compute node: ComputeNode(cpu_allocation_ratio=16.0,cpu_info='{"arch": "x86_64", "model": "Intel(R) Xeon(R) CPU E5-2430L 0 @ 2.00GHz", "vendor": "GenuineIntel", "topology": {"sockets": 1, "cores": 6, "threads": 1}, "features": ["mmx", "sse", "rdtsc", "pae", "sse2", "nx", "sse3", "xsave"]}',created_at=2022-07-26T20:01:09Z,current_workload=0,deleted=False,deleted_at=None,disk_allocation_ratio=1.0,disk_available_least=64,free_disk_gb=77,free_ram_mb=13823,host='n-h2-850673-2',host_ip=10.222.0.46,hypervisor_hostname='n-h2-850673-2',hypervisor_type='hyperv',hypervisor_version=10000,id=2,local_gb=79,local_gb_used=2,mapped=1,memory_mb=16383,memory_mb_used=2560,metrics='[]',numa_topology='{"nova_object.name": "NUMATopology", "nova_object.namespace": "nova", "nova_object.version": "1.2", "nova_object.data": {"cells": [{"nova_object.name": "NUMACell", "nova_object.namespace": "nova", "nova_object.version": "1.5", "nova_object.data": {"id": 0, "cpuset": [0, 1, 2, 3, 4, 5], "memory": 16383, "cpu_usage": 0, "memory_usage": 12730, "pinned_cpus": [], "siblings": [], "mempages": []}, "nova_object.changes": ["memory", "siblings", "memory_usage", "id", "cpuset", "pinned_cpus", "mempages", "cpu_usage"]}]}, "nova_object.changes": ["cells"]}',pci_device_pools=PciDevicePoolList,ram_allocation_ratio=1.5,running_vms=2,service_id=None,stats={failed_builds='0',io_workload='2',num_instances='2',num_os_type_None='2',num_proj_488073d263f04876946c868b9b43e909='1',num_proj_8e967b176fad49779b982a3b8ab3d2b9='1',num_proj_ec0e5fb86d994e0d9118f8065fa1fd44='0',num_proj_fe04d5d4f4f44e2dacb27a01021a5813='0',num_task_None='2',num_task_spawning='0',num_vm_building='2'},supported_hv_specs=[HVSpec,HVSpec],updated_at=2022-07-26T20:04:57Z,uuid=b2baa14f-7f9c-45ce-9f49-0e145d51b671,vcpus=6,vcpus_used=2) {{(pid=110128) _locked_update /opt/stack/nova/nova/scheduler/host_manager.py:167}}
Jul 26 20:05:07.600933 n-d-850673-2 nova-scheduler[110128]: DEBUG nova.scheduler.host_manager [None req-2cbd4b31-df3a-4e0d-8f76-fc3e9d52a1e9 tempest-ServersAdmin275Test-2077737666 tempest-ServersAdmin275Test-2077737666-project] Update host state with aggregates: [] {{(pid=110128) _locked_update /opt/stack/nova/nova/scheduler/host_manager.py:170}}
Jul 26 20:05:07.602554 n-d-850673-2 nova-scheduler[110128]: DEBUG nova.scheduler.host_manager [None req-2cbd4b31-df3a-4e0d-8f76-fc3e9d52a1e9 tempest-ServersAdmin275Test-2077737666 tempest-ServersAdmin275Test-2077737666-project] Update host state with service dict: {'id': 4, 'uuid': '5ea55adf-378b-4719-b1cc-8a17cc32ef03', 'host': 'n-h2-850673-2', 'binary': 'nova-compute', 'topic': 'compute', 'report_count': 24, 'disabled': False, 'disabled_reason': None, 'last_seen_up': datetime.datetime(2022, 7, 26, 20, 5, 5, tzinfo=datetime.timezone.utc), 'forced_down': False, 'version': 61, 'created_at': datetime.datetime(2022, 7, 26, 20, 1, 8, tzinfo=datetime.timezone.utc), 'updated_at': datetime.datetime(2022, 7, 26, 20, 5, 5, tzinfo=datetime.timezone.utc), 'deleted_at': None, 'deleted': False} {{(pid=110128) _locked_update /opt/stack/nova/nova/scheduler/host_manager.py:173}}
Jul 26 20:05:07.602963 n-d-850673-2 nova-scheduler[110128]: DEBUG nova.scheduler.host_manager [None req-2cbd4b31-df3a-4e0d-8f76-fc3e9d52a1e9 tempest-ServersAdmin275Test-2077737666 tempest-ServersAdmin275Test-2077737666-project] Update host state with instances: ['10c12581-208b-4440-8416-6e7ff558646b', '0ae3d47e-4887-4210-aaaa-2c2c2a602ba7'] {{(pid=110128) _locked_update /opt/stack/nova/nova/scheduler/host_manager.py:176}}
Jul 26 20:05:07.604830 n-d-850673-2 nova-scheduler[110128]: DEBUG oslo_concurrency.lockutils [None req-2cbd4b31-df3a-4e0d-8f76-fc3e9d52a1e9 tempest-ServersAdmin275Test-2077737666 tempest-ServersAdmin275Test-2077737666-project] Lock "('n-h2-850673-2', 'n-h2-850673-2')" "released" by "nova.scheduler.host_manager.HostState.update.._locked_update" :: held 0.007s {{(pid=110128) inner /usr/local/lib/python3.8/dist-packages/oslo_concurrency/lockutils.py:400}}
Jul 26 20:05:07.605650 n-d-850673-2 nova-scheduler[110128]: DEBUG nova.filters [None req-2cbd4b31-df3a-4e0d-8f76-fc3e9d52a1e9 tempest-ServersAdmin275Test-2077737666 tempest-ServersAdmin275Test-2077737666-project] Starting with 2 host(s) {{(pid=110128) get_filtered_objects /opt/stack/nova/nova/filters.py:70}}
Jul 26 20:05:07.607846 n-d-850673-2 nova-scheduler[110128]: DEBUG nova.filters [None req-2cbd4b31-df3a-4e0d-8f76-fc3e9d52a1e9 tempest-ServersAdmin275Test-2077737666 tempest-ServersAdmin275Test-2077737666-project] Filter AvailabilityZoneFilter returned 2 host(s) {{(pid=110128) get_filtered_objects /opt/stack/nova/nova/filters.py:102}}
Jul 26 20:05:07.609795 n-d-850673-2 nova-scheduler[110128]: DEBUG nova.filters [None req-2cbd4b31-df3a-4e0d-8f76-fc3e9d52a1e9 tempest-ServersAdmin275Test-2077737666 tempest-ServersAdmin275Test-2077737666-project] Filter ComputeFilter returned 2 host(s) {{(pid=110128) get_filtered_objects /opt/stack/nova/nova/filters.py:102}}
Jul 26 20:05:07.610438 n-d-850673-2 nova-scheduler[110128]: DEBUG nova.filters [None req-2cbd4b31-df3a-4e0d-8f76-fc3e9d52a1e9 tempest-ServersAdmin275Test-2077737666 tempest-ServersAdmin275Test-2077737666-project] Filter ComputeCapabilitiesFilter returned 2 host(s) {{(pid=110128) get_filtered_objects /opt/stack/nova/nova/filters.py:102}}
Jul 26 20:05:07.611251 n-d-850673-2 nova-scheduler[110128]: DEBUG nova.filters [None req-2cbd4b31-df3a-4e0d-8f76-fc3e9d52a1e9 tempest-ServersAdmin275Test-2077737666 tempest-ServersAdmin275Test-2077737666-project] Filter ImagePropertiesFilter returned 2 host(s) {{(pid=110128) get_filtered_objects /opt/stack/nova/nova/filters.py:102}}
Jul 26 20:05:07.613287 n-d-850673-2 nova-scheduler[110128]: DEBUG nova.filters [None req-2cbd4b31-df3a-4e0d-8f76-fc3e9d52a1e9 tempest-ServersAdmin275Test-2077737666 tempest-ServersAdmin275Test-2077737666-project] Filter ServerGroupAntiAffinityFilter returned 2 host(s) {{(pid=110128) get_filtered_objects /opt/stack/nova/nova/filters.py:102}}
Jul 26 20:05:07.614078 n-d-850673-2 nova-scheduler[110128]: DEBUG nova.filters [None req-2cbd4b31-df3a-4e0d-8f76-fc3e9d52a1e9 tempest-ServersAdmin275Test-2077737666 tempest-ServersAdmin275Test-2077737666-project] Filter ServerGroupAffinityFilter returned 2 host(s) {{(pid=110128) get_filtered_objects /opt/stack/nova/nova/filters.py:102}}
Jul 26 20:05:07.617115 n-d-850673-2 nova-scheduler[110128]: DEBUG nova.filters [None req-2cbd4b31-df3a-4e0d-8f76-fc3e9d52a1e9 tempest-ServersAdmin275Test-2077737666 tempest-ServersAdmin275Test-2077737666-project] Filter SameHostFilter returned 2 host(s) {{(pid=110128) get_filtered_objects /opt/stack/nova/nova/filters.py:102}}
Jul 26 20:05:07.617817 n-d-850673-2 nova-scheduler[110128]: DEBUG nova.filters [None req-2cbd4b31-df3a-4e0d-8f76-fc3e9d52a1e9 tempest-ServersAdmin275Test-2077737666 tempest-ServersAdmin275Test-2077737666-project] Filter DifferentHostFilter returned 2 host(s) {{(pid=110128) get_filtered_objects /opt/stack/nova/nova/filters.py:102}}
Jul 26 20:05:07.618407 n-d-850673-2 nova-scheduler[110128]: DEBUG nova.scheduler.manager [None req-2cbd4b31-df3a-4e0d-8f76-fc3e9d52a1e9 tempest-ServersAdmin275Test-2077737666 tempest-ServersAdmin275Test-2077737666-project] Filtered [(n-h1-850673-2, n-h1-850673-2) ram: 13823MB disk: 64512MB io_ops: 2 instances: 2, (n-h2-850673-2, n-h2-850673-2) ram: 13823MB disk: 65536MB io_ops: 2 instances: 2] {{(pid=110128) _get_sorted_hosts /opt/stack/nova/nova/scheduler/manager.py:610}}
Jul 26 20:05:07.619001 n-d-850673-2 nova-scheduler[110128]: DEBUG nova.weights [None req-2cbd4b31-df3a-4e0d-8f76-fc3e9d52a1e9 tempest-ServersAdmin275Test-2077737666 tempest-ServersAdmin275Test-2077737666-project] DiskWeigher: raw weights {('n-h1-850673-2', 'n-h1-850673-2'): 64512, ('n-h2-850673-2', 'n-h2-850673-2'): 65536} {{(pid=110128) get_weighed_objects /opt/stack/nova/nova/weights.py:136}}
Jul 26 20:05:07.619547 n-d-850673-2 nova-scheduler[110128]: DEBUG nova.weights [None req-2cbd4b31-df3a-4e0d-8f76-fc3e9d52a1e9 tempest-ServersAdmin275Test-2077737666 tempest-ServersAdmin275Test-2077737666-project] DiskWeigher: normalized weights {('n-h1-850673-2', 'n-h1-850673-2'): 0.984375, ('n-h2-850673-2', 'n-h2-850673-2'): 1.0} {{(pid=110128) get_weighed_objects /opt/stack/nova/nova/weights.py:148}}
Jul 26 20:05:07.621439 n-d-850673-2 nova-scheduler[110128]: DEBUG nova.weights [None req-2cbd4b31-df3a-4e0d-8f76-fc3e9d52a1e9 tempest-ServersAdmin275Test-2077737666 tempest-ServersAdmin275Test-2077737666-project] DiskWeigher: score (multiplier * weight) {('n-h1-850673-2', 'n-h1-850673-2'): '1.0 * 0.984375', ('n-h2-850673-2', 'n-h2-850673-2'): '1.0 * 1.0'} {{(pid=110128) get_weighed_objects /opt/stack/nova/nova/weights.py:166}}
Jul 26 20:05:07.622528 n-d-850673-2 nova-scheduler[110128]: DEBUG nova.weights [None req-2cbd4b31-df3a-4e0d-8f76-fc3e9d52a1e9 tempest-ServersAdmin275Test-2077737666 tempest-ServersAdmin275Test-2077737666-project] CPUWeigher: raw weights {('n-h1-850673-2', 'n-h1-850673-2'): 94.0, ('n-h2-850673-2', 'n-h2-850673-2'): 94.0} {{(pid=110128) get_weighed_objects /opt/stack/nova/nova/weights.py:136}}
Jul 26 20:05:07.623553 n-d-850673-2 nova-scheduler[110128]: DEBUG nova.weights [None req-2cbd4b31-df3a-4e0d-8f76-fc3e9d52a1e9 tempest-ServersAdmin275Test-2077737666 tempest-ServersAdmin275Test-2077737666-project] CPUWeigher: normalized weights {('n-h1-850673-2', 'n-h1-850673-2'): 1.0, ('n-h2-850673-2', 'n-h2-850673-2'): 1.0} {{(pid=110128) get_weighed_objects /opt/stack/nova/nova/weights.py:148}}
Jul 26 20:05:07.625126 n-d-850673-2 nova-scheduler[110128]: DEBUG nova.weights [None req-2cbd4b31-df3a-4e0d-8f76-fc3e9d52a1e9 tempest-ServersAdmin275Test-2077737666 tempest-ServersAdmin275Test-2077737666-project] CPUWeigher: score (multiplier * weight) {('n-h1-850673-2', 'n-h1-850673-2'): '1.0 * 1.0', ('n-h2-850673-2', 'n-h2-850673-2'): '1.0 * 1.0'} {{(pid=110128) get_weighed_objects /opt/stack/nova/nova/weights.py:166}}
Jul 26 20:05:07.625711 n-d-850673-2 nova-scheduler[110128]: DEBUG nova.weights [None req-2cbd4b31-df3a-4e0d-8f76-fc3e9d52a1e9 tempest-ServersAdmin275Test-2077737666 tempest-ServersAdmin275Test-2077737666-project] MetricsWeigher: raw weights {('n-h1-850673-2', 'n-h1-850673-2'): 0.0, ('n-h2-850673-2', 'n-h2-850673-2'): 0.0} {{(pid=110128) get_weighed_objects /opt/stack/nova/nova/weights.py:136}}
Jul 26 20:05:07.627080 n-d-850673-2 nova-scheduler[110128]: DEBUG nova.weights [None req-2cbd4b31-df3a-4e0d-8f76-fc3e9d52a1e9 tempest-ServersAdmin275Test-2077737666 tempest-ServersAdmin275Test-2077737666-project] MetricsWeigher: normalized weights {('n-h1-850673-2', 'n-h1-850673-2'): 0, ('n-h2-850673-2', 'n-h2-850673-2'): 0} {{(pid=110128) get_weighed_objects /opt/stack/nova/nova/weights.py:148}}
Jul 26 20:05:07.630211 n-d-850673-2 nova-scheduler[110128]: DEBUG nova.weights [None req-2cbd4b31-df3a-4e0d-8f76-fc3e9d52a1e9 tempest-ServersAdmin275Test-2077737666 tempest-ServersAdmin275Test-2077737666-project] MetricsWeigher: score (multiplier * weight) {('n-h1-850673-2', 'n-h1-850673-2'): '1.0 * 0', ('n-h2-850673-2', 'n-h2-850673-2'): '1.0 * 0'} {{(pid=110128) get_weighed_objects /opt/stack/nova/nova/weights.py:166}}
Jul 26 20:05:07.630812 n-d-850673-2 nova-scheduler[110128]: DEBUG nova.weights [None req-2cbd4b31-df3a-4e0d-8f76-fc3e9d52a1e9 tempest-ServersAdmin275Test-2077737666 tempest-ServersAdmin275Test-2077737666-project] PCIWeigher: raw weights {('n-h1-850673-2', 'n-h1-850673-2'): 100, ('n-h2-850673-2', 'n-h2-850673-2'): 100} {{(pid=110128) get_weighed_objects /opt/stack/nova/nova/weights.py:136}}
Jul 26 20:05:07.631522 n-d-850673-2 nova-scheduler[110128]: DEBUG nova.weights [None req-2cbd4b31-df3a-4e0d-8f76-fc3e9d52a1e9 tempest-ServersAdmin275Test-2077737666 tempest-ServersAdmin275Test-2077737666-project] PCIWeigher: normalized weights {('n-h1-850673-2', 'n-h1-850673-2'): 0, ('n-h2-850673-2', 'n-h2-850673-2'): 0} {{(pid=110128) get_weighed_objects /opt/stack/nova/nova/weights.py:148}}
Jul 26 20:05:07.632112 n-d-850673-2 nova-scheduler[110128]: DEBUG nova.weights [None req-2cbd4b31-df3a-4e0d-8f76-fc3e9d52a1e9 tempest-ServersAdmin275Test-2077737666 tempest-ServersAdmin275Test-2077737666-project] PCIWeigher: score (multiplier * weight) {('n-h1-850673-2', 'n-h1-850673-2'): '1.0 * 0', ('n-h2-850673-2', 'n-h2-850673-2'): '1.0 * 0'} {{(pid=110128) get_weighed_objects /opt/stack/nova/nova/weights.py:166}}
Jul 26 20:05:07.632668 n-d-850673-2 nova-scheduler[110128]: DEBUG nova.weights [None req-2cbd4b31-df3a-4e0d-8f76-fc3e9d52a1e9 tempest-ServersAdmin275Test-2077737666 tempest-ServersAdmin275Test-2077737666-project] RAMWeigher: raw weights {('n-h1-850673-2', 'n-h1-850673-2'): 13823, ('n-h2-850673-2', 'n-h2-850673-2'): 13823} {{(pid=110128) get_weighed_objects /opt/stack/nova/nova/weights.py:136}}
Jul 26 20:05:07.633254 n-d-850673-2 nova-scheduler[110128]: DEBUG nova.weights [None req-2cbd4b31-df3a-4e0d-8f76-fc3e9d52a1e9 tempest-ServersAdmin275Test-2077737666 tempest-ServersAdmin275Test-2077737666-project] RAMWeigher: normalized weights {('n-h1-850673-2', 'n-h1-850673-2'): 1.0, ('n-h2-850673-2', 'n-h2-850673-2'): 1.0} {{(pid=110128) get_weighed_objects /opt/stack/nova/nova/weights.py:148}}
Jul 26 20:05:07.634408 n-d-850673-2 nova-scheduler[110128]: DEBUG nova.weights [None req-2cbd4b31-df3a-4e0d-8f76-fc3e9d52a1e9 tempest-ServersAdmin275Test-2077737666 tempest-ServersAdmin275Test-2077737666-project] RAMWeigher: score (multiplier * weight) {('n-h1-850673-2', 'n-h1-850673-2'): '1.0 * 1.0', ('n-h2-850673-2', 'n-h2-850673-2'): '1.0 * 1.0'} {{(pid=110128) get_weighed_objects /opt/stack/nova/nova/weights.py:166}}
Jul 26 20:05:07.636335 n-d-850673-2 nova-scheduler[110128]: DEBUG nova.weights [None req-2cbd4b31-df3a-4e0d-8f76-fc3e9d52a1e9 tempest-ServersAdmin275Test-2077737666 tempest-ServersAdmin275Test-2077737666-project] CrossCellWeigher: raw weights {('n-h1-850673-2', 'n-h1-850673-2'): 0, ('n-h2-850673-2', 'n-h2-850673-2'): 0} {{(pid=110128) get_weighed_objects /opt/stack/nova/nova/weights.py:136}}
Jul 26 20:05:07.636880 n-d-850673-2 nova-scheduler[110128]: DEBUG nova.weights [None req-2cbd4b31-df3a-4e0d-8f76-fc3e9d52a1e9 tempest-ServersAdmin275Test-2077737666 tempest-ServersAdmin275Test-2077737666-project] CrossCellWeigher: normalized weights {('n-h1-850673-2', 'n-h1-850673-2'): 0, ('n-h2-850673-2', 'n-h2-850673-2'): 0} {{(pid=110128) get_weighed_objects /opt/stack/nova/nova/weights.py:148}}
Jul 26 20:05:07.638066 n-d-850673-2 nova-scheduler[110128]: DEBUG nova.weights [None req-2cbd4b31-df3a-4e0d-8f76-fc3e9d52a1e9 tempest-ServersAdmin275Test-2077737666 tempest-ServersAdmin275Test-2077737666-project] CrossCellWeigher: score (multiplier * weight) {('n-h1-850673-2', 'n-h1-850673-2'): '1000000.0 * 0', ('n-h2-850673-2', 'n-h2-850673-2'): '1000000.0 * 0'} {{(pid=110128) get_weighed_objects /opt/stack/nova/nova/weights.py:166}}
Jul 26 20:05:07.639259 n-d-850673-2 nova-scheduler[110128]: DEBUG nova.weights [None req-2cbd4b31-df3a-4e0d-8f76-fc3e9d52a1e9 tempest-ServersAdmin275Test-2077737666 tempest-ServersAdmin275Test-2077737666-project] ServerGroupSoftAffinityWeigher: raw weights {('n-h1-850673-2', 'n-h1-850673-2'): 0, ('n-h2-850673-2', 'n-h2-850673-2'): 0} {{(pid=110128) get_weighed_objects /opt/stack/nova/nova/weights.py:136}}
Jul 26 20:05:07.639830 n-d-850673-2 nova-scheduler[110128]: DEBUG nova.weights [None req-2cbd4b31-df3a-4e0d-8f76-fc3e9d52a1e9 tempest-ServersAdmin275Test-2077737666 tempest-ServersAdmin275Test-2077737666-project] ServerGroupSoftAffinityWeigher: normalized weights {('n-h1-850673-2', 'n-h1-850673-2'): 0, ('n-h2-850673-2', 'n-h2-850673-2'): 0} {{(pid=110128) get_weighed_objects /opt/stack/nova/nova/weights.py:148}}
Jul 26 20:05:07.640252 n-d-850673-2 nova-scheduler[110128]: DEBUG nova.weights [None req-2cbd4b31-df3a-4e0d-8f76-fc3e9d52a1e9 tempest-ServersAdmin275Test-2077737666 tempest-ServersAdmin275Test-2077737666-project] ServerGroupSoftAffinityWeigher: score (multiplier * weight) {('n-h1-850673-2', 'n-h1-850673-2'): '1.0 * 0', ('n-h2-850673-2', 'n-h2-850673-2'): '1.0 * 0'} {{(pid=110128) get_weighed_objects /opt/stack/nova/nova/weights.py:166}}
Jul 26 20:05:07.640646 n-d-850673-2 nova-scheduler[110128]: DEBUG nova.weights [None req-2cbd4b31-df3a-4e0d-8f76-fc3e9d52a1e9 tempest-ServersAdmin275Test-2077737666 tempest-ServersAdmin275Test-2077737666-project] ServerGroupSoftAntiAffinityWeigher: raw weights {('n-h1-850673-2', 'n-h1-850673-2'): 0, ('n-h2-850673-2', 'n-h2-850673-2'): 0} {{(pid=110128) get_weighed_objects /opt/stack/nova/nova/weights.py:136}}
Jul 26 20:05:07.651786 n-d-850673-2 nova-scheduler[110128]: DEBUG nova.weights [None req-2cbd4b31-df3a-4e0d-8f76-fc3e9d52a1e9 tempest-ServersAdmin275Test-2077737666 tempest-ServersAdmin275Test-2077737666-project] ServerGroupSoftAntiAffinityWeigher: normalized weights {('n-h1-850673-2', 'n-h1-850673-2'): 0, ('n-h2-850673-2', 'n-h2-850673-2'): 0} {{(pid=110128) get_weighed_objects /opt/stack/nova/nova/weights.py:148}}
Jul 26 20:05:07.655037 n-d-850673-2 nova-scheduler[110128]: DEBUG nova.weights [None req-2cbd4b31-df3a-4e0d-8f76-fc3e9d52a1e9 tempest-ServersAdmin275Test-2077737666 tempest-ServersAdmin275Test-2077737666-project] ServerGroupSoftAntiAffinityWeigher: score (multiplier * weight) {('n-h1-850673-2', 'n-h1-850673-2'): '1.0 * 0', ('n-h2-850673-2', 'n-h2-850673-2'): '1.0 * 0'} {{(pid=110128) get_weighed_objects /opt/stack/nova/nova/weights.py:166}}
Jul 26 20:05:07.659050 n-d-850673-2 nova-scheduler[110128]: DEBUG nova.weights [None req-2cbd4b31-df3a-4e0d-8f76-fc3e9d52a1e9 tempest-ServersAdmin275Test-2077737666 tempest-ServersAdmin275Test-2077737666-project] IoOpsWeigher: raw weights {('n-h1-850673-2', 'n-h1-850673-2'): 2, ('n-h2-850673-2', 'n-h2-850673-2'): 2} {{(pid=110128) get_weighed_objects /opt/stack/nova/nova/weights.py:136}}
Jul 26 20:05:07.659676 n-d-850673-2 nova-scheduler[110128]: DEBUG nova.weights [None req-2cbd4b31-df3a-4e0d-8f76-fc3e9d52a1e9 tempest-ServersAdmin275Test-2077737666 tempest-ServersAdmin275Test-2077737666-project] IoOpsWeigher: normalized weights {('n-h1-850673-2', 'n-h1-850673-2'): 1.0, ('n-h2-850673-2', 'n-h2-850673-2'): 1.0} {{(pid=110128) get_weighed_objects /opt/stack/nova/nova/weights.py:148}}
Jul 26 20:05:07.660260 n-d-850673-2 nova-scheduler[110128]: DEBUG nova.weights [None req-2cbd4b31-df3a-4e0d-8f76-fc3e9d52a1e9 tempest-ServersAdmin275Test-2077737666 tempest-ServersAdmin275Test-2077737666-project] IoOpsWeigher: score (multiplier * weight) {('n-h1-850673-2', 'n-h1-850673-2'): '-1.0 * 1.0', ('n-h2-850673-2', 'n-h2-850673-2'): '-1.0 * 1.0'} {{(pid=110128) get_weighed_objects /opt/stack/nova/nova/weights.py:166}}
Jul 26 20:05:07.661528 n-d-850673-2 nova-scheduler[110128]: DEBUG nova.weights [None req-2cbd4b31-df3a-4e0d-8f76-fc3e9d52a1e9 tempest-ServersAdmin275Test-2077737666 tempest-ServersAdmin275Test-2077737666-project] BuildFailureWeigher: raw weights {('n-h1-850673-2', 'n-h1-850673-2'): 0, ('n-h2-850673-2', 'n-h2-850673-2'): 0} {{(pid=110128) get_weighed_objects /opt/stack/nova/nova/weights.py:136}}
Jul 26 20:05:07.662408 n-d-850673-2 nova-scheduler[110128]: DEBUG nova.weights [None req-2cbd4b31-df3a-4e0d-8f76-fc3e9d52a1e9 tempest-ServersAdmin275Test-2077737666 tempest-ServersAdmin275Test-2077737666-project] BuildFailureWeigher: normalized weights {('n-h1-850673-2', 'n-h1-850673-2'): 0, ('n-h2-850673-2', 'n-h2-850673-2'): 0} {{(pid=110128) get_weighed_objects /opt/stack/nova/nova/weights.py:148}}
Jul 26 20:05:07.664520 n-d-850673-2 nova-scheduler[110128]: DEBUG nova.weights [None req-2cbd4b31-df3a-4e0d-8f76-fc3e9d52a1e9 tempest-ServersAdmin275Test-2077737666 tempest-ServersAdmin275Test-2077737666-project] BuildFailureWeigher: score (multiplier * weight) {('n-h1-850673-2', 'n-h1-850673-2'): '-1000000.0 * 0', ('n-h2-850673-2', 'n-h2-850673-2'): '-1000000.0 * 0'} {{(pid=110128) get_weighed_objects /opt/stack/nova/nova/weights.py:166}}
Jul 26 20:05:07.666370 n-d-850673-2 nova-scheduler[110128]: DEBUG nova.scheduler.manager [None req-2cbd4b31-df3a-4e0d-8f76-fc3e9d52a1e9 tempest-ServersAdmin275Test-2077737666 tempest-ServersAdmin275Test-2077737666-project] Weighed [WeighedHost [host: (n-h2-850673-2, n-h2-850673-2) ram: 13823MB disk: 65536MB io_ops: 2 instances: 2, weight: 2.0], WeighedHost [host: (n-h1-850673-2, n-h1-850673-2) ram: 13823MB disk: 64512MB io_ops: 2 instances: 2, weight: 1.984375]] {{(pid=110128) _get_sorted_hosts /opt/stack/nova/nova/scheduler/manager.py:632}}
Jul 26 20:05:07.667055 n-d-850673-2 nova-scheduler[110127]: DEBUG nova.scheduler.manager [None req-efd04708-5a5f-4461-a7ca-cd1858a1cc4b tempest-ServersOnMultiNodesTest-1616790113 tempest-ServersOnMultiNodesTest-1616790113-project] Starting to schedule for instances: ['00e23b33-0dae-4c65-9672-71dd6a0b2528'] {{(pid=110127) select_destinations /opt/stack/nova/nova/scheduler/manager.py:141}}
Jul 26 20:05:07.668337 n-d-850673-2 nova-scheduler[110128]: DEBUG nova.scheduler.utils [None req-2cbd4b31-df3a-4e0d-8f76-fc3e9d52a1e9 tempest-ServersAdmin275Test-2077737666 tempest-ServersAdmin275Test-2077737666-project] Attempting to claim resources in the placement API for instance 6506b4df-15c2-4048-937f-55ecd1c536b0 {{(pid=110128) claim_resources /opt/stack/nova/nova/scheduler/utils.py:1253}}
Jul 26 20:05:07.690426 n-d-850673-2 nova-scheduler[110127]: DEBUG nova.scheduler.request_filter [None req-efd04708-5a5f-4461-a7ca-cd1858a1cc4b tempest-ServersOnMultiNodesTest-1616790113 tempest-ServersOnMultiNodesTest-1616790113-project] compute_status_filter request filter added forbidden trait COMPUTE_STATUS_DISABLED {{(pid=110127) compute_status_filter /opt/stack/nova/nova/scheduler/request_filter.py:254}}
Jul 26 20:05:07.695526 n-d-850673-2 nova-scheduler[110127]: DEBUG nova.scheduler.request_filter [None req-efd04708-5a5f-4461-a7ca-cd1858a1cc4b tempest-ServersOnMultiNodesTest-1616790113 tempest-ServersOnMultiNodesTest-1616790113-project] Request filter 'compute_status_filter' took 0.0 seconds {{(pid=110127) wrapper /opt/stack/nova/nova/scheduler/request_filter.py:46}}
Jul 26 20:05:07.696644 n-d-850673-2 nova-scheduler[110127]: DEBUG nova.scheduler.request_filter [None req-efd04708-5a5f-4461-a7ca-cd1858a1cc4b tempest-ServersOnMultiNodesTest-1616790113 tempest-ServersOnMultiNodesTest-1616790113-project] Request filter 'accelerators_filter' took 0.0 seconds {{(pid=110127) wrapper /opt/stack/nova/nova/scheduler/request_filter.py:46}}
Jul 26 20:05:07.697329 n-d-850673-2 nova-scheduler[110127]: DEBUG nova.scheduler.request_filter [None req-efd04708-5a5f-4461-a7ca-cd1858a1cc4b tempest-ServersOnMultiNodesTest-1616790113 tempest-ServersOnMultiNodesTest-1616790113-project] Request filter 'remote_managed_ports_filter' took 0.0 seconds {{(pid=110127) wrapper /opt/stack/nova/nova/scheduler/request_filter.py:46}}
Jul 26 20:05:07.769779 n-d-850673-2 nova-scheduler[110127]: DEBUG nova.scheduler.manager [None req-090aa731-e587-4abf-95b9-d382e94dfa68 tempest-MigrationsAdminTest-382397347 tempest-MigrationsAdminTest-382397347-project-admin] [instance: 0bc36c9b-e1ca-427d-b8b0-aa364d6db68f] Selected host: (n-h2-850673-2, n-h2-850673-2) ram: 13823MB disk: 65536MB io_ops: 2 instances: 2 {{(pid=110127) _consume_selected_host /opt/stack/nova/nova/scheduler/manager.py:513}}
Jul 26 20:05:07.770373 n-d-850673-2 nova-scheduler[110127]: DEBUG oslo_concurrency.lockutils [None req-090aa731-e587-4abf-95b9-d382e94dfa68 tempest-MigrationsAdminTest-382397347 tempest-MigrationsAdminTest-382397347-project-admin] Lock "('n-h2-850673-2', 'n-h2-850673-2')" acquired by "nova.scheduler.host_manager.HostState.consume_from_request.._locked" :: waited 0.000s {{(pid=110127) inner /usr/local/lib/python3.8/dist-packages/oslo_concurrency/lockutils.py:386}}
Jul 26 20:05:07.770838 n-d-850673-2 nova-scheduler[110127]: DEBUG oslo_concurrency.lockutils [None req-090aa731-e587-4abf-95b9-d382e94dfa68 tempest-MigrationsAdminTest-382397347 tempest-MigrationsAdminTest-382397347-project-admin] Lock "('n-h2-850673-2', 'n-h2-850673-2')" "released" by "nova.scheduler.host_manager.HostState.consume_from_request.._locked" :: held 0.000s {{(pid=110127) inner /usr/local/lib/python3.8/dist-packages/oslo_concurrency/lockutils.py:400}}
Jul 26 20:05:07.862979 n-d-850673-2 nova-scheduler[110127]: DEBUG oslo_concurrency.lockutils [None req-efd04708-5a5f-4461-a7ca-cd1858a1cc4b tempest-ServersOnMultiNodesTest-1616790113 tempest-ServersOnMultiNodesTest-1616790113-project] Lock "9b02d062-7dbe-4b80-95fe-56dda2d39a76" acquired by "nova.context.set_target_cell..get_or_set_cached_cell_and_set_connections" :: waited 0.000s {{(pid=110127) inner /usr/local/lib/python3.8/dist-packages/oslo_concurrency/lockutils.py:386}}
Jul 26 20:05:07.863654 n-d-850673-2 nova-scheduler[110127]: DEBUG oslo_concurrency.lockutils [None req-efd04708-5a5f-4461-a7ca-cd1858a1cc4b tempest-ServersOnMultiNodesTest-1616790113 tempest-ServersOnMultiNodesTest-1616790113-project] Lock "9b02d062-7dbe-4b80-95fe-56dda2d39a76" "released" by "nova.context.set_target_cell..get_or_set_cached_cell_and_set_connections" :: held 0.001s {{(pid=110127) inner /usr/local/lib/python3.8/dist-packages/oslo_concurrency/lockutils.py:400}}
Jul 26 20:05:07.881850 n-d-850673-2 nova-scheduler[110127]: DEBUG oslo_concurrency.lockutils [None req-efd04708-5a5f-4461-a7ca-cd1858a1cc4b tempest-ServersOnMultiNodesTest-1616790113 tempest-ServersOnMultiNodesTest-1616790113-project] Lock "9b02d062-7dbe-4b80-95fe-56dda2d39a76" acquired by "nova.context.set_target_cell..get_or_set_cached_cell_and_set_connections" :: waited 0.000s {{(pid=110127) inner /usr/local/lib/python3.8/dist-packages/oslo_concurrency/lockutils.py:386}}
Jul 26 20:05:07.882503 n-d-850673-2 nova-scheduler[110127]: DEBUG oslo_concurrency.lockutils [None req-efd04708-5a5f-4461-a7ca-cd1858a1cc4b tempest-ServersOnMultiNodesTest-1616790113 tempest-ServersOnMultiNodesTest-1616790113-project] Lock "9b02d062-7dbe-4b80-95fe-56dda2d39a76" "released" by "nova.context.set_target_cell..get_or_set_cached_cell_and_set_connections" :: held 0.001s {{(pid=110127) inner /usr/local/lib/python3.8/dist-packages/oslo_concurrency/lockutils.py:400}}
Jul 26 20:05:07.888655 n-d-850673-2 nova-scheduler[110127]: DEBUG oslo_concurrency.lockutils [None req-efd04708-5a5f-4461-a7ca-cd1858a1cc4b tempest-ServersOnMultiNodesTest-1616790113 tempest-ServersOnMultiNodesTest-1616790113-project] Lock "('n-h1-850673-2', 'n-h1-850673-2')" acquired by "nova.scheduler.host_manager.HostState.update.._locked_update" :: waited 0.000s {{(pid=110127) inner /usr/local/lib/python3.8/dist-packages/oslo_concurrency/lockutils.py:386}}
Jul 26 20:05:07.889828 n-d-850673-2 nova-scheduler[110127]: DEBUG nova.scheduler.host_manager [None req-efd04708-5a5f-4461-a7ca-cd1858a1cc4b tempest-ServersOnMultiNodesTest-1616790113 tempest-ServersOnMultiNodesTest-1616790113-project] Update host state from compute node: ComputeNode(cpu_allocation_ratio=16.0,cpu_info='{"arch": "x86_64", "model": "Intel(R) Xeon(R) CPU E5-2430L 0 @ 2.00GHz", "vendor": "GenuineIntel", "topology": {"sockets": 1, "cores": 6, "threads": 1}, "features": ["mmx", "sse", "rdtsc", "pae", "sse2", "nx", "sse3", "xsave"]}',created_at=2022-07-26T20:01:06Z,current_workload=2,deleted=False,deleted_at=None,disk_allocation_ratio=1.0,disk_available_least=63,free_disk_gb=76,free_ram_mb=13823,host='n-h1-850673-2',host_ip=10.222.0.55,hypervisor_hostname='n-h1-850673-2',hypervisor_type='hyperv',hypervisor_version=10000,id=1,local_gb=79,local_gb_used=3,mapped=1,memory_mb=16383,memory_mb_used=2560,metrics='[]',numa_topology='{"nova_object.name": "NUMATopology", "nova_object.namespace": "nova", "nova_object.version": "1.2", "nova_object.data": {"cells": [{"nova_object.name": "NUMACell", "nova_object.namespace": "nova", "nova_object.version": "1.5", "nova_object.data": {"id": 0, "cpuset": [0, 1, 2, 3, 4, 5], "memory": 16383, "cpu_usage": 0, "memory_usage": 11758, "pinned_cpus": [], "siblings": [], "mempages": []}, "nova_object.changes": ["cpu_usage", "memory", "pinned_cpus", "siblings", "memory_usage", "cpuset", "id", "mempages"]}]}, "nova_object.changes": ["cells"]}',pci_device_pools=PciDevicePoolList,ram_allocation_ratio=1.5,running_vms=2,service_id=None,stats={failed_builds='0',io_workload='2',num_instances='2',num_os_type_None='2',num_proj_61710b28a4b040b89141e884a173be24='1',num_proj_9506b73f46154e0288464e1dfa996ddd='1',num_task_resize_prep='1',num_task_spawning='1',num_vm_active='1',num_vm_building='1'},supported_hv_specs=[HVSpec,HVSpec],updated_at=2022-07-26T20:05:06Z,uuid=1177313b-931a-44b7-b7f4-1797a73375a7,vcpus=6,vcpus_used=2) {{(pid=110127) _locked_update /opt/stack/nova/nova/scheduler/host_manager.py:167}}
Jul 26 20:05:07.890868 n-d-850673-2 nova-scheduler[110127]: DEBUG nova.scheduler.host_manager [None req-efd04708-5a5f-4461-a7ca-cd1858a1cc4b tempest-ServersOnMultiNodesTest-1616790113 tempest-ServersOnMultiNodesTest-1616790113-project] Update host state with aggregates: [] {{(pid=110127) _locked_update /opt/stack/nova/nova/scheduler/host_manager.py:170}}
Jul 26 20:05:07.891782 n-d-850673-2 nova-scheduler[110127]: DEBUG nova.scheduler.host_manager [None req-efd04708-5a5f-4461-a7ca-cd1858a1cc4b tempest-ServersOnMultiNodesTest-1616790113 tempest-ServersOnMultiNodesTest-1616790113-project] Update host state with service dict: {'id': 3, 'uuid': 'cc5520bf-de7b-4632-a698-8c1d01b1d88f', 'host': 'n-h1-850673-2', 'binary': 'nova-compute', 'topic': 'compute', 'report_count': 24, 'disabled': False, 'disabled_reason': None, 'last_seen_up': datetime.datetime(2022, 7, 26, 20, 5, 3, tzinfo=datetime.timezone.utc), 'forced_down': False, 'version': 61, 'created_at': datetime.datetime(2022, 7, 26, 20, 1, 4, tzinfo=datetime.timezone.utc), 'updated_at': datetime.datetime(2022, 7, 26, 20, 5, 3, tzinfo=datetime.timezone.utc), 'deleted_at': None, 'deleted': False} {{(pid=110127) _locked_update /opt/stack/nova/nova/scheduler/host_manager.py:173}}
Jul 26 20:05:07.892333 n-d-850673-2 nova-scheduler[110127]: DEBUG nova.scheduler.host_manager [None req-efd04708-5a5f-4461-a7ca-cd1858a1cc4b tempest-ServersOnMultiNodesTest-1616790113 tempest-ServersOnMultiNodesTest-1616790113-project] Update host state with instances: ['0bc36c9b-e1ca-427d-b8b0-aa364d6db68f', '79f0c902-cf79-41c8-a240-6b78b6531b29'] {{(pid=110127) _locked_update /opt/stack/nova/nova/scheduler/host_manager.py:176}}
Jul 26 20:05:07.893025 n-d-850673-2 nova-scheduler[110127]: DEBUG oslo_concurrency.lockutils [None req-efd04708-5a5f-4461-a7ca-cd1858a1cc4b tempest-ServersOnMultiNodesTest-1616790113 tempest-ServersOnMultiNodesTest-1616790113-project] Lock "('n-h1-850673-2', 'n-h1-850673-2')" "released" by "nova.scheduler.host_manager.HostState.update.._locked_update" :: held 0.005s {{(pid=110127) inner /usr/local/lib/python3.8/dist-packages/oslo_concurrency/lockutils.py:400}}
Jul 26 20:05:07.894138 n-d-850673-2 nova-scheduler[110127]: DEBUG oslo_concurrency.lockutils [None req-efd04708-5a5f-4461-a7ca-cd1858a1cc4b tempest-ServersOnMultiNodesTest-1616790113 tempest-ServersOnMultiNodesTest-1616790113-project] Lock "9b02d062-7dbe-4b80-95fe-56dda2d39a76" acquired by "nova.context.set_target_cell..get_or_set_cached_cell_and_set_connections" :: waited 0.000s {{(pid=110127) inner /usr/local/lib/python3.8/dist-packages/oslo_concurrency/lockutils.py:386}}
