Aug 04 16:50:52.125145 n-d-850546-4 devstack@n-api.service[121217]: DEBUG oslo_concurrency.lockutils [None req-d671fcee-0fcd-4435-a431-1c7163cd3c6c None None] Lock "00000000-0000-0000-0000-000000000000" "released" by "nova.context.set_target_cell..get_or_set_cached_cell_and_set_connections" :: held 0.002s {{(pid=121217) inner /usr/local/lib/python3.8/dist-packages/oslo_concurrency/lockutils.py:404}}
Aug 04 16:50:52.125873 n-d-850546-4 devstack@n-api.service[121217]: DEBUG oslo_concurrency.lockutils [None req-d671fcee-0fcd-4435-a431-1c7163cd3c6c None None] Acquiring lock "671ad066-1864-427a-9064-9f1edab5340a" by "nova.context.set_target_cell..get_or_set_cached_cell_and_set_connections" {{(pid=121217) inner /usr/local/lib/python3.8/dist-packages/oslo_concurrency/lockutils.py:385}}
Aug 04 16:50:52.126317 n-d-850546-4 devstack@n-api.service[121217]: DEBUG oslo_concurrency.lockutils [None req-d671fcee-0fcd-4435-a431-1c7163cd3c6c None None] Lock "671ad066-1864-427a-9064-9f1edab5340a" acquired by "nova.context.set_target_cell..get_or_set_cached_cell_and_set_connections" :: waited 0.000s {{(pid=121217) inner /usr/local/lib/python3.8/dist-packages/oslo_concurrency/lockutils.py:390}}
Aug 04 16:50:52.128298 n-d-850546-4 devstack@n-api.service[121216]: DEBUG oslo_concurrency.lockutils [None req-76c8f75c-7616-46cd-90c5-9e7722c0caa3 None None] Acquiring lock "00000000-0000-0000-0000-000000000000" by "nova.context.set_target_cell..get_or_set_cached_cell_and_set_connections" {{(pid=121216) inner /usr/local/lib/python3.8/dist-packages/oslo_concurrency/lockutils.py:385}}
Aug 04 16:50:52.128403 n-d-850546-4 devstack@n-api.service[121217]: DEBUG oslo_concurrency.lockutils [None req-d671fcee-0fcd-4435-a431-1c7163cd3c6c None None] Lock "671ad066-1864-427a-9064-9f1edab5340a" "released" by "nova.context.set_target_cell..get_or_set_cached_cell_and_set_connections" :: held 0.002s {{(pid=121217) inner /usr/local/lib/python3.8/dist-packages/oslo_concurrency/lockutils.py:404}}
Aug 04 16:50:52.128833 n-d-850546-4 devstack@n-api.service[121216]: DEBUG oslo_concurrency.lockutils [None req-76c8f75c-7616-46cd-90c5-9e7722c0caa3 None None] Lock "00000000-0000-0000-0000-000000000000" acquired by "nova.context.set_target_cell..get_or_set_cached_cell_and_set_connections" :: waited 0.001s {{(pid=121216) inner /usr/local/lib/python3.8/dist-packages/oslo_concurrency/lockutils.py:390}}
Aug 04 16:50:52.130303 n-d-850546-4 devstack@n-api.service[121217]: INFO dbcounter [None req-d671fcee-0fcd-4435-a431-1c7163cd3c6c None None] Registered counter for database nova_cell0
Aug 04 16:50:52.130411 n-d-850546-4 devstack@n-api.service[121216]: DEBUG oslo_concurrency.lockutils [None req-76c8f75c-7616-46cd-90c5-9e7722c0caa3 None None] Lock "00000000-0000-0000-0000-000000000000" "released" by "nova.context.set_target_cell..get_or_set_cached_cell_and_set_connections" :: held 0.002s {{(pid=121216) inner /usr/local/lib/python3.8/dist-packages/oslo_concurrency/lockutils.py:404}}
Aug 04 16:50:52.131062 n-d-850546-4 devstack@n-api.service[121216]: DEBUG oslo_concurrency.lockutils [None req-76c8f75c-7616-46cd-90c5-9e7722c0caa3 None None] Acquiring lock "671ad066-1864-427a-9064-9f1edab5340a" by "nova.context.set_target_cell..get_or_set_cached_cell_and_set_connections" {{(pid=121216) inner /usr/local/lib/python3.8/dist-packages/oslo_concurrency/lockutils.py:385}}
Aug 04 16:50:52.131527 n-d-850546-4 devstack@n-api.service[121216]: DEBUG oslo_concurrency.lockutils [None req-76c8f75c-7616-46cd-90c5-9e7722c0caa3 None None] Lock "671ad066-1864-427a-9064-9f1edab5340a" acquired by "nova.context.set_target_cell..get_or_set_cached_cell_and_set_connections" :: waited 0.000s {{(pid=121216) inner /usr/local/lib/python3.8/dist-packages/oslo_concurrency/lockutils.py:390}}
Aug 04 16:50:52.133510 n-d-850546-4 devstack@n-api.service[121216]: DEBUG oslo_concurrency.lockutils [None req-76c8f75c-7616-46cd-90c5-9e7722c0caa3 None None] Lock "671ad066-1864-427a-9064-9f1edab5340a" "released" by "nova.context.set_target_cell..get_or_set_cached_cell_and_set_connections" :: held 0.002s {{(pid=121216) inner /usr/local/lib/python3.8/dist-packages/oslo_concurrency/lockutils.py:404}}
Aug 04 16:50:52.135484 n-d-850546-4 devstack@n-api.service[121216]: INFO dbcounter [None req-76c8f75c-7616-46cd-90c5-9e7722c0caa3 None None] Registered counter for database nova_cell0
Aug 04 16:50:52.135874 n-d-850546-4 devstack@n-api.service[121217]: INFO dbcounter [None req-d671fcee-0fcd-4435-a431-1c7163cd3c6c None None] Registered counter for database nova_cell1
Aug 04 16:50:52.140795 n-d-850546-4 devstack@n-api.service[121216]: INFO dbcounter [None req-76c8f75c-7616-46cd-90c5-9e7722c0caa3 None None] Registered counter for database nova_cell1
Aug 04 16:50:52.143789 n-d-850546-4 devstack@n-api.service[121217]: DEBUG oslo_db.sqlalchemy.engines [None req-d671fcee-0fcd-4435-a431-1c7163cd3c6c None None] MySQL server mode set to STRICT_TRANS_TABLES,STRICT_ALL_TABLES,NO_ZERO_IN_DATE,NO_ZERO_DATE,ERROR_FOR_DIVISION_BY_ZERO,TRADITIONAL,NO_ENGINE_SUBSTITUTION {{(pid=121217) _check_effective_sql_mode /usr/local/lib/python3.8/dist-packages/oslo_db/sqlalchemy/engines.py:314}}
Aug 04 16:50:52.146948 n-d-850546-4 devstack@n-api.service[121217]: DEBUG oslo_db.sqlalchemy.engines [None req-d671fcee-0fcd-4435-a431-1c7163cd3c6c None None] MySQL server mode set to STRICT_TRANS_TABLES,STRICT_ALL_TABLES,NO_ZERO_IN_DATE,NO_ZERO_DATE,ERROR_FOR_DIVISION_BY_ZERO,TRADITIONAL,NO_ENGINE_SUBSTITUTION {{(pid=121217) _check_effective_sql_mode /usr/local/lib/python3.8/dist-packages/oslo_db/sqlalchemy/engines.py:314}}
Aug 04 16:50:52.148293 n-d-850546-4 devstack@n-api.service[121216]: DEBUG oslo_db.sqlalchemy.engines [None req-76c8f75c-7616-46cd-90c5-9e7722c0caa3 None None] MySQL server mode set to STRICT_TRANS_TABLES,STRICT_ALL_TABLES,NO_ZERO_IN_DATE,NO_ZERO_DATE,ERROR_FOR_DIVISION_BY_ZERO,TRADITIONAL,NO_ENGINE_SUBSTITUTION {{(pid=121216) _check_effective_sql_mode /usr/local/lib/python3.8/dist-packages/oslo_db/sqlalchemy/engines.py:314}}
Aug 04 16:50:52.152241 n-d-850546-4 devstack@n-api.service[121216]: DEBUG oslo_db.sqlalchemy.engines [None req-76c8f75c-7616-46cd-90c5-9e7722c0caa3 None None] MySQL server mode set to STRICT_TRANS_TABLES,STRICT_ALL_TABLES,NO_ZERO_IN_DATE,NO_ZERO_DATE,ERROR_FOR_DIVISION_BY_ZERO,TRADITIONAL,NO_ENGINE_SUBSTITUTION {{(pid=121216) _check_effective_sql_mode /usr/local/lib/python3.8/dist-packages/oslo_db/sqlalchemy/engines.py:314}}
Aug 04 16:50:52.152369 n-d-850546-4 devstack@n-api.service[121217]: DEBUG dbcounter [-] [121217] Writer thread running {{(pid=121217) stat_writer /usr/local/lib/python3.8/dist-packages/dbcounter.py:99}}
Aug 04 16:50:52.153728 n-d-850546-4 devstack@n-api.service[121217]: DEBUG dbcounter [-] [121217] Writer thread running {{(pid=121217) stat_writer /usr/local/lib/python3.8/dist-packages/dbcounter.py:99}}
Aug 04 16:50:52.153860 n-d-850546-4 devstack@n-api.service[121216]: DEBUG dbcounter [-] [121216] Writer thread running {{(pid=121216) stat_writer /usr/local/lib/python3.8/dist-packages/dbcounter.py:99}}
Aug 04 16:50:52.293262 n-d-850546-4 devstack@n-api.service[121216]: DEBUG dbcounter [-] [121216] Writer thread running {{(pid=121216) stat_writer /usr/local/lib/python3.8/dist-packages/dbcounter.py:99}}
Aug 04 16:50:52.297430 n-d-850546-4 devstack@n-api.service[121217]: INFO dbcounter [None req-d671fcee-0fcd-4435-a431-1c7163cd3c6c None None] Registered counter for database nova_cell0
Aug 04 16:50:52.302045 n-d-850546-4 devstack@n-api.service[121216]: INFO dbcounter [None req-76c8f75c-7616-46cd-90c5-9e7722c0caa3 None None] Registered counter for database nova_cell0
Aug 04 16:50:52.304479 n-d-850546-4 devstack@n-api.service[121217]: DEBUG oslo_db.sqlalchemy.engines [None req-d671fcee-0fcd-4435-a431-1c7163cd3c6c None None] MySQL server mode set to STRICT_TRANS_TABLES,STRICT_ALL_TABLES,NO_ZERO_IN_DATE,NO_ZERO_DATE,ERROR_FOR_DIVISION_BY_ZERO,TRADITIONAL,NO_ENGINE_SUBSTITUTION {{(pid=121217) _check_effective_sql_mode /usr/local/lib/python3.8/dist-packages/oslo_db/sqlalchemy/engines.py:314}}
Aug 04 16:50:52.308978 n-d-850546-4 devstack@n-api.service[121217]: DEBUG dbcounter [-] [121217] Writer thread running {{(pid=121217) stat_writer /usr/local/lib/python3.8/dist-packages/dbcounter.py:99}}
Aug 04 16:50:52.310947 n-d-850546-4 devstack@n-api.service[121216]: DEBUG oslo_db.sqlalchemy.engines [None req-76c8f75c-7616-46cd-90c5-9e7722c0caa3 None None] MySQL server mode set to STRICT_TRANS_TABLES,STRICT_ALL_TABLES,NO_ZERO_IN_DATE,NO_ZERO_DATE,ERROR_FOR_DIVISION_BY_ZERO,TRADITIONAL,NO_ENGINE_SUBSTITUTION {{(pid=121216) _check_effective_sql_mode /usr/local/lib/python3.8/dist-packages/oslo_db/sqlalchemy/engines.py:314}}
Aug 04 16:50:52.315269 n-d-850546-4 devstack@n-api.service[121216]: DEBUG dbcounter [-] [121216] Writer thread running {{(pid=121216) stat_writer /usr/local/lib/python3.8/dist-packages/dbcounter.py:99}}
Aug 04 16:50:52.701058 n-d-850546-4 devstack@n-api.service[121217]: WARNING keystonemiddleware.auth_token [None req-d671fcee-0fcd-4435-a431-1c7163cd3c6c None None] AuthToken middleware is set with keystone_authtoken.service_token_roles_required set to False. This is backwards compatible but deprecated behaviour. Please set this to True.
Aug 04 16:50:52.709048 n-d-850546-4 devstack@n-api.service[121217]: WARNING keystonemiddleware.auth_token [None req-d671fcee-0fcd-4435-a431-1c7163cd3c6c None None] Configuring www_authenticate_uri to point to the public identity endpoint is required; clients may not be able to authenticate against an admin endpoint
Aug 04 16:50:52.716616 n-d-850546-4 devstack@n-api.service[121216]: WARNING keystonemiddleware.auth_token [None req-76c8f75c-7616-46cd-90c5-9e7722c0caa3 None None] AuthToken middleware is set with keystone_authtoken.service_token_roles_required set to False. This is backwards compatible but deprecated behaviour. Please set this to True.
Aug 04 16:50:52.725126 n-d-850546-4 devstack@n-api.service[121216]: WARNING keystonemiddleware.auth_token [None req-76c8f75c-7616-46cd-90c5-9e7722c0caa3 None None] Configuring www_authenticate_uri to point to the public identity endpoint is required; clients may not be able to authenticate against an admin endpoint
Aug 04 16:50:53.057225 n-d-850546-4 devstack@n-api.service[121217]: WARNING keystonemiddleware.auth_token [None req-d671fcee-0fcd-4435-a431-1c7163cd3c6c None None] AuthToken middleware is set with keystone_authtoken.service_token_roles_required set to False. This is backwards compatible but deprecated behaviour. Please set this to True.
Aug 04 16:50:53.063772 n-d-850546-4 devstack@n-api.service[121217]: WARNING keystonemiddleware.auth_token [None req-d671fcee-0fcd-4435-a431-1c7163cd3c6c None None] Configuring www_authenticate_uri to point to the public identity endpoint is required; clients may not be able to authenticate against an admin endpoint
Aug 04 16:50:53.068471 n-d-850546-4 devstack@n-api.service[121216]: WARNING keystonemiddleware.auth_token [None req-76c8f75c-7616-46cd-90c5-9e7722c0caa3 None None] AuthToken middleware is set with keystone_authtoken.service_token_roles_required set to False. This is backwards compatible but deprecated behaviour. Please set this to True.
Aug 04 16:50:53.069064 n-d-850546-4 devstack@n-api.service[121217]: WSGI app 0 (mountpoint='') ready in 6 seconds on interpreter 0x564c2cf4e9c0 pid: 121217 (default app)
Aug 04 16:50:53.071137 n-d-850546-4 devstack@n-api.service[121217]: DEBUG nova.api.openstack.wsgi [None req-d671fcee-0fcd-4435-a431-1c7163cd3c6c None None] Calling method '>' {{(pid=121217) _process_stack /opt/stack/nova/nova/api/openstack/wsgi.py:513}}
Aug 04 16:50:53.072356 n-d-850546-4 devstack@n-api.service[121217]: INFO nova.api.openstack.requestlog [None req-d671fcee-0fcd-4435-a431-1c7163cd3c6c None None] 10.222.0.61 "GET /compute/v2.1/" status: 200 len: 388 microversion: 2.1 time: 0.001762
Aug 04 16:50:53.073797 n-d-850546-4 devstack@n-api.service[121217]: [pid: 121217|app: 0|req: 1/1] 10.222.0.61 () {50 vars in 788 bytes} [Thu Aug 4 16:50:53 2022] GET /compute/v2.1/ => generated 388 bytes in 4 msecs (HTTP/1.1 200) 9 headers in 357 bytes (1 switches on core 0)
Aug 04 16:50:53.074392 n-d-850546-4 devstack@n-api.service[121216]: WARNING keystonemiddleware.auth_token [None req-76c8f75c-7616-46cd-90c5-9e7722c0caa3 None None] Configuring www_authenticate_uri to point to the public identity endpoint is required; clients may not be able to authenticate against an admin endpoint
Aug 04 16:50:53.079725 n-d-850546-4 devstack@n-api.service[121216]: WSGI app 0 (mountpoint='') ready in 6 seconds on interpreter 0x564c2cf4e9c0 pid: 121216 (default app)
Aug 04 16:52:11.368212 n-d-850546-4 devstack@n-api.service[121217]: DEBUG nova.api.openstack.wsgi [None req-d671fcee-0fcd-4435-a431-1c7163cd3c6c None None] Calling method '>' {{(pid=121217) _process_stack /opt/stack/nova/nova/api/openstack/wsgi.py:513}}
Aug 04 16:52:11.369211 n-d-850546-4 devstack@n-api.service[121217]: INFO nova.api.openstack.requestlog [None req-d671fcee-0fcd-4435-a431-1c7163cd3c6c None None] 10.222.0.61 "GET /compute/v2.1" status: 200 len: 388 microversion: 2.1 time: 0.001532
Aug 04 16:52:11.369802 n-d-850546-4 devstack@n-api.service[121217]: [pid: 121217|app: 0|req: 2/2] 10.222.0.61 () {54 vars in 931 bytes} [Thu Aug 4 16:52:11 2022] GET /compute/v2.1 => generated 388 bytes in 2 msecs (HTTP/1.1 200) 9 headers in 357 bytes (1 switches on core 0)
Aug 04 16:52:11.382371 n-d-850546-4 devstack@n-api.service[121216]: DEBUG dbcounter [-] [121216] Writing DB stats nova_api:SELECT=3 {{(pid=121216) stat_writer /usr/local/lib/python3.8/dist-packages/dbcounter.py:114}}
Aug 04 16:52:11.383264 n-d-850546-4 devstack@n-api.service[121216]: DEBUG dbcounter [-] [121216] Writing DB stats nova_cell0:SELECT=3 {{(pid=121216) stat_writer /usr/local/lib/python3.8/dist-packages/dbcounter.py:114}}
Aug 04 16:52:11.384074 n-d-850546-4 devstack@n-api.service[121216]: DEBUG dbcounter [-] [121216] Writing DB stats nova_cell1:SELECT=3 {{(pid=121216) stat_writer /usr/local/lib/python3.8/dist-packages/dbcounter.py:114}}
Aug 04 16:52:11.385114 n-d-850546-4 devstack@n-api.service[121216]: DEBUG dbcounter [-] [121216] Writing DB stats nova_cell0:SELECT=6,nova_cell0:INSERT=1 {{(pid=121216) stat_writer /usr/local/lib/python3.8/dist-packages/dbcounter.py:114}}
Aug 04 16:52:12.250374 n-d-850546-4 devstack@n-api.service[121216]: DEBUG nova.api.openstack.wsgi [None req-000aa010-3b80-4bb8-8a3d-bc41fbd5efa1 admin admin] Calling method '>' {{(pid=121216) _process_stack /opt/stack/nova/nova/api/openstack/wsgi.py:513}}
Aug 04 16:52:12.282121 n-d-850546-4 devstack@n-api.service[121216]: INFO nova.api.openstack.requestlog [None req-000aa010-3b80-4bb8-8a3d-bc41fbd5efa1 admin admin] 10.222.0.61 "GET /compute/v2.1/flavors/detail?is_public=True" status: 200 len: 15 microversion: 2.61 time: 0.905428
Aug 04 16:52:12.289753 n-d-850546-4 devstack@n-api.service[121216]: [pid: 121216|app: 0|req: 1/3] 10.222.0.61 () {60 vars in 1292 bytes} [Thu Aug 4 16:52:11 2022] GET /compute/v2.1/flavors/detail?is_public=True => generated 15 bytes in 908 msecs (HTTP/1.1 200) 9 headers in 358 bytes (1 switches on core 0)
Aug 04 16:52:14.510720 n-d-850546-4 devstack@n-api.service[121217]: DEBUG nova.api.openstack.wsgi [None req-d671fcee-0fcd-4435-a431-1c7163cd3c6c None None] Calling method '>' {{(pid=121217) _process_stack /opt/stack/nova/nova/api/openstack/wsgi.py:513}}
Aug 04 16:52:14.511748 n-d-850546-4 devstack@n-api.service[121217]: INFO nova.api.openstack.requestlog [None req-d671fcee-0fcd-4435-a431-1c7163cd3c6c None None] 10.222.0.61 "GET /compute/v2.1" status: 200 len: 388 microversion: 2.1 time: 0.001423
Aug 04 16:52:14.512316 n-d-850546-4 devstack@n-api.service[121217]: [pid: 121217|app: 0|req: 3/4] 10.222.0.61 () {54 vars in 931 bytes} [Thu Aug 4 16:52:14 2022] GET /compute/v2.1 => generated 388 bytes in 2 msecs (HTTP/1.1 200) 9 headers in 357 bytes (1 switches on core 0)
Aug 04 16:52:14.982347 n-d-850546-4 devstack@n-api.service[121216]: DEBUG nova.api.openstack.wsgi [None req-f71b4000-b2f9-4eab-9682-2f74895c053a admin admin] Action: 'create', calling method: >, body: {"flavor": {"os-flavor-access:is_public": true, "swap": 0, "name": "cirros256", "OS-FLV-EXT-DATA:ephemeral": 0, "vcpus": 1, "id": "c1", "ram": 256, "disk": 1, "rxtx_factor": 1.0}} {{(pid=121216) _process_stack /opt/stack/nova/nova/api/openstack/wsgi.py:511}}
Aug 04 16:52:15.003329 n-d-850546-4 devstack@n-api.service[121216]: /usr/local/lib/python3.8/dist-packages/oslo_policy/policy.py:1129: UserWarning: Policy "os_compute_api:os-flavor-manage:create": "rule:context_is_admin" failed scope check. The token used to make the request was project scoped but the policy requires ['system'] scope. This behavior may change in the future where using the intended scope is required
Aug 04 16:52:15.003329 n-d-850546-4 devstack@n-api.service[121216]: warnings.warn(msg)
Aug 04 16:52:15.107259 n-d-850546-4 devstack@n-api.service[121216]: INFO nova.api.openstack.requestlog [None req-f71b4000-b2f9-4eab-9682-2f74895c053a admin admin] 10.222.0.61 "POST /compute/v2.1/flavors" status: 200 len: 407 microversion: 2.61 time: 0.588189
Aug 04 16:52:15.108145 n-d-850546-4 devstack@n-api.service[121216]: [pid: 121216|app: 0|req: 2/5] 10.222.0.61 () {64 vars in 1283 bytes} [Thu Aug 4 16:52:14 2022] POST /compute/v2.1/flavors => generated 407 bytes in 590 msecs (HTTP/1.1 200) 9 headers in 359 bytes (1 switches on core 0)
Aug 04 16:52:15.121430 n-d-850546-4 devstack@n-api.service[121217]: DEBUG dbcounter [-] [121217] Writing DB stats nova_api:SELECT=3 {{(pid=121217) stat_writer /usr/local/lib/python3.8/dist-packages/dbcounter.py:114}}
Aug 04 16:52:15.122359 n-d-850546-4 devstack@n-api.service[121217]: DEBUG dbcounter [-] [121217] Writing DB stats nova_cell0:SELECT=3 {{(pid=121217) stat_writer /usr/local/lib/python3.8/dist-packages/dbcounter.py:114}}
Aug 04 16:52:15.123896 n-d-850546-4 devstack@n-api.service[121217]: DEBUG dbcounter [-] [121217] Writing DB stats nova_cell1:SELECT=3 {{(pid=121217) stat_writer /usr/local/lib/python3.8/dist-packages/dbcounter.py:114}}
Aug 04 16:52:15.124761 n-d-850546-4 devstack@n-api.service[121217]: DEBUG dbcounter [-] [121217] Writing DB stats nova_cell0:SELECT=6,nova_cell0:INSERT=1 {{(pid=121217) stat_writer /usr/local/lib/python3.8/dist-packages/dbcounter.py:114}}
Aug 04 16:52:15.333804 n-d-850546-4 devstack@n-api.service[121217]: DEBUG nova.api.openstack.wsgi [None req-25224616-a49c-40f4-a5a5-06f06c03bd52 admin admin] Action: 'create', calling method: >, body: {"extra_specs": {"hw_rng:allowed": "True"}} {{(pid=121217) _process_stack /opt/stack/nova/nova/api/openstack/wsgi.py:511}}
Aug 04 16:52:15.338077 n-d-850546-4 devstack@n-api.service[121217]: /usr/local/lib/python3.8/dist-packages/oslo_policy/policy.py:1129: UserWarning: Policy "os_compute_api:os-flavor-extra-specs:create": "rule:context_is_admin" failed scope check. The token used to make the request was project scoped but the policy requires ['system'] scope. This behavior may change in the future where using the intended scope is required
Aug 04 16:52:15.338077 n-d-850546-4 devstack@n-api.service[121217]: warnings.warn(msg)
Aug 04 16:52:15.507654 n-d-850546-4 devstack@n-api.service[121217]: INFO nova.api.openstack.requestlog [None req-25224616-a49c-40f4-a5a5-06f06c03bd52 admin admin] 10.222.0.61 "POST /compute/v2.1/flavors/c1/os-extra_specs" status: 200 len: 43 microversion: 2.61 time: 0.391315
Aug 04 16:52:15.508508 n-d-850546-4 devstack@n-api.service[121217]: [pid: 121217|app: 0|req: 4/6] 10.222.0.61 () {64 vars in 1336 bytes} [Thu Aug 4 16:52:15 2022] POST /compute/v2.1/flavors/c1/os-extra_specs => generated 43 bytes in 393 msecs (HTTP/1.1 200) 9 headers in 358 bytes (1 switches on core 0)
Aug 04 16:52:17.745026 n-d-850546-4 devstack@n-api.service[121216]: DEBUG nova.api.openstack.wsgi [None req-f71b4000-b2f9-4eab-9682-2f74895c053a admin admin] Calling method '>' {{(pid=121216) _process_stack /opt/stack/nova/nova/api/openstack/wsgi.py:513}}
Aug 04 16:52:17.746101 n-d-850546-4 devstack@n-api.service[121216]: INFO nova.api.openstack.requestlog [None req-f71b4000-b2f9-4eab-9682-2f74895c053a admin admin] 10.222.0.61 "GET /compute/v2.1" status: 200 len: 388 microversion: 2.1 time: 0.001508
Aug 04 16:52:17.746532 n-d-850546-4 devstack@n-api.service[121216]: [pid: 121216|app: 0|req: 3/7] 10.222.0.61 () {54 vars in 931 bytes} [Thu Aug 4 16:52:17 2022] GET /compute/v2.1 => generated 388 bytes in 3 msecs (HTTP/1.1 200) 9 headers in 357 bytes (2 switches on core 0)
Aug 04 16:52:18.500891 n-d-850546-4 devstack@n-api.service[121217]: DEBUG nova.api.openstack.wsgi [None req-601bfa00-858f-4257-b862-a4c815f28761 admin admin] Action: 'create', calling method: >, body: {"flavor": {"swap": 0, "vcpus": 1, "os-flavor-access:is_public": true, "OS-FLV-EXT-DATA:ephemeral": 0, "rxtx_factor": 1.0, "name": "ds512M", "disk": 5, "ram": 512, "id": "d1"}} {{(pid=121217) _process_stack /opt/stack/nova/nova/api/openstack/wsgi.py:511}}
Aug 04 16:52:18.527709 n-d-850546-4 devstack@n-api.service[121217]: /usr/local/lib/python3.8/dist-packages/oslo_policy/policy.py:1129: UserWarning: Policy "os_compute_api:os-flavor-manage:create": "rule:context_is_admin" failed scope check. The token used to make the request was project scoped but the policy requires ['system'] scope. This behavior may change in the future where using the intended scope is required
Aug 04 16:52:18.527709 n-d-850546-4 devstack@n-api.service[121217]: warnings.warn(msg)
Aug 04 16:52:18.637078 n-d-850546-4 devstack@n-api.service[121217]: INFO nova.api.openstack.requestlog [None req-601bfa00-858f-4257-b862-a4c815f28761 admin admin] 10.222.0.61 "POST /compute/v2.1/flavors" status: 200 len: 404 microversion: 2.61 time: 0.884371
Aug 04 16:52:18.637630 n-d-850546-4 devstack@n-api.service[121217]: [pid: 121217|app: 0|req: 5/8] 10.222.0.61 () {64 vars in 1283 bytes} [Thu Aug 4 16:52:17 2022] POST /compute/v2.1/flavors => generated 404 bytes in 886 msecs (HTTP/1.1 200) 9 headers in 359 bytes (1 switches on core 0)
Aug 04 16:52:18.649729 n-d-850546-4 devstack@n-api.service[121216]: DEBUG nova.api.openstack.wsgi [None req-5dcfb01f-39e1-4a78-af98-54172508a7ca admin admin] Action: 'create', calling method: >, body: {"extra_specs": {"hw_rng:allowed": "True"}} {{(pid=121216) _process_stack /opt/stack/nova/nova/api/openstack/wsgi.py:511}}
Aug 04 16:52:18.652593 n-d-850546-4 devstack@n-api.service[121216]: /usr/local/lib/python3.8/dist-packages/oslo_policy/policy.py:1129: UserWarning: Policy "os_compute_api:os-flavor-extra-specs:create": "rule:context_is_admin" failed scope check. The token used to make the request was project scoped but the policy requires ['system'] scope. This behavior may change in the future where using the intended scope is required
Aug 04 16:52:18.652593 n-d-850546-4 devstack@n-api.service[121216]: warnings.warn(msg)
Aug 04 16:52:18.730712 n-d-850546-4 devstack@n-api.service[121216]: INFO nova.api.openstack.requestlog [None req-5dcfb01f-39e1-4a78-af98-54172508a7ca admin admin] 10.222.0.61 "POST /compute/v2.1/flavors/d1/os-extra_specs" status: 200 len: 43 microversion: 2.61 time: 0.084529
Aug 04 16:52:18.732063 n-d-850546-4 devstack@n-api.service[121216]: [pid: 121216|app: 0|req: 4/9] 10.222.0.61 () {64 vars in 1336 bytes} [Thu Aug 4 16:52:18 2022] POST /compute/v2.1/flavors/d1/os-extra_specs => generated 43 bytes in 86 msecs (HTTP/1.1 200) 9 headers in 358 bytes (1 switches on core 0)
Aug 04 16:52:21.282791 n-d-850546-4 devstack@n-api.service[121217]: DEBUG nova.api.openstack.wsgi [None req-601bfa00-858f-4257-b862-a4c815f28761 admin admin] Calling method '>' {{(pid=121217) _process_stack /opt/stack/nova/nova/api/openstack/wsgi.py:513}}
Aug 04 16:52:21.290980 n-d-850546-4 devstack@n-api.service[121217]: INFO nova.api.openstack.requestlog [None req-601bfa00-858f-4257-b862-a4c815f28761 admin admin] 10.222.0.61 "GET /compute/v2.1" status: 200 len: 388 microversion: 2.1 time: 0.002872
Aug 04 16:52:21.290980 n-d-850546-4 devstack@n-api.service[121217]: [pid: 121217|app: 0|req: 6/10] 10.222.0.61 () {54 vars in 931 bytes} [Thu Aug 4 16:52:21 2022] GET /compute/v2.1 => generated 388 bytes in 4 msecs (HTTP/1.1 200) 9 headers in 357 bytes (1 switches on core 0)
Aug 04 16:52:21.815170 n-d-850546-4 devstack@n-api.service[121216]: DEBUG nova.api.openstack.wsgi [None req-e0802b01-db40-4f95-bc98-c86c7b2012e3 admin admin] Action: 'create', calling method: >, body: {"flavor": {"vcpus": 1, "swap": 0, "OS-FLV-EXT-DATA:ephemeral": 0, "disk": 10, "name": "ds1G", "rxtx_factor": 1.0, "os-flavor-access:is_public": true, "ram": 1024, "id": "d2"}} {{(pid=121216) _process_stack /opt/stack/nova/nova/api/openstack/wsgi.py:511}}
Aug 04 16:52:21.904525 n-d-850546-4 devstack@n-api.service[121216]: INFO nova.api.openstack.requestlog [None req-e0802b01-db40-4f95-bc98-c86c7b2012e3 admin admin] 10.222.0.61 "POST /compute/v2.1/flavors" status: 200 len: 404 microversion: 2.61 time: 0.612267
Aug 04 16:52:21.906068 n-d-850546-4 devstack@n-api.service[121216]: [pid: 121216|app: 0|req: 5/11] 10.222.0.61 () {64 vars in 1283 bytes} [Thu Aug 4 16:52:21 2022] POST /compute/v2.1/flavors => generated 404 bytes in 615 msecs (HTTP/1.1 200) 9 headers in 359 bytes (2 switches on core 0)
Aug 04 16:52:21.918257 n-d-850546-4 devstack@n-api.service[121217]: DEBUG nova.api.openstack.wsgi [None req-4efeb0bf-d0e2-4725-9127-963985c34d03 admin admin] Action: 'create', calling method: >, body: {"extra_specs": {"hw_rng:allowed": "True"}} {{(pid=121217) _process_stack /opt/stack/nova/nova/api/openstack/wsgi.py:511}}
Aug 04 16:52:22.010538 n-d-850546-4 devstack@n-api.service[121217]: INFO nova.api.openstack.requestlog [None req-4efeb0bf-d0e2-4725-9127-963985c34d03 admin admin] 10.222.0.61 "POST /compute/v2.1/flavors/d2/os-extra_specs" status: 200 len: 43 microversion: 2.61 time: 0.095772
Aug 04 16:52:22.020472 n-d-850546-4 devstack@n-api.service[121217]: [pid: 121217|app: 0|req: 7/12] 10.222.0.61 () {64 vars in 1336 bytes} [Thu Aug 4 16:52:21 2022] POST /compute/v2.1/flavors/d2/os-extra_specs => generated 43 bytes in 106 msecs (HTTP/1.1 200) 9 headers in 358 bytes (1 switches on core 0)
Aug 04 16:52:24.341799 n-d-850546-4 devstack@n-api.service[121216]: DEBUG nova.api.openstack.wsgi [None req-e0802b01-db40-4f95-bc98-c86c7b2012e3 admin admin] Calling method '>' {{(pid=121216) _process_stack /opt/stack/nova/nova/api/openstack/wsgi.py:513}}
Aug 04 16:52:24.342728 n-d-850546-4 devstack@n-api.service[121216]: INFO nova.api.openstack.requestlog [None req-e0802b01-db40-4f95-bc98-c86c7b2012e3 admin admin] 10.222.0.61 "GET /compute/v2.1" status: 200 len: 388 microversion: 2.1 time: 0.001455
Aug 04 16:52:24.343147 n-d-850546-4 devstack@n-api.service[121216]: [pid: 121216|app: 0|req: 6/13] 10.222.0.61 () {54 vars in 931 bytes} [Thu Aug 4 16:52:24 2022] GET /compute/v2.1 => generated 388 bytes in 2 msecs (HTTP/1.1 200) 9 headers in 357 bytes (1 switches on core 0)
Aug 04 16:52:24.719375 n-d-850546-4 devstack@n-api.service[121217]: DEBUG nova.api.openstack.wsgi [None req-7a75549c-adbd-477f-899b-f0810ec99d38 admin admin] Action: 'create', calling method: >, body: {"flavor": {"swap": 0, "id": "d3", "rxtx_factor": 1.0, "vcpus": 2, "name": "ds2G", "disk": 10, "OS-FLV-EXT-DATA:ephemeral": 0, "os-flavor-access:is_public": true, "ram": 2048}} {{(pid=121217) _process_stack /opt/stack/nova/nova/api/openstack/wsgi.py:511}}
Aug 04 16:52:24.827424 n-d-850546-4 devstack@n-api.service[121217]: INFO nova.api.openstack.requestlog [None req-7a75549c-adbd-477f-899b-f0810ec99d38 admin admin] 10.222.0.61 "POST /compute/v2.1/flavors" status: 200 len: 404 microversion: 2.61 time: 0.472228
Aug 04 16:52:24.827424 n-d-850546-4 devstack@n-api.service[121217]: [pid: 121217|app: 0|req: 8/14] 10.222.0.61 () {64 vars in 1283 bytes} [Thu Aug 4 16:52:24 2022] POST /compute/v2.1/flavors => generated 404 bytes in 474 msecs (HTTP/1.1 200) 9 headers in 359 bytes (1 switches on core 0)
Aug 04 16:52:24.834398 n-d-850546-4 devstack@n-api.service[121216]: DEBUG nova.api.openstack.wsgi [None req-7cea00ff-5533-490b-8521-73de83b5246d admin admin] Action: 'create', calling method: >, body: {"extra_specs": {"hw_rng:allowed": "True"}} {{(pid=121216) _process_stack /opt/stack/nova/nova/api/openstack/wsgi.py:511}}
Aug 04 16:52:24.947081 n-d-850546-4 devstack@n-api.service[121216]: INFO nova.api.openstack.requestlog [None req-7cea00ff-5533-490b-8521-73de83b5246d admin admin] 10.222.0.61 "POST /compute/v2.1/flavors/d3/os-extra_specs" status: 200 len: 43 microversion: 2.61 time: 0.116266
Aug 04 16:52:24.950490 n-d-850546-4 devstack@n-api.service[121216]: [pid: 121216|app: 0|req: 7/15] 10.222.0.61 () {64 vars in 1336 bytes} [Thu Aug 4 16:52:24 2022] POST /compute/v2.1/flavors/d3/os-extra_specs => generated 43 bytes in 118 msecs (HTTP/1.1 200) 9 headers in 358 bytes (1 switches on core 0)
Aug 04 16:52:27.222597 n-d-850546-4 devstack@n-api.service[121217]: DEBUG nova.api.openstack.wsgi [None req-7a75549c-adbd-477f-899b-f0810ec99d38 admin admin] Calling method '>' {{(pid=121217) _process_stack /opt/stack/nova/nova/api/openstack/wsgi.py:513}}
Aug 04 16:52:27.223575 n-d-850546-4 devstack@n-api.service[121217]: INFO nova.api.openstack.requestlog [None req-7a75549c-adbd-477f-899b-f0810ec99d38 admin admin] 10.222.0.61 "GET /compute/v2.1" status: 200 len: 388 microversion: 2.1 time: 0.001459
Aug 04 16:52:27.223977 n-d-850546-4 devstack@n-api.service[121217]: [pid: 121217|app: 0|req: 9/16] 10.222.0.61 () {54 vars in 931 bytes} [Thu Aug 4 16:52:27 2022] GET /compute/v2.1 => generated 388 bytes in 2 msecs (HTTP/1.1 200) 9 headers in 357 bytes (1 switches on core 0)
Aug 04 16:52:27.714996 n-d-850546-4 devstack@n-api.service[121216]: DEBUG nova.api.openstack.wsgi [None req-d8a6138f-9bdb-4d79-baf0-5370bfb4302c admin admin] Action: 'create', calling method: >, body: {"flavor": {"os-flavor-access:is_public": true, "vcpus": 4, "swap": 0, "name": "ds4G", "id": "d4", "OS-FLV-EXT-DATA:ephemeral": 0, "rxtx_factor": 1.0, "disk": 20, "ram": 4096}} {{(pid=121216) _process_stack /opt/stack/nova/nova/api/openstack/wsgi.py:511}}
Aug 04 16:52:27.789917 n-d-850546-4 devstack@n-api.service[121216]: INFO nova.api.openstack.requestlog [None req-d8a6138f-9bdb-4d79-baf0-5370bfb4302c admin admin] 10.222.0.61 "POST /compute/v2.1/flavors" status: 200 len: 404 microversion: 2.61 time: 0.559801
Aug 04 16:52:27.790475 n-d-850546-4 devstack@n-api.service[121216]: [pid: 121216|app: 0|req: 8/17] 10.222.0.61 () {64 vars in 1283 bytes} [Thu Aug 4 16:52:27 2022] POST /compute/v2.1/flavors => generated 404 bytes in 561 msecs (HTTP/1.1 200) 9 headers in 359 bytes (2 switches on core 0)
Aug 04 16:52:27.803525 n-d-850546-4 devstack@n-api.service[121217]: DEBUG nova.api.openstack.wsgi [None req-22e6af51-753f-4c5f-886c-aac4a4c08426 admin admin] Action: 'create', calling method: >, body: {"extra_specs": {"hw_rng:allowed": "True"}} {{(pid=121217) _process_stack /opt/stack/nova/nova/api/openstack/wsgi.py:511}}
Aug 04 16:52:27.868187 n-d-850546-4 devstack@n-api.service[121217]: INFO nova.api.openstack.requestlog [None req-22e6af51-753f-4c5f-886c-aac4a4c08426 admin admin] 10.222.0.61 "POST /compute/v2.1/flavors/d4/os-extra_specs" status: 200 len: 43 microversion: 2.61 time: 0.068564
Aug 04 16:52:27.868774 n-d-850546-4 devstack@n-api.service[121217]: [pid: 121217|app: 0|req: 10/18] 10.222.0.61 () {64 vars in 1336 bytes} [Thu Aug 4 16:52:27 2022] POST /compute/v2.1/flavors/d4/os-extra_specs => generated 43 bytes in 70 msecs (HTTP/1.1 200) 9 headers in 358 bytes (1 switches on core 0)
Aug 04 16:52:30.216626 n-d-850546-4 devstack@n-api.service[121216]: DEBUG nova.api.openstack.wsgi [None req-d8a6138f-9bdb-4d79-baf0-5370bfb4302c admin admin] Calling method '>' {{(pid=121216) _process_stack /opt/stack/nova/nova/api/openstack/wsgi.py:513}}
Aug 04 16:52:30.217644 n-d-850546-4 devstack@n-api.service[121216]: INFO nova.api.openstack.requestlog [None req-d8a6138f-9bdb-4d79-baf0-5370bfb4302c admin admin] 10.222.0.61 "GET /compute/v2.1" status: 200 len: 388 microversion: 2.1 time: 0.001443
Aug 04 16:52:30.218058 n-d-850546-4 devstack@n-api.service[121216]: [pid: 121216|app: 0|req: 9/19] 10.222.0.61 () {54 vars in 931 bytes} [Thu Aug 4 16:52:30 2022] GET /compute/v2.1 => generated 388 bytes in 2 msecs (HTTP/1.1 200) 9 headers in 357 bytes (1 switches on core 0)
Aug 04 16:52:30.722802 n-d-850546-4 devstack@n-api.service[121217]: DEBUG nova.api.openstack.wsgi [None req-a9d6a802-5286-4219-bd6d-065db9f06656 admin admin] Calling method '>' {{(pid=121217) _process_stack /opt/stack/nova/nova/api/openstack/wsgi.py:513}}
Aug 04 16:52:30.754809 n-d-850546-4 devstack@n-api.service[121217]: INFO nova.api.openstack.requestlog [None req-a9d6a802-5286-4219-bd6d-065db9f06656 admin admin] 10.222.0.61 "GET /compute/v2.1/flavors/detail?is_public=True" status: 200 len: 2106 microversion: 2.61 time: 0.530086
Aug 04 16:52:30.770477 n-d-850546-4 devstack@n-api.service[121217]: [pid: 121217|app: 0|req: 11/20] 10.222.0.61 () {60 vars in 1292 bytes} [Thu Aug 4 16:52:30 2022] GET /compute/v2.1/flavors/detail?is_public=True => generated 2106 bytes in 543 msecs (HTTP/1.1 200) 9 headers in 360 bytes (2 switches on core 0)
Aug 04 16:52:32.990267 n-d-850546-4 devstack@n-api.service[121216]: DEBUG nova.api.openstack.wsgi [None req-d8a6138f-9bdb-4d79-baf0-5370bfb4302c admin admin] Calling method '>' {{(pid=121216) _process_stack /opt/stack/nova/nova/api/openstack/wsgi.py:513}}
Aug 04 16:52:32.991282 n-d-850546-4 devstack@n-api.service[121216]: INFO nova.api.openstack.requestlog [None req-d8a6138f-9bdb-4d79-baf0-5370bfb4302c admin admin] 10.222.0.61 "GET /compute/v2.1" status: 200 len: 388 microversion: 2.1 time: 0.001450
Aug 04 16:52:32.991719 n-d-850546-4 devstack@n-api.service[121216]: [pid: 121216|app: 0|req: 10/21] 10.222.0.61 () {54 vars in 931 bytes} [Thu Aug 4 16:52:32 2022] GET /compute/v2.1 => generated 388 bytes in 2 msecs (HTTP/1.1 200) 9 headers in 357 bytes (1 switches on core 0)
Aug 04 16:52:33.432592 n-d-850546-4 devstack@n-api.service[121217]: DEBUG nova.api.openstack.wsgi [None req-a60d81a6-e0b5-4408-84db-24ca1270d217 admin admin] Action: 'create', calling method: >, body: {"flavor": {"disk": 1, "os-flavor-access:is_public": true, "vcpus": 1, "rxtx_factor": 1.0, "name": "m1.tiny", "OS-FLV-EXT-DATA:ephemeral": 0, "swap": 0, "id": "1", "ram": 512}} {{(pid=121217) _process_stack /opt/stack/nova/nova/api/openstack/wsgi.py:511}}
Aug 04 16:52:33.528375 n-d-850546-4 devstack@n-api.service[121217]: INFO nova.api.openstack.requestlog [None req-a60d81a6-e0b5-4408-84db-24ca1270d217 admin admin] 10.222.0.61 "POST /compute/v2.1/flavors" status: 200 len: 402 microversion: 2.61 time: 0.530302
Aug 04 16:52:33.529127 n-d-850546-4 devstack@n-api.service[121217]: [pid: 121217|app: 0|req: 12/22] 10.222.0.61 () {64 vars in 1283 bytes} [Thu Aug 4 16:52:32 2022] POST /compute/v2.1/flavors => generated 402 bytes in 532 msecs (HTTP/1.1 200) 9 headers in 359 bytes (2 switches on core 0)
Aug 04 16:52:33.545441 n-d-850546-4 devstack@n-api.service[121216]: DEBUG nova.api.openstack.wsgi [None req-2db3b699-8d5c-44e6-91df-c749513c789d admin admin] Action: 'create', calling method: >, body: {"extra_specs": {"hw_rng:allowed": "True"}} {{(pid=121216) _process_stack /opt/stack/nova/nova/api/openstack/wsgi.py:511}}
Aug 04 16:52:33.639600 n-d-850546-4 devstack@n-api.service[121216]: INFO nova.api.openstack.requestlog [None req-2db3b699-8d5c-44e6-91df-c749513c789d admin admin] 10.222.0.61 "POST /compute/v2.1/flavors/1/os-extra_specs" status: 200 len: 43 microversion: 2.61 time: 0.098965
Aug 04 16:52:33.640202 n-d-850546-4 devstack@n-api.service[121216]: [pid: 121216|app: 0|req: 11/23] 10.222.0.61 () {64 vars in 1333 bytes} [Thu Aug 4 16:52:33 2022] POST /compute/v2.1/flavors/1/os-extra_specs => generated 43 bytes in 100 msecs (HTTP/1.1 200) 9 headers in 358 bytes (1 switches on core 0)
Aug 04 16:52:35.903984 n-d-850546-4 devstack@n-api.service[121217]: DEBUG nova.api.openstack.wsgi [None req-a60d81a6-e0b5-4408-84db-24ca1270d217 admin admin] Calling method '>' {{(pid=121217) _process_stack /opt/stack/nova/nova/api/openstack/wsgi.py:513}}
Aug 04 16:52:35.905047 n-d-850546-4 devstack@n-api.service[121217]: INFO nova.api.openstack.requestlog [None req-a60d81a6-e0b5-4408-84db-24ca1270d217 admin admin] 10.222.0.61 "GET /compute/v2.1" status: 200 len: 388 microversion: 2.1 time: 0.001590
Aug 04 16:52:35.905663 n-d-850546-4 devstack@n-api.service[121217]: [pid: 121217|app: 0|req: 13/24] 10.222.0.61 () {54 vars in 931 bytes} [Thu Aug 4 16:52:35 2022] GET /compute/v2.1 => generated 388 bytes in 3 msecs (HTTP/1.1 200) 9 headers in 357 bytes (1 switches on core 0)
Aug 04 16:52:36.358178 n-d-850546-4 devstack@n-api.service[121216]: DEBUG nova.api.openstack.wsgi [None req-9a12390b-9417-45bf-afd8-ccfdaccc7127 admin admin] Action: 'create', calling method: >, body: {"flavor": {"OS-FLV-EXT-DATA:ephemeral": 0, "os-flavor-access:is_public": true, "id": "2", "name": "m1.small", "vcpus": 1, "rxtx_factor": 1.0, "ram": 2048, "swap": 0, "disk": 20}} {{(pid=121216) _process_stack /opt/stack/nova/nova/api/openstack/wsgi.py:511}}
Aug 04 16:52:36.434137 n-d-850546-4 devstack@n-api.service[121216]: INFO nova.api.openstack.requestlog [None req-9a12390b-9417-45bf-afd8-ccfdaccc7127 admin admin] 10.222.0.61 "POST /compute/v2.1/flavors" status: 200 len: 405 microversion: 2.61 time: 0.522548
Aug 04 16:52:36.434635 n-d-850546-4 devstack@n-api.service[121216]: [pid: 121216|app: 0|req: 12/25] 10.222.0.61 () {64 vars in 1283 bytes} [Thu Aug 4 16:52:35 2022] POST /compute/v2.1/flavors => generated 405 bytes in 524 msecs (HTTP/1.1 200) 9 headers in 359 bytes (2 switches on core 0)
Aug 04 16:52:36.447301 n-d-850546-4 devstack@n-api.service[121217]: DEBUG nova.api.openstack.wsgi [None req-b4bc4ea8-ff22-4c48-8970-5f37a37bf85e admin admin] Action: 'create', calling method: >, body: {"extra_specs": {"hw_rng:allowed": "True"}} {{(pid=121217) _process_stack /opt/stack/nova/nova/api/openstack/wsgi.py:511}}
Aug 04 16:52:36.541575 n-d-850546-4 devstack@n-api.service[121217]: INFO nova.api.openstack.requestlog [None req-b4bc4ea8-ff22-4c48-8970-5f37a37bf85e admin admin] 10.222.0.61 "POST /compute/v2.1/flavors/2/os-extra_specs" status: 200 len: 43 microversion: 2.61 time: 0.097855
Aug 04 16:52:36.542152 n-d-850546-4 devstack@n-api.service[121217]: [pid: 121217|app: 0|req: 14/26] 10.222.0.61 () {64 vars in 1333 bytes} [Thu Aug 4 16:52:36 2022] POST /compute/v2.1/flavors/2/os-extra_specs => generated 43 bytes in 99 msecs (HTTP/1.1 200) 9 headers in 358 bytes (1 switches on core 0)
Aug 04 16:52:38.759927 n-d-850546-4 devstack@n-api.service[121216]: DEBUG nova.api.openstack.wsgi [None req-9a12390b-9417-45bf-afd8-ccfdaccc7127 admin admin] Calling method '>' {{(pid=121216) _process_stack /opt/stack/nova/nova/api/openstack/wsgi.py:513}}
Aug 04 16:52:38.760971 n-d-850546-4 devstack@n-api.service[121216]: INFO nova.api.openstack.requestlog [None req-9a12390b-9417-45bf-afd8-ccfdaccc7127 admin admin] 10.222.0.61 "GET /compute/v2.1" status: 200 len: 388 microversion: 2.1 time: 0.001516
Aug 04 16:52:38.761547 n-d-850546-4 devstack@n-api.service[121216]: [pid: 121216|app: 0|req: 13/27] 10.222.0.61 () {54 vars in 931 bytes} [Thu Aug 4 16:52:38 2022] GET /compute/v2.1 => generated 388 bytes in 3 msecs (HTTP/1.1 200) 9 headers in 357 bytes (1 switches on core 0)
Aug 04 16:52:39.154202 n-d-850546-4 devstack@n-api.service[121217]: DEBUG nova.api.openstack.wsgi [None req-39dbd4dd-ce7d-4738-94cf-34cf51d9f372 admin admin] Action: 'create', calling method: >, body: {"flavor": {"os-flavor-access:is_public": true, "rxtx_factor": 1.0, "ram": 4096, "OS-FLV-EXT-DATA:ephemeral": 0, "name": "m1.medium", "disk": 40, "swap": 0, "id": "3", "vcpus": 2}} {{(pid=121217) _process_stack /opt/stack/nova/nova/api/openstack/wsgi.py:511}}
Aug 04 16:52:39.234269 n-d-850546-4 devstack@n-api.service[121217]: INFO nova.api.openstack.requestlog [None req-39dbd4dd-ce7d-4738-94cf-34cf51d9f372 admin admin] 10.222.0.61 "POST /compute/v2.1/flavors" status: 200 len: 406 microversion: 2.61 time: 0.466415
Aug 04 16:52:39.239497 n-d-850546-4 devstack@n-api.service[121217]: [pid: 121217|app: 0|req: 15/28] 10.222.0.61 () {64 vars in 1283 bytes} [Thu Aug 4 16:52:38 2022] POST /compute/v2.1/flavors => generated 406 bytes in 468 msecs (HTTP/1.1 200) 9 headers in 359 bytes (1 switches on core 0)
Aug 04 16:52:39.248134 n-d-850546-4 devstack@n-api.service[121216]: DEBUG nova.api.openstack.wsgi [None req-b1c23275-84e6-4c92-bb90-47af856de002 admin admin] Action: 'create', calling method: >, body: {"extra_specs": {"hw_rng:allowed": "True"}} {{(pid=121216) _process_stack /opt/stack/nova/nova/api/openstack/wsgi.py:511}}
Aug 04 16:52:39.358401 n-d-850546-4 devstack@n-api.service[121216]: INFO nova.api.openstack.requestlog [None req-b1c23275-84e6-4c92-bb90-47af856de002 admin admin] 10.222.0.61 "POST /compute/v2.1/flavors/3/os-extra_specs" status: 200 len: 43 microversion: 2.61 time: 0.113847
Aug 04 16:52:39.367472 n-d-850546-4 devstack@n-api.service[121216]: [pid: 121216|app: 0|req: 14/29] 10.222.0.61 () {64 vars in 1333 bytes} [Thu Aug 4 16:52:39 2022] POST /compute/v2.1/flavors/3/os-extra_specs => generated 43 bytes in 115 msecs (HTTP/1.1 200) 9 headers in 358 bytes (1 switches on core 0)
Aug 04 16:52:41.562694 n-d-850546-4 devstack@n-api.service[121217]: DEBUG nova.api.openstack.wsgi [None req-39dbd4dd-ce7d-4738-94cf-34cf51d9f372 admin admin] Calling method '>' {{(pid=121217) _process_stack /opt/stack/nova/nova/api/openstack/wsgi.py:513}}
Aug 04 16:52:41.563862 n-d-850546-4 devstack@n-api.service[121217]: INFO nova.api.openstack.requestlog [None req-39dbd4dd-ce7d-4738-94cf-34cf51d9f372 admin admin] 10.222.0.61 "GET /compute/v2.1" status: 200 len: 388 microversion: 2.1 time: 0.001501
Aug 04 16:52:41.564275 n-d-850546-4 devstack@n-api.service[121217]: [pid: 121217|app: 0|req: 16/30] 10.222.0.61 () {54 vars in 931 bytes} [Thu Aug 4 16:52:41 2022] GET /compute/v2.1 => generated 388 bytes in 2 msecs (HTTP/1.1 200) 9 headers in 357 bytes (1 switches on core 0)
Aug 04 16:52:41.948223 n-d-850546-4 devstack@n-api.service[121216]: DEBUG nova.api.openstack.wsgi [None req-c783df4b-9369-4215-8b1c-befd4f2f92b2 admin admin] Action: 'create', calling method: >, body: {"flavor": {"OS-FLV-EXT-DATA:ephemeral": 0, "os-flavor-access:is_public": true, "ram": 8192, "name": "m1.large", "disk": 80, "swap": 0, "vcpus": 4, "rxtx_factor": 1.0, "id": "4"}} {{(pid=121216) _process_stack /opt/stack/nova/nova/api/openstack/wsgi.py:511}}
Aug 04 16:52:41.954504 n-d-850546-4 devstack@n-api.service[121216]: DEBUG dbcounter [-] [121216] Writing DB stats nova_api:SELECT=39,nova_api:INSERT=8,nova_api:SAVEPOINT=4,nova_api:RELEASE=4 {{(pid=121216) stat_writer /usr/local/lib/python3.8/dist-packages/dbcounter.py:114}}
Aug 04 16:52:42.040401 n-d-850546-4 devstack@n-api.service[121216]: INFO nova.api.openstack.requestlog [None req-c783df4b-9369-4215-8b1c-befd4f2f92b2 admin admin] 10.222.0.61 "POST /compute/v2.1/flavors" status: 200 len: 405 microversion: 2.61 time: 0.469712
Aug 04 16:52:42.040972 n-d-850546-4 devstack@n-api.service[121216]: [pid: 121216|app: 0|req: 15/31] 10.222.0.61 () {64 vars in 1283 bytes} [Thu Aug 4 16:52:41 2022] POST /compute/v2.1/flavors => generated 405 bytes in 471 msecs (HTTP/1.1 200) 9 headers in 359 bytes (1 switches on core 0)
Aug 04 16:52:42.053112 n-d-850546-4 devstack@n-api.service[121217]: DEBUG nova.api.openstack.wsgi [None req-2c9f7983-dc13-4c1a-9c3a-19993dd60e80 admin admin] Action: 'create', calling method: >, body: {"extra_specs": {"hw_rng:allowed": "True"}} {{(pid=121217) _process_stack /opt/stack/nova/nova/api/openstack/wsgi.py:511}}
Aug 04 16:52:42.157982 n-d-850546-4 devstack@n-api.service[121217]: INFO nova.api.openstack.requestlog [None req-2c9f7983-dc13-4c1a-9c3a-19993dd60e80 admin admin] 10.222.0.61 "POST /compute/v2.1/flavors/4/os-extra_specs" status: 200 len: 43 microversion: 2.61 time: 0.108408
Aug 04 16:52:42.158697 n-d-850546-4 devstack@n-api.service[121217]: [pid: 121217|app: 0|req: 17/32] 10.222.0.61 () {64 vars in 1333 bytes} [Thu Aug 4 16:52:42 2022] POST /compute/v2.1/flavors/4/os-extra_specs => generated 43 bytes in 110 msecs (HTTP/1.1 200) 9 headers in 358 bytes (1 switches on core 0)
Aug 04 16:52:44.395710 n-d-850546-4 devstack@n-api.service[121216]: DEBUG nova.api.openstack.wsgi [None req-c783df4b-9369-4215-8b1c-befd4f2f92b2 admin admin] Calling method '>' {{(pid=121216) _process_stack /opt/stack/nova/nova/api/openstack/wsgi.py:513}}
Aug 04 16:52:44.396794 n-d-850546-4 devstack@n-api.service[121216]: INFO nova.api.openstack.requestlog [None req-c783df4b-9369-4215-8b1c-befd4f2f92b2 admin admin] 10.222.0.61 "GET /compute/v2.1" status: 200 len: 388 microversion: 2.1 time: 0.001556
Aug 04 16:52:44.401171 n-d-850546-4 devstack@n-api.service[121216]: [pid: 121216|app: 0|req: 16/33] 10.222.0.61 () {54 vars in 931 bytes} [Thu Aug 4 16:52:44 2022] GET /compute/v2.1 => generated 388 bytes in 6 msecs (HTTP/1.1 200) 9 headers in 357 bytes (1 switches on core 0)
Aug 04 16:52:44.865503 n-d-850546-4 devstack@n-api.service[121217]: DEBUG nova.api.openstack.wsgi [None req-6a103b6e-4d48-4d02-b65f-e90c7a24ffd5 admin admin] Action: 'create', calling method: >, body: {"flavor": {"vcpus": 8, "OS-FLV-EXT-DATA:ephemeral": 0, "swap": 0, "id": "5", "rxtx_factor": 1.0, "ram": 16384, "os-flavor-access:is_public": true, "disk": 160, "name": "m1.xlarge"}} {{(pid=121217) _process_stack /opt/stack/nova/nova/api/openstack/wsgi.py:511}}
Aug 04 16:52:44.943875 n-d-850546-4 devstack@n-api.service[121217]: INFO nova.api.openstack.requestlog [None req-6a103b6e-4d48-4d02-b65f-e90c7a24ffd5 admin admin] 10.222.0.61 "POST /compute/v2.1/flavors" status: 200 len: 408 microversion: 2.61 time: 0.535768
Aug 04 16:52:44.944763 n-d-850546-4 devstack@n-api.service[121217]: [pid: 121217|app: 0|req: 18/34] 10.222.0.61 () {64 vars in 1283 bytes} [Thu Aug 4 16:52:44 2022] POST /compute/v2.1/flavors => generated 408 bytes in 538 msecs (HTTP/1.1 200) 9 headers in 359 bytes (2 switches on core 0)
Aug 04 16:52:44.957803 n-d-850546-4 devstack@n-api.service[121216]: DEBUG nova.api.openstack.wsgi [None req-88b671de-9a4c-487e-ac33-150c11d3f1ea admin admin] Action: 'create', calling method: >, body: {"extra_specs": {"hw_rng:allowed": "True"}} {{(pid=121216) _process_stack /opt/stack/nova/nova/api/openstack/wsgi.py:511}}
Aug 04 16:52:45.021495 n-d-850546-4 devstack@n-api.service[121216]: INFO nova.api.openstack.requestlog [None req-88b671de-9a4c-487e-ac33-150c11d3f1ea admin admin] 10.222.0.61 "POST /compute/v2.1/flavors/5/os-extra_specs" status: 200 len: 43 microversion: 2.61 time: 0.068003
Aug 04 16:52:45.022490 n-d-850546-4 devstack@n-api.service[121216]: [pid: 121216|app: 0|req: 17/35] 10.222.0.61 () {64 vars in 1333 bytes} [Thu Aug 4 16:52:44 2022] POST /compute/v2.1/flavors/5/os-extra_specs => generated 43 bytes in 70 msecs (HTTP/1.1 200) 9 headers in 358 bytes (2 switches on core 0)
Aug 04 16:53:09.279774 n-d-850546-4 devstack@n-api.service[121217]: DEBUG nova.api.openstack.wsgi [None req-6a103b6e-4d48-4d02-b65f-e90c7a24ffd5 admin admin] Calling method '>' {{(pid=121217) _process_stack /opt/stack/nova/nova/api/openstack/wsgi.py:513}}
Aug 04 16:53:09.280794 n-d-850546-4 devstack@n-api.service[121217]: INFO nova.api.openstack.requestlog [None req-6a103b6e-4d48-4d02-b65f-e90c7a24ffd5 admin admin] 10.222.0.61 "GET /compute/v2.1" status: 200 len: 388 microversion: 2.1 time: 0.001511
Aug 04 16:53:09.281202 n-d-850546-4 devstack@n-api.service[121217]: [pid: 121217|app: 0|req: 19/36] 10.222.0.61 () {54 vars in 931 bytes} [Thu Aug 4 16:53:09 2022] GET /compute/v2.1 => generated 388 bytes in 2 msecs (HTTP/1.1 200) 9 headers in 357 bytes (1 switches on core 0)
Aug 04 16:53:09.669487 n-d-850546-4 devstack@n-api.service[121216]: DEBUG nova.api.openstack.wsgi [None req-14f5ecd4-748e-42d4-87ea-1b9b2196d3bb admin admin] Calling method '>' {{(pid=121216) _process_stack /opt/stack/nova/nova/api/openstack/wsgi.py:513}}
Aug 04 16:53:09.687779 n-d-850546-4 devstack@n-api.service[121216]: INFO nova.api.openstack.requestlog [None req-14f5ecd4-748e-42d4-87ea-1b9b2196d3bb admin admin] 10.222.0.61 "GET /compute/v2.1/flavors/detail?is_public=True" status: 200 len: 4202 microversion: 2.61 time: 0.400063
Aug 04 16:53:09.688319 n-d-850546-4 devstack@n-api.service[121216]: [pid: 121216|app: 0|req: 18/37] 10.222.0.61 () {60 vars in 1292 bytes} [Thu Aug 4 16:53:09 2022] GET /compute/v2.1/flavors/detail?is_public=True => generated 4202 bytes in 401 msecs (HTTP/1.1 200) 9 headers in 360 bytes (1 switches on core 0)
Aug 04 16:53:10.744550 n-d-850546-4 devstack@n-api.service[121217]: DEBUG nova.api.openstack.wsgi [None req-6a103b6e-4d48-4d02-b65f-e90c7a24ffd5 admin admin] Calling method '>' {{(pid=121217) _process_stack /opt/stack/nova/nova/api/openstack/wsgi.py:513}}
Aug 04 16:53:10.745590 n-d-850546-4 devstack@n-api.service[121217]: INFO nova.api.openstack.requestlog [None req-6a103b6e-4d48-4d02-b65f-e90c7a24ffd5 admin admin] 10.222.0.61 "GET /compute/v2.1" status: 200 len: 388 microversion: 2.1 time: 0.001464
Aug 04 16:53:10.745992 n-d-850546-4 devstack@n-api.service[121217]: [pid: 121217|app: 0|req: 20/38] 10.222.0.61 () {56 vars in 1074 bytes} [Thu Aug 4 16:53:10 2022] GET /compute/v2.1 => generated 388 bytes in 2 msecs (HTTP/1.1 200) 9 headers in 357 bytes (1 switches on core 0)
Aug 04 16:53:11.408631 n-d-850546-4 devstack@n-api.service[121216]: DEBUG nova.api.openstack.wsgi [None req-badad0c5-35f2-446b-8fdd-6dea1a1ef2c0 admin admin] Calling method '>' {{(pid=121216) _process_stack /opt/stack/nova/nova/api/openstack/wsgi.py:513}}
Aug 04 16:53:11.414201 n-d-850546-4 devstack@n-api.service[121216]: INFO nova.api.openstack.wsgi [None req-badad0c5-35f2-446b-8fdd-6dea1a1ef2c0 admin admin] HTTP exception thrown: Flavor 42 could not be found.
Aug 04 16:53:11.417460 n-d-850546-4 devstack@n-api.service[121216]: DEBUG nova.api.openstack.wsgi [None req-badad0c5-35f2-446b-8fdd-6dea1a1ef2c0 admin admin] Request method failure captured:
