Aug 03 17:11:40.020911 n-d-850546-3 devstack@keystone.service[80558]: [pid: 80558|app: 0|req: 23/47] 10.222.0.119 () {54 vars in 931 bytes} [Wed Aug 3 17:11:40 2022] GET /identity => generated 271 bytes in 3 msecs (HTTP/1.1 300) 6 headers in 235 bytes (1 switches on core 0)
Aug 03 17:11:40.026286 n-d-850546-3 devstack@keystone.service[80557]: DEBUG keystone.server.flask.request_processing.req_logging [None req-a64a5a81-3097-49fe-a85a-835dda6188ca None None] REQUEST_METHOD: `POST` {{(pid=80557) log_request_info /opt/stack/keystone/keystone/server/flask/request_processing/req_logging.py:27}}
Aug 03 17:11:40.026671 n-d-850546-3 devstack@keystone.service[80557]: DEBUG keystone.server.flask.request_processing.req_logging [None req-a64a5a81-3097-49fe-a85a-835dda6188ca None None] SCRIPT_NAME: `/identity` {{(pid=80557) log_request_info /opt/stack/keystone/keystone/server/flask/request_processing/req_logging.py:28}}
Aug 03 17:11:40.026862 n-d-850546-3 devstack@keystone.service[80557]: DEBUG keystone.server.flask.request_processing.req_logging [None req-a64a5a81-3097-49fe-a85a-835dda6188ca None None] PATH_INFO: `/v3/auth/tokens` {{(pid=80557) log_request_info /opt/stack/keystone/keystone/server/flask/request_processing/req_logging.py:29}}
Aug 03 17:11:40.045402 n-d-850546-3 devstack@keystone.service[80557]: DEBUG keystone.auth.core [None req-a64a5a81-3097-49fe-a85a-835dda6188ca None None] MFA Rules not processed for user `9d129b57a02d4a3695ce1b981363ceac`. Rule list: `[]` (Enabled: `True`). {{(pid=80557) check_auth_methods_against_rules /opt/stack/keystone/keystone/auth/core.py:438}}
Aug 03 17:11:40.046644 n-d-850546-3 devstack@keystone.service[80557]: DEBUG keystone.common.fernet_utils [None req-a64a5a81-3097-49fe-a85a-835dda6188ca None None] Loaded 2 Fernet keys from /etc/keystone/fernet-keys/, but `[fernet_tokens] max_active_keys = 3`; perhaps there have not been enough key rotations to reach `max_active_keys` yet? {{(pid=80557) load_keys /opt/stack/keystone/keystone/common/fernet_utils.py:286}}
Aug 03 17:11:40.115280 n-d-850546-3 devstack@keystone.service[80557]: [pid: 80557|app: 0|req: 25/48] 10.222.0.119 () {58 vars in 1028 bytes} [Wed Aug 3 17:11:40 2022] POST /identity/v3/auth/tokens => generated 800 bytes in 90 msecs (HTTP/1.1 201) 6 headers in 363 bytes (1 switches on core 0)
Aug 03 17:11:40.138596 n-d-850546-3 devstack@keystone.service[80558]: DEBUG keystone.server.flask.request_processing.middleware.auth_context [None req-3b54be70-8255-42af-9ab5-43c439a914ca None None] Authenticating user token {{(pid=80558) process_request /usr/local/lib/python3.8/dist-packages/keystonemiddleware/auth_token/__init__.py:407}}
Aug 03 17:11:40.243826 n-d-850546-3 devstack@keystone.service[80558]: DEBUG keystone.server.flask.request_processing.middleware.auth_context [None req-3b54be70-8255-42af-9ab5-43c439a914ca None None] Validating token access rules against request {{(pid=80558) validate_allowed_request /usr/local/lib/python3.8/dist-packages/keystonemiddleware/auth_token/__init__.py:545}}
Aug 03 17:11:40.277334 n-d-850546-3 devstack@keystone.service[80558]: DEBUG keystone.server.flask.request_processing.middleware.auth_context [None req-030b02f7-6984-4004-80ca-b38eda08e4a5 None admin] RBAC: auth_context: {'token': , 'domain_id': None, 'trust_id': None, 'trustor_id': None, 'trustee_id': None, 'domain_name': None, 'group_ids': [], 'user_id': '9d129b57a02d4a3695ce1b981363ceac', 'user_domain_id': 'default', 'system_scope': 'all', 'project_id': None, 'project_domain_id': None, 'roles': ['admin', 'member', 'reader'], 'is_admin_project': True, 'service_user_id': None, 'service_user_domain_id': None, 'service_project_id': None, 'service_project_domain_id': None, 'service_roles': []} {{(pid=80558) fill_context /opt/stack/keystone/keystone/server/flask/request_processing/middleware/auth_context.py:478}}
Aug 03 17:11:40.277984 n-d-850546-3 devstack@keystone.service[80558]: DEBUG keystone.server.flask.request_processing.req_logging [None req-030b02f7-6984-4004-80ca-b38eda08e4a5 None admin] REQUEST_METHOD: `GET` {{(pid=80558) log_request_info /opt/stack/keystone/keystone/server/flask/request_processing/req_logging.py:27}}
Aug 03 17:11:40.278305 n-d-850546-3 devstack@keystone.service[80558]: DEBUG keystone.server.flask.request_processing.req_logging [None req-030b02f7-6984-4004-80ca-b38eda08e4a5 None admin] SCRIPT_NAME: `/identity` {{(pid=80558) log_request_info /opt/stack/keystone/keystone/server/flask/request_processing/req_logging.py:28}}
Aug 03 17:11:40.278587 n-d-850546-3 devstack@keystone.service[80558]: DEBUG keystone.server.flask.request_processing.req_logging [None req-030b02f7-6984-4004-80ca-b38eda08e4a5 None admin] PATH_INFO: `/v3/roles/admin` {{(pid=80558) log_request_info /opt/stack/keystone/keystone/server/flask/request_processing/req_logging.py:29}}
Aug 03 17:11:40.280559 n-d-850546-3 devstack@keystone.service[80558]: DEBUG dbcounter [-] [80558] Writing DB stats keystone:SELECT=100 {{(pid=80558) stat_writer /usr/local/lib/python3.8/dist-packages/dbcounter.py:114}}
Aug 03 17:11:40.291701 n-d-850546-3 devstack@keystone.service[80558]: DEBUG keystone.common.rbac_enforcer.enforcer [None req-030b02f7-6984-4004-80ca-b38eda08e4a5 None admin] Extracting inferred target data resulted in "NOT FOUND (404)". {{(pid=80558) enforce_call /opt/stack/keystone/keystone/common/rbac_enforcer/enforcer.py:409}}
Aug 03 17:11:40.298346 n-d-850546-3 devstack@keystone.service[80558]: ERROR keystone.server.flask.application [None req-030b02f7-6984-4004-80ca-b38eda08e4a5 None admin] Could not find role: admin.: keystone.exception.RoleNotFound: Could not find role: admin.
Aug 03 17:11:40.298346 n-d-850546-3 devstack@keystone.service[80558]: ERROR keystone.server.flask.application
Traceback (most recent call last):
Aug 03 17:11:40.298346 n-d-850546-3 devstack@keystone.service[80558]: ERROR keystone.server.flask.application
File "/usr/local/lib/python3.8/dist-packages/flask/app.py", line 1517, in full_dispatch_request
Aug 03 17:11:40.298346 n-d-850546-3 devstack@keystone.service[80558]: ERROR keystone.server.flask.application rv = self.dispatch_request()
Aug 03 17:11:40.298346 n-d-850546-3 devstack@keystone.service[80558]: ERROR keystone.server.flask.application
File "/usr/local/lib/python3.8/dist-packages/flask/app.py", line 1503, in dispatch_request
Aug 03 17:11:40.298346 n-d-850546-3 devstack@keystone.service[80558]: ERROR keystone.server.flask.application return self.ensure_sync(self.view_functions[rule.endpoint])(**req.view_args)
Aug 03 17:11:40.298346 n-d-850546-3 devstack@keystone.service[80558]: ERROR keystone.server.flask.application
File "/usr/local/lib/python3.8/dist-packages/flask_restful/__init__.py", line 467, in wrapper
Aug 03 17:11:40.298346 n-d-850546-3 devstack@keystone.service[80558]: ERROR keystone.server.flask.application resp = resource(*args, **kwargs)
Aug 03 17:11:40.298346 n-d-850546-3 devstack@keystone.service[80558]: ERROR keystone.server.flask.application
File "/usr/local/lib/python3.8/dist-packages/flask/views.py", line 84, in view
Aug 03 17:11:40.298346 n-d-850546-3 devstack@keystone.service[80558]: ERROR keystone.server.flask.application return current_app.ensure_sync(self.dispatch_request)(*args, **kwargs)
Aug 03 17:11:40.298346 n-d-850546-3 devstack@keystone.service[80558]: ERROR keystone.server.flask.application
File "/usr/local/lib/python3.8/dist-packages/flask_restful/__init__.py", line 582, in dispatch_request
Aug 03 17:11:40.298346 n-d-850546-3 devstack@keystone.service[80558]: ERROR keystone.server.flask.application resp = meth(*args, **kwargs)
Aug 03 17:11:40.298346 n-d-850546-3 devstack@keystone.service[80558]: ERROR keystone.server.flask.application
File "/opt/stack/keystone/keystone/api/roles.py", line 50, in get
Aug 03 17:11:40.298346 n-d-850546-3 devstack@keystone.service[80558]: ERROR keystone.server.flask.application return self._get_role(role_id)
Aug 03 17:11:40.298346 n-d-850546-3 devstack@keystone.service[80558]: ERROR keystone.server.flask.application
File "/opt/stack/keystone/keystone/api/roles.py", line 70, in _get_role
Aug 03 17:11:40.298346 n-d-850546-3 devstack@keystone.service[80558]: ERROR keystone.server.flask.application ENFORCER.enforce_call(action='identity:get_role')
Aug 03 17:11:40.299322 n-d-850546-3 devstack@keystone.service[80558]: ERROR keystone.server.flask.application
File "/opt/stack/keystone/keystone/common/rbac_enforcer/enforcer.py", line 402, in enforce_call
Aug 03 17:11:40.299322 n-d-850546-3 devstack@keystone.service[80558]: ERROR keystone.server.flask.application policy_dict.update(cls._extract_member_target_data(
Aug 03 17:11:40.299322 n-d-850546-3 devstack@keystone.service[80558]: ERROR keystone.server.flask.application
File "/opt/stack/keystone/keystone/common/rbac_enforcer/enforcer.py", line 234, in _extract_member_target_data
Aug 03 17:11:40.299322 n-d-850546-3 devstack@keystone.service[80558]: ERROR keystone.server.flask.application member_name: func(flask.request.view_args[key])
Aug 03 17:11:40.299322 n-d-850546-3 devstack@keystone.service[80558]: ERROR keystone.server.flask.application
File "/opt/stack/keystone/keystone/common/manager.py", line 115, in wrapped
Aug 03 17:11:40.299322 n-d-850546-3 devstack@keystone.service[80558]: ERROR keystone.server.flask.application __ret_val = __f(*args, **kwargs)
Aug 03 17:11:40.299322 n-d-850546-3 devstack@keystone.service[80558]: ERROR keystone.server.flask.application
File "/usr/local/lib/python3.8/dist-packages/decorator.py", line 232, in fun
Aug 03 17:11:40.299322 n-d-850546-3 devstack@keystone.service[80558]: ERROR keystone.server.flask.application return caller(func, *(extras + args), **kw)
Aug 03 17:11:40.299322 n-d-850546-3 devstack@keystone.service[80558]: ERROR keystone.server.flask.application
File "/usr/local/lib/python3.8/dist-packages/dogpile/cache/region.py", line 1577, in get_or_create_for_user_func
Aug 03 17:11:40.299322 n-d-850546-3 devstack@keystone.service[80558]: ERROR keystone.server.flask.application return self.get_or_create(
Aug 03 17:11:40.299322 n-d-850546-3 devstack@keystone.service[80558]: ERROR keystone.server.flask.application
File "/usr/local/lib/python3.8/dist-packages/dogpile/cache/region.py", line 1042, in get_or_create
Aug 03 17:11:40.299322 n-d-850546-3 devstack@keystone.service[80558]: ERROR keystone.server.flask.application with Lock(
Aug 03 17:11:40.299322 n-d-850546-3 devstack@keystone.service[80558]: ERROR keystone.server.flask.application
File "/usr/local/lib/python3.8/dist-packages/dogpile/lock.py", line 185, in __enter__
Aug 03 17:11:40.299322 n-d-850546-3 devstack@keystone.service[80558]: ERROR keystone.server.flask.application return self._enter()
Aug 03 17:11:40.299322 n-d-850546-3 devstack@keystone.service[80558]: ERROR keystone.server.flask.application
File "/usr/local/lib/python3.8/dist-packages/dogpile/lock.py", line 94, in _enter
Aug 03 17:11:40.299322 n-d-850546-3 devstack@keystone.service[80558]: ERROR keystone.server.flask.application generated = self._enter_create(value, createdtime)
Aug 03 17:11:40.300366 n-d-850546-3 devstack@keystone.service[80558]: ERROR keystone.server.flask.application
File "/usr/local/lib/python3.8/dist-packages/dogpile/lock.py", line 178, in _enter_create
Aug 03 17:11:40.300366 n-d-850546-3 devstack@keystone.service[80558]: ERROR keystone.server.flask.application return self.creator()
Aug 03 17:11:40.300366 n-d-850546-3 devstack@keystone.service[80558]: ERROR keystone.server.flask.application
File "/usr/local/lib/python3.8/dist-packages/dogpile/cache/region.py", line 995, in gen_value
Aug 03 17:11:40.300366 n-d-850546-3 devstack@keystone.service[80558]: ERROR keystone.server.flask.application created_value = creator(
Aug 03 17:11:40.300366 n-d-850546-3 devstack@keystone.service[80558]: ERROR keystone.server.flask.application
File "/opt/stack/keystone/keystone/assignment/core.py", line 1276, in get_role
Aug 03 17:11:40.300366 n-d-850546-3 devstack@keystone.service[80558]: ERROR keystone.server.flask.application return self.driver.get_role(role_id)
Aug 03 17:11:40.300366 n-d-850546-3 devstack@keystone.service[80558]: ERROR keystone.server.flask.application
File "/opt/stack/keystone/keystone/assignment/role_backends/sql.py", line 70, in get_role
Aug 03 17:11:40.300366 n-d-850546-3 devstack@keystone.service[80558]: ERROR keystone.server.flask.application return self._get_role(session, role_id).to_dict()
Aug 03 17:11:40.300366 n-d-850546-3 devstack@keystone.service[80558]: ERROR keystone.server.flask.application
File "/opt/stack/keystone/keystone/assignment/role_backends/sql.py", line 65, in _get_role
Aug 03 17:11:40.300366 n-d-850546-3 devstack@keystone.service[80558]: ERROR keystone.server.flask.application raise exception.RoleNotFound(role_id=role_id)
Aug 03 17:11:40.300366 n-d-850546-3 devstack@keystone.service[80558]: ERROR keystone.server.flask.application keystone.exception.RoleNotFound: Could not find role: admin.
Aug 03 17:11:40.300366 n-d-850546-3 devstack@keystone.service[80558]: ERROR keystone.server.flask.application
Aug 03 17:11:40.300366 n-d-850546-3 devstack@keystone.service[80558]: [pid: 80558|app: 0|req: 24/49] 10.222.0.119 () {56 vars in 1101 bytes} [Wed Aug 3 17:11:40 2022] GET /identity/v3/roles/admin => generated 83 bytes in 161 msecs (HTTP/1.1 404) 5 headers in 183 bytes (1 switches on core 0)
Aug 03 17:11:40.305394 n-d-850546-3 devstack@keystone.service[80557]: DEBUG keystone.server.flask.request_processing.middleware.auth_context [None req-a64a5a81-3097-49fe-a85a-835dda6188ca None None] Authenticating user token {{(pid=80557) process_request /usr/local/lib/python3.8/dist-packages/keystonemiddleware/auth_token/__init__.py:407}}
Aug 03 17:11:40.323611 n-d-850546-3 devstack@keystone.service[80557]: DEBUG dbcounter [-] [80557] Writing DB stats keystone:SELECT=99,keystone:INSERT=1 {{(pid=80557) stat_writer /usr/local/lib/python3.8/dist-packages/dbcounter.py:114}}
Aug 03 17:11:40.404133 n-d-850546-3 devstack@keystone.service[80557]: DEBUG keystone.server.flask.request_processing.middleware.auth_context [None req-a64a5a81-3097-49fe-a85a-835dda6188ca None None] Validating token access rules against request {{(pid=80557) validate_allowed_request /usr/local/lib/python3.8/dist-packages/keystonemiddleware/auth_token/__init__.py:545}}
Aug 03 17:11:40.437830 n-d-850546-3 devstack@keystone.service[80558]: DEBUG keystone.server.flask.request_processing.req_logging [None req-d3dab290-9900-4b29-ade5-97ca3475122e None None] REQUEST_METHOD: `GET` {{(pid=80558) log_request_info /opt/stack/keystone/keystone/server/flask/request_processing/req_logging.py:27}}
Aug 03 17:11:40.438027 n-d-850546-3 devstack@keystone.service[80557]: DEBUG keystone.server.flask.request_processing.middleware.auth_context [None req-ed822187-d91d-43d9-80f8-be0d686e65e7 None admin] RBAC: auth_context: {'token': , 'domain_id': None, 'trust_id': None, 'trustor_id': None, 'trustee_id': None, 'domain_name': None, 'group_ids': [], 'user_id': '9d129b57a02d4a3695ce1b981363ceac', 'user_domain_id': 'default', 'system_scope': 'all', 'project_id': None, 'project_domain_id': None, 'roles': ['admin', 'member', 'reader'], 'is_admin_project': True, 'service_user_id': None, 'service_user_domain_id': None, 'service_project_id': None, 'service_project_domain_id': None, 'service_roles': []} {{(pid=80557) fill_context /opt/stack/keystone/keystone/server/flask/request_processing/middleware/auth_context.py:478}}
Aug 03 17:11:40.438149 n-d-850546-3 devstack@keystone.service[80558]: DEBUG keystone.server.flask.request_processing.req_logging [None req-d3dab290-9900-4b29-ade5-97ca3475122e None None] SCRIPT_NAME: `/identity` {{(pid=80558) log_request_info /opt/stack/keystone/keystone/server/flask/request_processing/req_logging.py:28}}
Aug 03 17:11:40.438449 n-d-850546-3 devstack@keystone.service[80558]: DEBUG keystone.server.flask.request_processing.req_logging [None req-d3dab290-9900-4b29-ade5-97ca3475122e None None] PATH_INFO: `/` {{(pid=80558) log_request_info /opt/stack/keystone/keystone/server/flask/request_processing/req_logging.py:29}}
Aug 03 17:11:40.438542 n-d-850546-3 devstack@keystone.service[80557]: DEBUG keystone.server.flask.request_processing.req_logging [None req-ed822187-d91d-43d9-80f8-be0d686e65e7 None admin] REQUEST_METHOD: `GET` {{(pid=80557) log_request_info /opt/stack/keystone/keystone/server/flask/request_processing/req_logging.py:27}}
Aug 03 17:11:40.438790 n-d-850546-3 devstack@keystone.service[80557]: DEBUG keystone.server.flask.request_processing.req_logging [None req-ed822187-d91d-43d9-80f8-be0d686e65e7 None admin] SCRIPT_NAME: `/identity` {{(pid=80557) log_request_info /opt/stack/keystone/keystone/server/flask/request_processing/req_logging.py:28}}
Aug 03 17:11:40.439284 n-d-850546-3 devstack@keystone.service[80557]: DEBUG keystone.server.flask.request_processing.req_logging [None req-ed822187-d91d-43d9-80f8-be0d686e65e7 None admin] PATH_INFO: `/v3/roles` {{(pid=80557) log_request_info /opt/stack/keystone/keystone/server/flask/request_processing/req_logging.py:29}}
Aug 03 17:11:40.439947 n-d-850546-3 devstack@keystone.service[80558]: [pid: 80558|app: 0|req: 25/50] 10.222.0.119 () {54 vars in 931 bytes} [Wed Aug 3 17:11:40 2022] GET /identity => generated 271 bytes in 3 msecs (HTTP/1.1 300) 6 headers in 235 bytes (2 switches on core 0)
Aug 03 17:11:40.440049 n-d-850546-3 devstack@keystone.service[80557]: DEBUG keystone.common.rbac_enforcer.enforcer [None req-ed822187-d91d-43d9-80f8-be0d686e65e7 None admin] RBAC: Adding query filter params (name=admin) {{(pid=80557) _extract_filter_values /opt/stack/keystone/keystone/common/rbac_enforcer/enforcer.py:167}}
Aug 03 17:11:40.440311 n-d-850546-3 devstack@keystone.service[80557]: DEBUG keystone.common.rbac_enforcer.enforcer [None req-ed822187-d91d-43d9-80f8-be0d686e65e7 None admin] RBAC: Authorizing `identity:list_roles()` {{(pid=80557) enforce_call /opt/stack/keystone/keystone/common/rbac_enforcer/enforcer.py:449}}
Aug 03 17:11:40.441770 n-d-850546-3 devstack@keystone.service[80557]: DEBUG keystone.common.rbac_enforcer.enforcer [None req-ed822187-d91d-43d9-80f8-be0d686e65e7 None admin] RBAC: Authorization granted {{(pid=80557) enforce_call /opt/stack/keystone/keystone/common/rbac_enforcer/enforcer.py:457}}
Aug 03 17:11:40.444721 n-d-850546-3 devstack@keystone.service[80558]: DEBUG keystone.server.flask.request_processing.req_logging [None req-3f83dabf-900e-4917-ba44-51e500ca6b9c None None] REQUEST_METHOD: `POST` {{(pid=80558) log_request_info /opt/stack/keystone/keystone/server/flask/request_processing/req_logging.py:27}}
Aug 03 17:11:40.445010 n-d-850546-3 devstack@keystone.service[80558]: DEBUG keystone.server.flask.request_processing.req_logging [None req-3f83dabf-900e-4917-ba44-51e500ca6b9c None None] SCRIPT_NAME: `/identity` {{(pid=80558) log_request_info /opt/stack/keystone/keystone/server/flask/request_processing/req_logging.py:28}}
Aug 03 17:11:40.445293 n-d-850546-3 devstack@keystone.service[80558]: DEBUG keystone.server.flask.request_processing.req_logging [None req-3f83dabf-900e-4917-ba44-51e500ca6b9c None None] PATH_INFO: `/v3/auth/tokens` {{(pid=80558) log_request_info /opt/stack/keystone/keystone/server/flask/request_processing/req_logging.py:29}}
Aug 03 17:11:40.451323 n-d-850546-3 devstack@keystone.service[80557]: [pid: 80557|app: 0|req: 26/51] 10.222.0.119 () {56 vars in 1104 bytes} [Wed Aug 3 17:11:40 2022] GET /identity/v3/roles?name=admin => generated 341 bytes in 146 msecs (HTTP/1.1 200) 5 headers in 177 bytes (1 switches on core 0)
Aug 03 17:11:40.457376 n-d-850546-3 devstack@keystone.service[80557]: DEBUG keystone.server.flask.request_processing.middleware.auth_context [None req-ed822187-d91d-43d9-80f8-be0d686e65e7 None admin] Authenticating user token {{(pid=80557) process_request /usr/local/lib/python3.8/dist-packages/keystonemiddleware/auth_token/__init__.py:407}}
Aug 03 17:11:40.463863 n-d-850546-3 devstack@keystone.service[80558]: DEBUG keystone.auth.core [None req-3f83dabf-900e-4917-ba44-51e500ca6b9c None None] MFA Rules not processed for user `9d129b57a02d4a3695ce1b981363ceac`. Rule list: `[]` (Enabled: `True`). {{(pid=80558) check_auth_methods_against_rules /opt/stack/keystone/keystone/auth/core.py:438}}
Aug 03 17:11:40.465064 n-d-850546-3 devstack@keystone.service[80558]: DEBUG keystone.common.fernet_utils [None req-3f83dabf-900e-4917-ba44-51e500ca6b9c None None] Loaded 2 Fernet keys from /etc/keystone/fernet-keys/, but `[fernet_tokens] max_active_keys = 3`; perhaps there have not been enough key rotations to reach `max_active_keys` yet? {{(pid=80558) load_keys /opt/stack/keystone/keystone/common/fernet_utils.py:286}}
Aug 03 17:11:40.532802 n-d-850546-3 devstack@keystone.service[80558]: [pid: 80558|app: 0|req: 26/52] 10.222.0.119 () {58 vars in 1028 bytes} [Wed Aug 3 17:11:40 2022] POST /identity/v3/auth/tokens => generated 800 bytes in 89 msecs (HTTP/1.1 201) 6 headers in 363 bytes (2 switches on core 0)
Aug 03 17:11:40.541480 n-d-850546-3 devstack@keystone.service[80557]: DEBUG dbcounter [-] [80557] Writing DB stats keystone:SELECT=100 {{(pid=80557) stat_writer /usr/local/lib/python3.8/dist-packages/dbcounter.py:114}}
Aug 03 17:11:40.555943 n-d-850546-3 devstack@keystone.service[80558]: DEBUG keystone.server.flask.request_processing.middleware.auth_context [None req-3f83dabf-900e-4917-ba44-51e500ca6b9c None None] Authenticating user token {{(pid=80558) process_request /usr/local/lib/python3.8/dist-packages/keystonemiddleware/auth_token/__init__.py:407}}
Aug 03 17:11:40.560364 n-d-850546-3 devstack@keystone.service[80557]: DEBUG keystone.server.flask.request_processing.middleware.auth_context [None req-ed822187-d91d-43d9-80f8-be0d686e65e7 None admin] Validating token access rules against request {{(pid=80557) validate_allowed_request /usr/local/lib/python3.8/dist-packages/keystonemiddleware/auth_token/__init__.py:545}}
Aug 03 17:11:40.595762 n-d-850546-3 devstack@keystone.service[80557]: DEBUG keystone.server.flask.request_processing.middleware.auth_context [None req-e07239d1-577c-4404-8190-4d01bf57a40e None admin] RBAC: auth_context: {'token': , 'domain_id': None, 'trust_id': None, 'trustor_id': None, 'trustee_id': None, 'domain_name': None, 'group_ids': [], 'user_id': '9d129b57a02d4a3695ce1b981363ceac', 'user_domain_id': 'default', 'system_scope': 'all', 'project_id': None, 'project_domain_id': None, 'roles': ['admin', 'member', 'reader'], 'is_admin_project': True, 'service_user_id': None, 'service_user_domain_id': None, 'service_project_id': None, 'service_project_domain_id': None, 'service_roles': []} {{(pid=80557) fill_context /opt/stack/keystone/keystone/server/flask/request_processing/middleware/auth_context.py:478}}
Aug 03 17:11:40.596411 n-d-850546-3 devstack@keystone.service[80557]: DEBUG keystone.server.flask.request_processing.req_logging [None req-e07239d1-577c-4404-8190-4d01bf57a40e None admin] REQUEST_METHOD: `GET` {{(pid=80557) log_request_info /opt/stack/keystone/keystone/server/flask/request_processing/req_logging.py:27}}
Aug 03 17:11:40.596699 n-d-850546-3 devstack@keystone.service[80557]: DEBUG keystone.server.flask.request_processing.req_logging [None req-e07239d1-577c-4404-8190-4d01bf57a40e None admin] SCRIPT_NAME: `/identity` {{(pid=80557) log_request_info /opt/stack/keystone/keystone/server/flask/request_processing/req_logging.py:28}}
Aug 03 17:11:40.597005 n-d-850546-3 devstack@keystone.service[80557]: DEBUG keystone.server.flask.request_processing.req_logging [None req-e07239d1-577c-4404-8190-4d01bf57a40e None admin] PATH_INFO: `/v3/users/9d129b57a02d4a3695ce1b981363ceac` {{(pid=80557) log_request_info /opt/stack/keystone/keystone/server/flask/request_processing/req_logging.py:29}}
Aug 03 17:11:40.598200 n-d-850546-3 devstack@keystone.service[80557]: DEBUG keystone.common.rbac_enforcer.enforcer [None req-e07239d1-577c-4404-8190-4d01bf57a40e None admin] RBAC: Authorizing `identity:get_user(user_id=9d129b57a02d4a3695ce1b981363ceac)` {{(pid=80557) enforce_call /opt/stack/keystone/keystone/common/rbac_enforcer/enforcer.py:449}}
Aug 03 17:11:40.599690 n-d-850546-3 devstack@keystone.service[80557]: DEBUG keystone.common.rbac_enforcer.enforcer [None req-e07239d1-577c-4404-8190-4d01bf57a40e None admin] RBAC: Authorization granted {{(pid=80557) enforce_call /opt/stack/keystone/keystone/common/rbac_enforcer/enforcer.py:457}}
Aug 03 17:11:40.601310 n-d-850546-3 devstack@keystone.service[80557]: [pid: 80557|app: 0|req: 27/53] 10.222.0.119 () {56 vars in 1182 bytes} [Wed Aug 3 17:11:40 2022] GET /identity/v3/users/9d129b57a02d4a3695ce1b981363ceac => generated 248 bytes in 144 msecs (HTTP/1.1 200) 5 headers in 177 bytes (2 switches on core 0)
Aug 03 17:11:40.606803 n-d-850546-3 devstack@keystone.service[80557]: DEBUG keystone.server.flask.request_processing.middleware.auth_context [None req-e07239d1-577c-4404-8190-4d01bf57a40e None admin] Authenticating user token {{(pid=80557) process_request /usr/local/lib/python3.8/dist-packages/keystonemiddleware/auth_token/__init__.py:407}}
Aug 03 17:11:40.659373 n-d-850546-3 devstack@keystone.service[80558]: DEBUG keystone.server.flask.request_processing.middleware.auth_context [None req-3f83dabf-900e-4917-ba44-51e500ca6b9c None None] Validating token access rules against request {{(pid=80558) validate_allowed_request /usr/local/lib/python3.8/dist-packages/keystonemiddleware/auth_token/__init__.py:545}}
Aug 03 17:11:40.682453 n-d-850546-3 devstack@keystone.service[80558]: DEBUG dbcounter [-] [80558] Writing DB stats keystone:SELECT=100 {{(pid=80558) stat_writer /usr/local/lib/python3.8/dist-packages/dbcounter.py:114}}
Aug 03 17:11:40.694355 n-d-850546-3 devstack@keystone.service[80558]: DEBUG keystone.server.flask.request_processing.middleware.auth_context [None req-3fd888f7-e4d5-48d0-a3be-fe247b742c4b None admin] RBAC: auth_context: {'token': , 'domain_id': None, 'trust_id': None, 'trustor_id': None, 'trustee_id': None, 'domain_name': None, 'group_ids': [], 'user_id': '9d129b57a02d4a3695ce1b981363ceac', 'user_domain_id': 'default', 'system_scope': 'all', 'project_id': None, 'project_domain_id': None, 'roles': ['admin', 'member', 'reader'], 'is_admin_project': True, 'service_user_id': None, 'service_user_domain_id': None, 'service_project_id': None, 'service_project_domain_id': None, 'service_roles': []} {{(pid=80558) fill_context /opt/stack/keystone/keystone/server/flask/request_processing/middleware/auth_context.py:478}}
Aug 03 17:11:40.695008 n-d-850546-3 devstack@keystone.service[80558]: DEBUG keystone.server.flask.request_processing.req_logging [None req-3fd888f7-e4d5-48d0-a3be-fe247b742c4b None admin] REQUEST_METHOD: `GET` {{(pid=80558) log_request_info /opt/stack/keystone/keystone/server/flask/request_processing/req_logging.py:27}}
Aug 03 17:11:40.695299 n-d-850546-3 devstack@keystone.service[80558]: DEBUG keystone.server.flask.request_processing.req_logging [None req-3fd888f7-e4d5-48d0-a3be-fe247b742c4b None admin] SCRIPT_NAME: `/identity` {{(pid=80558) log_request_info /opt/stack/keystone/keystone/server/flask/request_processing/req_logging.py:28}}
Aug 03 17:11:40.695585 n-d-850546-3 devstack@keystone.service[80558]: DEBUG keystone.server.flask.request_processing.req_logging [None req-3fd888f7-e4d5-48d0-a3be-fe247b742c4b None admin] PATH_INFO: `/v3/domains/default` {{(pid=80558) log_request_info /opt/stack/keystone/keystone/server/flask/request_processing/req_logging.py:29}}
Aug 03 17:11:40.696758 n-d-850546-3 devstack@keystone.service[80558]: DEBUG keystone.common.rbac_enforcer.enforcer [None req-3fd888f7-e4d5-48d0-a3be-fe247b742c4b None admin] RBAC: Authorizing `identity:get_domain(domain_id=default)` {{(pid=80558) enforce_call /opt/stack/keystone/keystone/common/rbac_enforcer/enforcer.py:449}}
Aug 03 17:11:40.698326 n-d-850546-3 devstack@keystone.service[80558]: DEBUG keystone.common.rbac_enforcer.enforcer [None req-3fd888f7-e4d5-48d0-a3be-fe247b742c4b None admin] RBAC: Authorization granted {{(pid=80558) enforce_call /opt/stack/keystone/keystone/common/rbac_enforcer/enforcer.py:457}}
Aug 03 17:11:40.699857 n-d-850546-3 devstack@keystone.service[80558]: [pid: 80558|app: 0|req: 27/54] 10.222.0.119 () {56 vars in 1113 bytes} [Wed Aug 3 17:11:40 2022] GET /identity/v3/domains/default => generated 200 bytes in 145 msecs (HTTP/1.1 200) 5 headers in 177 bytes (1 switches on core 0)
Aug 03 17:11:40.705872 n-d-850546-3 devstack@keystone.service[80557]: DEBUG keystone.server.flask.request_processing.middleware.auth_context [None req-e07239d1-577c-4404-8190-4d01bf57a40e None admin] Validating token access rules against request {{(pid=80557) validate_allowed_request /usr/local/lib/python3.8/dist-packages/keystonemiddleware/auth_token/__init__.py:545}}
Aug 03 17:11:40.706317 n-d-850546-3 devstack@keystone.service[80558]: DEBUG keystone.server.flask.request_processing.middleware.auth_context [None req-3fd888f7-e4d5-48d0-a3be-fe247b742c4b None admin] Authenticating user token {{(pid=80558) process_request /usr/local/lib/python3.8/dist-packages/keystonemiddleware/auth_token/__init__.py:407}}
Aug 03 17:11:40.738521 n-d-850546-3 devstack@keystone.service[80557]: DEBUG keystone.server.flask.request_processing.middleware.auth_context [None req-bf08574a-1e96-41d0-bafc-77072538b504 None admin] RBAC: auth_context: {'token': , 'domain_id': None, 'trust_id': None, 'trustor_id': None, 'trustee_id': None, 'domain_name': None, 'group_ids': [], 'user_id': '9d129b57a02d4a3695ce1b981363ceac', 'user_domain_id': 'default', 'system_scope': 'all', 'project_id': None, 'project_domain_id': None, 'roles': ['admin', 'member', 'reader'], 'is_admin_project': True, 'service_user_id': None, 'service_user_domain_id': None, 'service_project_id': None, 'service_project_domain_id': None, 'service_roles': []} {{(pid=80557) fill_context /opt/stack/keystone/keystone/server/flask/request_processing/middleware/auth_context.py:478}}
Aug 03 17:11:40.739162 n-d-850546-3 devstack@keystone.service[80557]: DEBUG keystone.server.flask.request_processing.req_logging [None req-bf08574a-1e96-41d0-bafc-77072538b504 None admin] REQUEST_METHOD: `GET` {{(pid=80557) log_request_info /opt/stack/keystone/keystone/server/flask/request_processing/req_logging.py:27}}
Aug 03 17:11:40.739454 n-d-850546-3 devstack@keystone.service[80557]: DEBUG keystone.server.flask.request_processing.req_logging [None req-bf08574a-1e96-41d0-bafc-77072538b504 None admin] SCRIPT_NAME: `/identity` {{(pid=80557) log_request_info /opt/stack/keystone/keystone/server/flask/request_processing/req_logging.py:28}}
Aug 03 17:11:40.739738 n-d-850546-3 devstack@keystone.service[80557]: DEBUG keystone.server.flask.request_processing.req_logging [None req-bf08574a-1e96-41d0-bafc-77072538b504 None admin] PATH_INFO: `/v3/domains/default` {{(pid=80557) log_request_info /opt/stack/keystone/keystone/server/flask/request_processing/req_logging.py:29}}
Aug 03 17:11:40.740904 n-d-850546-3 devstack@keystone.service[80557]: DEBUG keystone.common.rbac_enforcer.enforcer [None req-bf08574a-1e96-41d0-bafc-77072538b504 None admin] RBAC: Authorizing `identity:get_domain(domain_id=default)` {{(pid=80557) enforce_call /opt/stack/keystone/keystone/common/rbac_enforcer/enforcer.py:449}}
Aug 03 17:11:40.742697 n-d-850546-3 devstack@keystone.service[80557]: DEBUG keystone.common.rbac_enforcer.enforcer [None req-bf08574a-1e96-41d0-bafc-77072538b504 None admin] RBAC: Authorization granted {{(pid=80557) enforce_call /opt/stack/keystone/keystone/common/rbac_enforcer/enforcer.py:457}}
Aug 03 17:11:40.744295 n-d-850546-3 devstack@keystone.service[80557]: [pid: 80557|app: 0|req: 28/55] 10.222.0.119 () {56 vars in 1113 bytes} [Wed Aug 3 17:11:40 2022] GET /identity/v3/domains/default => generated 200 bytes in 138 msecs (HTTP/1.1 200) 5 headers in 177 bytes (2 switches on core 0)
Aug 03 17:11:40.750147 n-d-850546-3 devstack@keystone.service[80557]: DEBUG keystone.server.flask.request_processing.middleware.auth_context [None req-bf08574a-1e96-41d0-bafc-77072538b504 None admin] Authenticating user token {{(pid=80557) process_request /usr/local/lib/python3.8/dist-packages/keystonemiddleware/auth_token/__init__.py:407}}
Aug 03 17:11:40.771188 n-d-850546-3 devstack@keystone.service[80557]: DEBUG dbcounter [-] [80557] Writing DB stats keystone:SELECT=100 {{(pid=80557) stat_writer /usr/local/lib/python3.8/dist-packages/dbcounter.py:114}}
Aug 03 17:11:40.811414 n-d-850546-3 devstack@keystone.service[80558]: DEBUG keystone.server.flask.request_processing.middleware.auth_context [None req-3fd888f7-e4d5-48d0-a3be-fe247b742c4b None admin] Validating token access rules against request {{(pid=80558) validate_allowed_request /usr/local/lib/python3.8/dist-packages/keystonemiddleware/auth_token/__init__.py:545}}
Aug 03 17:11:40.847159 n-d-850546-3 devstack@keystone.service[80558]: DEBUG keystone.server.flask.request_processing.middleware.auth_context [None req-ab336c92-56aa-444e-a0f6-147eea49c818 None admin] RBAC: auth_context: {'token': , 'domain_id': None, 'trust_id': None, 'trustor_id': None, 'trustee_id': None, 'domain_name': None, 'group_ids': [], 'user_id': '9d129b57a02d4a3695ce1b981363ceac', 'user_domain_id': 'default', 'system_scope': 'all', 'project_id': None, 'project_domain_id': None, 'roles': ['admin', 'member', 'reader'], 'is_admin_project': True, 'service_user_id': None, 'service_user_domain_id': None, 'service_project_id': None, 'service_project_domain_id': None, 'service_roles': []} {{(pid=80558) fill_context /opt/stack/keystone/keystone/server/flask/request_processing/middleware/auth_context.py:478}}
Aug 03 17:11:40.847788 n-d-850546-3 devstack@keystone.service[80558]: DEBUG keystone.server.flask.request_processing.req_logging [None req-ab336c92-56aa-444e-a0f6-147eea49c818 None admin] REQUEST_METHOD: `POST` {{(pid=80558) log_request_info /opt/stack/keystone/keystone/server/flask/request_processing/req_logging.py:27}}
Aug 03 17:11:40.848078 n-d-850546-3 devstack@keystone.service[80558]: DEBUG keystone.server.flask.request_processing.req_logging [None req-ab336c92-56aa-444e-a0f6-147eea49c818 None admin] SCRIPT_NAME: `/identity` {{(pid=80558) log_request_info /opt/stack/keystone/keystone/server/flask/request_processing/req_logging.py:28}}
Aug 03 17:11:40.848368 n-d-850546-3 devstack@keystone.service[80558]: DEBUG keystone.server.flask.request_processing.req_logging [None req-ab336c92-56aa-444e-a0f6-147eea49c818 None admin] PATH_INFO: `/v3/projects` {{(pid=80558) log_request_info /opt/stack/keystone/keystone/server/flask/request_processing/req_logging.py:29}}
Aug 03 17:11:40.849045 n-d-850546-3 devstack@keystone.service[80558]: DEBUG keystone.common.rbac_enforcer.enforcer [None req-ab336c92-56aa-444e-a0f6-147eea49c818 None admin] RBAC: Authorizing `identity:create_project()` {{(pid=80558) enforce_call /opt/stack/keystone/keystone/common/rbac_enforcer/enforcer.py:449}}
Aug 03 17:11:40.850554 n-d-850546-3 devstack@keystone.service[80558]: DEBUG keystone.common.rbac_enforcer.enforcer [None req-ab336c92-56aa-444e-a0f6-147eea49c818 None admin] RBAC: Authorization granted {{(pid=80558) enforce_call /opt/stack/keystone/keystone/common/rbac_enforcer/enforcer.py:457}}
Aug 03 17:11:40.856633 n-d-850546-3 devstack@keystone.service[80557]: DEBUG keystone.server.flask.request_processing.middleware.auth_context [None req-bf08574a-1e96-41d0-bafc-77072538b504 None admin] Validating token access rules against request {{(pid=80557) validate_allowed_request /usr/local/lib/python3.8/dist-packages/keystonemiddleware/auth_token/__init__.py:545}}
Aug 03 17:11:40.879348 n-d-850546-3 devstack@keystone.service[80558]: [pid: 80558|app: 0|req: 28/56] 10.222.0.119 () {60 vars in 1145 bytes} [Wed Aug 3 17:11:40 2022] POST /identity/v3/projects => generated 299 bytes in 173 msecs (HTTP/1.1 201) 5 headers in 182 bytes (2 switches on core 0)
Aug 03 17:11:40.893391 n-d-850546-3 devstack@keystone.service[80557]: DEBUG keystone.server.flask.request_processing.middleware.auth_context [None req-d4366192-b7bb-4048-b460-ae636844c153 None admin] RBAC: auth_context: {'token': , 'domain_id': None, 'trust_id': None, 'trustor_id': None, 'trustee_id': None, 'domain_name': None, 'group_ids': [], 'user_id': '9d129b57a02d4a3695ce1b981363ceac', 'user_domain_id': 'default', 'system_scope': 'all', 'project_id': None, 'project_domain_id': None, 'roles': ['admin', 'member', 'reader'], 'is_admin_project': True, 'service_user_id': None, 'service_user_domain_id': None, 'service_project_id': None, 'service_project_domain_id': None, 'service_roles': []} {{(pid=80557) fill_context /opt/stack/keystone/keystone/server/flask/request_processing/middleware/auth_context.py:478}}
Aug 03 17:11:40.894042 n-d-850546-3 devstack@keystone.service[80557]: DEBUG keystone.server.flask.request_processing.req_logging [None req-d4366192-b7bb-4048-b460-ae636844c153 None admin] REQUEST_METHOD: `GET` {{(pid=80557) log_request_info /opt/stack/keystone/keystone/server/flask/request_processing/req_logging.py:27}}
Aug 03 17:11:40.894371 n-d-850546-3 devstack@keystone.service[80557]: DEBUG keystone.server.flask.request_processing.req_logging [None req-d4366192-b7bb-4048-b460-ae636844c153 None admin] SCRIPT_NAME: `/identity` {{(pid=80557) log_request_info /opt/stack/keystone/keystone/server/flask/request_processing/req_logging.py:28}}
Aug 03 17:11:40.894659 n-d-850546-3 devstack@keystone.service[80557]: DEBUG keystone.server.flask.request_processing.req_logging [None req-d4366192-b7bb-4048-b460-ae636844c153 None admin] PATH_INFO: `/v3/role_assignments` {{(pid=80557) log_request_info /opt/stack/keystone/keystone/server/flask/request_processing/req_logging.py:29}}
Aug 03 17:11:40.895482 n-d-850546-3 devstack@keystone.service[80557]: DEBUG keystone.common.rbac_enforcer.enforcer [None req-d4366192-b7bb-4048-b460-ae636844c153 None admin] RBAC: Adding query filter params (role.id=544cf8aaa49d4b2898e286f93bbf8415, scope.domain.id=default, user.id=9d129b57a02d4a3695ce1b981363ceac) {{(pid=80557) _extract_filter_values /opt/stack/keystone/keystone/common/rbac_enforcer/enforcer.py:167}}
Aug 03 17:11:40.895799 n-d-850546-3 devstack@keystone.service[80557]: DEBUG keystone.common.rbac_enforcer.enforcer [None req-d4366192-b7bb-4048-b460-ae636844c153 None admin] RBAC: Authorizing `identity:list_role_assignments()` {{(pid=80557) enforce_call /opt/stack/keystone/keystone/common/rbac_enforcer/enforcer.py:449}}
Aug 03 17:11:40.897293 n-d-850546-3 devstack@keystone.service[80557]: DEBUG keystone.common.rbac_enforcer.enforcer [None req-d4366192-b7bb-4048-b460-ae636844c153 None admin] RBAC: Authorization granted {{(pid=80557) enforce_call /opt/stack/keystone/keystone/common/rbac_enforcer/enforcer.py:457}}
Aug 03 17:11:40.904115 n-d-850546-3 devstack@keystone.service[80557]: [pid: 80557|app: 0|req: 29/57] 10.222.0.119 () {56 vars in 1327 bytes} [Wed Aug 3 17:11:40 2022] GET /identity/v3/role_assignments?user.id=9d129b57a02d4a3695ce1b981363ceac&scope.domain.id=default&role.id=544cf8aaa49d4b2898e286f93bbf8415 => generated 532 bytes in 154 msecs (HTTP/1.1 200) 5 headers in 177 bytes (2 switches on core 0)
Aug 03 17:11:42.921988 n-d-850546-3 devstack@keystone.service[80558]: DEBUG keystone.server.flask.request_processing.req_logging [None req-0601f48d-e3a3-4614-a9f9-9fd4d5968a8f None None] REQUEST_METHOD: `GET` {{(pid=80558) log_request_info /opt/stack/keystone/keystone/server/flask/request_processing/req_logging.py:27}}
Aug 03 17:11:42.922519 n-d-850546-3 devstack@keystone.service[80558]: DEBUG keystone.server.flask.request_processing.req_logging [None req-0601f48d-e3a3-4614-a9f9-9fd4d5968a8f None None] SCRIPT_NAME: `/identity` {{(pid=80558) log_request_info /opt/stack/keystone/keystone/server/flask/request_processing/req_logging.py:28}}
Aug 03 17:11:42.922603 n-d-850546-3 devstack@keystone.service[80558]: DEBUG keystone.server.flask.request_processing.req_logging [None req-0601f48d-e3a3-4614-a9f9-9fd4d5968a8f None None] PATH_INFO: `/` {{(pid=80558) log_request_info /opt/stack/keystone/keystone/server/flask/request_processing/req_logging.py:29}}
Aug 03 17:11:42.923992 n-d-850546-3 devstack@keystone.service[80558]: [pid: 80558|app: 0|req: 29/58] 10.222.0.119 () {54 vars in 931 bytes} [Wed Aug 3 17:11:42 2022] GET /identity => generated 271 bytes in 4 msecs (HTTP/1.1 300) 6 headers in 235 bytes (1 switches on core 0)
Aug 03 17:11:42.929105 n-d-850546-3 devstack@keystone.service[80557]: DEBUG keystone.server.flask.request_processing.req_logging [None req-97fb1478-be84-4205-a8ea-b572a0888b72 None None] REQUEST_METHOD: `POST` {{(pid=80557) log_request_info /opt/stack/keystone/keystone/server/flask/request_processing/req_logging.py:27}}
Aug 03 17:11:42.929504 n-d-850546-3 devstack@keystone.service[80557]: DEBUG keystone.server.flask.request_processing.req_logging [None req-97fb1478-be84-4205-a8ea-b572a0888b72 None None] SCRIPT_NAME: `/identity` {{(pid=80557) log_request_info /opt/stack/keystone/keystone/server/flask/request_processing/req_logging.py:28}}
Aug 03 17:11:42.929670 n-d-850546-3 devstack@keystone.service[80557]: DEBUG keystone.server.flask.request_processing.req_logging [None req-97fb1478-be84-4205-a8ea-b572a0888b72 None None] PATH_INFO: `/v3/auth/tokens` {{(pid=80557) log_request_info /opt/stack/keystone/keystone/server/flask/request_processing/req_logging.py:29}}
Aug 03 17:11:42.947967 n-d-850546-3 devstack@keystone.service[80557]: DEBUG keystone.auth.core [None req-97fb1478-be84-4205-a8ea-b572a0888b72 None None] MFA Rules not processed for user `9d129b57a02d4a3695ce1b981363ceac`. Rule list: `[]` (Enabled: `True`). {{(pid=80557) check_auth_methods_against_rules /opt/stack/keystone/keystone/auth/core.py:438}}
Aug 03 17:11:42.949173 n-d-850546-3 devstack@keystone.service[80557]: DEBUG keystone.common.fernet_utils [None req-97fb1478-be84-4205-a8ea-b572a0888b72 None None] Loaded 2 Fernet keys from /etc/keystone/fernet-keys/, but `[fernet_tokens] max_active_keys = 3`; perhaps there have not been enough key rotations to reach `max_active_keys` yet? {{(pid=80557) load_keys /opt/stack/keystone/keystone/common/fernet_utils.py:286}}
Aug 03 17:11:43.014439 n-d-850546-3 devstack@keystone.service[80557]: [pid: 80557|app: 0|req: 30/59] 10.222.0.119 () {58 vars in 1028 bytes} [Wed Aug 3 17:11:42 2022] POST /identity/v3/auth/tokens => generated 800 bytes in 86 msecs (HTTP/1.1 201) 6 headers in 363 bytes (1 switches on core 0)
Aug 03 17:11:43.039030 n-d-850546-3 devstack@keystone.service[80558]: DEBUG keystone.server.flask.request_processing.middleware.auth_context [None req-0601f48d-e3a3-4614-a9f9-9fd4d5968a8f None None] Authenticating user token {{(pid=80558) process_request /usr/local/lib/python3.8/dist-packages/keystonemiddleware/auth_token/__init__.py:407}}
Aug 03 17:11:43.085346 n-d-850546-3 devstack@keystone.service[80558]: DEBUG dbcounter [-] [80558] Writing DB stats keystone:SELECT=99,keystone:INSERT=1 {{(pid=80558) stat_writer /usr/local/lib/python3.8/dist-packages/dbcounter.py:114}}
Aug 03 17:11:43.138807 n-d-850546-3 devstack@keystone.service[80558]: DEBUG keystone.server.flask.request_processing.middleware.auth_context [None req-0601f48d-e3a3-4614-a9f9-9fd4d5968a8f None None] Validating token access rules against request {{(pid=80558) validate_allowed_request /usr/local/lib/python3.8/dist-packages/keystonemiddleware/auth_token/__init__.py:545}}
Aug 03 17:11:43.170760 n-d-850546-3 devstack@keystone.service[80558]: DEBUG keystone.server.flask.request_processing.middleware.auth_context [None req-3fcbfd93-fb45-46f5-a2de-6ef50365b51f None admin] RBAC: auth_context: {'token': , 'domain_id': None, 'trust_id': None, 'trustor_id': None, 'trustee_id': None, 'domain_name': None, 'group_ids': [], 'user_id': '9d129b57a02d4a3695ce1b981363ceac', 'user_domain_id': 'default', 'system_scope': 'all', 'project_id': None, 'project_domain_id': None, 'roles': ['admin', 'member', 'reader'], 'is_admin_project': True, 'service_user_id': None, 'service_user_domain_id': None, 'service_project_id': None, 'service_project_domain_id': None, 'service_roles': []} {{(pid=80558) fill_context /opt/stack/keystone/keystone/server/flask/request_processing/middleware/auth_context.py:478}}
Aug 03 17:11:43.171389 n-d-850546-3 devstack@keystone.service[80558]: DEBUG keystone.server.flask.request_processing.req_logging [None req-3fcbfd93-fb45-46f5-a2de-6ef50365b51f None admin] REQUEST_METHOD: `GET` {{(pid=80558) log_request_info /opt/stack/keystone/keystone/server/flask/request_processing/req_logging.py:27}}
Aug 03 17:11:43.171673 n-d-850546-3 devstack@keystone.service[80558]: DEBUG keystone.server.flask.request_processing.req_logging [None req-3fcbfd93-fb45-46f5-a2de-6ef50365b51f None admin] SCRIPT_NAME: `/identity` {{(pid=80558) log_request_info /opt/stack/keystone/keystone/server/flask/request_processing/req_logging.py:28}}
Aug 03 17:11:43.171948 n-d-850546-3 devstack@keystone.service[80558]: DEBUG keystone.server.flask.request_processing.req_logging [None req-3fcbfd93-fb45-46f5-a2de-6ef50365b51f None admin] PATH_INFO: `/v3/domains/default` {{(pid=80558) log_request_info /opt/stack/keystone/keystone/server/flask/request_processing/req_logging.py:29}}
Aug 03 17:11:43.173715 n-d-850546-3 devstack@keystone.service[80558]: DEBUG keystone.common.rbac_enforcer.enforcer [None req-3fcbfd93-fb45-46f5-a2de-6ef50365b51f None admin] RBAC: Authorizing `identity:get_domain(domain_id=default)` {{(pid=80558) enforce_call /opt/stack/keystone/keystone/common/rbac_enforcer/enforcer.py:449}}
Aug 03 17:11:43.175241 n-d-850546-3 devstack@keystone.service[80558]: DEBUG keystone.common.rbac_enforcer.enforcer [None req-3fcbfd93-fb45-46f5-a2de-6ef50365b51f None admin] RBAC: Authorization granted {{(pid=80558) enforce_call /opt/stack/keystone/keystone/common/rbac_enforcer/enforcer.py:457}}
Aug 03 17:11:43.176820 n-d-850546-3 devstack@keystone.service[80558]: [pid: 80558|app: 0|req: 30/60] 10.222.0.119 () {56 vars in 1113 bytes} [Wed Aug 3 17:11:43 2022] GET /identity/v3/domains/default => generated 200 bytes in 138 msecs (HTTP/1.1 200) 5 headers in 177 bytes (1 switches on core 0)
Aug 03 17:11:43.182523 n-d-850546-3 devstack@keystone.service[80557]: DEBUG keystone.server.flask.request_processing.middleware.auth_context [None req-97fb1478-be84-4205-a8ea-b572a0888b72 None None] Authenticating user token {{(pid=80557) process_request /usr/local/lib/python3.8/dist-packages/keystonemiddleware/auth_token/__init__.py:407}}
Aug 03 17:11:43.194728 n-d-850546-3 devstack@keystone.service[80557]: DEBUG dbcounter [-] [80557] Writing DB stats keystone:SELECT=100 {{(pid=80557) stat_writer /usr/local/lib/python3.8/dist-packages/dbcounter.py:114}}
Aug 03 17:11:43.280202 n-d-850546-3 devstack@keystone.service[80557]: DEBUG keystone.server.flask.request_processing.middleware.auth_context [None req-97fb1478-be84-4205-a8ea-b572a0888b72 None None] Validating token access rules against request {{(pid=80557) validate_allowed_request /usr/local/lib/python3.8/dist-packages/keystonemiddleware/auth_token/__init__.py:545}}
Aug 03 17:11:43.312990 n-d-850546-3 devstack@keystone.service[80557]: DEBUG keystone.server.flask.request_processing.middleware.auth_context [None req-e9e05fb4-9555-4e02-9df9-b5cfbfe9cbc1 None admin] RBAC: auth_context: {'token': , 'domain_id': None, 'trust_id': None, 'trustor_id': None, 'trustee_id': None, 'domain_name': None, 'group_ids': [], 'user_id': '9d129b57a02d4a3695ce1b981363ceac', 'user_domain_id': 'default', 'system_scope': 'all', 'project_id': None, 'project_domain_id': None, 'roles': ['admin', 'member', 'reader'], 'is_admin_project': True, 'service_user_id': None, 'service_user_domain_id': None, 'service_project_id': None, 'service_project_domain_id': None, 'service_roles': []} {{(pid=80557) fill_context /opt/stack/keystone/keystone/server/flask/request_processing/middleware/auth_context.py:478}}
Aug 03 17:11:43.313633 n-d-850546-3 devstack@keystone.service[80557]: DEBUG keystone.server.flask.request_processing.req_logging [None req-e9e05fb4-9555-4e02-9df9-b5cfbfe9cbc1 None admin] REQUEST_METHOD: `POST` {{(pid=80557) log_request_info /opt/stack/keystone/keystone/server/flask/request_processing/req_logging.py:27}}
Aug 03 17:11:43.313941 n-d-850546-3 devstack@keystone.service[80557]: DEBUG keystone.server.flask.request_processing.req_logging [None req-e9e05fb4-9555-4e02-9df9-b5cfbfe9cbc1 None admin] SCRIPT_NAME: `/identity` {{(pid=80557) log_request_info /opt/stack/keystone/keystone/server/flask/request_processing/req_logging.py:28}}
Aug 03 17:11:43.314199 n-d-850546-3 devstack@keystone.service[80557]: DEBUG keystone.server.flask.request_processing.req_logging [None req-e9e05fb4-9555-4e02-9df9-b5cfbfe9cbc1 None admin] PATH_INFO: `/v3/users` {{(pid=80557) log_request_info /opt/stack/keystone/keystone/server/flask/request_processing/req_logging.py:29}}
Aug 03 17:11:43.314908 n-d-850546-3 devstack@keystone.service[80557]: DEBUG keystone.common.rbac_enforcer.enforcer [None req-e9e05fb4-9555-4e02-9df9-b5cfbfe9cbc1 None admin] RBAC: Authorizing `identity:create_user()` {{(pid=80557) enforce_call /opt/stack/keystone/keystone/common/rbac_enforcer/enforcer.py:449}}
Aug 03 17:11:43.316350 n-d-850546-3 devstack@keystone.service[80557]: DEBUG keystone.common.rbac_enforcer.enforcer [None req-e9e05fb4-9555-4e02-9df9-b5cfbfe9cbc1 None admin] RBAC: Authorization granted {{(pid=80557) enforce_call /opt/stack/keystone/keystone/common/rbac_enforcer/enforcer.py:457}}
Aug 03 17:11:43.342812 n-d-850546-3 devstack@keystone.service[80557]: [pid: 80557|app: 0|req: 31/61] 10.222.0.119 () {60 vars in 1137 bytes} [Wed Aug 3 17:11:43 2022] POST /identity/v3/users => generated 276 bytes in 161 msecs (HTTP/1.1 201) 5 headers in 182 bytes (1 switches on core 0)
Aug 03 17:11:46.418576 n-d-850546-3 devstack@keystone.service[80558]: DEBUG keystone.server.flask.request_processing.req_logging [None req-793ba52c-f2bf-45e5-a067-ccb73efd516b None None] REQUEST_METHOD: `GET` {{(pid=80558) log_request_info /opt/stack/keystone/keystone/server/flask/request_processing/req_logging.py:27}}
