Aug 03 14:35:42.596519 n-d-850510-3 devstack@placement-api.service[105647]: [pid: 105647|app: 0|req: 44/89] 10.222.0.58 () {60 vars in 1377 bytes} [Wed Aug 3 14:35:42 2022] GET /placement/allocations/e71d7895-fd84-4219-851c-ac3eb052b5e3 => generated 259 bytes in 24 msecs (HTTP/1.1 200) 8 headers in 296 bytes (1 switches on core 0)
Aug 03 14:35:43.278461 n-d-850510-3 devstack@placement-api.service[105646]: DEBUG placement.requestlog [req-77f030dc-e156-4553-b2d4-437424eb101d req-9a736a8d-a3ab-4569-81e0-31c8dffac9f1 None None] Starting request: 10.222.0.58 "GET /placement/allocations/ff490640-e34e-4171-ba55-da625c4e295f" {{(pid=105646) __call__ /opt/stack/placement/placement/requestlog.py:55}}
Aug 03 14:35:43.313371 n-d-850510-3 devstack@placement-api.service[105646]: INFO placement.requestlog [req-77f030dc-e156-4553-b2d4-437424eb101d req-9a736a8d-a3ab-4569-81e0-31c8dffac9f1 service placement] 10.222.0.58 "GET /placement/allocations/ff490640-e34e-4171-ba55-da625c4e295f" status: 200 len: 259 microversion: 1.28
Aug 03 14:35:43.314053 n-d-850510-3 devstack@placement-api.service[105646]: [pid: 105646|app: 0|req: 46/90] 10.222.0.58 () {60 vars in 1377 bytes} [Wed Aug 3 14:35:43 2022] GET /placement/allocations/ff490640-e34e-4171-ba55-da625c4e295f => generated 259 bytes in 36 msecs (HTTP/1.1 200) 8 headers in 296 bytes (1 switches on core 0)
Aug 03 14:35:48.545966 n-d-850510-3 devstack@placement-api.service[105647]: DEBUG placement.requestlog [req-34a6fbf5-632a-4784-85d6-0997ee110474 req-cf3887d7-66ad-49c3-bd60-584b9a7fa00f None None] Starting request: 10.222.0.17 "GET /placement/resource_providers?name=n-h2-850510-3" {{(pid=105647) __call__ /opt/stack/placement/placement/requestlog.py:55}}
Aug 03 14:35:48.563394 n-d-850510-3 devstack@placement-api.service[105647]: INFO placement.requestlog [req-34a6fbf5-632a-4784-85d6-0997ee110474 req-cf3887d7-66ad-49c3-bd60-584b9a7fa00f service placement] 10.222.0.17 "GET /placement/resource_providers?name=n-h2-850510-3" status: 200 len: 441 microversion: 1.0
Aug 03 14:35:48.571006 n-d-850510-3 devstack@placement-api.service[105646]: DEBUG placement.requestlog [req-34a6fbf5-632a-4784-85d6-0997ee110474 req-3170eb5b-9b1f-4b3a-86ce-4bbe17f3da92 None None] Starting request: 10.222.0.17 "GET /placement/resource_providers/25a8d829-64b2-401d-b5fc-7cb828a066f6/aggregates" {{(pid=105646) __call__ /opt/stack/placement/placement/requestlog.py:55}}
Aug 03 14:35:48.595817 n-d-850510-3 devstack@placement-api.service[105647]: [pid: 105647|app: 0|req: 45/91] 10.222.0.17 () {58 vars in 1274 bytes} [Wed Aug 3 14:35:48 2022] GET /placement/resource_providers?name=n-h2-850510-3 => generated 441 bytes in 50 msecs (HTTP/1.1 200) 6 headers in 224 bytes (1 switches on core 0)
Aug 03 14:35:48.610685 n-d-850510-3 devstack@placement-api.service[105646]: INFO placement.requestlog [req-34a6fbf5-632a-4784-85d6-0997ee110474 req-3170eb5b-9b1f-4b3a-86ce-4bbe17f3da92 service placement] 10.222.0.17 "GET /placement/resource_providers/25a8d829-64b2-401d-b5fc-7cb828a066f6/aggregates" status: 200 len: 54 microversion: 1.19
Aug 03 14:35:48.611079 n-d-850510-3 devstack@placement-api.service[105646]: [pid: 105646|app: 0|req: 47/92] 10.222.0.17 () {60 vars in 1425 bytes} [Wed Aug 3 14:35:48 2022] GET /placement/resource_providers/25a8d829-64b2-401d-b5fc-7cb828a066f6/aggregates => generated 54 bytes in 41 msecs (HTTP/1.1 200) 8 headers in 295 bytes (1 switches on core 0)
Aug 03 14:35:48.622074 n-d-850510-3 devstack@placement-api.service[105647]: DEBUG placement.requestlog [req-34a6fbf5-632a-4784-85d6-0997ee110474 req-08ee7ad2-9e1a-4f6c-9d3e-8a102307a4fb None None] Starting request: 10.222.0.17 "PUT /placement/resource_providers/25a8d829-64b2-401d-b5fc-7cb828a066f6/aggregates" {{(pid=105647) __call__ /opt/stack/placement/placement/requestlog.py:55}}
Aug 03 14:35:48.673846 n-d-850510-3 devstack@placement-api.service[105647]: DEBUG placement.objects.resource_provider [req-34a6fbf5-632a-4784-85d6-0997ee110474 req-08ee7ad2-9e1a-4f6c-9d3e-8a102307a4fb service placement] _ensure_aggregate() did not find aggregate d15e15b3-658e-4f04-8daf-90e0e81f4ea5. Attempting to create it. {{(pid=105647) _ensure_aggregate /opt/stack/placement/placement/objects/resource_provider.py:321}}
Aug 03 14:35:48.679182 n-d-850510-3 devstack@placement-api.service[105647]: DEBUG placement.objects.resource_provider [req-34a6fbf5-632a-4784-85d6-0997ee110474 req-08ee7ad2-9e1a-4f6c-9d3e-8a102307a4fb service placement] _ensure_aggregate() created new aggregate d15e15b3-658e-4f04-8daf-90e0e81f4ea5 (id=7). {{(pid=105647) _ensure_aggregate /opt/stack/placement/placement/objects/resource_provider.py:327}}
Aug 03 14:35:48.681808 n-d-850510-3 devstack@placement-api.service[105647]: DEBUG placement.objects.resource_provider [req-34a6fbf5-632a-4784-85d6-0997ee110474 req-08ee7ad2-9e1a-4f6c-9d3e-8a102307a4fb service placement] Setting aggregates for provider 25a8d829-64b2-401d-b5fc-7cb828a066f6. Successfully associated aggregate d15e15b3-658e-4f04-8daf-90e0e81f4ea5. {{(pid=105647) _set_aggregates /opt/stack/placement/placement/objects/resource_provider.py:389}}
Aug 03 14:35:48.773741 n-d-850510-3 devstack@placement-api.service[105647]: INFO placement.requestlog [req-34a6fbf5-632a-4784-85d6-0997ee110474 req-08ee7ad2-9e1a-4f6c-9d3e-8a102307a4fb service placement] 10.222.0.17 "PUT /placement/resource_providers/25a8d829-64b2-401d-b5fc-7cb828a066f6/aggregates" status: 200 len: 92 microversion: 1.19
Aug 03 14:35:48.777858 n-d-850510-3 devstack@placement-api.service[105647]: [pid: 105647|app: 0|req: 46/93] 10.222.0.17 () {64 vars in 1477 bytes} [Wed Aug 3 14:35:48 2022] PUT /placement/resource_providers/25a8d829-64b2-401d-b5fc-7cb828a066f6/aggregates => generated 92 bytes in 154 msecs (HTTP/1.1 200) 8 headers in 295 bytes (2 switches on core 0)
Aug 03 14:35:48.919343 n-d-850510-3 devstack@placement-api.service[105646]: DEBUG placement.requestlog [req-19742fbd-0ef2-4cba-8571-8aadfbc5ff80 req-97f4b2a4-cb61-4b6b-bec0-8815f60586cb None None] Starting request: 10.222.0.17 "GET /placement/resource_providers?name=n-h2-850510-3" {{(pid=105646) __call__ /opt/stack/placement/placement/requestlog.py:55}}
Aug 03 14:35:48.945582 n-d-850510-3 devstack@placement-api.service[105646]: INFO placement.requestlog [req-19742fbd-0ef2-4cba-8571-8aadfbc5ff80 req-97f4b2a4-cb61-4b6b-bec0-8815f60586cb service placement] 10.222.0.17 "GET /placement/resource_providers?name=n-h2-850510-3" status: 200 len: 441 microversion: 1.0
Aug 03 14:35:48.954144 n-d-850510-3 devstack@placement-api.service[105646]: [pid: 105646|app: 0|req: 48/94] 10.222.0.17 () {58 vars in 1274 bytes} [Wed Aug 3 14:35:48 2022] GET /placement/resource_providers?name=n-h2-850510-3 => generated 441 bytes in 35 msecs (HTTP/1.1 200) 6 headers in 224 bytes (2 switches on core 0)
Aug 03 14:35:48.954946 n-d-850510-3 devstack@placement-api.service[105647]: DEBUG placement.requestlog [req-19742fbd-0ef2-4cba-8571-8aadfbc5ff80 req-be9db05d-0151-4c56-a5a5-22e597a494ce None None] Starting request: 10.222.0.17 "GET /placement/resource_providers/25a8d829-64b2-401d-b5fc-7cb828a066f6/aggregates" {{(pid=105647) __call__ /opt/stack/placement/placement/requestlog.py:55}}
Aug 03 14:35:48.985717 n-d-850510-3 devstack@placement-api.service[105647]: INFO placement.requestlog [req-19742fbd-0ef2-4cba-8571-8aadfbc5ff80 req-be9db05d-0151-4c56-a5a5-22e597a494ce service placement] 10.222.0.17 "GET /placement/resource_providers/25a8d829-64b2-401d-b5fc-7cb828a066f6/aggregates" status: 200 len: 92 microversion: 1.19
Aug 03 14:35:48.986693 n-d-850510-3 devstack@placement-api.service[105647]: [pid: 105647|app: 0|req: 47/95] 10.222.0.17 () {60 vars in 1425 bytes} [Wed Aug 3 14:35:48 2022] GET /placement/resource_providers/25a8d829-64b2-401d-b5fc-7cb828a066f6/aggregates => generated 92 bytes in 32 msecs (HTTP/1.1 200) 8 headers in 295 bytes (2 switches on core 0)
Aug 03 14:35:48.998413 n-d-850510-3 devstack@placement-api.service[105646]: DEBUG placement.requestlog [req-19742fbd-0ef2-4cba-8571-8aadfbc5ff80 req-4433f019-ed5b-42c8-9101-e4170245ef66 None None] Starting request: 10.222.0.17 "PUT /placement/resource_providers/25a8d829-64b2-401d-b5fc-7cb828a066f6/aggregates" {{(pid=105646) __call__ /opt/stack/placement/placement/requestlog.py:55}}
Aug 03 14:35:49.023745 n-d-850510-3 devstack@placement-api.service[105646]: DEBUG placement.objects.resource_provider [req-19742fbd-0ef2-4cba-8571-8aadfbc5ff80 req-4433f019-ed5b-42c8-9101-e4170245ef66 service placement] Setting aggregates for provider 25a8d829-64b2-401d-b5fc-7cb828a066f6. Successfully disassociated aggregate d15e15b3-658e-4f04-8daf-90e0e81f4ea5. {{(pid=105646) _set_aggregates /opt/stack/placement/placement/objects/resource_provider.py:404}}
Aug 03 14:35:49.103850 n-d-850510-3 devstack@placement-api.service[105646]: INFO placement.requestlog [req-19742fbd-0ef2-4cba-8571-8aadfbc5ff80 req-4433f019-ed5b-42c8-9101-e4170245ef66 service placement] 10.222.0.17 "PUT /placement/resource_providers/25a8d829-64b2-401d-b5fc-7cb828a066f6/aggregates" status: 200 len: 54 microversion: 1.19
Aug 03 14:35:49.108349 n-d-850510-3 devstack@placement-api.service[105646]: [pid: 105646|app: 0|req: 49/96] 10.222.0.17 () {64 vars in 1477 bytes} [Wed Aug 3 14:35:48 2022] PUT /placement/resource_providers/25a8d829-64b2-401d-b5fc-7cb828a066f6/aggregates => generated 54 bytes in 110 msecs (HTTP/1.1 200) 8 headers in 295 bytes (1 switches on core 0)
Aug 03 14:35:55.790290 n-d-850510-3 devstack@placement-api.service[105647]: DEBUG placement.requestlog [None req-77872b17-75f2-4c90-b7fd-b0fd742308ed None None] Starting request: 10.222.0.17 "GET /placement/resource_providers/1b250631-06a7-49ff-bffe-344b4e42c1d6/aggregates" {{(pid=105647) __call__ /opt/stack/placement/placement/requestlog.py:55}}
Aug 03 14:35:56.187388 n-d-850510-3 devstack@placement-api.service[105647]: INFO placement.requestlog [None req-77872b17-75f2-4c90-b7fd-b0fd742308ed service placement] 10.222.0.17 "GET /placement/resource_providers/1b250631-06a7-49ff-bffe-344b4e42c1d6/aggregates" status: 404 len: 235 microversion: 1.1
Aug 03 14:35:56.188833 n-d-850510-3 devstack@placement-api.service[105647]: [pid: 105647|app: 0|req: 48/97] 10.222.0.17 () {58 vars in 1362 bytes} [Wed Aug 3 14:35:55 2022] GET /placement/resource_providers/1b250631-06a7-49ff-bffe-344b4e42c1d6/aggregates => generated 235 bytes in 398 msecs (HTTP/1.1 404) 5 headers in 202 bytes (1 switches on core 0)
Aug 03 14:35:56.196483 n-d-850510-3 devstack@placement-api.service[105646]: DEBUG placement.requestlog [None req-004b50b0-2574-4468-b7c4-bb5355006f5b None None] Starting request: 10.222.0.17 "DELETE /placement/resource_providers/1b250631-06a7-49ff-bffe-344b4e42c1d6" {{(pid=105646) __call__ /opt/stack/placement/placement/requestlog.py:55}}
Aug 03 14:35:56.231154 n-d-850510-3 devstack@placement-api.service[105646]: DEBUG placement.wsgi_wrapper [None req-004b50b0-2574-4468-b7c4-bb5355006f5b service placement] Placement API returning an error response: No resource provider with uuid 1b250631-06a7-49ff-bffe-344b4e42c1d6 found for delete {{(pid=105646) call_func /opt/stack/placement/placement/wsgi_wrapper.py:31}}
Aug 03 14:35:56.235721 n-d-850510-3 devstack@placement-api.service[105646]: INFO placement.requestlog [None req-004b50b0-2574-4468-b7c4-bb5355006f5b service placement] 10.222.0.17 "DELETE /placement/resource_providers/1b250631-06a7-49ff-bffe-344b4e42c1d6" status: 404 len: 246 microversion: 1.1
Aug 03 14:35:56.241848 n-d-850510-3 devstack@placement-api.service[105646]: [pid: 105646|app: 0|req: 50/98] 10.222.0.17 () {60 vars in 1351 bytes} [Wed Aug 3 14:35:56 2022] DELETE /placement/resource_providers/1b250631-06a7-49ff-bffe-344b4e42c1d6 => generated 246 bytes in 43 msecs (HTTP/1.1 404) 6 headers in 231 bytes (1 switches on core 0)
Aug 03 14:35:59.893464 n-d-850510-3 devstack@placement-api.service[105647]: DEBUG placement.requestlog [req-facf349f-b3bf-4f58-a182-ed417b09f67f req-938b6211-6ae8-4705-b611-cc6396755e4e None None] Starting request: 10.222.0.58 "DELETE /placement/allocations/1fbad4e5-ad46-4cc1-bd15-0f88ef0fc5e1" {{(pid=105647) __call__ /opt/stack/placement/placement/requestlog.py:55}}
Aug 03 14:36:00.109679 n-d-850510-3 devstack@placement-api.service[105647]: DEBUG placement.handlers.allocation [req-facf349f-b3bf-4f58-a182-ed417b09f67f req-938b6211-6ae8-4705-b611-cc6396755e4e service placement] Successfully deleted allocations [, , ] {{(pid=105647) delete_allocations /opt/stack/placement/placement/handlers/allocation.py:627}}
Aug 03 14:36:00.110185 n-d-850510-3 devstack@placement-api.service[105647]: INFO placement.requestlog [req-facf349f-b3bf-4f58-a182-ed417b09f67f req-938b6211-6ae8-4705-b611-cc6396755e4e service placement] 10.222.0.58 "DELETE /placement/allocations/1fbad4e5-ad46-4cc1-bd15-0f88ef0fc5e1" status: 204 len: 0 microversion: 1.0
Aug 03 14:36:00.110587 n-d-850510-3 devstack@placement-api.service[105647]: [pid: 105647|app: 0|req: 49/99] 10.222.0.58 () {60 vars in 1355 bytes} [Wed Aug 3 14:35:59 2022] DELETE /placement/allocations/1fbad4e5-ad46-4cc1-bd15-0f88ef0fc5e1 => generated 0 bytes in 218 msecs (HTTP/1.1 204) 5 headers in 198 bytes (1 switches on core 0)
Aug 03 14:36:02.217993 n-d-850510-3 devstack@placement-api.service[105646]: DEBUG placement.requestlog [None req-5e6944fa-cdbe-4fc7-b944-5e1af9b6685a None None] Starting request: 10.222.0.17 "GET /placement/" {{(pid=105646) __call__ /opt/stack/placement/placement/requestlog.py:55}}
Aug 03 14:36:02.218984 n-d-850510-3 devstack@placement-api.service[105646]: INFO placement.requestlog [None req-5e6944fa-cdbe-4fc7-b944-5e1af9b6685a None None] 10.222.0.17 "GET /placement/" status: 200 len: 136 microversion: 1.0
Aug 03 14:36:02.219570 n-d-850510-3 devstack@placement-api.service[105646]: [pid: 105646|app: 0|req: 51/100] 10.222.0.17 () {54 vars in 916 bytes} [Wed Aug 3 14:36:02 2022] GET /placement => generated 136 bytes in 2 msecs (HTTP/1.1 200) 6 headers in 224 bytes (1 switches on core 0)
Aug 03 14:36:02.240098 n-d-850510-3 devstack@placement-api.service[105647]: DEBUG placement.requestlog [req-1669ab9e-44c8-451b-a24c-71b095dbca98 req-cab9b9e6-97f6-4331-92bc-3f74999db47b None None] Starting request: 10.222.0.17 "GET /placement/allocations/1d9ba387-8a0d-4fdf-bafe-785e4c222765" {{(pid=105647) __call__ /opt/stack/placement/placement/requestlog.py:55}}
Aug 03 14:36:02.493633 n-d-850510-3 devstack@placement-api.service[105647]: INFO placement.requestlog [req-1669ab9e-44c8-451b-a24c-71b095dbca98 req-cab9b9e6-97f6-4331-92bc-3f74999db47b service placement] 10.222.0.17 "GET /placement/allocations/1d9ba387-8a0d-4fdf-bafe-785e4c222765" status: 200 len: 258 microversion: 1.28
Aug 03 14:36:02.494601 n-d-850510-3 devstack@placement-api.service[105647]: [pid: 105647|app: 0|req: 50/101] 10.222.0.17 () {60 vars in 1380 bytes} [Wed Aug 3 14:36:02 2022] GET /placement/allocations/1d9ba387-8a0d-4fdf-bafe-785e4c222765 => generated 258 bytes in 255 msecs (HTTP/1.1 200) 8 headers in 296 bytes (1 switches on core 0)
Aug 03 14:36:02.501514 n-d-850510-3 devstack@placement-api.service[105646]: DEBUG placement.requestlog [req-1669ab9e-44c8-451b-a24c-71b095dbca98 req-98c55cc6-a699-40a4-8394-bf64f7e2726e None None] Starting request: 10.222.0.17 "GET /placement/allocations/1d9ba387-8a0d-4fdf-bafe-785e4c222765" {{(pid=105646) __call__ /opt/stack/placement/placement/requestlog.py:55}}
Aug 03 14:36:02.535133 n-d-850510-3 devstack@placement-api.service[105646]: INFO placement.requestlog [req-1669ab9e-44c8-451b-a24c-71b095dbca98 req-98c55cc6-a699-40a4-8394-bf64f7e2726e service placement] 10.222.0.17 "GET /placement/allocations/1d9ba387-8a0d-4fdf-bafe-785e4c222765" status: 200 len: 258 microversion: 1.28
Aug 03 14:36:02.535844 n-d-850510-3 devstack@placement-api.service[105646]: [pid: 105646|app: 0|req: 52/102] 10.222.0.17 () {60 vars in 1380 bytes} [Wed Aug 3 14:36:02 2022] GET /placement/allocations/1d9ba387-8a0d-4fdf-bafe-785e4c222765 => generated 258 bytes in 34 msecs (HTTP/1.1 200) 8 headers in 296 bytes (1 switches on core 0)
Aug 03 14:36:02.551382 n-d-850510-3 devstack@placement-api.service[105647]: DEBUG placement.requestlog [req-1669ab9e-44c8-451b-a24c-71b095dbca98 req-79023183-504c-4477-9ffa-9f9980df45d8 None None] Starting request: 10.222.0.17 "GET /placement/allocations/04dd8d52-c5ce-4c8f-8ea9-eb54cde48d6c" {{(pid=105647) __call__ /opt/stack/placement/placement/requestlog.py:55}}
Aug 03 14:36:02.566006 n-d-850510-3 devstack@placement-api.service[105647]: INFO placement.requestlog [req-1669ab9e-44c8-451b-a24c-71b095dbca98 req-79023183-504c-4477-9ffa-9f9980df45d8 service placement] 10.222.0.17 "GET /placement/allocations/04dd8d52-c5ce-4c8f-8ea9-eb54cde48d6c" status: 200 len: 19 microversion: 1.28
Aug 03 14:36:02.572288 n-d-850510-3 devstack@placement-api.service[105647]: [pid: 105647|app: 0|req: 51/103] 10.222.0.17 () {60 vars in 1380 bytes} [Wed Aug 3 14:36:02 2022] GET /placement/allocations/04dd8d52-c5ce-4c8f-8ea9-eb54cde48d6c => generated 19 bytes in 31 msecs (HTTP/1.1 200) 8 headers in 295 bytes (2 switches on core 0)
Aug 03 14:36:02.574305 n-d-850510-3 devstack@placement-api.service[105646]: DEBUG placement.requestlog [req-1669ab9e-44c8-451b-a24c-71b095dbca98 req-6a5f5b46-69fa-4446-8da6-b13001109419 None None] Starting request: 10.222.0.17 "POST /placement/allocations" {{(pid=105646) __call__ /opt/stack/placement/placement/requestlog.py:55}}
Aug 03 14:36:02.695824 n-d-850510-3 devstack@placement-api.service[105647]: DEBUG placement.requestlog [None req-d34c3c2e-8b94-4c49-8589-5e4c96924f5b None None] Starting request: 10.222.0.17 "GET /placement/resource_providers/0b3deb81-0ca1-4657-b60c-d820379c51ea/aggregates" {{(pid=105647) __call__ /opt/stack/placement/placement/requestlog.py:55}}
Aug 03 14:36:02.711380 n-d-850510-3 devstack@placement-api.service[105647]: INFO placement.requestlog [None req-d34c3c2e-8b94-4c49-8589-5e4c96924f5b service placement] 10.222.0.17 "GET /placement/resource_providers/0b3deb81-0ca1-4657-b60c-d820379c51ea/aggregates" status: 404 len: 235 microversion: 1.1
Aug 03 14:36:02.713833 n-d-850510-3 devstack@placement-api.service[105647]: [pid: 105647|app: 0|req: 52/104] 10.222.0.17 () {58 vars in 1362 bytes} [Wed Aug 3 14:36:02 2022] GET /placement/resource_providers/0b3deb81-0ca1-4657-b60c-d820379c51ea/aggregates => generated 235 bytes in 18 msecs (HTTP/1.1 404) 5 headers in 202 bytes (2 switches on core 0)
Aug 03 14:36:02.748662 n-d-850510-3 devstack@placement-api.service[105647]: DEBUG placement.requestlog [None req-1057739e-24db-40b7-9ec3-7ffd5f989392 None None] Starting request: 10.222.0.17 "DELETE /placement/resource_providers/0b3deb81-0ca1-4657-b60c-d820379c51ea" {{(pid=105647) __call__ /opt/stack/placement/placement/requestlog.py:55}}
Aug 03 14:36:02.764313 n-d-850510-3 devstack@placement-api.service[105647]: DEBUG placement.wsgi_wrapper [None req-1057739e-24db-40b7-9ec3-7ffd5f989392 service placement] Placement API returning an error response: No resource provider with uuid 0b3deb81-0ca1-4657-b60c-d820379c51ea found for delete {{(pid=105647) call_func /opt/stack/placement/placement/wsgi_wrapper.py:31}}
Aug 03 14:36:02.765358 n-d-850510-3 devstack@placement-api.service[105647]: INFO placement.requestlog [None req-1057739e-24db-40b7-9ec3-7ffd5f989392 service placement] 10.222.0.17 "DELETE /placement/resource_providers/0b3deb81-0ca1-4657-b60c-d820379c51ea" status: 404 len: 246 microversion: 1.1
Aug 03 14:36:02.766854 n-d-850510-3 devstack@placement-api.service[105647]: [pid: 105647|app: 0|req: 53/105] 10.222.0.17 () {60 vars in 1351 bytes} [Wed Aug 3 14:36:02 2022] DELETE /placement/resource_providers/0b3deb81-0ca1-4657-b60c-d820379c51ea => generated 246 bytes in 18 msecs (HTTP/1.1 404) 6 headers in 231 bytes (2 switches on core 0)
Aug 03 14:36:02.772045 n-d-850510-3 devstack@placement-api.service[105646]: DEBUG placement.handlers.allocation [req-1669ab9e-44c8-451b-a24c-71b095dbca98 req-6a5f5b46-69fa-4446-8da6-b13001109419 service placement] Successfully wrote allocations [, , , , , ] {{(pid=105646) _update_consumers_and_create_allocations /opt/stack/placement/placement/handlers/allocation.py:572}}
Aug 03 14:36:02.859352 n-d-850510-3 devstack@placement-api.service[105646]: INFO placement.requestlog [req-1669ab9e-44c8-451b-a24c-71b095dbca98 req-6a5f5b46-69fa-4446-8da6-b13001109419 service placement] 10.222.0.17 "POST /placement/allocations" status: 204 len: 0 microversion: 1.28
Aug 03 14:36:02.861576 n-d-850510-3 devstack@placement-api.service[105646]: [pid: 105646|app: 0|req: 53/106] 10.222.0.17 () {64 vars in 1323 bytes} [Wed Aug 3 14:36:02 2022] POST /placement/allocations => generated 0 bytes in 288 msecs (HTTP/1.1 204) 5 headers in 199 bytes (2 switches on core 0)
Aug 03 14:36:02.906461 n-d-850510-3 devstack@placement-api.service[105647]: DEBUG placement.requestlog [req-1669ab9e-44c8-451b-a24c-71b095dbca98 req-ff2f6fdd-9697-4ffc-bbfd-31904ab0c9be None None] Starting request: 10.222.0.17 "GET /placement/allocations/1d9ba387-8a0d-4fdf-bafe-785e4c222765" {{(pid=105647) __call__ /opt/stack/placement/placement/requestlog.py:55}}
Aug 03 14:36:03.189087 n-d-850510-3 devstack@placement-api.service[105647]: DEBUG dbcounter [-] [105647] Writing DB stats placement:SELECT=83,placement:DELETE=6,placement:UPDATE=5,placement:INSERT=6 {{(pid=105647) stat_writer /usr/local/lib/python3.8/dist-packages/dbcounter.py:114}}
Aug 03 14:36:03.191890 n-d-850510-3 devstack@placement-api.service[105647]: INFO placement.requestlog [req-1669ab9e-44c8-451b-a24c-71b095dbca98 req-ff2f6fdd-9697-4ffc-bbfd-31904ab0c9be service placement] 10.222.0.17 "GET /placement/allocations/1d9ba387-8a0d-4fdf-bafe-785e4c222765" status: 200 len: 19 microversion: 1.28
Aug 03 14:36:03.192449 n-d-850510-3 devstack@placement-api.service[105647]: [pid: 105647|app: 0|req: 54/107] 10.222.0.17 () {60 vars in 1380 bytes} [Wed Aug 3 14:36:02 2022] GET /placement/allocations/1d9ba387-8a0d-4fdf-bafe-785e4c222765 => generated 19 bytes in 290 msecs (HTTP/1.1 200) 8 headers in 295 bytes (1 switches on core 0)
Aug 03 14:36:03.198341 n-d-850510-3 devstack@placement-api.service[105646]: DEBUG placement.requestlog [req-1669ab9e-44c8-451b-a24c-71b095dbca98 req-5f21df52-420d-4a62-b4bb-72aaa2d1daff None None] Starting request: 10.222.0.17 "PUT /placement/allocations/1d9ba387-8a0d-4fdf-bafe-785e4c222765" {{(pid=105646) __call__ /opt/stack/placement/placement/requestlog.py:55}}
Aug 03 14:36:03.468435 n-d-850510-3 devstack@placement-api.service[105646]: DEBUG placement.handlers.allocation [req-1669ab9e-44c8-451b-a24c-71b095dbca98 req-5f21df52-420d-4a62-b4bb-72aaa2d1daff service placement] Successfully wrote allocations [, , ] {{(pid=105646) _update_consumers_and_create_allocations /opt/stack/placement/placement/handlers/allocation.py:462}}
Aug 03 14:36:03.555796 n-d-850510-3 devstack@placement-api.service[105646]: INFO placement.requestlog [req-1669ab9e-44c8-451b-a24c-71b095dbca98 req-5f21df52-420d-4a62-b4bb-72aaa2d1daff service placement] 10.222.0.17 "PUT /placement/allocations/1d9ba387-8a0d-4fdf-bafe-785e4c222765" status: 204 len: 0 microversion: 1.28
Aug 03 14:36:03.556626 n-d-850510-3 devstack@placement-api.service[105646]: [pid: 105646|app: 0|req: 54/108] 10.222.0.17 () {64 vars in 1433 bytes} [Wed Aug 3 14:36:03 2022] PUT /placement/allocations/1d9ba387-8a0d-4fdf-bafe-785e4c222765 => generated 0 bytes in 358 msecs (HTTP/1.1 204) 5 headers in 199 bytes (1 switches on core 0)
Aug 03 14:36:03.892534 n-d-850510-3 devstack@placement-api.service[105647]: DEBUG placement.requestlog [req-1669ab9e-44c8-451b-a24c-71b095dbca98 req-8c0d7f6c-886f-4c68-a776-60c24ed11de5 None None] Starting request: 10.222.0.58 "GET /placement/allocations/1d9ba387-8a0d-4fdf-bafe-785e4c222765" {{(pid=105647) __call__ /opt/stack/placement/placement/requestlog.py:55}}
Aug 03 14:36:03.909452 n-d-850510-3 devstack@placement-api.service[105647]: INFO placement.requestlog [req-1669ab9e-44c8-451b-a24c-71b095dbca98 req-8c0d7f6c-886f-4c68-a776-60c24ed11de5 service placement] 10.222.0.58 "GET /placement/allocations/1d9ba387-8a0d-4fdf-bafe-785e4c222765" status: 200 len: 259 microversion: 1.28
Aug 03 14:36:03.910775 n-d-850510-3 devstack@placement-api.service[105647]: [pid: 105647|app: 0|req: 55/109] 10.222.0.58 () {60 vars in 1377 bytes} [Wed Aug 3 14:36:03 2022] GET /placement/allocations/1d9ba387-8a0d-4fdf-bafe-785e4c222765 => generated 259 bytes in 18 msecs (HTTP/1.1 200) 8 headers in 296 bytes (1 switches on core 0)
Aug 03 14:36:07.613019 n-d-850510-3 devstack@placement-api.service[105646]: DEBUG placement.requestlog [req-356a8788-821f-4508-b973-b3b2b6079288 req-008dd22d-c1b6-4816-a786-5ed3788345d4 None None] Starting request: 10.222.0.17 "GET /placement/allocation_candidates?resources=DISK_GB%3A1%2CMEMORY_MB%3A1024%2CVCPU%3A1&root_required=%21COMPUTE_STATUS_DISABLED" {{(pid=105646) __call__ /opt/stack/placement/placement/requestlog.py:55}}
Aug 03 14:36:07.639189 n-d-850510-3 devstack@placement-api.service[105646]: DEBUG dbcounter [-] [105646] Writing DB stats placement:SELECT=67,placement:INSERT=15,placement:DELETE=9,placement:UPDATE=9 {{(pid=105646) stat_writer /usr/local/lib/python3.8/dist-packages/dbcounter.py:114}}
Aug 03 14:36:07.673941 n-d-850510-3 devstack@placement-api.service[105646]: DEBUG placement.objects.research_context [req-356a8788-821f-4508-b973-b3b2b6079288 req-008dd22d-c1b6-4816-a786-5ed3788345d4 service placement] getting providers with 1 DISK_GB {{(pid=105646) __init__ /opt/stack/placement/placement/objects/research_context.py:136}}
Aug 03 14:36:07.680183 n-d-850510-3 devstack@placement-api.service[105646]: DEBUG placement.objects.research_context [req-356a8788-821f-4508-b973-b3b2b6079288 req-008dd22d-c1b6-4816-a786-5ed3788345d4 service placement] getting providers with 1024 MEMORY_MB {{(pid=105646) __init__ /opt/stack/placement/placement/objects/research_context.py:136}}
Aug 03 14:36:07.688357 n-d-850510-3 devstack@placement-api.service[105646]: DEBUG placement.objects.research_context [req-356a8788-821f-4508-b973-b3b2b6079288 req-008dd22d-c1b6-4816-a786-5ed3788345d4 service placement] getting providers with 1 VCPU {{(pid=105646) __init__ /opt/stack/placement/placement/objects/research_context.py:136}}
Aug 03 14:36:07.701662 n-d-850510-3 devstack@placement-api.service[105646]: DEBUG placement.objects.research_context [req-356a8788-821f-4508-b973-b3b2b6079288 req-008dd22d-c1b6-4816-a786-5ed3788345d4 service placement] found 2 providers with available 1 DISK_GB {{(pid=105646) get_provider_ids_matching /opt/stack/placement/placement/objects/research_context.py:563}}
Aug 03 14:36:07.701662 n-d-850510-3 devstack@placement-api.service[105646]: DEBUG placement.objects.research_context [req-356a8788-821f-4508-b973-b3b2b6079288 req-008dd22d-c1b6-4816-a786-5ed3788345d4 service placement] found 2 providers with available 1024 MEMORY_MB {{(pid=105646) get_provider_ids_matching /opt/stack/placement/placement/objects/research_context.py:563}}
Aug 03 14:36:07.701662 n-d-850510-3 devstack@placement-api.service[105646]: DEBUG placement.objects.research_context [req-356a8788-821f-4508-b973-b3b2b6079288 req-008dd22d-c1b6-4816-a786-5ed3788345d4 service placement] found 2 providers after filtering by previous result {{(pid=105646) get_provider_ids_matching /opt/stack/placement/placement/objects/research_context.py:594}}
Aug 03 14:36:07.701662 n-d-850510-3 devstack@placement-api.service[105646]: DEBUG placement.objects.research_context [req-356a8788-821f-4508-b973-b3b2b6079288 req-008dd22d-c1b6-4816-a786-5ed3788345d4 service placement] found 2 providers with available 1 VCPU {{(pid=105646) get_provider_ids_matching /opt/stack/placement/placement/objects/research_context.py:563}}
Aug 03 14:36:07.701662 n-d-850510-3 devstack@placement-api.service[105646]: DEBUG placement.objects.research_context [req-356a8788-821f-4508-b973-b3b2b6079288 req-008dd22d-c1b6-4816-a786-5ed3788345d4 service placement] found 2 providers after filtering by previous result {{(pid=105646) get_provider_ids_matching /opt/stack/placement/placement/objects/research_context.py:594}}
Aug 03 14:36:07.710318 n-d-850510-3 devstack@placement-api.service[105646]: DEBUG placement.objects.allocation_candidate [req-356a8788-821f-4508-b973-b3b2b6079288 req-008dd22d-c1b6-4816-a786-5ed3788345d4 service placement] RequestGroup(use_same_provider=False, resources={DISK_GB:1, MEMORY_MB:1024, VCPU:1}, traits=(), aggregates=[]) (suffix '') returned 2 matches {{(pid=105646) _get_by_requests /opt/stack/placement/placement/objects/allocation_candidate.py:156}}
Aug 03 14:36:07.710695 n-d-850510-3 devstack@placement-api.service[105646]: DEBUG placement.objects.allocation_candidate [req-356a8788-821f-4508-b973-b3b2b6079288 req-008dd22d-c1b6-4816-a786-5ed3788345d4 service placement] Merging candidates yields 2 allocation requests and 2 provider summaries {{(pid=105646) _merge_candidates /opt/stack/placement/placement/objects/allocation_candidate.py:809}}
Aug 03 14:36:07.712231 n-d-850510-3 devstack@placement-api.service[105646]: INFO placement.requestlog [req-356a8788-821f-4508-b973-b3b2b6079288 req-008dd22d-c1b6-4816-a786-5ed3788345d4 service placement] 10.222.0.17 "GET /placement/allocation_candidates?resources=DISK_GB%3A1%2CMEMORY_MB%3A1024%2CVCPU%3A1&root_required=%21COMPUTE_STATUS_DISABLED" status: 200 len: 1309 microversion: 1.36
Aug 03 14:36:07.712606 n-d-850510-3 devstack@placement-api.service[105646]: [pid: 105646|app: 0|req: 55/110] 10.222.0.17 () {60 vars in 1484 bytes} [Wed Aug 3 14:36:07 2022] GET /placement/allocation_candidates?resources=DISK_GB%3A1%2CMEMORY_MB%3A1024%2CVCPU%3A1&root_required=%21COMPUTE_STATUS_DISABLED => generated 1309 bytes in 100 msecs (HTTP/1.1 200) 8 headers in 297 bytes (1 switches on core 0)
Aug 03 14:36:07.866065 n-d-850510-3 devstack@placement-api.service[105647]: DEBUG placement.requestlog [req-356a8788-821f-4508-b973-b3b2b6079288 req-71052679-0918-4ada-a296-ab8c002fcdb2 None None] Starting request: 10.222.0.17 "GET /placement/allocations/36276a5e-b10e-4644-ac52-c18c956acf2a" {{(pid=105647) __call__ /opt/stack/placement/placement/requestlog.py:55}}
Aug 03 14:36:07.908007 n-d-850510-3 devstack@placement-api.service[105647]: INFO placement.requestlog [req-356a8788-821f-4508-b973-b3b2b6079288 req-71052679-0918-4ada-a296-ab8c002fcdb2 service placement] 10.222.0.17 "GET /placement/allocations/36276a5e-b10e-4644-ac52-c18c956acf2a" status: 200 len: 19 microversion: 1.28
Aug 03 14:36:07.914565 n-d-850510-3 devstack@placement-api.service[105647]: [pid: 105647|app: 0|req: 56/111] 10.222.0.17 () {60 vars in 1380 bytes} [Wed Aug 3 14:36:07 2022] GET /placement/allocations/36276a5e-b10e-4644-ac52-c18c956acf2a => generated 19 bytes in 49 msecs (HTTP/1.1 200) 8 headers in 295 bytes (1 switches on core 0)
Aug 03 14:36:07.915418 n-d-850510-3 devstack@placement-api.service[105646]: DEBUG placement.requestlog [req-356a8788-821f-4508-b973-b3b2b6079288 req-ea87f983-fc0e-4b19-afac-d7e24a2f72a4 None None] Starting request: 10.222.0.17 "PUT /placement/allocations/36276a5e-b10e-4644-ac52-c18c956acf2a" {{(pid=105646) __call__ /opt/stack/placement/placement/requestlog.py:55}}
Aug 03 14:36:08.076495 n-d-850510-3 devstack@placement-api.service[105646]: DEBUG placement.handlers.allocation [req-356a8788-821f-4508-b973-b3b2b6079288 req-ea87f983-fc0e-4b19-afac-d7e24a2f72a4 service placement] Successfully wrote allocations [, , ] {{(pid=105646) _update_consumers_and_create_allocations /opt/stack/placement/placement/handlers/allocation.py:462}}
Aug 03 14:36:08.138985 n-d-850510-3 devstack@placement-api.service[105646]: INFO placement.requestlog [req-356a8788-821f-4508-b973-b3b2b6079288 req-ea87f983-fc0e-4b19-afac-d7e24a2f72a4 service placement] 10.222.0.17 "PUT /placement/allocations/36276a5e-b10e-4644-ac52-c18c956acf2a" status: 204 len: 0 microversion: 1.36
Aug 03 14:36:08.139386 n-d-850510-3 devstack@placement-api.service[105646]: [pid: 105646|app: 0|req: 56/112] 10.222.0.17 () {64 vars in 1433 bytes} [Wed Aug 3 14:36:07 2022] PUT /placement/allocations/36276a5e-b10e-4644-ac52-c18c956acf2a => generated 0 bytes in 225 msecs (HTTP/1.1 204) 5 headers in 199 bytes (1 switches on core 0)
Aug 03 14:36:08.153848 n-d-850510-3 devstack@placement-api.service[105647]: DEBUG placement.requestlog [req-356a8788-821f-4508-b973-b3b2b6079288 req-6c3f8814-26ed-4fa4-a9ba-40c010635c50 None None] Starting request: 10.222.0.17 "GET /placement/allocations/2c96875c-569b-44a7-a977-c0648f07a99c" {{(pid=105647) __call__ /opt/stack/placement/placement/requestlog.py:55}}
Aug 03 14:36:08.164676 n-d-850510-3 devstack@placement-api.service[105647]: INFO placement.requestlog [req-356a8788-821f-4508-b973-b3b2b6079288 req-6c3f8814-26ed-4fa4-a9ba-40c010635c50 service placement] 10.222.0.17 "GET /placement/allocations/2c96875c-569b-44a7-a977-c0648f07a99c" status: 200 len: 19 microversion: 1.28
Aug 03 14:36:08.165790 n-d-850510-3 devstack@placement-api.service[105647]: [pid: 105647|app: 0|req: 57/113] 10.222.0.17 () {60 vars in 1380 bytes} [Wed Aug 3 14:36:08 2022] GET /placement/allocations/2c96875c-569b-44a7-a977-c0648f07a99c => generated 19 bytes in 12 msecs (HTTP/1.1 200) 8 headers in 295 bytes (1 switches on core 0)
Aug 03 14:36:08.171903 n-d-850510-3 devstack@placement-api.service[105646]: DEBUG placement.requestlog [req-356a8788-821f-4508-b973-b3b2b6079288 req-a7d62efb-fee2-48f6-8c8e-ecf2cea80d12 None None] Starting request: 10.222.0.17 "PUT /placement/allocations/2c96875c-569b-44a7-a977-c0648f07a99c" {{(pid=105646) __call__ /opt/stack/placement/placement/requestlog.py:55}}
Aug 03 14:36:08.291964 n-d-850510-3 devstack@placement-api.service[105646]: DEBUG placement.handlers.allocation [req-356a8788-821f-4508-b973-b3b2b6079288 req-a7d62efb-fee2-48f6-8c8e-ecf2cea80d12 service placement] Successfully wrote allocations [, , ] {{(pid=105646) _update_consumers_and_create_allocations /opt/stack/placement/placement/handlers/allocation.py:462}}
Aug 03 14:36:08.378982 n-d-850510-3 devstack@placement-api.service[105646]: INFO placement.requestlog [req-356a8788-821f-4508-b973-b3b2b6079288 req-a7d62efb-fee2-48f6-8c8e-ecf2cea80d12 service placement] 10.222.0.17 "PUT /placement/allocations/2c96875c-569b-44a7-a977-c0648f07a99c" status: 204 len: 0 microversion: 1.36
Aug 03 14:36:08.380160 n-d-850510-3 devstack@placement-api.service[105646]: [pid: 105646|app: 0|req: 57/114] 10.222.0.17 () {64 vars in 1433 bytes} [Wed Aug 3 14:36:08 2022] PUT /placement/allocations/2c96875c-569b-44a7-a977-c0648f07a99c => generated 0 bytes in 208 msecs (HTTP/1.1 204) 5 headers in 199 bytes (1 switches on core 0)
Aug 03 14:36:08.525807 n-d-850510-3 devstack@placement-api.service[105647]: DEBUG placement.requestlog [req-df36ec14-9bec-4667-8f70-8f2161e426f8 req-86270f92-3036-424d-9b55-5106571f0987 None None] Starting request: 10.222.0.17 "GET /placement/allocation_candidates?limit=1000&resources=DISK_GB%3A1%2CMEMORY_MB%3A1024%2CVCPU%3A1&root_required=%21COMPUTE_STATUS_DISABLED" {{(pid=105647) __call__ /opt/stack/placement/placement/requestlog.py:55}}
Aug 03 14:36:08.585627 n-d-850510-3 devstack@placement-api.service[105647]: DEBUG placement.objects.research_context [req-df36ec14-9bec-4667-8f70-8f2161e426f8 req-86270f92-3036-424d-9b55-5106571f0987 service placement] getting providers with 1 DISK_GB {{(pid=105647) __init__ /opt/stack/placement/placement/objects/research_context.py:136}}
Aug 03 14:36:08.729213 n-d-850510-3 devstack@placement-api.service[105647]: DEBUG placement.objects.research_context [req-df36ec14-9bec-4667-8f70-8f2161e426f8 req-86270f92-3036-424d-9b55-5106571f0987 service placement] getting providers with 1024 MEMORY_MB {{(pid=105647) __init__ /opt/stack/placement/placement/objects/research_context.py:136}}
Aug 03 14:36:08.729213 n-d-850510-3 devstack@placement-api.service[105647]: DEBUG placement.objects.research_context [req-df36ec14-9bec-4667-8f70-8f2161e426f8 req-86270f92-3036-424d-9b55-5106571f0987 service placement] getting providers with 1 VCPU {{(pid=105647) __init__ /opt/stack/placement/placement/objects/research_context.py:136}}
Aug 03 14:36:08.735622 n-d-850510-3 devstack@placement-api.service[105647]: DEBUG placement.objects.research_context [req-df36ec14-9bec-4667-8f70-8f2161e426f8 req-86270f92-3036-424d-9b55-5106571f0987 service placement] found 2 providers with available 1 DISK_GB {{(pid=105647) get_provider_ids_matching /opt/stack/placement/placement/objects/research_context.py:563}}
Aug 03 14:36:08.735915 n-d-850510-3 devstack@placement-api.service[105647]: DEBUG placement.objects.research_context [req-df36ec14-9bec-4667-8f70-8f2161e426f8 req-86270f92-3036-424d-9b55-5106571f0987 service placement] found 2 providers with available 1024 MEMORY_MB {{(pid=105647) get_provider_ids_matching /opt/stack/placement/placement/objects/research_context.py:563}}
Aug 03 14:36:08.736182 n-d-850510-3 devstack@placement-api.service[105647]: DEBUG placement.objects.research_context [req-df36ec14-9bec-4667-8f70-8f2161e426f8 req-86270f92-3036-424d-9b55-5106571f0987 service placement] found 2 providers after filtering by previous result {{(pid=105647) get_provider_ids_matching /opt/stack/placement/placement/objects/research_context.py:594}}
Aug 03 14:36:08.736444 n-d-850510-3 devstack@placement-api.service[105647]: DEBUG placement.objects.research_context [req-df36ec14-9bec-4667-8f70-8f2161e426f8 req-86270f92-3036-424d-9b55-5106571f0987 service placement] found 2 providers with available 1 VCPU {{(pid=105647) get_provider_ids_matching /opt/stack/placement/placement/objects/research_context.py:563}}
Aug 03 14:36:08.736714 n-d-850510-3 devstack@placement-api.service[105647]: DEBUG placement.objects.research_context [req-df36ec14-9bec-4667-8f70-8f2161e426f8 req-86270f92-3036-424d-9b55-5106571f0987 service placement] found 2 providers after filtering by previous result {{(pid=105647) get_provider_ids_matching /opt/stack/placement/placement/objects/research_context.py:594}}
Aug 03 14:36:08.757738 n-d-850510-3 devstack@placement-api.service[105647]: DEBUG placement.objects.allocation_candidate [req-df36ec14-9bec-4667-8f70-8f2161e426f8 req-86270f92-3036-424d-9b55-5106571f0987 service placement] RequestGroup(use_same_provider=False, resources={DISK_GB:1, MEMORY_MB:1024, VCPU:1}, traits=(), aggregates=[]) (suffix '') returned 2 matches {{(pid=105647) _get_by_requests /opt/stack/placement/placement/objects/allocation_candidate.py:156}}
Aug 03 14:36:08.758055 n-d-850510-3 devstack@placement-api.service[105647]: DEBUG placement.objects.allocation_candidate [req-df36ec14-9bec-4667-8f70-8f2161e426f8 req-86270f92-3036-424d-9b55-5106571f0987 service placement] Merging candidates yields 2 allocation requests and 2 provider summaries {{(pid=105647) _merge_candidates /opt/stack/placement/placement/objects/allocation_candidate.py:809}}
Aug 03 14:36:08.759815 n-d-850510-3 devstack@placement-api.service[105647]: INFO placement.requestlog [req-df36ec14-9bec-4667-8f70-8f2161e426f8 req-86270f92-3036-424d-9b55-5106571f0987 service placement] 10.222.0.17 "GET /placement/allocation_candidates?limit=1000&resources=DISK_GB%3A1%2CMEMORY_MB%3A1024%2CVCPU%3A1&root_required=%21COMPUTE_STATUS_DISABLED" status: 200 len: 1309 microversion: 1.36
Aug 03 14:36:08.760488 n-d-850510-3 devstack@placement-api.service[105647]: [pid: 105647|app: 0|req: 58/115] 10.222.0.17 () {60 vars in 1506 bytes} [Wed Aug 3 14:36:08 2022] GET /placement/allocation_candidates?limit=1000&resources=DISK_GB%3A1%2CMEMORY_MB%3A1024%2CVCPU%3A1&root_required=%21COMPUTE_STATUS_DISABLED => generated 1309 bytes in 235 msecs (HTTP/1.1 200) 8 headers in 297 bytes (1 switches on core 0)
Aug 03 14:36:08.844075 n-d-850510-3 devstack@placement-api.service[105646]: DEBUG placement.requestlog [req-df36ec14-9bec-4667-8f70-8f2161e426f8 req-2a54512e-888a-4b1f-b30e-04092ac240b2 None None] Starting request: 10.222.0.17 "GET /placement/allocations/75cb4870-e292-40e6-8ce2-add850b20096" {{(pid=105646) __call__ /opt/stack/placement/placement/requestlog.py:55}}
Aug 03 14:36:08.857524 n-d-850510-3 devstack@placement-api.service[105646]: INFO placement.requestlog [req-df36ec14-9bec-4667-8f70-8f2161e426f8 req-2a54512e-888a-4b1f-b30e-04092ac240b2 service placement] 10.222.0.17 "GET /placement/allocations/75cb4870-e292-40e6-8ce2-add850b20096" status: 200 len: 19 microversion: 1.28
Aug 03 14:36:08.858188 n-d-850510-3 devstack@placement-api.service[105646]: [pid: 105646|app: 0|req: 58/116] 10.222.0.17 () {60 vars in 1380 bytes} [Wed Aug 3 14:36:08 2022] GET /placement/allocations/75cb4870-e292-40e6-8ce2-add850b20096 => generated 19 bytes in 14 msecs (HTTP/1.1 200) 8 headers in 295 bytes (1 switches on core 0)
Aug 03 14:36:08.864899 n-d-850510-3 devstack@placement-api.service[105647]: DEBUG placement.requestlog [req-df36ec14-9bec-4667-8f70-8f2161e426f8 req-2c721c13-69c6-4170-b3d9-3369f3b770e5 None None] Starting request: 10.222.0.17 "PUT /placement/allocations/75cb4870-e292-40e6-8ce2-add850b20096" {{(pid=105647) __call__ /opt/stack/placement/placement/requestlog.py:55}}
Aug 03 14:36:09.258661 n-d-850510-3 devstack@placement-api.service[105647]: DEBUG placement.handlers.allocation [req-df36ec14-9bec-4667-8f70-8f2161e426f8 req-2c721c13-69c6-4170-b3d9-3369f3b770e5 service placement] Successfully wrote allocations [, , ] {{(pid=105647) _update_consumers_and_create_allocations /opt/stack/placement/placement/handlers/allocation.py:462}}
Aug 03 14:36:09.440829 n-d-850510-3 devstack@placement-api.service[105647]: INFO placement.requestlog [req-df36ec14-9bec-4667-8f70-8f2161e426f8 req-2c721c13-69c6-4170-b3d9-3369f3b770e5 service placement] 10.222.0.17 "PUT /placement/allocations/75cb4870-e292-40e6-8ce2-add850b20096" status: 204 len: 0 microversion: 1.36
Aug 03 14:36:09.441250 n-d-850510-3 devstack@placement-api.service[105647]: [pid: 105647|app: 0|req: 59/117] 10.222.0.17 () {64 vars in 1433 bytes} [Wed Aug 3 14:36:08 2022] PUT /placement/allocations/75cb4870-e292-40e6-8ce2-add850b20096 => generated 0 bytes in 577 msecs (HTTP/1.1 204) 5 headers in 199 bytes (2 switches on core 0)
Aug 03 14:36:09.628396 n-d-850510-3 devstack@placement-api.service[105646]: DEBUG placement.requestlog [req-356a8788-821f-4508-b973-b3b2b6079288 req-45e750a2-1222-41ed-8665-7354fe2d191c None None] Starting request: 10.222.0.67 "GET /placement/allocations/36276a5e-b10e-4644-ac52-c18c956acf2a" {{(pid=105646) __call__ /opt/stack/placement/placement/requestlog.py:55}}
Aug 03 14:36:09.666547 n-d-850510-3 devstack@placement-api.service[105646]: INFO placement.requestlog [req-356a8788-821f-4508-b973-b3b2b6079288 req-45e750a2-1222-41ed-8665-7354fe2d191c service placement] 10.222.0.67 "GET /placement/allocations/36276a5e-b10e-4644-ac52-c18c956acf2a" status: 200 len: 258 microversion: 1.28
Aug 03 14:36:09.666547 n-d-850510-3 devstack@placement-api.service[105646]: [pid: 105646|app: 0|req: 59/118] 10.222.0.67 () {60 vars in 1377 bytes} [Wed Aug 3 14:36:09 2022] GET /placement/allocations/36276a5e-b10e-4644-ac52-c18c956acf2a => generated 258 bytes in 31 msecs (HTTP/1.1 200) 8 headers in 296 bytes (1 switches on core 0)
Aug 03 14:36:10.149806 n-d-850510-3 devstack@placement-api.service[105647]: DEBUG placement.requestlog [req-356a8788-821f-4508-b973-b3b2b6079288 req-e3388d3b-068a-4105-bc1d-b53689927f72 None None] Starting request: 10.222.0.58 "GET /placement/allocations/2c96875c-569b-44a7-a977-c0648f07a99c" {{(pid=105647) __call__ /opt/stack/placement/placement/requestlog.py:55}}
Aug 03 14:36:10.185946 n-d-850510-3 devstack@placement-api.service[105647]: INFO placement.requestlog [req-356a8788-821f-4508-b973-b3b2b6079288 req-e3388d3b-068a-4105-bc1d-b53689927f72 service placement] 10.222.0.58 "GET /placement/allocations/2c96875c-569b-44a7-a977-c0648f07a99c" status: 200 len: 259 microversion: 1.28
Aug 03 14:36:10.186329 n-d-850510-3 devstack@placement-api.service[105647]: [pid: 105647|app: 0|req: 60/119] 10.222.0.58 () {60 vars in 1377 bytes} [Wed Aug 3 14:36:10 2022] GET /placement/allocations/2c96875c-569b-44a7-a977-c0648f07a99c => generated 259 bytes in 37 msecs (HTTP/1.1 200) 8 headers in 296 bytes (1 switches on core 0)
Aug 03 14:36:11.115433 n-d-850510-3 devstack@placement-api.service[105646]: DEBUG placement.requestlog [req-df36ec14-9bec-4667-8f70-8f2161e426f8 req-77276029-4dc5-492b-903e-45ffb8fc3e39 None None] Starting request: 10.222.0.67 "GET /placement/allocations/75cb4870-e292-40e6-8ce2-add850b20096" {{(pid=105646) __call__ /opt/stack/placement/placement/requestlog.py:55}}
Aug 03 14:36:11.137405 n-d-850510-3 devstack@placement-api.service[105646]: INFO placement.requestlog [req-df36ec14-9bec-4667-8f70-8f2161e426f8 req-77276029-4dc5-492b-903e-45ffb8fc3e39 service placement] 10.222.0.67 "GET /placement/allocations/75cb4870-e292-40e6-8ce2-add850b20096" status: 200 len: 258 microversion: 1.28
Aug 03 14:36:11.144797 n-d-850510-3 devstack@placement-api.service[105646]: [pid: 105646|app: 0|req: 60/120] 10.222.0.67 () {60 vars in 1377 bytes} [Wed Aug 3 14:36:11 2022] GET /placement/allocations/75cb4870-e292-40e6-8ce2-add850b20096 => generated 258 bytes in 23 msecs (HTTP/1.1 200) 8 headers in 296 bytes (1 switches on core 0)
Aug 03 14:36:15.343000 n-d-850510-3 devstack@placement-api.service[105647]: DEBUG placement.requestlog [req-05989771-e7be-418a-bd7c-8852eb37b0ab req-fe0eb950-511e-4ce9-910c-a73a34bee640 None None] Starting request: 10.222.0.17 "GET /placement/allocation_candidates?limit=1000&resources=DISK_GB%3A2%2CMEMORY_MB%3A1024%2CVCPU%3A1&root_required=%21COMPUTE_STATUS_DISABLED" {{(pid=105647) __call__ /opt/stack/placement/placement/requestlog.py:55}}
Aug 03 14:36:15.393769 n-d-850510-3 devstack@placement-api.service[105647]: DEBUG placement.objects.research_context [req-05989771-e7be-418a-bd7c-8852eb37b0ab req-fe0eb950-511e-4ce9-910c-a73a34bee640 service placement] getting providers with 2 DISK_GB {{(pid=105647) __init__ /opt/stack/placement/placement/objects/research_context.py:136}}
Aug 03 14:36:15.400207 n-d-850510-3 devstack@placement-api.service[105647]: DEBUG placement.objects.research_context [req-05989771-e7be-418a-bd7c-8852eb37b0ab req-fe0eb950-511e-4ce9-910c-a73a34bee640 service placement] getting providers with 1024 MEMORY_MB {{(pid=105647) __init__ /opt/stack/placement/placement/objects/research_context.py:136}}
Aug 03 14:36:15.407506 n-d-850510-3 devstack@placement-api.service[105647]: DEBUG placement.objects.research_context [req-05989771-e7be-418a-bd7c-8852eb37b0ab req-fe0eb950-511e-4ce9-910c-a73a34bee640 service placement] getting providers with 1 VCPU {{(pid=105647) __init__ /opt/stack/placement/placement/objects/research_context.py:136}}
Aug 03 14:36:15.413670 n-d-850510-3 devstack@placement-api.service[105647]: DEBUG placement.objects.research_context [req-05989771-e7be-418a-bd7c-8852eb37b0ab req-fe0eb950-511e-4ce9-910c-a73a34bee640 service placement] found 2 providers with available 2 DISK_GB {{(pid=105647) get_provider_ids_matching /opt/stack/placement/placement/objects/research_context.py:563}}
Aug 03 14:36:15.413954 n-d-850510-3 devstack@placement-api.service[105647]: DEBUG placement.objects.research_context [req-05989771-e7be-418a-bd7c-8852eb37b0ab req-fe0eb950-511e-4ce9-910c-a73a34bee640 service placement] found 2 providers with available 1024 MEMORY_MB {{(pid=105647) get_provider_ids_matching /opt/stack/placement/placement/objects/research_context.py:563}}
Aug 03 14:36:15.414241 n-d-850510-3 devstack@placement-api.service[105647]: DEBUG placement.objects.research_context [req-05989771-e7be-418a-bd7c-8852eb37b0ab req-fe0eb950-511e-4ce9-910c-a73a34bee640 service placement] found 2 providers after filtering by previous result {{(pid=105647) get_provider_ids_matching /opt/stack/placement/placement/objects/research_context.py:594}}
Aug 03 14:36:15.414504 n-d-850510-3 devstack@placement-api.service[105647]: DEBUG placement.objects.research_context [req-05989771-e7be-418a-bd7c-8852eb37b0ab req-fe0eb950-511e-4ce9-910c-a73a34bee640 service placement] found 2 providers with available 1 VCPU {{(pid=105647) get_provider_ids_matching /opt/stack/placement/placement/objects/research_context.py:563}}
Aug 03 14:36:15.415020 n-d-850510-3 devstack@placement-api.service[105647]: DEBUG placement.objects.research_context [req-05989771-e7be-418a-bd7c-8852eb37b0ab req-fe0eb950-511e-4ce9-910c-a73a34bee640 service placement] found 2 providers after filtering by previous result {{(pid=105647) get_provider_ids_matching /opt/stack/placement/placement/objects/research_context.py:594}}
Aug 03 14:36:15.428576 n-d-850510-3 devstack@placement-api.service[105647]: DEBUG placement.objects.allocation_candidate [req-05989771-e7be-418a-bd7c-8852eb37b0ab req-fe0eb950-511e-4ce9-910c-a73a34bee640 service placement] RequestGroup(use_same_provider=False, resources={DISK_GB:2, MEMORY_MB:1024, VCPU:1}, traits=(), aggregates=[]) (suffix '') returned 2 matches {{(pid=105647) _get_by_requests /opt/stack/placement/placement/objects/allocation_candidate.py:156}}
Aug 03 14:36:15.428841 n-d-850510-3 devstack@placement-api.service[105647]: DEBUG placement.objects.allocation_candidate [req-05989771-e7be-418a-bd7c-8852eb37b0ab req-fe0eb950-511e-4ce9-910c-a73a34bee640 service placement] Merging candidates yields 2 allocation requests and 2 provider summaries {{(pid=105647) _merge_candidates /opt/stack/placement/placement/objects/allocation_candidate.py:809}}
Aug 03 14:36:15.430881 n-d-850510-3 devstack@placement-api.service[105647]: INFO placement.requestlog [req-05989771-e7be-418a-bd7c-8852eb37b0ab req-fe0eb950-511e-4ce9-910c-a73a34bee640 service placement] 10.222.0.17 "GET /placement/allocation_candidates?limit=1000&resources=DISK_GB%3A2%2CMEMORY_MB%3A1024%2CVCPU%3A1&root_required=%21COMPUTE_STATUS_DISABLED" status: 200 len: 1309 microversion: 1.36
Aug 03 14:36:15.431767 n-d-850510-3 devstack@placement-api.service[105647]: [pid: 105647|app: 0|req: 61/121] 10.222.0.17 () {60 vars in 1506 bytes} [Wed Aug 3 14:36:15 2022] GET /placement/allocation_candidates?limit=1000&resources=DISK_GB%3A2%2CMEMORY_MB%3A1024%2CVCPU%3A1&root_required=%21COMPUTE_STATUS_DISABLED => generated 1309 bytes in 91 msecs (HTTP/1.1 200) 8 headers in 297 bytes (1 switches on core 0)
