Aug 03 14:42:08.358969 n-d-850510-3 devstack@placement-api.service[105646]: DEBUG placement.requestlog [req-49bc47f2-e189-40a7-b31a-d44d4bf7e0af req-ba2d3b46-3eb8-41ff-b7ca-58754c91106b None None] Starting request: 10.222.0.58 "GET /placement/allocations/43a3ae99-d94b-49b7-a9b5-8462c66d300f" {{(pid=105646) __call__ /opt/stack/placement/placement/requestlog.py:55}}
Aug 03 14:42:08.374808 n-d-850510-3 devstack@placement-api.service[105646]: INFO placement.requestlog [req-49bc47f2-e189-40a7-b31a-d44d4bf7e0af req-ba2d3b46-3eb8-41ff-b7ca-58754c91106b service placement] 10.222.0.58 "GET /placement/allocations/43a3ae99-d94b-49b7-a9b5-8462c66d300f" status: 200 len: 245 microversion: 1.28
Aug 03 14:42:08.375208 n-d-850510-3 devstack@placement-api.service[105646]: [pid: 105646|app: 0|req: 179/359] 10.222.0.58 () {60 vars in 1377 bytes} [Wed Aug 3 14:42:08 2022] GET /placement/allocations/43a3ae99-d94b-49b7-a9b5-8462c66d300f => generated 245 bytes in 17 msecs (HTTP/1.1 200) 8 headers in 296 bytes (1 switches on core 0)
Aug 03 14:42:08.382818 n-d-850510-3 devstack@placement-api.service[105647]: DEBUG placement.requestlog [req-49bc47f2-e189-40a7-b31a-d44d4bf7e0af req-c25acf3e-6375-4cbe-8d38-b865319f8376 None None] Starting request: 10.222.0.58 "PUT /placement/allocations/43a3ae99-d94b-49b7-a9b5-8462c66d300f" {{(pid=105647) __call__ /opt/stack/placement/placement/requestlog.py:55}}
Aug 03 14:42:08.461016 n-d-850510-3 devstack@placement-api.service[105647]: DEBUG placement.handlers.allocation [req-49bc47f2-e189-40a7-b31a-d44d4bf7e0af req-c25acf3e-6375-4cbe-8d38-b865319f8376 service placement] Successfully wrote allocations [, ] {{(pid=105647) _update_consumers_and_create_allocations /opt/stack/placement/placement/handlers/allocation.py:462}}
Aug 03 14:42:08.687152 n-d-850510-3 devstack@placement-api.service[105647]: INFO placement.requestlog [req-49bc47f2-e189-40a7-b31a-d44d4bf7e0af req-c25acf3e-6375-4cbe-8d38-b865319f8376 service placement] 10.222.0.58 "PUT /placement/allocations/43a3ae99-d94b-49b7-a9b5-8462c66d300f" status: 204 len: 0 microversion: 1.28
Aug 03 14:42:08.688574 n-d-850510-3 devstack@placement-api.service[105647]: [pid: 105647|app: 0|req: 181/360] 10.222.0.58 () {64 vars in 1430 bytes} [Wed Aug 3 14:42:08 2022] PUT /placement/allocations/43a3ae99-d94b-49b7-a9b5-8462c66d300f => generated 0 bytes in 306 msecs (HTTP/1.1 204) 5 headers in 199 bytes (1 switches on core 0)
Aug 03 14:42:15.555884 n-d-850510-3 devstack@placement-api.service[105646]: DEBUG placement.requestlog [req-b795b030-50a2-43b4-b15a-b90f3bea6b3f req-d7f169d0-209a-4960-a6a2-bb6b06014352 None None] Starting request: 10.222.0.17 "GET /placement/allocation_candidates?limit=1000&resources=DISK_GB%3A1%2CMEMORY_MB%3A1024%2CVCPU%3A1&root_required=%21COMPUTE_STATUS_DISABLED" {{(pid=105646) __call__ /opt/stack/placement/placement/requestlog.py:55}}
Aug 03 14:42:15.689530 n-d-850510-3 devstack@placement-api.service[105646]: DEBUG placement.objects.research_context [req-b795b030-50a2-43b4-b15a-b90f3bea6b3f req-d7f169d0-209a-4960-a6a2-bb6b06014352 service placement] getting providers with 1 DISK_GB {{(pid=105646) __init__ /opt/stack/placement/placement/objects/research_context.py:136}}
Aug 03 14:42:15.710571 n-d-850510-3 devstack@placement-api.service[105646]: DEBUG placement.objects.research_context [req-b795b030-50a2-43b4-b15a-b90f3bea6b3f req-d7f169d0-209a-4960-a6a2-bb6b06014352 service placement] getting providers with 1024 MEMORY_MB {{(pid=105646) __init__ /opt/stack/placement/placement/objects/research_context.py:136}}
Aug 03 14:42:15.734735 n-d-850510-3 devstack@placement-api.service[105646]: DEBUG placement.objects.research_context [req-b795b030-50a2-43b4-b15a-b90f3bea6b3f req-d7f169d0-209a-4960-a6a2-bb6b06014352 service placement] getting providers with 1 VCPU {{(pid=105646) __init__ /opt/stack/placement/placement/objects/research_context.py:136}}
Aug 03 14:42:15.751912 n-d-850510-3 devstack@placement-api.service[105646]: DEBUG placement.objects.research_context [req-b795b030-50a2-43b4-b15a-b90f3bea6b3f req-d7f169d0-209a-4960-a6a2-bb6b06014352 service placement] found 2 providers with available 1 DISK_GB {{(pid=105646) get_provider_ids_matching /opt/stack/placement/placement/objects/research_context.py:563}}
Aug 03 14:42:15.752458 n-d-850510-3 devstack@placement-api.service[105646]: DEBUG placement.objects.research_context [req-b795b030-50a2-43b4-b15a-b90f3bea6b3f req-d7f169d0-209a-4960-a6a2-bb6b06014352 service placement] found 2 providers with available 1024 MEMORY_MB {{(pid=105646) get_provider_ids_matching /opt/stack/placement/placement/objects/research_context.py:563}}
Aug 03 14:42:15.752933 n-d-850510-3 devstack@placement-api.service[105646]: DEBUG placement.objects.research_context [req-b795b030-50a2-43b4-b15a-b90f3bea6b3f req-d7f169d0-209a-4960-a6a2-bb6b06014352 service placement] found 2 providers after filtering by previous result {{(pid=105646) get_provider_ids_matching /opt/stack/placement/placement/objects/research_context.py:594}}
Aug 03 14:42:15.753510 n-d-850510-3 devstack@placement-api.service[105646]: DEBUG placement.objects.research_context [req-b795b030-50a2-43b4-b15a-b90f3bea6b3f req-d7f169d0-209a-4960-a6a2-bb6b06014352 service placement] found 2 providers with available 1 VCPU {{(pid=105646) get_provider_ids_matching /opt/stack/placement/placement/objects/research_context.py:563}}
Aug 03 14:42:15.753944 n-d-850510-3 devstack@placement-api.service[105646]: DEBUG placement.objects.research_context [req-b795b030-50a2-43b4-b15a-b90f3bea6b3f req-d7f169d0-209a-4960-a6a2-bb6b06014352 service placement] found 2 providers after filtering by previous result {{(pid=105646) get_provider_ids_matching /opt/stack/placement/placement/objects/research_context.py:594}}
Aug 03 14:42:15.791285 n-d-850510-3 devstack@placement-api.service[105646]: DEBUG placement.objects.allocation_candidate [req-b795b030-50a2-43b4-b15a-b90f3bea6b3f req-d7f169d0-209a-4960-a6a2-bb6b06014352 service placement] RequestGroup(use_same_provider=False, resources={DISK_GB:1, MEMORY_MB:1024, VCPU:1}, traits=(), aggregates=[]) (suffix '') returned 2 matches {{(pid=105646) _get_by_requests /opt/stack/placement/placement/objects/allocation_candidate.py:156}}
Aug 03 14:42:15.791687 n-d-850510-3 devstack@placement-api.service[105646]: DEBUG placement.objects.allocation_candidate [req-b795b030-50a2-43b4-b15a-b90f3bea6b3f req-d7f169d0-209a-4960-a6a2-bb6b06014352 service placement] Merging candidates yields 2 allocation requests and 2 provider summaries {{(pid=105646) _merge_candidates /opt/stack/placement/placement/objects/allocation_candidate.py:809}}
Aug 03 14:42:15.800405 n-d-850510-3 devstack@placement-api.service[105646]: INFO placement.requestlog [req-b795b030-50a2-43b4-b15a-b90f3bea6b3f req-d7f169d0-209a-4960-a6a2-bb6b06014352 service placement] 10.222.0.17 "GET /placement/allocation_candidates?limit=1000&resources=DISK_GB%3A1%2CMEMORY_MB%3A1024%2CVCPU%3A1&root_required=%21COMPUTE_STATUS_DISABLED" status: 200 len: 1309 microversion: 1.36
Aug 03 14:42:15.800810 n-d-850510-3 devstack@placement-api.service[105646]: [pid: 105646|app: 0|req: 180/361] 10.222.0.17 () {60 vars in 1506 bytes} [Wed Aug 3 14:42:15 2022] GET /placement/allocation_candidates?limit=1000&resources=DISK_GB%3A1%2CMEMORY_MB%3A1024%2CVCPU%3A1&root_required=%21COMPUTE_STATUS_DISABLED => generated 1309 bytes in 245 msecs (HTTP/1.1 200) 8 headers in 297 bytes (1 switches on core 0)
Aug 03 14:42:16.052694 n-d-850510-3 devstack@placement-api.service[105647]: DEBUG placement.requestlog [req-b795b030-50a2-43b4-b15a-b90f3bea6b3f req-a5fbc2c9-a9ec-4044-84c0-e904d72c2f44 None None] Starting request: 10.222.0.17 "GET /placement/allocations/b921f104-4b12-4e25-b2dd-b4e8cd6678c6" {{(pid=105647) __call__ /opt/stack/placement/placement/requestlog.py:55}}
Aug 03 14:42:16.081474 n-d-850510-3 devstack@placement-api.service[105647]: INFO placement.requestlog [req-b795b030-50a2-43b4-b15a-b90f3bea6b3f req-a5fbc2c9-a9ec-4044-84c0-e904d72c2f44 service placement] 10.222.0.17 "GET /placement/allocations/b921f104-4b12-4e25-b2dd-b4e8cd6678c6" status: 200 len: 19 microversion: 1.28
Aug 03 14:42:16.084462 n-d-850510-3 devstack@placement-api.service[105647]: [pid: 105647|app: 0|req: 182/362] 10.222.0.17 () {60 vars in 1380 bytes} [Wed Aug 3 14:42:16 2022] GET /placement/allocations/b921f104-4b12-4e25-b2dd-b4e8cd6678c6 => generated 19 bytes in 32 msecs (HTTP/1.1 200) 8 headers in 295 bytes (1 switches on core 0)
Aug 03 14:42:16.088037 n-d-850510-3 devstack@placement-api.service[105646]: DEBUG placement.requestlog [req-b795b030-50a2-43b4-b15a-b90f3bea6b3f req-01cb3dd0-c7fb-4567-808d-4db7161a3231 None None] Starting request: 10.222.0.17 "PUT /placement/allocations/b921f104-4b12-4e25-b2dd-b4e8cd6678c6" {{(pid=105646) __call__ /opt/stack/placement/placement/requestlog.py:55}}
Aug 03 14:42:16.363605 n-d-850510-3 devstack@placement-api.service[105646]: DEBUG placement.handlers.allocation [req-b795b030-50a2-43b4-b15a-b90f3bea6b3f req-01cb3dd0-c7fb-4567-808d-4db7161a3231 service placement] Successfully wrote allocations [, , ] {{(pid=105646) _update_consumers_and_create_allocations /opt/stack/placement/placement/handlers/allocation.py:462}}
Aug 03 14:42:16.456124 n-d-850510-3 devstack@placement-api.service[105646]: INFO placement.requestlog [req-b795b030-50a2-43b4-b15a-b90f3bea6b3f req-01cb3dd0-c7fb-4567-808d-4db7161a3231 service placement] 10.222.0.17 "PUT /placement/allocations/b921f104-4b12-4e25-b2dd-b4e8cd6678c6" status: 204 len: 0 microversion: 1.36
Aug 03 14:42:16.457052 n-d-850510-3 devstack@placement-api.service[105646]: [pid: 105646|app: 0|req: 181/363] 10.222.0.17 () {64 vars in 1433 bytes} [Wed Aug 3 14:42:16 2022] PUT /placement/allocations/b921f104-4b12-4e25-b2dd-b4e8cd6678c6 => generated 0 bytes in 369 msecs (HTTP/1.1 204) 5 headers in 199 bytes (2 switches on core 0)
Aug 03 14:42:17.285374 n-d-850510-3 devstack@placement-api.service[105647]: DEBUG placement.requestlog [req-6da75ef1-27a8-4fa1-a547-273c977c8bf8 req-af0fac62-b892-4fbc-9983-943656840044 None None] Starting request: 10.222.0.58 "DELETE /placement/allocations/c4a73c2b-65c0-459b-a963-c376107b3ab0" {{(pid=105647) __call__ /opt/stack/placement/placement/requestlog.py:55}}
Aug 03 14:42:17.396053 n-d-850510-3 devstack@placement-api.service[105646]: DEBUG placement.requestlog [None req-e655cc30-7a3e-4d4b-84aa-51e6567b8ffd None None] Starting request: 10.222.0.17 "GET /placement/resource_providers/e41b8360-f43f-43e9-ad42-4eadf032ed56/aggregates" {{(pid=105646) __call__ /opt/stack/placement/placement/requestlog.py:55}}
Aug 03 14:42:17.432909 n-d-850510-3 devstack@placement-api.service[105646]: INFO placement.requestlog [None req-e655cc30-7a3e-4d4b-84aa-51e6567b8ffd service placement] 10.222.0.17 "GET /placement/resource_providers/e41b8360-f43f-43e9-ad42-4eadf032ed56/aggregates" status: 404 len: 235 microversion: 1.1
Aug 03 14:42:17.433464 n-d-850510-3 devstack@placement-api.service[105646]: [pid: 105646|app: 0|req: 182/364] 10.222.0.17 () {58 vars in 1362 bytes} [Wed Aug 3 14:42:17 2022] GET /placement/resource_providers/e41b8360-f43f-43e9-ad42-4eadf032ed56/aggregates => generated 235 bytes in 38 msecs (HTTP/1.1 404) 5 headers in 202 bytes (2 switches on core 0)
Aug 03 14:42:17.484959 n-d-850510-3 devstack@placement-api.service[105647]: DEBUG placement.handlers.allocation [req-6da75ef1-27a8-4fa1-a547-273c977c8bf8 req-af0fac62-b892-4fbc-9983-943656840044 service placement] Successfully deleted allocations [, , ] {{(pid=105647) delete_allocations /opt/stack/placement/placement/handlers/allocation.py:627}}
Aug 03 14:42:17.490581 n-d-850510-3 devstack@placement-api.service[105647]: INFO placement.requestlog [req-6da75ef1-27a8-4fa1-a547-273c977c8bf8 req-af0fac62-b892-4fbc-9983-943656840044 service placement] 10.222.0.58 "DELETE /placement/allocations/c4a73c2b-65c0-459b-a963-c376107b3ab0" status: 204 len: 0 microversion: 1.0
Aug 03 14:42:17.490581 n-d-850510-3 devstack@placement-api.service[105647]: [pid: 105647|app: 0|req: 183/365] 10.222.0.58 () {60 vars in 1355 bytes} [Wed Aug 3 14:42:17 2022] DELETE /placement/allocations/c4a73c2b-65c0-459b-a963-c376107b3ab0 => generated 0 bytes in 201 msecs (HTTP/1.1 204) 5 headers in 198 bytes (1 switches on core 0)
Aug 03 14:42:17.500672 n-d-850510-3 devstack@placement-api.service[105646]: DEBUG placement.requestlog [None req-f432e26e-fd4b-47cc-85cf-bae62c862b48 None None] Starting request: 10.222.0.17 "DELETE /placement/resource_providers/e41b8360-f43f-43e9-ad42-4eadf032ed56" {{(pid=105646) __call__ /opt/stack/placement/placement/requestlog.py:55}}
Aug 03 14:42:17.528542 n-d-850510-3 devstack@placement-api.service[105646]: DEBUG placement.wsgi_wrapper [None req-f432e26e-fd4b-47cc-85cf-bae62c862b48 service placement] Placement API returning an error response: No resource provider with uuid e41b8360-f43f-43e9-ad42-4eadf032ed56 found for delete {{(pid=105646) call_func /opt/stack/placement/placement/wsgi_wrapper.py:31}}
Aug 03 14:42:17.528542 n-d-850510-3 devstack@placement-api.service[105646]: INFO placement.requestlog [None req-f432e26e-fd4b-47cc-85cf-bae62c862b48 service placement] 10.222.0.17 "DELETE /placement/resource_providers/e41b8360-f43f-43e9-ad42-4eadf032ed56" status: 404 len: 246 microversion: 1.1
Aug 03 14:42:17.533529 n-d-850510-3 devstack@placement-api.service[105646]: [pid: 105646|app: 0|req: 183/366] 10.222.0.17 () {60 vars in 1351 bytes} [Wed Aug 3 14:42:17 2022] DELETE /placement/resource_providers/e41b8360-f43f-43e9-ad42-4eadf032ed56 => generated 246 bytes in 33 msecs (HTTP/1.1 404) 6 headers in 231 bytes (1 switches on core 0)
Aug 03 14:42:17.895918 n-d-850510-3 devstack@placement-api.service[105647]: DEBUG placement.requestlog [req-b795b030-50a2-43b4-b15a-b90f3bea6b3f req-0730f354-e4ed-4bb4-97f0-e78b27ecb34c None None] Starting request: 10.222.0.67 "GET /placement/allocations/b921f104-4b12-4e25-b2dd-b4e8cd6678c6" {{(pid=105647) __call__ /opt/stack/placement/placement/requestlog.py:55}}
Aug 03 14:42:17.931567 n-d-850510-3 devstack@placement-api.service[105647]: INFO placement.requestlog [req-b795b030-50a2-43b4-b15a-b90f3bea6b3f req-0730f354-e4ed-4bb4-97f0-e78b27ecb34c service placement] 10.222.0.67 "GET /placement/allocations/b921f104-4b12-4e25-b2dd-b4e8cd6678c6" status: 200 len: 259 microversion: 1.28
Aug 03 14:42:17.934956 n-d-850510-3 devstack@placement-api.service[105647]: [pid: 105647|app: 0|req: 184/367] 10.222.0.67 () {60 vars in 1377 bytes} [Wed Aug 3 14:42:17 2022] GET /placement/allocations/b921f104-4b12-4e25-b2dd-b4e8cd6678c6 => generated 259 bytes in 40 msecs (HTTP/1.1 200) 8 headers in 296 bytes (1 switches on core 0)
Aug 03 14:42:22.483920 n-d-850510-3 devstack@placement-api.service[105646]: DEBUG placement.requestlog [req-533dc025-dece-4ab8-87d6-e12a5238f14e req-e873e94a-5e5a-441a-820c-bb12b743831c None None] Starting request: 10.222.0.67 "DELETE /placement/allocations/fc16a1a8-2658-4b9e-b700-50a5765971f2" {{(pid=105646) __call__ /opt/stack/placement/placement/requestlog.py:55}}
Aug 03 14:42:22.885461 n-d-850510-3 devstack@placement-api.service[105646]: DEBUG placement.handlers.allocation [req-533dc025-dece-4ab8-87d6-e12a5238f14e req-e873e94a-5e5a-441a-820c-bb12b743831c service placement] Successfully deleted allocations [, ] {{(pid=105646) delete_allocations /opt/stack/placement/placement/handlers/allocation.py:627}}
Aug 03 14:42:22.887184 n-d-850510-3 devstack@placement-api.service[105646]: INFO placement.requestlog [req-533dc025-dece-4ab8-87d6-e12a5238f14e req-e873e94a-5e5a-441a-820c-bb12b743831c service placement] 10.222.0.67 "DELETE /placement/allocations/fc16a1a8-2658-4b9e-b700-50a5765971f2" status: 204 len: 0 microversion: 1.0
Aug 03 14:42:22.891623 n-d-850510-3 devstack@placement-api.service[105646]: [pid: 105646|app: 0|req: 184/368] 10.222.0.67 () {60 vars in 1355 bytes} [Wed Aug 3 14:42:22 2022] DELETE /placement/allocations/fc16a1a8-2658-4b9e-b700-50a5765971f2 => generated 0 bytes in 405 msecs (HTTP/1.1 204) 5 headers in 198 bytes (1 switches on core 0)
Aug 03 14:42:25.184383 n-d-850510-3 devstack@placement-api.service[105647]: DEBUG placement.requestlog [req-3691b949-d32b-40a9-a6fd-3036ffaccf02 req-7229ebf2-0c9e-4d91-a1b4-baa90519fb1b None None] Starting request: 10.222.0.58 "GET /placement/resource_providers/25a8d829-64b2-401d-b5fc-7cb828a066f6/allocations" {{(pid=105647) __call__ /opt/stack/placement/placement/requestlog.py:55}}
Aug 03 14:42:25.545630 n-d-850510-3 devstack@placement-api.service[105647]: DEBUG dbcounter [-] [105647] Writing DB stats placement:SELECT=63,placement:DELETE=8,placement:UPDATE=2 {{(pid=105647) stat_writer /usr/local/lib/python3.8/dist-packages/dbcounter.py:114}}
Aug 03 14:42:25.582901 n-d-850510-3 devstack@placement-api.service[105647]: INFO placement.requestlog [req-3691b949-d32b-40a9-a6fd-3036ffaccf02 req-7229ebf2-0c9e-4d91-a1b4-baa90519fb1b service placement] 10.222.0.58 "GET /placement/resource_providers/25a8d829-64b2-401d-b5fc-7cb828a066f6/allocations" status: 200 len: 457 microversion: 1.0
Aug 03 14:42:25.588245 n-d-850510-3 devstack@placement-api.service[105647]: [pid: 105647|app: 0|req: 185/369] 10.222.0.58 () {58 vars in 1390 bytes} [Wed Aug 3 14:42:25 2022] GET /placement/resource_providers/25a8d829-64b2-401d-b5fc-7cb828a066f6/allocations => generated 457 bytes in 404 msecs (HTTP/1.1 200) 6 headers in 224 bytes (1 switches on core 0)
Aug 03 14:42:25.724252 n-d-850510-3 devstack@placement-api.service[105646]: DEBUG placement.requestlog [req-3691b949-d32b-40a9-a6fd-3036ffaccf02 req-03f4e5fe-c311-4436-8c7b-73ead5701fca None None] Starting request: 10.222.0.58 "GET /placement/resource_providers?in_tree=25a8d829-64b2-401d-b5fc-7cb828a066f6" {{(pid=105646) __call__ /opt/stack/placement/placement/requestlog.py:55}}
Aug 03 14:42:25.788322 n-d-850510-3 devstack@placement-api.service[105646]: INFO placement.requestlog [req-3691b949-d32b-40a9-a6fd-3036ffaccf02 req-03f4e5fe-c311-4436-8c7b-73ead5701fca service placement] 10.222.0.58 "GET /placement/resource_providers?in_tree=25a8d829-64b2-401d-b5fc-7cb828a066f6" status: 200 len: 863 microversion: 1.14
Aug 03 14:42:25.789497 n-d-850510-3 devstack@placement-api.service[105646]: [pid: 105646|app: 0|req: 185/370] 10.222.0.58 () {60 vars in 1376 bytes} [Wed Aug 3 14:42:25 2022] GET /placement/resource_providers?in_tree=25a8d829-64b2-401d-b5fc-7cb828a066f6 => generated 863 bytes in 66 msecs (HTTP/1.1 200) 6 headers in 225 bytes (1 switches on core 0)
Aug 03 14:42:25.810830 n-d-850510-3 devstack@placement-api.service[105647]: DEBUG placement.requestlog [req-3691b949-d32b-40a9-a6fd-3036ffaccf02 req-33ef10ba-ee86-414a-8631-90d533944b44 None None] Starting request: 10.222.0.58 "GET /placement/resource_providers/25a8d829-64b2-401d-b5fc-7cb828a066f6/inventories" {{(pid=105647) __call__ /opt/stack/placement/placement/requestlog.py:55}}
Aug 03 14:42:25.848369 n-d-850510-3 devstack@placement-api.service[105647]: INFO placement.requestlog [req-3691b949-d32b-40a9-a6fd-3036ffaccf02 req-33ef10ba-ee86-414a-8631-90d533944b44 service placement] 10.222.0.58 "GET /placement/resource_providers/25a8d829-64b2-401d-b5fc-7cb828a066f6/inventories" status: 200 len: 398 microversion: 1.0
Aug 03 14:42:25.848985 n-d-850510-3 devstack@placement-api.service[105647]: [pid: 105647|app: 0|req: 186/371] 10.222.0.58 () {58 vars in 1390 bytes} [Wed Aug 3 14:42:25 2022] GET /placement/resource_providers/25a8d829-64b2-401d-b5fc-7cb828a066f6/inventories => generated 398 bytes in 38 msecs (HTTP/1.1 200) 6 headers in 224 bytes (1 switches on core 0)
Aug 03 14:42:25.862798 n-d-850510-3 devstack@placement-api.service[105646]: DEBUG placement.requestlog [req-3691b949-d32b-40a9-a6fd-3036ffaccf02 req-026c3d89-04e8-47e3-8e80-bb62a08bb26a None None] Starting request: 10.222.0.58 "GET /placement/resource_providers/25a8d829-64b2-401d-b5fc-7cb828a066f6/aggregates" {{(pid=105646) __call__ /opt/stack/placement/placement/requestlog.py:55}}
Aug 03 14:42:25.884781 n-d-850510-3 devstack@placement-api.service[105646]: INFO placement.requestlog [req-3691b949-d32b-40a9-a6fd-3036ffaccf02 req-026c3d89-04e8-47e3-8e80-bb62a08bb26a service placement] 10.222.0.58 "GET /placement/resource_providers/25a8d829-64b2-401d-b5fc-7cb828a066f6/aggregates" status: 200 len: 54 microversion: 1.19
Aug 03 14:42:25.886809 n-d-850510-3 devstack@placement-api.service[105646]: [pid: 105646|app: 0|req: 186/372] 10.222.0.58 () {60 vars in 1431 bytes} [Wed Aug 3 14:42:25 2022] GET /placement/resource_providers/25a8d829-64b2-401d-b5fc-7cb828a066f6/aggregates => generated 54 bytes in 24 msecs (HTTP/1.1 200) 8 headers in 295 bytes (1 switches on core 0)
Aug 03 14:42:25.894503 n-d-850510-3 devstack@placement-api.service[105647]: DEBUG placement.requestlog [req-3691b949-d32b-40a9-a6fd-3036ffaccf02 req-e1fd0945-270f-40ce-a9a1-bab8d522cb52 None None] Starting request: 10.222.0.58 "GET /placement/resource_providers/25a8d829-64b2-401d-b5fc-7cb828a066f6/traits" {{(pid=105647) __call__ /opt/stack/placement/placement/requestlog.py:55}}
Aug 03 14:42:26.017535 n-d-850510-3 devstack@placement-api.service[105647]: INFO placement.requestlog [req-3691b949-d32b-40a9-a6fd-3036ffaccf02 req-e1fd0945-270f-40ce-a9a1-bab8d522cb52 service placement] 10.222.0.58 "GET /placement/resource_providers/25a8d829-64b2-401d-b5fc-7cb828a066f6/traits" status: 200 len: 212 microversion: 1.6
Aug 03 14:42:26.017888 n-d-850510-3 devstack@placement-api.service[105647]: [pid: 105647|app: 0|req: 187/373] 10.222.0.58 () {60 vars in 1418 bytes} [Wed Aug 3 14:42:25 2022] GET /placement/resource_providers/25a8d829-64b2-401d-b5fc-7cb828a066f6/traits => generated 212 bytes in 124 msecs (HTTP/1.1 200) 6 headers in 224 bytes (1 switches on core 0)
Aug 03 14:42:35.879735 n-d-850510-3 devstack@placement-api.service[105646]: DEBUG dbcounter [-] [105646] Writing DB stats placement:SELECT=47,placement:INSERT=4,placement:DELETE=4,placement:UPDATE=2 {{(pid=105646) stat_writer /usr/local/lib/python3.8/dist-packages/dbcounter.py:114}}
Aug 03 14:42:36.512401 n-d-850510-3 devstack@placement-api.service[105646]: DEBUG placement.requestlog [req-39021bfb-2b30-4ddc-9edf-9bdc90802e97 req-8643ff07-814e-49ce-8ef4-3f77063def56 None None] Starting request: 10.222.0.17 "GET /placement/allocation_candidates?limit=1000&resources=DISK_GB%3A1%2CMEMORY_MB%3A1024%2CVCPU%3A1&root_required=%21COMPUTE_STATUS_DISABLED" {{(pid=105646) __call__ /opt/stack/placement/placement/requestlog.py:55}}
Aug 03 14:42:36.564320 n-d-850510-3 devstack@placement-api.service[105646]: DEBUG placement.objects.research_context [req-39021bfb-2b30-4ddc-9edf-9bdc90802e97 req-8643ff07-814e-49ce-8ef4-3f77063def56 service placement] getting providers with 1 DISK_GB {{(pid=105646) __init__ /opt/stack/placement/placement/objects/research_context.py:136}}
Aug 03 14:42:36.570355 n-d-850510-3 devstack@placement-api.service[105646]: DEBUG placement.objects.research_context [req-39021bfb-2b30-4ddc-9edf-9bdc90802e97 req-8643ff07-814e-49ce-8ef4-3f77063def56 service placement] getting providers with 1024 MEMORY_MB {{(pid=105646) __init__ /opt/stack/placement/placement/objects/research_context.py:136}}
Aug 03 14:42:36.576326 n-d-850510-3 devstack@placement-api.service[105646]: DEBUG placement.objects.research_context [req-39021bfb-2b30-4ddc-9edf-9bdc90802e97 req-8643ff07-814e-49ce-8ef4-3f77063def56 service placement] getting providers with 1 VCPU {{(pid=105646) __init__ /opt/stack/placement/placement/objects/research_context.py:136}}
Aug 03 14:42:36.581803 n-d-850510-3 devstack@placement-api.service[105646]: DEBUG placement.objects.research_context [req-39021bfb-2b30-4ddc-9edf-9bdc90802e97 req-8643ff07-814e-49ce-8ef4-3f77063def56 service placement] found 2 providers with available 1 DISK_GB {{(pid=105646) get_provider_ids_matching /opt/stack/placement/placement/objects/research_context.py:563}}
Aug 03 14:42:36.582084 n-d-850510-3 devstack@placement-api.service[105646]: DEBUG placement.objects.research_context [req-39021bfb-2b30-4ddc-9edf-9bdc90802e97 req-8643ff07-814e-49ce-8ef4-3f77063def56 service placement] found 2 providers with available 1024 MEMORY_MB {{(pid=105646) get_provider_ids_matching /opt/stack/placement/placement/objects/research_context.py:563}}
Aug 03 14:42:36.584262 n-d-850510-3 devstack@placement-api.service[105646]: DEBUG placement.objects.research_context [req-39021bfb-2b30-4ddc-9edf-9bdc90802e97 req-8643ff07-814e-49ce-8ef4-3f77063def56 service placement] found 2 providers after filtering by previous result {{(pid=105646) get_provider_ids_matching /opt/stack/placement/placement/objects/research_context.py:594}}
Aug 03 14:42:36.584262 n-d-850510-3 devstack@placement-api.service[105646]: DEBUG placement.objects.research_context [req-39021bfb-2b30-4ddc-9edf-9bdc90802e97 req-8643ff07-814e-49ce-8ef4-3f77063def56 service placement] found 2 providers with available 1 VCPU {{(pid=105646) get_provider_ids_matching /opt/stack/placement/placement/objects/research_context.py:563}}
Aug 03 14:42:36.584262 n-d-850510-3 devstack@placement-api.service[105646]: DEBUG placement.objects.research_context [req-39021bfb-2b30-4ddc-9edf-9bdc90802e97 req-8643ff07-814e-49ce-8ef4-3f77063def56 service placement] found 2 providers after filtering by previous result {{(pid=105646) get_provider_ids_matching /opt/stack/placement/placement/objects/research_context.py:594}}
Aug 03 14:42:36.594732 n-d-850510-3 devstack@placement-api.service[105646]: DEBUG placement.objects.allocation_candidate [req-39021bfb-2b30-4ddc-9edf-9bdc90802e97 req-8643ff07-814e-49ce-8ef4-3f77063def56 service placement] RequestGroup(use_same_provider=False, resources={DISK_GB:1, MEMORY_MB:1024, VCPU:1}, traits=(), aggregates=[]) (suffix '') returned 2 matches {{(pid=105646) _get_by_requests /opt/stack/placement/placement/objects/allocation_candidate.py:156}}
Aug 03 14:42:36.595023 n-d-850510-3 devstack@placement-api.service[105646]: DEBUG placement.objects.allocation_candidate [req-39021bfb-2b30-4ddc-9edf-9bdc90802e97 req-8643ff07-814e-49ce-8ef4-3f77063def56 service placement] Merging candidates yields 2 allocation requests and 2 provider summaries {{(pid=105646) _merge_candidates /opt/stack/placement/placement/objects/allocation_candidate.py:809}}
Aug 03 14:42:36.597054 n-d-850510-3 devstack@placement-api.service[105646]: INFO placement.requestlog [req-39021bfb-2b30-4ddc-9edf-9bdc90802e97 req-8643ff07-814e-49ce-8ef4-3f77063def56 service placement] 10.222.0.17 "GET /placement/allocation_candidates?limit=1000&resources=DISK_GB%3A1%2CMEMORY_MB%3A1024%2CVCPU%3A1&root_required=%21COMPUTE_STATUS_DISABLED" status: 200 len: 1309 microversion: 1.36
Aug 03 14:42:36.597467 n-d-850510-3 devstack@placement-api.service[105646]: [pid: 105646|app: 0|req: 187/374] 10.222.0.17 () {60 vars in 1506 bytes} [Wed Aug 3 14:42:36 2022] GET /placement/allocation_candidates?limit=1000&resources=DISK_GB%3A1%2CMEMORY_MB%3A1024%2CVCPU%3A1&root_required=%21COMPUTE_STATUS_DISABLED => generated 1309 bytes in 85 msecs (HTTP/1.1 200) 8 headers in 297 bytes (1 switches on core 0)
Aug 03 14:42:36.659183 n-d-850510-3 devstack@placement-api.service[105647]: DEBUG placement.requestlog [req-39021bfb-2b30-4ddc-9edf-9bdc90802e97 req-4db2b378-a1a8-48bb-a268-e7b0a01b9317 None None] Starting request: 10.222.0.17 "GET /placement/allocations/1c02de12-44dd-4e7c-9234-5fe2c02e0441" {{(pid=105647) __call__ /opt/stack/placement/placement/requestlog.py:55}}
Aug 03 14:42:36.671153 n-d-850510-3 devstack@placement-api.service[105647]: INFO placement.requestlog [req-39021bfb-2b30-4ddc-9edf-9bdc90802e97 req-4db2b378-a1a8-48bb-a268-e7b0a01b9317 service placement] 10.222.0.17 "GET /placement/allocations/1c02de12-44dd-4e7c-9234-5fe2c02e0441" status: 200 len: 19 microversion: 1.28
Aug 03 14:42:36.673435 n-d-850510-3 devstack@placement-api.service[105647]: [pid: 105647|app: 0|req: 188/375] 10.222.0.17 () {60 vars in 1380 bytes} [Wed Aug 3 14:42:36 2022] GET /placement/allocations/1c02de12-44dd-4e7c-9234-5fe2c02e0441 => generated 19 bytes in 15 msecs (HTTP/1.1 200) 8 headers in 295 bytes (1 switches on core 0)
Aug 03 14:42:36.677684 n-d-850510-3 devstack@placement-api.service[105646]: DEBUG placement.requestlog [req-39021bfb-2b30-4ddc-9edf-9bdc90802e97 req-158c5e91-b679-450f-a57c-e1d45547b0df None None] Starting request: 10.222.0.17 "PUT /placement/allocations/1c02de12-44dd-4e7c-9234-5fe2c02e0441" {{(pid=105646) __call__ /opt/stack/placement/placement/requestlog.py:55}}
Aug 03 14:42:37.118741 n-d-850510-3 devstack@placement-api.service[105646]: DEBUG placement.handlers.allocation [req-39021bfb-2b30-4ddc-9edf-9bdc90802e97 req-158c5e91-b679-450f-a57c-e1d45547b0df service placement] Successfully wrote allocations [, , ] {{(pid=105646) _update_consumers_and_create_allocations /opt/stack/placement/placement/handlers/allocation.py:462}}
Aug 03 14:42:37.194795 n-d-850510-3 devstack@placement-api.service[105646]: INFO placement.requestlog [req-39021bfb-2b30-4ddc-9edf-9bdc90802e97 req-158c5e91-b679-450f-a57c-e1d45547b0df service placement] 10.222.0.17 "PUT /placement/allocations/1c02de12-44dd-4e7c-9234-5fe2c02e0441" status: 204 len: 0 microversion: 1.36
Aug 03 14:42:37.195813 n-d-850510-3 devstack@placement-api.service[105646]: [pid: 105646|app: 0|req: 188/376] 10.222.0.17 () {64 vars in 1433 bytes} [Wed Aug 3 14:42:36 2022] PUT /placement/allocations/1c02de12-44dd-4e7c-9234-5fe2c02e0441 => generated 0 bytes in 518 msecs (HTTP/1.1 204) 5 headers in 199 bytes (1 switches on core 0)
Aug 03 14:42:38.738207 n-d-850510-3 devstack@placement-api.service[105647]: DEBUG placement.requestlog [req-39021bfb-2b30-4ddc-9edf-9bdc90802e97 req-8742a7ef-e73a-43de-aef3-9319cebc790f None None] Starting request: 10.222.0.58 "GET /placement/allocations/1c02de12-44dd-4e7c-9234-5fe2c02e0441" {{(pid=105647) __call__ /opt/stack/placement/placement/requestlog.py:55}}
Aug 03 14:42:38.759318 n-d-850510-3 devstack@placement-api.service[105647]: INFO placement.requestlog [req-39021bfb-2b30-4ddc-9edf-9bdc90802e97 req-8742a7ef-e73a-43de-aef3-9319cebc790f service placement] 10.222.0.58 "GET /placement/allocations/1c02de12-44dd-4e7c-9234-5fe2c02e0441" status: 200 len: 259 microversion: 1.28
Aug 03 14:42:38.762116 n-d-850510-3 devstack@placement-api.service[105647]: [pid: 105647|app: 0|req: 189/377] 10.222.0.58 () {60 vars in 1377 bytes} [Wed Aug 3 14:42:38 2022] GET /placement/allocations/1c02de12-44dd-4e7c-9234-5fe2c02e0441 => generated 259 bytes in 24 msecs (HTTP/1.1 200) 8 headers in 296 bytes (1 switches on core 0)
Aug 03 14:42:40.585006 n-d-850510-3 devstack@placement-api.service[105646]: DEBUG placement.requestlog [req-65ebc3f8-f62c-42eb-bd55-ba6180563241 req-736265e4-0af0-4276-aefe-94ec40f92237 None None] Starting request: 10.222.0.58 "DELETE /placement/allocations/cb16f306-7f8c-49b8-b52d-6d570c7b10a6" {{(pid=105646) __call__ /opt/stack/placement/placement/requestlog.py:55}}
Aug 03 14:42:40.811970 n-d-850510-3 devstack@placement-api.service[105646]: DEBUG placement.handlers.allocation [req-65ebc3f8-f62c-42eb-bd55-ba6180563241 req-736265e4-0af0-4276-aefe-94ec40f92237 service placement] Successfully deleted allocations [, , ] {{(pid=105646) delete_allocations /opt/stack/placement/placement/handlers/allocation.py:627}}
Aug 03 14:42:40.812487 n-d-850510-3 devstack@placement-api.service[105646]: INFO placement.requestlog [req-65ebc3f8-f62c-42eb-bd55-ba6180563241 req-736265e4-0af0-4276-aefe-94ec40f92237 service placement] 10.222.0.58 "DELETE /placement/allocations/cb16f306-7f8c-49b8-b52d-6d570c7b10a6" status: 204 len: 0 microversion: 1.0
Aug 03 14:42:40.812882 n-d-850510-3 devstack@placement-api.service[105646]: [pid: 105646|app: 0|req: 189/378] 10.222.0.58 () {60 vars in 1355 bytes} [Wed Aug 3 14:42:40 2022] DELETE /placement/allocations/cb16f306-7f8c-49b8-b52d-6d570c7b10a6 => generated 0 bytes in 230 msecs (HTTP/1.1 204) 5 headers in 198 bytes (1 switches on core 0)
Aug 03 14:42:41.171822 n-d-850510-3 devstack@placement-api.service[105647]: DEBUG placement.requestlog [req-5f883766-dfeb-44e5-acf0-fbaa9d5ebbfa req-f3898b8c-0578-472d-8818-a776b5c6ca54 None None] Starting request: 10.222.0.67 "GET /placement/resource_providers/ab4d5597-953d-484c-8814-ce82658d3d42/allocations" {{(pid=105647) __call__ /opt/stack/placement/placement/requestlog.py:55}}
Aug 03 14:42:41.255437 n-d-850510-3 devstack@placement-api.service[105647]: INFO placement.requestlog [req-5f883766-dfeb-44e5-acf0-fbaa9d5ebbfa req-f3898b8c-0578-472d-8818-a776b5c6ca54 service placement] 10.222.0.67 "GET /placement/resource_providers/ab4d5597-953d-484c-8814-ce82658d3d42/allocations" status: 200 len: 255 microversion: 1.0
Aug 03 14:42:41.264256 n-d-850510-3 devstack@placement-api.service[105647]: [pid: 105647|app: 0|req: 190/379] 10.222.0.67 () {58 vars in 1390 bytes} [Wed Aug 3 14:42:41 2022] GET /placement/resource_providers/ab4d5597-953d-484c-8814-ce82658d3d42/allocations => generated 255 bytes in 92 msecs (HTTP/1.1 200) 6 headers in 224 bytes (1 switches on core 0)
Aug 03 14:42:49.557134 n-d-850510-3 devstack@placement-api.service[105646]: DEBUG placement.requestlog [req-f44f9259-7dc1-4c40-9a71-e4018d9f014f req-118b08a6-97de-4c23-9e11-0b9cbcc0e2a9 None None] Starting request: 10.222.0.17 "GET /placement/allocation_candidates?limit=1000&resources=DISK_GB%3A1%2CMEMORY_MB%3A1024%2CVCPU%3A1&root_required=%21COMPUTE_STATUS_DISABLED" {{(pid=105646) __call__ /opt/stack/placement/placement/requestlog.py:55}}
Aug 03 14:42:49.755244 n-d-850510-3 devstack@placement-api.service[105646]: DEBUG placement.objects.research_context [req-f44f9259-7dc1-4c40-9a71-e4018d9f014f req-118b08a6-97de-4c23-9e11-0b9cbcc0e2a9 service placement] getting providers with 1 DISK_GB {{(pid=105646) __init__ /opt/stack/placement/placement/objects/research_context.py:136}}
Aug 03 14:42:49.775503 n-d-850510-3 devstack@placement-api.service[105646]: DEBUG placement.objects.research_context [req-f44f9259-7dc1-4c40-9a71-e4018d9f014f req-118b08a6-97de-4c23-9e11-0b9cbcc0e2a9 service placement] getting providers with 1024 MEMORY_MB {{(pid=105646) __init__ /opt/stack/placement/placement/objects/research_context.py:136}}
Aug 03 14:42:49.790434 n-d-850510-3 devstack@placement-api.service[105646]: DEBUG placement.objects.research_context [req-f44f9259-7dc1-4c40-9a71-e4018d9f014f req-118b08a6-97de-4c23-9e11-0b9cbcc0e2a9 service placement] getting providers with 1 VCPU {{(pid=105646) __init__ /opt/stack/placement/placement/objects/research_context.py:136}}
Aug 03 14:42:49.815597 n-d-850510-3 devstack@placement-api.service[105646]: DEBUG placement.objects.research_context [req-f44f9259-7dc1-4c40-9a71-e4018d9f014f req-118b08a6-97de-4c23-9e11-0b9cbcc0e2a9 service placement] found 2 providers with available 1 DISK_GB {{(pid=105646) get_provider_ids_matching /opt/stack/placement/placement/objects/research_context.py:563}}
Aug 03 14:42:49.817724 n-d-850510-3 devstack@placement-api.service[105646]: DEBUG placement.objects.research_context [req-f44f9259-7dc1-4c40-9a71-e4018d9f014f req-118b08a6-97de-4c23-9e11-0b9cbcc0e2a9 service placement] found 2 providers with available 1024 MEMORY_MB {{(pid=105646) get_provider_ids_matching /opt/stack/placement/placement/objects/research_context.py:563}}
Aug 03 14:42:49.818213 n-d-850510-3 devstack@placement-api.service[105646]: DEBUG placement.objects.research_context [req-f44f9259-7dc1-4c40-9a71-e4018d9f014f req-118b08a6-97de-4c23-9e11-0b9cbcc0e2a9 service placement] found 2 providers after filtering by previous result {{(pid=105646) get_provider_ids_matching /opt/stack/placement/placement/objects/research_context.py:594}}
Aug 03 14:42:49.818654 n-d-850510-3 devstack@placement-api.service[105646]: DEBUG placement.objects.research_context [req-f44f9259-7dc1-4c40-9a71-e4018d9f014f req-118b08a6-97de-4c23-9e11-0b9cbcc0e2a9 service placement] found 2 providers with available 1 VCPU {{(pid=105646) get_provider_ids_matching /opt/stack/placement/placement/objects/research_context.py:563}}
Aug 03 14:42:49.819144 n-d-850510-3 devstack@placement-api.service[105646]: DEBUG placement.objects.research_context [req-f44f9259-7dc1-4c40-9a71-e4018d9f014f req-118b08a6-97de-4c23-9e11-0b9cbcc0e2a9 service placement] found 2 providers after filtering by previous result {{(pid=105646) get_provider_ids_matching /opt/stack/placement/placement/objects/research_context.py:594}}
Aug 03 14:42:49.852999 n-d-850510-3 devstack@placement-api.service[105646]: DEBUG placement.objects.allocation_candidate [req-f44f9259-7dc1-4c40-9a71-e4018d9f014f req-118b08a6-97de-4c23-9e11-0b9cbcc0e2a9 service placement] RequestGroup(use_same_provider=False, resources={DISK_GB:1, MEMORY_MB:1024, VCPU:1}, traits=(), aggregates=[]) (suffix '') returned 2 matches {{(pid=105646) _get_by_requests /opt/stack/placement/placement/objects/allocation_candidate.py:156}}
Aug 03 14:42:49.853423 n-d-850510-3 devstack@placement-api.service[105646]: DEBUG placement.objects.allocation_candidate [req-f44f9259-7dc1-4c40-9a71-e4018d9f014f req-118b08a6-97de-4c23-9e11-0b9cbcc0e2a9 service placement] Merging candidates yields 2 allocation requests and 2 provider summaries {{(pid=105646) _merge_candidates /opt/stack/placement/placement/objects/allocation_candidate.py:809}}
Aug 03 14:42:49.856322 n-d-850510-3 devstack@placement-api.service[105646]: INFO placement.requestlog [req-f44f9259-7dc1-4c40-9a71-e4018d9f014f req-118b08a6-97de-4c23-9e11-0b9cbcc0e2a9 service placement] 10.222.0.17 "GET /placement/allocation_candidates?limit=1000&resources=DISK_GB%3A1%2CMEMORY_MB%3A1024%2CVCPU%3A1&root_required=%21COMPUTE_STATUS_DISABLED" status: 200 len: 1309 microversion: 1.36
Aug 03 14:42:49.857420 n-d-850510-3 devstack@placement-api.service[105646]: [pid: 105646|app: 0|req: 190/380] 10.222.0.17 () {60 vars in 1506 bytes} [Wed Aug 3 14:42:49 2022] GET /placement/allocation_candidates?limit=1000&resources=DISK_GB%3A1%2CMEMORY_MB%3A1024%2CVCPU%3A1&root_required=%21COMPUTE_STATUS_DISABLED => generated 1309 bytes in 301 msecs (HTTP/1.1 200) 8 headers in 297 bytes (1 switches on core 0)
Aug 03 14:42:50.141070 n-d-850510-3 devstack@placement-api.service[105647]: DEBUG placement.requestlog [req-f44f9259-7dc1-4c40-9a71-e4018d9f014f req-8e4e3b0f-b15f-42fa-88eb-eacbead95f59 None None] Starting request: 10.222.0.17 "GET /placement/allocations/858f8b9d-ec9f-468a-8e56-22b0107e60e0" {{(pid=105647) __call__ /opt/stack/placement/placement/requestlog.py:55}}
Aug 03 14:42:50.164447 n-d-850510-3 devstack@placement-api.service[105647]: INFO placement.requestlog [req-f44f9259-7dc1-4c40-9a71-e4018d9f014f req-8e4e3b0f-b15f-42fa-88eb-eacbead95f59 service placement] 10.222.0.17 "GET /placement/allocations/858f8b9d-ec9f-468a-8e56-22b0107e60e0" status: 200 len: 19 microversion: 1.28
Aug 03 14:42:50.164827 n-d-850510-3 devstack@placement-api.service[105647]: [pid: 105647|app: 0|req: 191/381] 10.222.0.17 () {60 vars in 1380 bytes} [Wed Aug 3 14:42:50 2022] GET /placement/allocations/858f8b9d-ec9f-468a-8e56-22b0107e60e0 => generated 19 bytes in 24 msecs (HTTP/1.1 200) 8 headers in 295 bytes (1 switches on core 0)
Aug 03 14:42:50.174492 n-d-850510-3 devstack@placement-api.service[105646]: DEBUG placement.requestlog [req-f44f9259-7dc1-4c40-9a71-e4018d9f014f req-e0efca31-aa0c-468c-8d84-21fc91baf516 None None] Starting request: 10.222.0.17 "PUT /placement/allocations/858f8b9d-ec9f-468a-8e56-22b0107e60e0" {{(pid=105646) __call__ /opt/stack/placement/placement/requestlog.py:55}}
Aug 03 14:42:50.346841 n-d-850510-3 devstack@placement-api.service[105647]: DEBUG placement.requestlog [req-455e0224-3781-4ed8-92fb-a3cb502ecbcc req-8c5a3294-11dc-4da5-9c6b-0438c3e7d924 None None] Starting request: 10.222.0.58 "DELETE /placement/allocations/589b45a9-82e2-4c45-ac2c-4e5fc53205ba" {{(pid=105647) __call__ /opt/stack/placement/placement/requestlog.py:55}}
Aug 03 14:42:50.683225 n-d-850510-3 devstack@placement-api.service[105646]: DEBUG placement.handlers.allocation [req-f44f9259-7dc1-4c40-9a71-e4018d9f014f req-e0efca31-aa0c-468c-8d84-21fc91baf516 service placement] Successfully wrote allocations [, , ] {{(pid=105646) _update_consumers_and_create_allocations /opt/stack/placement/placement/handlers/allocation.py:462}}
Aug 03 14:42:50.725647 n-d-850510-3 devstack@placement-api.service[105647]: DEBUG placement.handlers.allocation [req-455e0224-3781-4ed8-92fb-a3cb502ecbcc req-8c5a3294-11dc-4da5-9c6b-0438c3e7d924 service placement] Successfully deleted allocations [, , ] {{(pid=105647) delete_allocations /opt/stack/placement/placement/handlers/allocation.py:627}}
Aug 03 14:42:50.726464 n-d-850510-3 devstack@placement-api.service[105647]: INFO placement.requestlog [req-455e0224-3781-4ed8-92fb-a3cb502ecbcc req-8c5a3294-11dc-4da5-9c6b-0438c3e7d924 service placement] 10.222.0.58 "DELETE /placement/allocations/589b45a9-82e2-4c45-ac2c-4e5fc53205ba" status: 204 len: 0 microversion: 1.0
Aug 03 14:42:50.727045 n-d-850510-3 devstack@placement-api.service[105647]: [pid: 105647|app: 0|req: 192/382] 10.222.0.58 () {60 vars in 1355 bytes} [Wed Aug 3 14:42:50 2022] DELETE /placement/allocations/589b45a9-82e2-4c45-ac2c-4e5fc53205ba => generated 0 bytes in 381 msecs (HTTP/1.1 204) 5 headers in 198 bytes (2 switches on core 0)
Aug 03 14:42:50.775189 n-d-850510-3 devstack@placement-api.service[105646]: INFO placement.requestlog [req-f44f9259-7dc1-4c40-9a71-e4018d9f014f req-e0efca31-aa0c-468c-8d84-21fc91baf516 service placement] 10.222.0.17 "PUT /placement/allocations/858f8b9d-ec9f-468a-8e56-22b0107e60e0" status: 204 len: 0 microversion: 1.36
Aug 03 14:42:50.781571 n-d-850510-3 devstack@placement-api.service[105646]: [pid: 105646|app: 0|req: 191/383] 10.222.0.17 () {64 vars in 1433 bytes} [Wed Aug 3 14:42:50 2022] PUT /placement/allocations/858f8b9d-ec9f-468a-8e56-22b0107e60e0 => generated 0 bytes in 601 msecs (HTTP/1.1 204) 5 headers in 199 bytes (1 switches on core 0)
Aug 03 14:42:52.356936 n-d-850510-3 devstack@placement-api.service[105647]: DEBUG placement.requestlog [req-f44f9259-7dc1-4c40-9a71-e4018d9f014f req-6d923971-74c8-4558-9ba2-ad9c31e9fb4e None None] Starting request: 10.222.0.67 "GET /placement/allocations/858f8b9d-ec9f-468a-8e56-22b0107e60e0" {{(pid=105647) __call__ /opt/stack/placement/placement/requestlog.py:55}}
Aug 03 14:42:52.630740 n-d-850510-3 devstack@placement-api.service[105647]: INFO placement.requestlog [req-f44f9259-7dc1-4c40-9a71-e4018d9f014f req-6d923971-74c8-4558-9ba2-ad9c31e9fb4e service placement] 10.222.0.67 "GET /placement/allocations/858f8b9d-ec9f-468a-8e56-22b0107e60e0" status: 200 len: 259 microversion: 1.28
Aug 03 14:42:52.631379 n-d-850510-3 devstack@placement-api.service[105647]: [pid: 105647|app: 0|req: 193/384] 10.222.0.67 () {60 vars in 1377 bytes} [Wed Aug 3 14:42:52 2022] GET /placement/allocations/858f8b9d-ec9f-468a-8e56-22b0107e60e0 => generated 259 bytes in 275 msecs (HTTP/1.1 200) 8 headers in 296 bytes (1 switches on core 0)
Aug 03 14:42:53.091788 n-d-850510-3 devstack@placement-api.service[105646]: DEBUG placement.requestlog [req-f44f9259-7dc1-4c40-9a71-e4018d9f014f req-0d7c7f70-7977-47fb-a980-7413356e5691 None None] Starting request: 10.222.0.67 "GET /placement/resource_providers?in_tree=ab4d5597-953d-484c-8814-ce82658d3d42" {{(pid=105646) __call__ /opt/stack/placement/placement/requestlog.py:55}}
Aug 03 14:42:53.161956 n-d-850510-3 devstack@placement-api.service[105646]: INFO placement.requestlog [req-f44f9259-7dc1-4c40-9a71-e4018d9f014f req-0d7c7f70-7977-47fb-a980-7413356e5691 service placement] 10.222.0.67 "GET /placement/resource_providers?in_tree=ab4d5597-953d-484c-8814-ce82658d3d42" status: 200 len: 863 microversion: 1.14
Aug 03 14:42:53.162333 n-d-850510-3 devstack@placement-api.service[105646]: [pid: 105646|app: 0|req: 192/385] 10.222.0.67 () {60 vars in 1376 bytes} [Wed Aug 3 14:42:53 2022] GET /placement/resource_providers?in_tree=ab4d5597-953d-484c-8814-ce82658d3d42 => generated 863 bytes in 71 msecs (HTTP/1.1 200) 6 headers in 225 bytes (1 switches on core 0)
Aug 03 14:42:53.177995 n-d-850510-3 devstack@placement-api.service[105647]: DEBUG placement.requestlog [req-f44f9259-7dc1-4c40-9a71-e4018d9f014f req-0ceb6790-de80-4e22-8096-2a9cc79e3a01 None None] Starting request: 10.222.0.67 "GET /placement/resource_providers/ab4d5597-953d-484c-8814-ce82658d3d42/inventories" {{(pid=105647) __call__ /opt/stack/placement/placement/requestlog.py:55}}
Aug 03 14:42:53.285631 n-d-850510-3 devstack@placement-api.service[105647]: INFO placement.requestlog [req-f44f9259-7dc1-4c40-9a71-e4018d9f014f req-0ceb6790-de80-4e22-8096-2a9cc79e3a01 service placement] 10.222.0.67 "GET /placement/resource_providers/ab4d5597-953d-484c-8814-ce82658d3d42/inventories" status: 200 len: 398 microversion: 1.0
Aug 03 14:42:53.286395 n-d-850510-3 devstack@placement-api.service[105647]: [pid: 105647|app: 0|req: 194/386] 10.222.0.67 () {58 vars in 1390 bytes} [Wed Aug 3 14:42:53 2022] GET /placement/resource_providers/ab4d5597-953d-484c-8814-ce82658d3d42/inventories => generated 398 bytes in 109 msecs (HTTP/1.1 200) 6 headers in 224 bytes (2 switches on core 0)
Aug 03 14:42:53.309607 n-d-850510-3 devstack@placement-api.service[105646]: DEBUG placement.requestlog [req-f44f9259-7dc1-4c40-9a71-e4018d9f014f req-2bb4344c-3e8d-448c-959c-43f820bd5b04 None None] Starting request: 10.222.0.67 "GET /placement/resource_providers/ab4d5597-953d-484c-8814-ce82658d3d42/aggregates" {{(pid=105646) __call__ /opt/stack/placement/placement/requestlog.py:55}}
Aug 03 14:42:53.349518 n-d-850510-3 devstack@placement-api.service[105646]: INFO placement.requestlog [req-f44f9259-7dc1-4c40-9a71-e4018d9f014f req-2bb4344c-3e8d-448c-959c-43f820bd5b04 service placement] 10.222.0.67 "GET /placement/resource_providers/ab4d5597-953d-484c-8814-ce82658d3d42/aggregates" status: 200 len: 54 microversion: 1.19
Aug 03 14:42:53.350328 n-d-850510-3 devstack@placement-api.service[105646]: [pid: 105646|app: 0|req: 193/387] 10.222.0.67 () {60 vars in 1431 bytes} [Wed Aug 3 14:42:53 2022] GET /placement/resource_providers/ab4d5597-953d-484c-8814-ce82658d3d42/aggregates => generated 54 bytes in 42 msecs (HTTP/1.1 200) 8 headers in 295 bytes (2 switches on core 0)
Aug 03 14:42:53.365542 n-d-850510-3 devstack@placement-api.service[105647]: DEBUG placement.requestlog [req-f44f9259-7dc1-4c40-9a71-e4018d9f014f req-47fdc624-6af3-4743-90a8-1d0bcead0ef5 None None] Starting request: 10.222.0.67 "GET /placement/resource_providers/ab4d5597-953d-484c-8814-ce82658d3d42/traits" {{(pid=105647) __call__ /opt/stack/placement/placement/requestlog.py:55}}
Aug 03 14:42:53.452076 n-d-850510-3 devstack@placement-api.service[105647]: INFO placement.requestlog [req-f44f9259-7dc1-4c40-9a71-e4018d9f014f req-47fdc624-6af3-4743-90a8-1d0bcead0ef5 service placement] 10.222.0.67 "GET /placement/resource_providers/ab4d5597-953d-484c-8814-ce82658d3d42/traits" status: 200 len: 212 microversion: 1.6
Aug 03 14:42:53.452748 n-d-850510-3 devstack@placement-api.service[105647]: [pid: 105647|app: 0|req: 195/388] 10.222.0.67 () {60 vars in 1418 bytes} [Wed Aug 3 14:42:53 2022] GET /placement/resource_providers/ab4d5597-953d-484c-8814-ce82658d3d42/traits => generated 212 bytes in 87 msecs (HTTP/1.1 200) 6 headers in 224 bytes (1 switches on core 0)
Aug 03 14:42:54.537948 n-d-850510-3 devstack@placement-api.service[105646]: DEBUG placement.requestlog [req-de4ad921-e5c2-454e-b543-2a301a0ca254 req-6c5a3b34-21f4-4fc0-aaea-7483e9eaaafe None None] Starting request: 10.222.0.17 "GET /placement/allocation_candidates?limit=1000&resources=DISK_GB%3A1%2CMEMORY_MB%3A1024%2CVCPU%3A1&root_required=%21COMPUTE_STATUS_DISABLED" {{(pid=105646) __call__ /opt/stack/placement/placement/requestlog.py:55}}
Aug 03 14:42:54.722598 n-d-850510-3 devstack@placement-api.service[105646]: DEBUG placement.objects.research_context [req-de4ad921-e5c2-454e-b543-2a301a0ca254 req-6c5a3b34-21f4-4fc0-aaea-7483e9eaaafe service placement] getting providers with 1 DISK_GB {{(pid=105646) __init__ /opt/stack/placement/placement/objects/research_context.py:136}}
Aug 03 14:42:54.736233 n-d-850510-3 devstack@placement-api.service[105646]: DEBUG placement.objects.research_context [req-de4ad921-e5c2-454e-b543-2a301a0ca254 req-6c5a3b34-21f4-4fc0-aaea-7483e9eaaafe service placement] getting providers with 1024 MEMORY_MB {{(pid=105646) __init__ /opt/stack/placement/placement/objects/research_context.py:136}}
Aug 03 14:42:54.743749 n-d-850510-3 devstack@placement-api.service[105646]: DEBUG placement.objects.research_context [req-de4ad921-e5c2-454e-b543-2a301a0ca254 req-6c5a3b34-21f4-4fc0-aaea-7483e9eaaafe service placement] getting providers with 1 VCPU {{(pid=105646) __init__ /opt/stack/placement/placement/objects/research_context.py:136}}
Aug 03 14:42:54.754318 n-d-850510-3 devstack@placement-api.service[105646]: DEBUG placement.objects.research_context [req-de4ad921-e5c2-454e-b543-2a301a0ca254 req-6c5a3b34-21f4-4fc0-aaea-7483e9eaaafe service placement] found 2 providers with available 1 DISK_GB {{(pid=105646) get_provider_ids_matching /opt/stack/placement/placement/objects/research_context.py:563}}
Aug 03 14:42:54.755045 n-d-850510-3 devstack@placement-api.service[105646]: DEBUG placement.objects.research_context [req-de4ad921-e5c2-454e-b543-2a301a0ca254 req-6c5a3b34-21f4-4fc0-aaea-7483e9eaaafe service placement] found 2 providers with available 1024 MEMORY_MB {{(pid=105646) get_provider_ids_matching /opt/stack/placement/placement/objects/research_context.py:563}}
Aug 03 14:42:54.755558 n-d-850510-3 devstack@placement-api.service[105646]: DEBUG placement.objects.research_context [req-de4ad921-e5c2-454e-b543-2a301a0ca254 req-6c5a3b34-21f4-4fc0-aaea-7483e9eaaafe service placement] found 2 providers after filtering by previous result {{(pid=105646) get_provider_ids_matching /opt/stack/placement/placement/objects/research_context.py:594}}
Aug 03 14:42:54.756110 n-d-850510-3 devstack@placement-api.service[105646]: DEBUG placement.objects.research_context [req-de4ad921-e5c2-454e-b543-2a301a0ca254 req-6c5a3b34-21f4-4fc0-aaea-7483e9eaaafe service placement] found 2 providers with available 1 VCPU {{(pid=105646) get_provider_ids_matching /opt/stack/placement/placement/objects/research_context.py:563}}
