Jul 26 14:33:52.430828 n-d-850501-2 devstack@placement-api.service[105314]: DEBUG placement.objects.research_context [req-b5b6159c-d89e-4a97-b127-31bdb801bc0d req-7945e68a-59c6-4492-90ee-f3795e1ba334 service placement] found 2 providers with available 1 VCPU {{(pid=105314) get_provider_ids_matching /opt/stack/placement/placement/objects/research_context.py:563}}
Jul 26 14:33:52.431270 n-d-850501-2 devstack@placement-api.service[105314]: DEBUG placement.objects.research_context [req-b5b6159c-d89e-4a97-b127-31bdb801bc0d req-7945e68a-59c6-4492-90ee-f3795e1ba334 service placement] found 2 providers after filtering by previous result {{(pid=105314) get_provider_ids_matching /opt/stack/placement/placement/objects/research_context.py:594}}
Jul 26 14:33:52.455764 n-d-850501-2 devstack@placement-api.service[105314]: DEBUG placement.objects.allocation_candidate [req-b5b6159c-d89e-4a97-b127-31bdb801bc0d req-7945e68a-59c6-4492-90ee-f3795e1ba334 service placement] RequestGroup(use_same_provider=False, resources={DISK_GB:1, MEMORY_MB:1024, VCPU:1}, traits=(), aggregates=[]) (suffix '') returned 2 matches {{(pid=105314) _get_by_requests /opt/stack/placement/placement/objects/allocation_candidate.py:156}}
Jul 26 14:33:52.456238 n-d-850501-2 devstack@placement-api.service[105314]: DEBUG placement.objects.allocation_candidate [req-b5b6159c-d89e-4a97-b127-31bdb801bc0d req-7945e68a-59c6-4492-90ee-f3795e1ba334 service placement] Merging candidates yields 2 allocation requests and 2 provider summaries {{(pid=105314) _merge_candidates /opt/stack/placement/placement/objects/allocation_candidate.py:809}}
Jul 26 14:33:52.461423 n-d-850501-2 devstack@placement-api.service[105314]: INFO placement.requestlog [req-b5b6159c-d89e-4a97-b127-31bdb801bc0d req-7945e68a-59c6-4492-90ee-f3795e1ba334 service placement] 10.222.0.82 "GET /placement/allocation_candidates?limit=1000&resources=DISK_GB%3A1%2CMEMORY_MB%3A1024%2CVCPU%3A1&root_required=%21COMPUTE_STATUS_DISABLED" status: 200 len: 1309 microversion: 1.36
Jul 26 14:33:52.466152 n-d-850501-2 devstack@placement-api.service[105314]: [pid: 105314|app: 0|req: 256/511] 10.222.0.82 () {60 vars in 1506 bytes} [Tue Jul 26 14:33:52 2022] GET /placement/allocation_candidates?limit=1000&resources=DISK_GB%3A1%2CMEMORY_MB%3A1024%2CVCPU%3A1&root_required=%21COMPUTE_STATUS_DISABLED => generated 1309 bytes in 212 msecs (HTTP/1.1 200) 8 headers in 297 bytes (2 switches on core 0)
Jul 26 14:33:52.531672 n-d-850501-2 devstack@placement-api.service[105313]: DEBUG placement.requestlog [req-e3dc7264-f97b-4d5a-b1be-0f3e77c1fb30 req-78f5587a-6750-49bb-89bc-8b1d7ee5141f None None] Starting request: 10.222.0.82 "GET /placement/allocations/9cd28370-27dc-4a2c-bf22-b08bab950b0f" {{(pid=105313) __call__ /opt/stack/placement/placement/requestlog.py:55}}
Jul 26 14:33:52.543185 n-d-850501-2 devstack@placement-api.service[105313]: INFO placement.requestlog [req-e3dc7264-f97b-4d5a-b1be-0f3e77c1fb30 req-78f5587a-6750-49bb-89bc-8b1d7ee5141f service placement] 10.222.0.82 "GET /placement/allocations/9cd28370-27dc-4a2c-bf22-b08bab950b0f" status: 200 len: 19 microversion: 1.28
Jul 26 14:33:52.547430 n-d-850501-2 devstack@placement-api.service[105313]: [pid: 105313|app: 0|req: 256/512] 10.222.0.82 () {60 vars in 1380 bytes} [Tue Jul 26 14:33:52 2022] GET /placement/allocations/9cd28370-27dc-4a2c-bf22-b08bab950b0f => generated 19 bytes in 17 msecs (HTTP/1.1 200) 8 headers in 295 bytes (1 switches on core 0)
Jul 26 14:33:52.550979 n-d-850501-2 devstack@placement-api.service[105314]: DEBUG placement.requestlog [req-e3dc7264-f97b-4d5a-b1be-0f3e77c1fb30 req-75d8bec4-98a9-4546-8394-bcb72ec590d0 None None] Starting request: 10.222.0.82 "PUT /placement/allocations/9cd28370-27dc-4a2c-bf22-b08bab950b0f" {{(pid=105314) __call__ /opt/stack/placement/placement/requestlog.py:55}}
Jul 26 14:33:52.615406 n-d-850501-2 devstack@placement-api.service[105313]: DEBUG placement.requestlog [req-b5b6159c-d89e-4a97-b127-31bdb801bc0d req-20963cf7-26f8-45cd-bee6-c3e5527ea449 None None] Starting request: 10.222.0.82 "GET /placement/allocations/330752a3-4598-49f5-adf1-3315c1f468ab" {{(pid=105313) __call__ /opt/stack/placement/placement/requestlog.py:55}}
Jul 26 14:33:52.629997 n-d-850501-2 devstack@placement-api.service[105313]: INFO placement.requestlog [req-b5b6159c-d89e-4a97-b127-31bdb801bc0d req-20963cf7-26f8-45cd-bee6-c3e5527ea449 service placement] 10.222.0.82 "GET /placement/allocations/330752a3-4598-49f5-adf1-3315c1f468ab" status: 200 len: 19 microversion: 1.28
Jul 26 14:33:52.631943 n-d-850501-2 devstack@placement-api.service[105313]: [pid: 105313|app: 0|req: 257/513] 10.222.0.82 () {60 vars in 1380 bytes} [Tue Jul 26 14:33:52 2022] GET /placement/allocations/330752a3-4598-49f5-adf1-3315c1f468ab => generated 19 bytes in 17 msecs (HTTP/1.1 200) 8 headers in 295 bytes (2 switches on core 0)
Jul 26 14:33:52.664072 n-d-850501-2 devstack@placement-api.service[105313]: DEBUG placement.requestlog [req-b5b6159c-d89e-4a97-b127-31bdb801bc0d req-da594f99-ad16-40cb-b762-894e050a7ae5 None None] Starting request: 10.222.0.82 "PUT /placement/allocations/330752a3-4598-49f5-adf1-3315c1f468ab" {{(pid=105313) __call__ /opt/stack/placement/placement/requestlog.py:55}}
Jul 26 14:33:52.728003 n-d-850501-2 devstack@placement-api.service[105314]: DEBUG dbcounter [-] [105314] Writing DB stats placement:SELECT=80,placement:DELETE=5,placement:INSERT=12,placement:UPDATE=3 {{(pid=105314) stat_writer /usr/local/lib/python3.8/dist-packages/dbcounter.py:114}}
Jul 26 14:33:52.737624 n-d-850501-2 devstack@placement-api.service[105314]: DEBUG placement.handlers.allocation [req-e3dc7264-f97b-4d5a-b1be-0f3e77c1fb30 req-75d8bec4-98a9-4546-8394-bcb72ec590d0 service placement] Successfully wrote allocations [, , ] {{(pid=105314) _update_consumers_and_create_allocations /opt/stack/placement/placement/handlers/allocation.py:462}}
Jul 26 14:33:52.742731 n-d-850501-2 devstack@placement-api.service[105314]: INFO placement.requestlog [req-e3dc7264-f97b-4d5a-b1be-0f3e77c1fb30 req-75d8bec4-98a9-4546-8394-bcb72ec590d0 service placement] 10.222.0.82 "PUT /placement/allocations/9cd28370-27dc-4a2c-bf22-b08bab950b0f" status: 204 len: 0 microversion: 1.36
Jul 26 14:33:52.744032 n-d-850501-2 devstack@placement-api.service[105314]: [pid: 105314|app: 0|req: 257/514] 10.222.0.82 () {64 vars in 1433 bytes} [Tue Jul 26 14:33:52 2022] PUT /placement/allocations/9cd28370-27dc-4a2c-bf22-b08bab950b0f => generated 0 bytes in 193 msecs (HTTP/1.1 204) 5 headers in 199 bytes (2 switches on core 0)
Jul 26 14:33:52.900993 n-d-850501-2 devstack@placement-api.service[105313]: DEBUG placement.handlers.allocation [req-b5b6159c-d89e-4a97-b127-31bdb801bc0d req-da594f99-ad16-40cb-b762-894e050a7ae5 service placement] Successfully wrote allocations [, , ] {{(pid=105313) _update_consumers_and_create_allocations /opt/stack/placement/placement/handlers/allocation.py:462}}
Jul 26 14:33:52.909309 n-d-850501-2 devstack@placement-api.service[105313]: INFO placement.requestlog [req-b5b6159c-d89e-4a97-b127-31bdb801bc0d req-da594f99-ad16-40cb-b762-894e050a7ae5 service placement] 10.222.0.82 "PUT /placement/allocations/330752a3-4598-49f5-adf1-3315c1f468ab" status: 204 len: 0 microversion: 1.36
Jul 26 14:33:52.909756 n-d-850501-2 devstack@placement-api.service[105313]: [pid: 105313|app: 0|req: 258/515] 10.222.0.82 () {64 vars in 1433 bytes} [Tue Jul 26 14:33:52 2022] PUT /placement/allocations/330752a3-4598-49f5-adf1-3315c1f468ab => generated 0 bytes in 270 msecs (HTTP/1.1 204) 5 headers in 199 bytes (1 switches on core 0)
Jul 26 14:33:53.307560 n-d-850501-2 devstack@placement-api.service[105314]: DEBUG placement.requestlog [req-e3dc7264-f97b-4d5a-b1be-0f3e77c1fb30 req-1db84ebc-8c03-4f73-8c0d-da1b1e177640 None None] Starting request: 10.222.0.85 "GET /placement/allocations/9cd28370-27dc-4a2c-bf22-b08bab950b0f" {{(pid=105314) __call__ /opt/stack/placement/placement/requestlog.py:55}}
Jul 26 14:33:53.375717 n-d-850501-2 devstack@placement-api.service[105314]: INFO placement.requestlog [req-e3dc7264-f97b-4d5a-b1be-0f3e77c1fb30 req-1db84ebc-8c03-4f73-8c0d-da1b1e177640 service placement] 10.222.0.85 "GET /placement/allocations/9cd28370-27dc-4a2c-bf22-b08bab950b0f" status: 200 len: 259 microversion: 1.28
Jul 26 14:33:53.376769 n-d-850501-2 devstack@placement-api.service[105314]: [pid: 105314|app: 0|req: 258/516] 10.222.0.85 () {60 vars in 1377 bytes} [Tue Jul 26 14:33:53 2022] GET /placement/allocations/9cd28370-27dc-4a2c-bf22-b08bab950b0f => generated 259 bytes in 69 msecs (HTTP/1.1 200) 8 headers in 296 bytes (1 switches on core 0)
Jul 26 14:33:53.411970 n-d-850501-2 devstack@placement-api.service[105313]: DEBUG placement.requestlog [req-b5b6159c-d89e-4a97-b127-31bdb801bc0d req-f522e854-eeb3-4d47-a63f-1642b4dadbd5 None None] Starting request: 10.222.0.85 "GET /placement/allocations/330752a3-4598-49f5-adf1-3315c1f468ab" {{(pid=105313) __call__ /opt/stack/placement/placement/requestlog.py:55}}
Jul 26 14:33:53.437529 n-d-850501-2 devstack@placement-api.service[105313]: INFO placement.requestlog [req-b5b6159c-d89e-4a97-b127-31bdb801bc0d req-f522e854-eeb3-4d47-a63f-1642b4dadbd5 service placement] 10.222.0.85 "GET /placement/allocations/330752a3-4598-49f5-adf1-3315c1f468ab" status: 200 len: 259 microversion: 1.28
Jul 26 14:33:53.438435 n-d-850501-2 devstack@placement-api.service[105313]: [pid: 105313|app: 0|req: 259/517] 10.222.0.85 () {60 vars in 1377 bytes} [Tue Jul 26 14:33:53 2022] GET /placement/allocations/330752a3-4598-49f5-adf1-3315c1f468ab => generated 259 bytes in 27 msecs (HTTP/1.1 200) 8 headers in 296 bytes (1 switches on core 0)
Jul 26 14:33:56.861248 n-d-850501-2 devstack@placement-api.service[105314]: DEBUG placement.requestlog [None req-a57a2a32-a4ee-4a9d-8b07-1c0cff2bbf8e None None] Starting request: 10.222.0.82 "GET /placement/resource_providers/501059f6-ec00-45f0-82b5-99f2828d7170/aggregates" {{(pid=105314) __call__ /opt/stack/placement/placement/requestlog.py:55}}
Jul 26 14:33:56.889100 n-d-850501-2 devstack@placement-api.service[105314]: INFO placement.requestlog [None req-a57a2a32-a4ee-4a9d-8b07-1c0cff2bbf8e service placement] 10.222.0.82 "GET /placement/resource_providers/501059f6-ec00-45f0-82b5-99f2828d7170/aggregates" status: 404 len: 235 microversion: 1.1
Jul 26 14:33:56.889322 n-d-850501-2 devstack@placement-api.service[105314]: [pid: 105314|app: 0|req: 259/518] 10.222.0.82 () {58 vars in 1362 bytes} [Tue Jul 26 14:33:56 2022] GET /placement/resource_providers/501059f6-ec00-45f0-82b5-99f2828d7170/aggregates => generated 235 bytes in 29 msecs (HTTP/1.1 404) 5 headers in 202 bytes (2 switches on core 0)
Jul 26 14:33:56.917201 n-d-850501-2 devstack@placement-api.service[105313]: DEBUG placement.requestlog [None req-29cb1684-3899-4839-af90-e53b23cfe183 None None] Starting request: 10.222.0.82 "DELETE /placement/resource_providers/501059f6-ec00-45f0-82b5-99f2828d7170" {{(pid=105313) __call__ /opt/stack/placement/placement/requestlog.py:55}}
Jul 26 14:33:56.933880 n-d-850501-2 devstack@placement-api.service[105313]: DEBUG placement.wsgi_wrapper [None req-29cb1684-3899-4839-af90-e53b23cfe183 service placement] Placement API returning an error response: No resource provider with uuid 501059f6-ec00-45f0-82b5-99f2828d7170 found for delete {{(pid=105313) call_func /opt/stack/placement/placement/wsgi_wrapper.py:31}}
Jul 26 14:33:56.934934 n-d-850501-2 devstack@placement-api.service[105313]: INFO placement.requestlog [None req-29cb1684-3899-4839-af90-e53b23cfe183 service placement] 10.222.0.82 "DELETE /placement/resource_providers/501059f6-ec00-45f0-82b5-99f2828d7170" status: 404 len: 246 microversion: 1.1
Jul 26 14:33:56.935927 n-d-850501-2 devstack@placement-api.service[105313]: [pid: 105313|app: 0|req: 260/519] 10.222.0.82 () {60 vars in 1351 bytes} [Tue Jul 26 14:33:56 2022] DELETE /placement/resource_providers/501059f6-ec00-45f0-82b5-99f2828d7170 => generated 246 bytes in 19 msecs (HTTP/1.1 404) 6 headers in 231 bytes (1 switches on core 0)
Jul 26 14:34:06.873946 n-d-850501-2 devstack@placement-api.service[105314]: DEBUG dbcounter [-] [105314] Writing DB stats placement:UPDATE=1,placement:SELECT=7,placement:DELETE=1 {{(pid=105314) stat_writer /usr/local/lib/python3.8/dist-packages/dbcounter.py:114}}
Jul 26 14:34:06.930856 n-d-850501-2 devstack@placement-api.service[105313]: DEBUG dbcounter [-] [105313] Writing DB stats placement:SELECT=45,placement:INSERT=10,placement:DELETE=4,placement:UPDATE=4 {{(pid=105313) stat_writer /usr/local/lib/python3.8/dist-packages/dbcounter.py:114}}
Jul 26 14:34:09.847558 n-d-850501-2 devstack@placement-api.service[105314]: DEBUG placement.requestlog [req-41206beb-512e-4070-a011-8327a18c2974 req-988bdc32-0cd9-4d61-8269-9f0046a96c9f None None] Starting request: 10.222.0.85 "DELETE /placement/allocations/0b571852-81be-4695-a864-da77582d8a50" {{(pid=105314) __call__ /opt/stack/placement/placement/requestlog.py:55}}
Jul 26 14:34:09.895361 n-d-850501-2 devstack@placement-api.service[105314]: DEBUG placement.handlers.allocation [req-41206beb-512e-4070-a011-8327a18c2974 req-988bdc32-0cd9-4d61-8269-9f0046a96c9f service placement] Successfully deleted allocations [, , ] {{(pid=105314) delete_allocations /opt/stack/placement/placement/handlers/allocation.py:627}}
Jul 26 14:34:09.903388 n-d-850501-2 devstack@placement-api.service[105314]: INFO placement.requestlog [req-41206beb-512e-4070-a011-8327a18c2974 req-988bdc32-0cd9-4d61-8269-9f0046a96c9f service placement] 10.222.0.85 "DELETE /placement/allocations/0b571852-81be-4695-a864-da77582d8a50" status: 204 len: 0 microversion: 1.0
Jul 26 14:34:09.905597 n-d-850501-2 devstack@placement-api.service[105314]: [pid: 105314|app: 0|req: 260/520] 10.222.0.85 () {60 vars in 1355 bytes} [Tue Jul 26 14:34:09 2022] DELETE /placement/allocations/0b571852-81be-4695-a864-da77582d8a50 => generated 0 bytes in 57 msecs (HTTP/1.1 204) 5 headers in 198 bytes (1 switches on core 0)
Jul 26 14:34:17.252324 n-d-850501-2 devstack@placement-api.service[105313]: DEBUG placement.requestlog [None req-d68a358c-f6ce-439c-ac7b-b16998202ca8 None None] Starting request: 10.222.0.82 "GET /placement/resource_providers/c5b538f5-cb14-4c4e-91e5-93271bbf0a52/aggregates" {{(pid=105313) __call__ /opt/stack/placement/placement/requestlog.py:55}}
Jul 26 14:34:17.264798 n-d-850501-2 devstack@placement-api.service[105313]: INFO placement.requestlog [None req-d68a358c-f6ce-439c-ac7b-b16998202ca8 service placement] 10.222.0.82 "GET /placement/resource_providers/c5b538f5-cb14-4c4e-91e5-93271bbf0a52/aggregates" status: 404 len: 235 microversion: 1.1
Jul 26 14:34:17.265299 n-d-850501-2 devstack@placement-api.service[105313]: [pid: 105313|app: 0|req: 261/521] 10.222.0.82 () {58 vars in 1362 bytes} [Tue Jul 26 14:34:17 2022] GET /placement/resource_providers/c5b538f5-cb14-4c4e-91e5-93271bbf0a52/aggregates => generated 235 bytes in 14 msecs (HTTP/1.1 404) 5 headers in 202 bytes (1 switches on core 0)
Jul 26 14:34:17.308976 n-d-850501-2 devstack@placement-api.service[105314]: DEBUG placement.requestlog [None req-2f9ee986-565f-427b-bfaa-ab15a18da432 None None] Starting request: 10.222.0.82 "DELETE /placement/resource_providers/c5b538f5-cb14-4c4e-91e5-93271bbf0a52" {{(pid=105314) __call__ /opt/stack/placement/placement/requestlog.py:55}}
Jul 26 14:34:17.323423 n-d-850501-2 devstack@placement-api.service[105314]: DEBUG placement.wsgi_wrapper [None req-2f9ee986-565f-427b-bfaa-ab15a18da432 service placement] Placement API returning an error response: No resource provider with uuid c5b538f5-cb14-4c4e-91e5-93271bbf0a52 found for delete {{(pid=105314) call_func /opt/stack/placement/placement/wsgi_wrapper.py:31}}
Jul 26 14:34:17.324200 n-d-850501-2 devstack@placement-api.service[105314]: INFO placement.requestlog [None req-2f9ee986-565f-427b-bfaa-ab15a18da432 service placement] 10.222.0.82 "DELETE /placement/resource_providers/c5b538f5-cb14-4c4e-91e5-93271bbf0a52" status: 404 len: 246 microversion: 1.1
Jul 26 14:34:17.324938 n-d-850501-2 devstack@placement-api.service[105314]: [pid: 105314|app: 0|req: 261/522] 10.222.0.82 () {60 vars in 1351 bytes} [Tue Jul 26 14:34:17 2022] DELETE /placement/resource_providers/c5b538f5-cb14-4c4e-91e5-93271bbf0a52 => generated 246 bytes in 16 msecs (HTTP/1.1 404) 6 headers in 231 bytes (1 switches on core 0)
Jul 26 14:34:18.574225 n-d-850501-2 devstack@placement-api.service[105313]: DEBUG placement.requestlog [None req-06f935f0-2239-4455-9717-5a3e98230fde None None] Starting request: 10.222.0.82 "GET /placement/" {{(pid=105313) __call__ /opt/stack/placement/placement/requestlog.py:55}}
Jul 26 14:34:18.575274 n-d-850501-2 devstack@placement-api.service[105313]: INFO placement.requestlog [None req-06f935f0-2239-4455-9717-5a3e98230fde None None] 10.222.0.82 "GET /placement/" status: 200 len: 136 microversion: 1.0
Jul 26 14:34:18.575622 n-d-850501-2 devstack@placement-api.service[105313]: [pid: 105313|app: 0|req: 262/523] 10.222.0.82 () {54 vars in 916 bytes} [Tue Jul 26 14:34:18 2022] GET /placement => generated 136 bytes in 2 msecs (HTTP/1.1 200) 6 headers in 224 bytes (1 switches on core 0)
Jul 26 14:34:18.588260 n-d-850501-2 devstack@placement-api.service[105314]: DEBUG placement.requestlog [req-d449e863-45c5-4fb8-98ce-1e71514606d5 req-f4b21a93-7f0c-425f-b126-9bc8c9436f24 None None] Starting request: 10.222.0.82 "GET /placement/allocations/da2bbc42-98a4-4a3c-ab13-31e75702182a" {{(pid=105314) __call__ /opt/stack/placement/placement/requestlog.py:55}}
Jul 26 14:34:18.877620 n-d-850501-2 devstack@placement-api.service[105314]: INFO placement.requestlog [req-d449e863-45c5-4fb8-98ce-1e71514606d5 req-f4b21a93-7f0c-425f-b126-9bc8c9436f24 service placement] 10.222.0.82 "GET /placement/allocations/da2bbc42-98a4-4a3c-ab13-31e75702182a" status: 200 len: 259 microversion: 1.28
Jul 26 14:34:18.888256 n-d-850501-2 devstack@placement-api.service[105313]: DEBUG placement.requestlog [req-d449e863-45c5-4fb8-98ce-1e71514606d5 req-9b94ef4f-7494-4c00-9811-07bba123e850 None None] Starting request: 10.222.0.82 "GET /placement/allocations/da2bbc42-98a4-4a3c-ab13-31e75702182a" {{(pid=105313) __call__ /opt/stack/placement/placement/requestlog.py:55}}
Jul 26 14:34:18.906319 n-d-850501-2 devstack@placement-api.service[105314]: [pid: 105314|app: 0|req: 262/524] 10.222.0.82 () {60 vars in 1380 bytes} [Tue Jul 26 14:34:18 2022] GET /placement/allocations/da2bbc42-98a4-4a3c-ab13-31e75702182a => generated 259 bytes in 318 msecs (HTTP/1.1 200) 8 headers in 296 bytes (1 switches on core 0)
Jul 26 14:34:18.915196 n-d-850501-2 devstack@placement-api.service[105313]: INFO placement.requestlog [req-d449e863-45c5-4fb8-98ce-1e71514606d5 req-9b94ef4f-7494-4c00-9811-07bba123e850 service placement] 10.222.0.82 "GET /placement/allocations/da2bbc42-98a4-4a3c-ab13-31e75702182a" status: 200 len: 259 microversion: 1.28
Jul 26 14:34:18.922237 n-d-850501-2 devstack@placement-api.service[105314]: DEBUG placement.requestlog [req-d449e863-45c5-4fb8-98ce-1e71514606d5 req-52f6767e-e5bd-4fcf-b494-bbb5cf00fa9f None None] Starting request: 10.222.0.82 "GET /placement/allocations/1dbd8962-5848-4bba-95f1-fae1ca3e8d55" {{(pid=105314) __call__ /opt/stack/placement/placement/requestlog.py:55}}
Jul 26 14:34:18.931381 n-d-850501-2 devstack@placement-api.service[105313]: [pid: 105313|app: 0|req: 263/525] 10.222.0.82 () {60 vars in 1380 bytes} [Tue Jul 26 14:34:18 2022] GET /placement/allocations/da2bbc42-98a4-4a3c-ab13-31e75702182a => generated 259 bytes in 44 msecs (HTTP/1.1 200) 8 headers in 296 bytes (1 switches on core 0)
Jul 26 14:34:18.939742 n-d-850501-2 devstack@placement-api.service[105314]: INFO placement.requestlog [req-d449e863-45c5-4fb8-98ce-1e71514606d5 req-52f6767e-e5bd-4fcf-b494-bbb5cf00fa9f service placement] 10.222.0.82 "GET /placement/allocations/1dbd8962-5848-4bba-95f1-fae1ca3e8d55" status: 200 len: 19 microversion: 1.28
Jul 26 14:34:18.947261 n-d-850501-2 devstack@placement-api.service[105313]: DEBUG placement.requestlog [req-d449e863-45c5-4fb8-98ce-1e71514606d5 req-1ef2a202-ab02-4a3c-9bb6-b2f3db8372b8 None None] Starting request: 10.222.0.82 "POST /placement/allocations" {{(pid=105313) __call__ /opt/stack/placement/placement/requestlog.py:55}}
Jul 26 14:34:18.953421 n-d-850501-2 devstack@placement-api.service[105314]: [pid: 105314|app: 0|req: 263/526] 10.222.0.82 () {60 vars in 1380 bytes} [Tue Jul 26 14:34:18 2022] GET /placement/allocations/1dbd8962-5848-4bba-95f1-fae1ca3e8d55 => generated 19 bytes in 26 msecs (HTTP/1.1 200) 8 headers in 295 bytes (1 switches on core 0)
Jul 26 14:34:19.111766 n-d-850501-2 devstack@placement-api.service[105313]: DEBUG placement.handlers.allocation [req-d449e863-45c5-4fb8-98ce-1e71514606d5 req-1ef2a202-ab02-4a3c-9bb6-b2f3db8372b8 service placement] Successfully wrote allocations [, , , , , ] {{(pid=105313) _update_consumers_and_create_allocations /opt/stack/placement/placement/handlers/allocation.py:572}}
Jul 26 14:34:19.118479 n-d-850501-2 devstack@placement-api.service[105313]: INFO placement.requestlog [req-d449e863-45c5-4fb8-98ce-1e71514606d5 req-1ef2a202-ab02-4a3c-9bb6-b2f3db8372b8 service placement] 10.222.0.82 "POST /placement/allocations" status: 204 len: 0 microversion: 1.28
Jul 26 14:34:19.126370 n-d-850501-2 devstack@placement-api.service[105313]: [pid: 105313|app: 0|req: 264/527] 10.222.0.82 () {64 vars in 1323 bytes} [Tue Jul 26 14:34:18 2022] POST /placement/allocations => generated 0 bytes in 172 msecs (HTTP/1.1 204) 5 headers in 199 bytes (1 switches on core 0)
Jul 26 14:34:19.169228 n-d-850501-2 devstack@placement-api.service[105314]: DEBUG placement.requestlog [req-d449e863-45c5-4fb8-98ce-1e71514606d5 req-b2e389c0-3cc4-4e73-9232-3359ba685a86 None None] Starting request: 10.222.0.82 "GET /placement/allocations/da2bbc42-98a4-4a3c-ab13-31e75702182a" {{(pid=105314) __call__ /opt/stack/placement/placement/requestlog.py:55}}
Jul 26 14:34:19.181698 n-d-850501-2 devstack@placement-api.service[105314]: INFO placement.requestlog [req-d449e863-45c5-4fb8-98ce-1e71514606d5 req-b2e389c0-3cc4-4e73-9232-3359ba685a86 service placement] 10.222.0.82 "GET /placement/allocations/da2bbc42-98a4-4a3c-ab13-31e75702182a" status: 200 len: 19 microversion: 1.28
Jul 26 14:34:19.182027 n-d-850501-2 devstack@placement-api.service[105314]: [pid: 105314|app: 0|req: 264/528] 10.222.0.82 () {60 vars in 1380 bytes} [Tue Jul 26 14:34:19 2022] GET /placement/allocations/da2bbc42-98a4-4a3c-ab13-31e75702182a => generated 19 bytes in 14 msecs (HTTP/1.1 200) 8 headers in 295 bytes (2 switches on core 0)
Jul 26 14:34:19.190841 n-d-850501-2 devstack@placement-api.service[105313]: DEBUG placement.requestlog [req-d449e863-45c5-4fb8-98ce-1e71514606d5 req-b811f93c-aa24-418c-9384-9b42c01cebd2 None None] Starting request: 10.222.0.82 "PUT /placement/allocations/da2bbc42-98a4-4a3c-ab13-31e75702182a" {{(pid=105313) __call__ /opt/stack/placement/placement/requestlog.py:55}}
Jul 26 14:34:19.278897 n-d-850501-2 devstack@placement-api.service[105313]: DEBUG placement.handlers.allocation [req-d449e863-45c5-4fb8-98ce-1e71514606d5 req-b811f93c-aa24-418c-9384-9b42c01cebd2 service placement] Successfully wrote allocations [, , ] {{(pid=105313) _update_consumers_and_create_allocations /opt/stack/placement/placement/handlers/allocation.py:462}}
Jul 26 14:34:19.287962 n-d-850501-2 devstack@placement-api.service[105313]: INFO placement.requestlog [req-d449e863-45c5-4fb8-98ce-1e71514606d5 req-b811f93c-aa24-418c-9384-9b42c01cebd2 service placement] 10.222.0.82 "PUT /placement/allocations/da2bbc42-98a4-4a3c-ab13-31e75702182a" status: 204 len: 0 microversion: 1.28
Jul 26 14:34:19.288768 n-d-850501-2 devstack@placement-api.service[105313]: [pid: 105313|app: 0|req: 265/529] 10.222.0.82 () {64 vars in 1433 bytes} [Tue Jul 26 14:34:19 2022] PUT /placement/allocations/da2bbc42-98a4-4a3c-ab13-31e75702182a => generated 0 bytes in 98 msecs (HTTP/1.1 204) 5 headers in 199 bytes (1 switches on core 0)
Jul 26 14:34:19.451278 n-d-850501-2 devstack@placement-api.service[105314]: DEBUG placement.requestlog [req-d449e863-45c5-4fb8-98ce-1e71514606d5 req-443e4d11-d626-4a44-a946-87f50085e4f2 None None] Starting request: 10.222.0.88 "GET /placement/allocations/da2bbc42-98a4-4a3c-ab13-31e75702182a" {{(pid=105314) __call__ /opt/stack/placement/placement/requestlog.py:55}}
Jul 26 14:34:19.510034 n-d-850501-2 devstack@placement-api.service[105314]: INFO placement.requestlog [req-d449e863-45c5-4fb8-98ce-1e71514606d5 req-443e4d11-d626-4a44-a946-87f50085e4f2 service placement] 10.222.0.88 "GET /placement/allocations/da2bbc42-98a4-4a3c-ab13-31e75702182a" status: 200 len: 259 microversion: 1.28
Jul 26 14:34:19.510420 n-d-850501-2 devstack@placement-api.service[105314]: [pid: 105314|app: 0|req: 265/530] 10.222.0.88 () {60 vars in 1377 bytes} [Tue Jul 26 14:34:19 2022] GET /placement/allocations/da2bbc42-98a4-4a3c-ab13-31e75702182a => generated 259 bytes in 60 msecs (HTTP/1.1 200) 8 headers in 296 bytes (1 switches on core 0)
Jul 26 14:34:19.560341 n-d-850501-2 devstack@placement-api.service[105313]: DEBUG placement.requestlog [req-299319a2-cc10-4357-912d-34bf801fffda req-ca517179-dde3-422c-b745-4d5c0ee9e55e None None] Starting request: 10.222.0.82 "GET /placement/allocation_candidates?resources=DISK_GB%3A1%2CMEMORY_MB%3A1024%2CVCPU%3A1&root_required=%21COMPUTE_STATUS_DISABLED" {{(pid=105313) __call__ /opt/stack/placement/placement/requestlog.py:55}}
Jul 26 14:34:19.894270 n-d-850501-2 devstack@placement-api.service[105313]: DEBUG placement.objects.research_context [req-299319a2-cc10-4357-912d-34bf801fffda req-ca517179-dde3-422c-b745-4d5c0ee9e55e service placement] getting providers with 1 DISK_GB {{(pid=105313) __init__ /opt/stack/placement/placement/objects/research_context.py:136}}
Jul 26 14:34:19.902747 n-d-850501-2 devstack@placement-api.service[105313]: DEBUG placement.objects.research_context [req-299319a2-cc10-4357-912d-34bf801fffda req-ca517179-dde3-422c-b745-4d5c0ee9e55e service placement] getting providers with 1024 MEMORY_MB {{(pid=105313) __init__ /opt/stack/placement/placement/objects/research_context.py:136}}
Jul 26 14:34:19.910285 n-d-850501-2 devstack@placement-api.service[105313]: DEBUG placement.objects.research_context [req-299319a2-cc10-4357-912d-34bf801fffda req-ca517179-dde3-422c-b745-4d5c0ee9e55e service placement] getting providers with 1 VCPU {{(pid=105313) __init__ /opt/stack/placement/placement/objects/research_context.py:136}}
Jul 26 14:34:19.918118 n-d-850501-2 devstack@placement-api.service[105313]: DEBUG placement.objects.research_context [req-299319a2-cc10-4357-912d-34bf801fffda req-ca517179-dde3-422c-b745-4d5c0ee9e55e service placement] found 2 providers with available 1 DISK_GB {{(pid=105313) get_provider_ids_matching /opt/stack/placement/placement/objects/research_context.py:563}}
Jul 26 14:34:19.918637 n-d-850501-2 devstack@placement-api.service[105313]: DEBUG placement.objects.research_context [req-299319a2-cc10-4357-912d-34bf801fffda req-ca517179-dde3-422c-b745-4d5c0ee9e55e service placement] found 2 providers with available 1024 MEMORY_MB {{(pid=105313) get_provider_ids_matching /opt/stack/placement/placement/objects/research_context.py:563}}
Jul 26 14:34:19.919138 n-d-850501-2 devstack@placement-api.service[105313]: DEBUG placement.objects.research_context [req-299319a2-cc10-4357-912d-34bf801fffda req-ca517179-dde3-422c-b745-4d5c0ee9e55e service placement] found 2 providers after filtering by previous result {{(pid=105313) get_provider_ids_matching /opt/stack/placement/placement/objects/research_context.py:594}}
Jul 26 14:34:19.919633 n-d-850501-2 devstack@placement-api.service[105313]: DEBUG placement.objects.research_context [req-299319a2-cc10-4357-912d-34bf801fffda req-ca517179-dde3-422c-b745-4d5c0ee9e55e service placement] found 2 providers with available 1 VCPU {{(pid=105313) get_provider_ids_matching /opt/stack/placement/placement/objects/research_context.py:563}}
Jul 26 14:34:19.920033 n-d-850501-2 devstack@placement-api.service[105313]: DEBUG placement.objects.research_context [req-299319a2-cc10-4357-912d-34bf801fffda req-ca517179-dde3-422c-b745-4d5c0ee9e55e service placement] found 2 providers after filtering by previous result {{(pid=105313) get_provider_ids_matching /opt/stack/placement/placement/objects/research_context.py:594}}
Jul 26 14:34:19.934713 n-d-850501-2 devstack@placement-api.service[105313]: DEBUG placement.objects.allocation_candidate [req-299319a2-cc10-4357-912d-34bf801fffda req-ca517179-dde3-422c-b745-4d5c0ee9e55e service placement] RequestGroup(use_same_provider=False, resources={DISK_GB:1, MEMORY_MB:1024, VCPU:1}, traits=(), aggregates=[]) (suffix '') returned 2 matches {{(pid=105313) _get_by_requests /opt/stack/placement/placement/objects/allocation_candidate.py:156}}
Jul 26 14:34:19.935580 n-d-850501-2 devstack@placement-api.service[105313]: DEBUG placement.objects.allocation_candidate [req-299319a2-cc10-4357-912d-34bf801fffda req-ca517179-dde3-422c-b745-4d5c0ee9e55e service placement] Merging candidates yields 2 allocation requests and 2 provider summaries {{(pid=105313) _merge_candidates /opt/stack/placement/placement/objects/allocation_candidate.py:809}}
Jul 26 14:34:19.937483 n-d-850501-2 devstack@placement-api.service[105313]: INFO placement.requestlog [req-299319a2-cc10-4357-912d-34bf801fffda req-ca517179-dde3-422c-b745-4d5c0ee9e55e service placement] 10.222.0.82 "GET /placement/allocation_candidates?resources=DISK_GB%3A1%2CMEMORY_MB%3A1024%2CVCPU%3A1&root_required=%21COMPUTE_STATUS_DISABLED" status: 200 len: 1309 microversion: 1.36
Jul 26 14:34:19.938010 n-d-850501-2 devstack@placement-api.service[105313]: [pid: 105313|app: 0|req: 266/531] 10.222.0.82 () {60 vars in 1484 bytes} [Tue Jul 26 14:34:19 2022] GET /placement/allocation_candidates?resources=DISK_GB%3A1%2CMEMORY_MB%3A1024%2CVCPU%3A1&root_required=%21COMPUTE_STATUS_DISABLED => generated 1309 bytes in 378 msecs (HTTP/1.1 200) 8 headers in 297 bytes (1 switches on core 0)
Jul 26 14:34:20.057542 n-d-850501-2 devstack@placement-api.service[105314]: DEBUG placement.requestlog [req-299319a2-cc10-4357-912d-34bf801fffda req-0533d803-b640-4565-a732-72f174b86d8e None None] Starting request: 10.222.0.82 "GET /placement/allocations/20c4ba59-ad37-4679-97fe-530c25c5aa52" {{(pid=105314) __call__ /opt/stack/placement/placement/requestlog.py:55}}
Jul 26 14:34:20.078163 n-d-850501-2 devstack@placement-api.service[105314]: INFO placement.requestlog [req-299319a2-cc10-4357-912d-34bf801fffda req-0533d803-b640-4565-a732-72f174b86d8e service placement] 10.222.0.82 "GET /placement/allocations/20c4ba59-ad37-4679-97fe-530c25c5aa52" status: 200 len: 19 microversion: 1.28
Jul 26 14:34:20.078630 n-d-850501-2 devstack@placement-api.service[105314]: [pid: 105314|app: 0|req: 266/532] 10.222.0.82 () {60 vars in 1380 bytes} [Tue Jul 26 14:34:20 2022] GET /placement/allocations/20c4ba59-ad37-4679-97fe-530c25c5aa52 => generated 19 bytes in 22 msecs (HTTP/1.1 200) 8 headers in 295 bytes (1 switches on core 0)
Jul 26 14:34:20.091729 n-d-850501-2 devstack@placement-api.service[105313]: DEBUG placement.requestlog [req-299319a2-cc10-4357-912d-34bf801fffda req-05ed7095-46a3-4ddd-b6ff-baddbfd2b4e2 None None] Starting request: 10.222.0.82 "PUT /placement/allocations/20c4ba59-ad37-4679-97fe-530c25c5aa52" {{(pid=105313) __call__ /opt/stack/placement/placement/requestlog.py:55}}
Jul 26 14:34:20.264538 n-d-850501-2 devstack@placement-api.service[105313]: DEBUG placement.handlers.allocation [req-299319a2-cc10-4357-912d-34bf801fffda req-05ed7095-46a3-4ddd-b6ff-baddbfd2b4e2 service placement] Successfully wrote allocations [, , ] {{(pid=105313) _update_consumers_and_create_allocations /opt/stack/placement/placement/handlers/allocation.py:462}}
Jul 26 14:34:20.274134 n-d-850501-2 devstack@placement-api.service[105313]: INFO placement.requestlog [req-299319a2-cc10-4357-912d-34bf801fffda req-05ed7095-46a3-4ddd-b6ff-baddbfd2b4e2 service placement] 10.222.0.82 "PUT /placement/allocations/20c4ba59-ad37-4679-97fe-530c25c5aa52" status: 204 len: 0 microversion: 1.36
Jul 26 14:34:20.275453 n-d-850501-2 devstack@placement-api.service[105313]: [pid: 105313|app: 0|req: 267/533] 10.222.0.82 () {64 vars in 1433 bytes} [Tue Jul 26 14:34:20 2022] PUT /placement/allocations/20c4ba59-ad37-4679-97fe-530c25c5aa52 => generated 0 bytes in 184 msecs (HTTP/1.1 204) 5 headers in 199 bytes (1 switches on core 0)
Jul 26 14:34:20.287692 n-d-850501-2 devstack@placement-api.service[105314]: DEBUG placement.requestlog [req-299319a2-cc10-4357-912d-34bf801fffda req-2c05be33-a228-46b0-87b7-b4d1a6bfcd8a None None] Starting request: 10.222.0.82 "GET /placement/allocations/606ce212-b245-4803-85d8-40a3c375b6c1" {{(pid=105314) __call__ /opt/stack/placement/placement/requestlog.py:55}}
Jul 26 14:34:20.311583 n-d-850501-2 devstack@placement-api.service[105314]: INFO placement.requestlog [req-299319a2-cc10-4357-912d-34bf801fffda req-2c05be33-a228-46b0-87b7-b4d1a6bfcd8a service placement] 10.222.0.82 "GET /placement/allocations/606ce212-b245-4803-85d8-40a3c375b6c1" status: 200 len: 19 microversion: 1.28
Jul 26 14:34:20.313085 n-d-850501-2 devstack@placement-api.service[105314]: [pid: 105314|app: 0|req: 267/534] 10.222.0.82 () {60 vars in 1380 bytes} [Tue Jul 26 14:34:20 2022] GET /placement/allocations/606ce212-b245-4803-85d8-40a3c375b6c1 => generated 19 bytes in 26 msecs (HTTP/1.1 200) 8 headers in 295 bytes (1 switches on core 0)
Jul 26 14:34:20.319521 n-d-850501-2 devstack@placement-api.service[105313]: DEBUG placement.requestlog [req-299319a2-cc10-4357-912d-34bf801fffda req-e9fab0a8-dbd8-456c-898f-bcc4120de5b2 None None] Starting request: 10.222.0.82 "PUT /placement/allocations/606ce212-b245-4803-85d8-40a3c375b6c1" {{(pid=105313) __call__ /opt/stack/placement/placement/requestlog.py:55}}
Jul 26 14:34:20.451105 n-d-850501-2 devstack@placement-api.service[105313]: DEBUG dbcounter [-] [105313] Writing DB stats placement:SELECT=73,placement:INSERT=13,placement:DELETE=7,placement:UPDATE=7 {{(pid=105313) stat_writer /usr/local/lib/python3.8/dist-packages/dbcounter.py:114}}
Jul 26 14:34:20.527528 n-d-850501-2 devstack@placement-api.service[105313]: DEBUG placement.handlers.allocation [req-299319a2-cc10-4357-912d-34bf801fffda req-e9fab0a8-dbd8-456c-898f-bcc4120de5b2 service placement] Successfully wrote allocations [, , ] {{(pid=105313) _update_consumers_and_create_allocations /opt/stack/placement/placement/handlers/allocation.py:462}}
Jul 26 14:34:20.532975 n-d-850501-2 devstack@placement-api.service[105313]: INFO placement.requestlog [req-299319a2-cc10-4357-912d-34bf801fffda req-e9fab0a8-dbd8-456c-898f-bcc4120de5b2 service placement] 10.222.0.82 "PUT /placement/allocations/606ce212-b245-4803-85d8-40a3c375b6c1" status: 204 len: 0 microversion: 1.36
Jul 26 14:34:20.533819 n-d-850501-2 devstack@placement-api.service[105313]: [pid: 105313|app: 0|req: 268/535] 10.222.0.82 () {64 vars in 1433 bytes} [Tue Jul 26 14:34:20 2022] PUT /placement/allocations/606ce212-b245-4803-85d8-40a3c375b6c1 => generated 0 bytes in 215 msecs (HTTP/1.1 204) 5 headers in 199 bytes (1 switches on core 0)
Jul 26 14:34:21.090289 n-d-850501-2 devstack@placement-api.service[105314]: DEBUG placement.requestlog [req-299319a2-cc10-4357-912d-34bf801fffda req-16efbc58-1204-4791-ab24-ade8c59fbd78 None None] Starting request: 10.222.0.88 "GET /placement/allocations/20c4ba59-ad37-4679-97fe-530c25c5aa52" {{(pid=105314) __call__ /opt/stack/placement/placement/requestlog.py:55}}
Jul 26 14:34:21.130662 n-d-850501-2 devstack@placement-api.service[105314]: INFO placement.requestlog [req-299319a2-cc10-4357-912d-34bf801fffda req-16efbc58-1204-4791-ab24-ade8c59fbd78 service placement] 10.222.0.88 "GET /placement/allocations/20c4ba59-ad37-4679-97fe-530c25c5aa52" status: 200 len: 259 microversion: 1.28
Jul 26 14:34:21.131444 n-d-850501-2 devstack@placement-api.service[105314]: [pid: 105314|app: 0|req: 268/536] 10.222.0.88 () {60 vars in 1377 bytes} [Tue Jul 26 14:34:21 2022] GET /placement/allocations/20c4ba59-ad37-4679-97fe-530c25c5aa52 => generated 259 bytes in 42 msecs (HTTP/1.1 200) 8 headers in 296 bytes (1 switches on core 0)
Jul 26 14:34:21.275309 n-d-850501-2 devstack@placement-api.service[105313]: DEBUG placement.requestlog [req-299319a2-cc10-4357-912d-34bf801fffda req-30cf034c-86de-4715-9e10-7fbfc438c6e4 None None] Starting request: 10.222.0.85 "GET /placement/allocations/606ce212-b245-4803-85d8-40a3c375b6c1" {{(pid=105313) __call__ /opt/stack/placement/placement/requestlog.py:55}}
Jul 26 14:34:21.303262 n-d-850501-2 devstack@placement-api.service[105313]: INFO placement.requestlog [req-299319a2-cc10-4357-912d-34bf801fffda req-30cf034c-86de-4715-9e10-7fbfc438c6e4 service placement] 10.222.0.85 "GET /placement/allocations/606ce212-b245-4803-85d8-40a3c375b6c1" status: 200 len: 259 microversion: 1.28
Jul 26 14:34:21.304336 n-d-850501-2 devstack@placement-api.service[105313]: [pid: 105313|app: 0|req: 269/537] 10.222.0.85 () {60 vars in 1377 bytes} [Tue Jul 26 14:34:21 2022] GET /placement/allocations/606ce212-b245-4803-85d8-40a3c375b6c1 => generated 259 bytes in 29 msecs (HTTP/1.1 200) 8 headers in 296 bytes (1 switches on core 0)
Jul 26 14:34:27.937607 n-d-850501-2 devstack@placement-api.service[105314]: DEBUG placement.requestlog [req-dc0bdde7-347c-4fc6-98ae-54602ed0ccb1 req-9ee1f1ec-8c56-48f0-bff6-a71f123026a1 None None] Starting request: 10.222.0.85 "GET /placement/resource_providers/8233a129-3a21-4c64-826e-6d170d674611/allocations" {{(pid=105314) __call__ /opt/stack/placement/placement/requestlog.py:55}}
Jul 26 14:34:27.986273 n-d-850501-2 devstack@placement-api.service[105314]: INFO placement.requestlog [req-dc0bdde7-347c-4fc6-98ae-54602ed0ccb1 req-9ee1f1ec-8c56-48f0-bff6-a71f123026a1 service placement] 10.222.0.85 "GET /placement/resource_providers/8233a129-3a21-4c64-826e-6d170d674611/allocations" status: 200 len: 558 microversion: 1.0
Jul 26 14:34:27.988360 n-d-850501-2 devstack@placement-api.service[105314]: [pid: 105314|app: 0|req: 269/538] 10.222.0.85 () {58 vars in 1390 bytes} [Tue Jul 26 14:34:27 2022] GET /placement/resource_providers/8233a129-3a21-4c64-826e-6d170d674611/allocations => generated 558 bytes in 51 msecs (HTTP/1.1 200) 6 headers in 224 bytes (1 switches on core 0)
Jul 26 14:34:30.680221 n-d-850501-2 devstack@placement-api.service[105313]: DEBUG placement.requestlog [req-e7b1fdfe-b308-4706-8856-b9bc6152b5f1 req-3206a29e-7ada-466d-a47e-cc403d123705 None None] Starting request: 10.222.0.88 "GET /placement/resource_providers/7a0f391e-40c6-4643-8c4f-1a319b45be94/allocations" {{(pid=105313) __call__ /opt/stack/placement/placement/requestlog.py:55}}
Jul 26 14:34:30.717394 n-d-850501-2 devstack@placement-api.service[105313]: INFO placement.requestlog [req-e7b1fdfe-b308-4706-8856-b9bc6152b5f1 req-3206a29e-7ada-466d-a47e-cc403d123705 service placement] 10.222.0.88 "GET /placement/resource_providers/7a0f391e-40c6-4643-8c4f-1a319b45be94/allocations" status: 200 len: 645 microversion: 1.0
Jul 26 14:34:30.718046 n-d-850501-2 devstack@placement-api.service[105313]: [pid: 105313|app: 0|req: 270/539] 10.222.0.88 () {58 vars in 1390 bytes} [Tue Jul 26 14:34:30 2022] GET /placement/resource_providers/7a0f391e-40c6-4643-8c4f-1a319b45be94/allocations => generated 645 bytes in 38 msecs (HTTP/1.1 200) 6 headers in 224 bytes (1 switches on core 0)
Jul 26 14:34:37.980134 n-d-850501-2 devstack@placement-api.service[105314]: DEBUG dbcounter [-] [105314] Writing DB stats placement:SELECT=35,placement:DELETE=2 {{(pid=105314) stat_writer /usr/local/lib/python3.8/dist-packages/dbcounter.py:114}}
Jul 26 14:34:40.110459 n-d-850501-2 devstack@placement-api.service[105314]: DEBUG placement.requestlog [req-d449e863-45c5-4fb8-98ce-1e71514606d5 req-93d82605-3ec5-4e46-9093-cc12772155d2 None None] Starting request: 10.222.0.85 "GET /placement/resource_providers/8233a129-3a21-4c64-826e-6d170d674611/allocations" {{(pid=105314) __call__ /opt/stack/placement/placement/requestlog.py:55}}
Jul 26 14:34:40.146758 n-d-850501-2 devstack@placement-api.service[105314]: INFO placement.requestlog [req-d449e863-45c5-4fb8-98ce-1e71514606d5 req-93d82605-3ec5-4e46-9093-cc12772155d2 service placement] 10.222.0.85 "GET /placement/resource_providers/8233a129-3a21-4c64-826e-6d170d674611/allocations" status: 200 len: 558 microversion: 1.0
Jul 26 14:34:40.148316 n-d-850501-2 devstack@placement-api.service[105314]: [pid: 105314|app: 0|req: 270/540] 10.222.0.85 () {58 vars in 1390 bytes} [Tue Jul 26 14:34:40 2022] GET /placement/resource_providers/8233a129-3a21-4c64-826e-6d170d674611/allocations => generated 558 bytes in 38 msecs (HTTP/1.1 200) 6 headers in 224 bytes (1 switches on core 0)
Jul 26 14:34:40.618415 n-d-850501-2 devstack@placement-api.service[105313]: DEBUG placement.requestlog [req-d449e863-45c5-4fb8-98ce-1e71514606d5 req-143a2ebf-4e1a-408c-a4d6-8cb815bf9ca2 None None] Starting request: 10.222.0.85 "GET /placement/allocations/1dbd8962-5848-4bba-95f1-fae1ca3e8d55" {{(pid=105313) __call__ /opt/stack/placement/placement/requestlog.py:55}}
Jul 26 14:34:40.660163 n-d-850501-2 devstack@placement-api.service[105313]: INFO placement.requestlog [req-d449e863-45c5-4fb8-98ce-1e71514606d5 req-143a2ebf-4e1a-408c-a4d6-8cb815bf9ca2 service placement] 10.222.0.85 "GET /placement/allocations/1dbd8962-5848-4bba-95f1-fae1ca3e8d55" status: 200 len: 259 microversion: 1.28
Jul 26 14:34:40.661088 n-d-850501-2 devstack@placement-api.service[105313]: [pid: 105313|app: 0|req: 271/541] 10.222.0.85 () {60 vars in 1377 bytes} [Tue Jul 26 14:34:40 2022] GET /placement/allocations/1dbd8962-5848-4bba-95f1-fae1ca3e8d55 => generated 259 bytes in 44 msecs (HTTP/1.1 200) 8 headers in 296 bytes (1 switches on core 0)
Jul 26 14:34:40.680847 n-d-850501-2 devstack@placement-api.service[105314]: DEBUG placement.requestlog [req-d449e863-45c5-4fb8-98ce-1e71514606d5 req-d9195ceb-823b-4ea0-88aa-fae6b606f42b None None] Starting request: 10.222.0.85 "PUT /placement/allocations/1dbd8962-5848-4bba-95f1-fae1ca3e8d55" {{(pid=105314) __call__ /opt/stack/placement/placement/requestlog.py:55}}
Jul 26 14:34:40.774117 n-d-850501-2 devstack@placement-api.service[105314]: DEBUG placement.handlers.allocation [req-d449e863-45c5-4fb8-98ce-1e71514606d5 req-d9195ceb-823b-4ea0-88aa-fae6b606f42b service placement] Successfully wrote allocations [, , ] {{(pid=105314) _update_consumers_and_create_allocations /opt/stack/placement/placement/handlers/allocation.py:462}}
Jul 26 14:34:40.780219 n-d-850501-2 devstack@placement-api.service[105313]: DEBUG placement.requestlog [None req-2fbab0b0-3b6e-42ee-8cdd-494986fd27c7 None None] Starting request: 10.222.0.82 "GET /placement/resource_providers/3939fa72-6446-40a2-a14f-3cd9c7a90e53/aggregates" {{(pid=105313) __call__ /opt/stack/placement/placement/requestlog.py:55}}
Jul 26 14:34:40.780621 n-d-850501-2 devstack@placement-api.service[105314]: INFO placement.requestlog [req-d449e863-45c5-4fb8-98ce-1e71514606d5 req-d9195ceb-823b-4ea0-88aa-fae6b606f42b service placement] 10.222.0.85 "PUT /placement/allocations/1dbd8962-5848-4bba-95f1-fae1ca3e8d55" status: 204 len: 0 microversion: 1.28
Jul 26 14:34:40.781903 n-d-850501-2 devstack@placement-api.service[105314]: [pid: 105314|app: 0|req: 271/542] 10.222.0.85 () {64 vars in 1430 bytes} [Tue Jul 26 14:34:40 2022] PUT /placement/allocations/1dbd8962-5848-4bba-95f1-fae1ca3e8d55 => generated 0 bytes in 101 msecs (HTTP/1.1 204) 5 headers in 199 bytes (1 switches on core 0)
Jul 26 14:34:40.793307 n-d-850501-2 devstack@placement-api.service[105313]: INFO placement.requestlog [None req-2fbab0b0-3b6e-42ee-8cdd-494986fd27c7 service placement] 10.222.0.82 "GET /placement/resource_providers/3939fa72-6446-40a2-a14f-3cd9c7a90e53/aggregates" status: 404 len: 235 microversion: 1.1
Jul 26 14:34:40.795232 n-d-850501-2 devstack@placement-api.service[105313]: [pid: 105313|app: 0|req: 272/543] 10.222.0.82 () {58 vars in 1362 bytes} [Tue Jul 26 14:34:40 2022] GET /placement/resource_providers/3939fa72-6446-40a2-a14f-3cd9c7a90e53/aggregates => generated 235 bytes in 15 msecs (HTTP/1.1 404) 5 headers in 202 bytes (1 switches on core 0)
Jul 26 14:34:40.853325 n-d-850501-2 devstack@placement-api.service[105314]: DEBUG placement.requestlog [None req-56ab0c54-6eb5-40ad-ab69-5129a001e7a7 None None] Starting request: 10.222.0.82 "DELETE /placement/resource_providers/3939fa72-6446-40a2-a14f-3cd9c7a90e53" {{(pid=105314) __call__ /opt/stack/placement/placement/requestlog.py:55}}
Jul 26 14:34:40.867387 n-d-850501-2 devstack@placement-api.service[105314]: DEBUG placement.wsgi_wrapper [None req-56ab0c54-6eb5-40ad-ab69-5129a001e7a7 service placement] Placement API returning an error response: No resource provider with uuid 3939fa72-6446-40a2-a14f-3cd9c7a90e53 found for delete {{(pid=105314) call_func /opt/stack/placement/placement/wsgi_wrapper.py:31}}
Jul 26 14:34:40.868068 n-d-850501-2 devstack@placement-api.service[105314]: INFO placement.requestlog [None req-56ab0c54-6eb5-40ad-ab69-5129a001e7a7 service placement] 10.222.0.82 "DELETE /placement/resource_providers/3939fa72-6446-40a2-a14f-3cd9c7a90e53" status: 404 len: 246 microversion: 1.1
Jul 26 14:34:40.868618 n-d-850501-2 devstack@placement-api.service[105314]: [pid: 105314|app: 0|req: 272/544] 10.222.0.82 () {60 vars in 1351 bytes} [Tue Jul 26 14:34:40 2022] DELETE /placement/resource_providers/3939fa72-6446-40a2-a14f-3cd9c7a90e53 => generated 246 bytes in 15 msecs (HTTP/1.1 404) 6 headers in 231 bytes (1 switches on core 0)
Jul 26 14:34:41.132386 n-d-850501-2 devstack@placement-api.service[105313]: DEBUG placement.requestlog [req-ec65580a-6adb-4e9e-b113-f1913513e30c req-9ae5c09a-49ad-48a4-b6be-cce2ccabefc5 None None] Starting request: 10.222.0.82 "GET /placement/allocation_candidates?limit=1000&resources=DISK_GB%3A1%2CMEMORY_MB%3A1024%2CVCPU%3A1&root_required=%21COMPUTE_STATUS_DISABLED" {{(pid=105313) __call__ /opt/stack/placement/placement/requestlog.py:55}}
Jul 26 14:34:41.205854 n-d-850501-2 devstack@placement-api.service[105313]: DEBUG placement.objects.research_context [req-ec65580a-6adb-4e9e-b113-f1913513e30c req-9ae5c09a-49ad-48a4-b6be-cce2ccabefc5 service placement] getting providers with 1 DISK_GB {{(pid=105313) __init__ /opt/stack/placement/placement/objects/research_context.py:136}}
Jul 26 14:34:41.215654 n-d-850501-2 devstack@placement-api.service[105313]: DEBUG placement.objects.research_context [req-ec65580a-6adb-4e9e-b113-f1913513e30c req-9ae5c09a-49ad-48a4-b6be-cce2ccabefc5 service placement] getting providers with 1024 MEMORY_MB {{(pid=105313) __init__ /opt/stack/placement/placement/objects/research_context.py:136}}
Jul 26 14:34:41.224641 n-d-850501-2 devstack@placement-api.service[105313]: DEBUG placement.objects.research_context [req-ec65580a-6adb-4e9e-b113-f1913513e30c req-9ae5c09a-49ad-48a4-b6be-cce2ccabefc5 service placement] getting providers with 1 VCPU {{(pid=105313) __init__ /opt/stack/placement/placement/objects/research_context.py:136}}
Jul 26 14:34:41.241536 n-d-850501-2 devstack@placement-api.service[105313]: DEBUG placement.objects.research_context [req-ec65580a-6adb-4e9e-b113-f1913513e30c req-9ae5c09a-49ad-48a4-b6be-cce2ccabefc5 service placement] found 2 providers with available 1 DISK_GB {{(pid=105313) get_provider_ids_matching /opt/stack/placement/placement/objects/research_context.py:563}}
Jul 26 14:34:41.241826 n-d-850501-2 devstack@placement-api.service[105313]: DEBUG placement.objects.research_context [req-ec65580a-6adb-4e9e-b113-f1913513e30c req-9ae5c09a-49ad-48a4-b6be-cce2ccabefc5 service placement] found 2 providers with available 1024 MEMORY_MB {{(pid=105313) get_provider_ids_matching /opt/stack/placement/placement/objects/research_context.py:563}}
Jul 26 14:34:41.242130 n-d-850501-2 devstack@placement-api.service[105313]: DEBUG placement.objects.research_context [req-ec65580a-6adb-4e9e-b113-f1913513e30c req-9ae5c09a-49ad-48a4-b6be-cce2ccabefc5 service placement] found 2 providers after filtering by previous result {{(pid=105313) get_provider_ids_matching /opt/stack/placement/placement/objects/research_context.py:594}}
Jul 26 14:34:41.242439 n-d-850501-2 devstack@placement-api.service[105313]: DEBUG placement.objects.research_context [req-ec65580a-6adb-4e9e-b113-f1913513e30c req-9ae5c09a-49ad-48a4-b6be-cce2ccabefc5 service placement] found 2 providers with available 1 VCPU {{(pid=105313) get_provider_ids_matching /opt/stack/placement/placement/objects/research_context.py:563}}
Jul 26 14:34:41.243009 n-d-850501-2 devstack@placement-api.service[105313]: DEBUG placement.objects.research_context [req-ec65580a-6adb-4e9e-b113-f1913513e30c req-9ae5c09a-49ad-48a4-b6be-cce2ccabefc5 service placement] found 2 providers after filtering by previous result {{(pid=105313) get_provider_ids_matching /opt/stack/placement/placement/objects/research_context.py:594}}
Jul 26 14:34:41.265683 n-d-850501-2 devstack@placement-api.service[105313]: DEBUG placement.objects.allocation_candidate [req-ec65580a-6adb-4e9e-b113-f1913513e30c req-9ae5c09a-49ad-48a4-b6be-cce2ccabefc5 service placement] RequestGroup(use_same_provider=False, resources={DISK_GB:1, MEMORY_MB:1024, VCPU:1}, traits=(), aggregates=[]) (suffix '') returned 2 matches {{(pid=105313) _get_by_requests /opt/stack/placement/placement/objects/allocation_candidate.py:156}}
Jul 26 14:34:41.267417 n-d-850501-2 devstack@placement-api.service[105313]: DEBUG placement.objects.allocation_candidate [req-ec65580a-6adb-4e9e-b113-f1913513e30c req-9ae5c09a-49ad-48a4-b6be-cce2ccabefc5 service placement] Merging candidates yields 2 allocation requests and 2 provider summaries {{(pid=105313) _merge_candidates /opt/stack/placement/placement/objects/allocation_candidate.py:809}}
Jul 26 14:34:41.273821 n-d-850501-2 devstack@placement-api.service[105313]: INFO placement.requestlog [req-ec65580a-6adb-4e9e-b113-f1913513e30c req-9ae5c09a-49ad-48a4-b6be-cce2ccabefc5 service placement] 10.222.0.82 "GET /placement/allocation_candidates?limit=1000&resources=DISK_GB%3A1%2CMEMORY_MB%3A1024%2CVCPU%3A1&root_required=%21COMPUTE_STATUS_DISABLED" status: 200 len: 1309 microversion: 1.36
