Aug 04 08:58:32.707390 n-d-850500-3 devstack@placement-api.service[105376]: DEBUG placement.requestlog [req-a2c62bdc-c2e8-47c3-bf0b-8b4117150dcf req-51278fc7-5399-4154-9bdc-b350f465e9a7 None None] Starting request: 10.222.0.42 "GET /placement/allocations/afa33bd2-82f0-435d-82fb-20a75e213a7e" {{(pid=105376) __call__ /opt/stack/placement/placement/requestlog.py:55}}
Aug 04 08:58:32.740239 n-d-850500-3 devstack@placement-api.service[105376]: INFO placement.requestlog [req-a2c62bdc-c2e8-47c3-bf0b-8b4117150dcf req-51278fc7-5399-4154-9bdc-b350f465e9a7 service placement] 10.222.0.42 "GET /placement/allocations/afa33bd2-82f0-435d-82fb-20a75e213a7e" status: 200 len: 19 microversion: 1.28
Aug 04 08:58:32.743627 n-d-850500-3 devstack@placement-api.service[105376]: [pid: 105376|app: 0|req: 13/26] 10.222.0.42 () {60 vars in 1380 bytes} [Thu Aug 4 08:58:32 2022] GET /placement/allocations/afa33bd2-82f0-435d-82fb-20a75e213a7e => generated 19 bytes in 37 msecs (HTTP/1.1 200) 8 headers in 295 bytes (2 switches on core 0)
Aug 04 08:58:32.754109 n-d-850500-3 devstack@placement-api.service[105376]: DEBUG placement.requestlog [req-a2c62bdc-c2e8-47c3-bf0b-8b4117150dcf req-65036a6d-887b-4ae1-8db2-13293abd2ca0 None None] Starting request: 10.222.0.42 "PUT /placement/allocations/afa33bd2-82f0-435d-82fb-20a75e213a7e" {{(pid=105376) __call__ /opt/stack/placement/placement/requestlog.py:55}}
Aug 04 08:58:33.078975 n-d-850500-3 devstack@placement-api.service[105376]: DEBUG oslo_db.api [req-a2c62bdc-c2e8-47c3-bf0b-8b4117150dcf req-65036a6d-887b-4ae1-8db2-13293abd2ca0 service placement] DB error: (pymysql.err.OperationalError) (1213, 'Deadlock found when trying to get lock; try restarting transaction')
Aug 04 08:58:33.078975 n-d-850500-3 devstack@placement-api.service[105376]: [SQL: INSERT INTO allocations (created_at, resource_provider_id, consumer_id, resource_class_id, used) VALUES (%(created_at)s, %(resource_provider_id)s, %(consumer_id)s, %(resource_class_id)s, %(used)s)]
Aug 04 08:58:33.078975 n-d-850500-3 devstack@placement-api.service[105376]: [parameters: {'created_at': datetime.datetime(2022, 8, 4, 8, 58, 33, 71146), 'resource_provider_id': 1, 'consumer_id': 'afa33bd2-82f0-435d-82fb-20a75e213a7e', 'resource_class_id': 2, 'used': 1}]
Aug 04 08:58:33.078975 n-d-850500-3 devstack@placement-api.service[105376]: (Background on this error at: https://sqlalche.me/e/14/e3q8) {{(pid=105376) _is_exception_expected /usr/local/lib/python3.8/dist-packages/oslo_db/api.py:184}}
Aug 04 08:58:33.079708 n-d-850500-3 devstack@placement-api.service[105376]: DEBUG oslo_db.api [req-a2c62bdc-c2e8-47c3-bf0b-8b4117150dcf req-65036a6d-887b-4ae1-8db2-13293abd2ca0 service placement] Performing DB retry for function placement.objects.allocation._set_allocations {{(pid=105376) wrapper /usr/local/lib/python3.8/dist-packages/oslo_db/api.py:155}}
Aug 04 08:58:33.111625 n-d-850500-3 devstack@placement-api.service[105377]: DEBUG placement.handlers.allocation [req-50f84e36-a9cc-44dc-bdbe-8ad6f53c5f6d req-2e8a5db7-943d-4677-b376-d5272daa7f60 service placement] Successfully wrote allocations [, , ] {{(pid=105377) _update_consumers_and_create_allocations /opt/stack/placement/placement/handlers/allocation.py:462}}
Aug 04 08:58:33.121030 n-d-850500-3 devstack@placement-api.service[105377]: INFO placement.requestlog [req-50f84e36-a9cc-44dc-bdbe-8ad6f53c5f6d req-2e8a5db7-943d-4677-b376-d5272daa7f60 service placement] 10.222.0.42 "PUT /placement/allocations/3600ca33-3a69-4689-b105-46b860b3b56d" status: 204 len: 0 microversion: 1.36
Aug 04 08:58:33.121895 n-d-850500-3 devstack@placement-api.service[105377]: [pid: 105377|app: 0|req: 14/27] 10.222.0.42 () {64 vars in 1433 bytes} [Thu Aug 4 08:58:32 2022] PUT /placement/allocations/3600ca33-3a69-4689-b105-46b860b3b56d => generated 0 bytes in 469 msecs (HTTP/1.1 204) 5 headers in 199 bytes (1 switches on core 0)
Aug 04 08:58:34.153120 n-d-850500-3 devstack@placement-api.service[105376]: DEBUG placement.objects.allocation [req-a2c62bdc-c2e8-47c3-bf0b-8b4117150dcf req-65036a6d-887b-4ae1-8db2-13293abd2ca0 service placement] Retrying allocations write on resource provider generation conflict {{(pid=105376) replace_all /opt/stack/placement/placement/objects/allocation.py:509}}
Aug 04 08:58:34.262525 n-d-850500-3 devstack@placement-api.service[105376]: DEBUG placement.handlers.allocation [req-a2c62bdc-c2e8-47c3-bf0b-8b4117150dcf req-65036a6d-887b-4ae1-8db2-13293abd2ca0 service placement] Successfully wrote allocations [, , ] {{(pid=105376) _update_consumers_and_create_allocations /opt/stack/placement/placement/handlers/allocation.py:462}}
Aug 04 08:58:34.270805 n-d-850500-3 devstack@placement-api.service[105376]: INFO placement.requestlog [req-a2c62bdc-c2e8-47c3-bf0b-8b4117150dcf req-65036a6d-887b-4ae1-8db2-13293abd2ca0 service placement] 10.222.0.42 "PUT /placement/allocations/afa33bd2-82f0-435d-82fb-20a75e213a7e" status: 204 len: 0 microversion: 1.36
Aug 04 08:58:34.272071 n-d-850500-3 devstack@placement-api.service[105376]: [pid: 105376|app: 0|req: 14/28] 10.222.0.42 () {64 vars in 1433 bytes} [Thu Aug 4 08:58:32 2022] PUT /placement/allocations/afa33bd2-82f0-435d-82fb-20a75e213a7e => generated 0 bytes in 1518 msecs (HTTP/1.1 204) 5 headers in 199 bytes (2 switches on core 0)
Aug 04 08:58:34.381456 n-d-850500-3 devstack@placement-api.service[105377]: DEBUG placement.requestlog [None req-97f783f7-22af-4c17-a17b-87709ebf838f None None] Starting request: 10.222.0.42 "GET /placement/" {{(pid=105377) __call__ /opt/stack/placement/placement/requestlog.py:55}}
Aug 04 08:58:34.382473 n-d-850500-3 devstack@placement-api.service[105377]: INFO placement.requestlog [None req-97f783f7-22af-4c17-a17b-87709ebf838f None None] 10.222.0.42 "GET /placement/" status: 200 len: 136 microversion: 1.0
Aug 04 08:58:34.383129 n-d-850500-3 devstack@placement-api.service[105377]: [pid: 105377|app: 0|req: 15/29] 10.222.0.42 () {54 vars in 907 bytes} [Thu Aug 4 08:58:34 2022] GET /placement => generated 136 bytes in 2 msecs (HTTP/1.1 200) 6 headers in 224 bytes (1 switches on core 0)
Aug 04 08:58:34.402598 n-d-850500-3 devstack@placement-api.service[105376]: DEBUG placement.requestlog [req-611b51a5-a6fd-4eca-932e-1cff2a58c158 req-64cdcef7-8d69-47e0-bd00-21183db49f1d None None] Starting request: 10.222.0.42 "GET /placement/resource_providers?name=n-h1-850500-3" {{(pid=105376) __call__ /opt/stack/placement/placement/requestlog.py:55}}
Aug 04 08:58:34.668383 n-d-850500-3 devstack@placement-api.service[105376]: INFO placement.requestlog [req-611b51a5-a6fd-4eca-932e-1cff2a58c158 req-64cdcef7-8d69-47e0-bd00-21183db49f1d service placement] 10.222.0.42 "GET /placement/resource_providers?name=n-h1-850500-3" status: 200 len: 440 microversion: 1.0
Aug 04 08:58:34.680668 n-d-850500-3 devstack@placement-api.service[105376]: [pid: 105376|app: 0|req: 15/30] 10.222.0.42 () {58 vars in 1274 bytes} [Thu Aug 4 08:58:34 2022] GET /placement/resource_providers?name=n-h1-850500-3 => generated 440 bytes in 278 msecs (HTTP/1.1 200) 6 headers in 224 bytes (1 switches on core 0)
Aug 04 08:58:34.681273 n-d-850500-3 devstack@placement-api.service[105377]: DEBUG placement.requestlog [req-611b51a5-a6fd-4eca-932e-1cff2a58c158 req-ad6973dd-6f73-44c7-aa85-564f1e3dae94 None None] Starting request: 10.222.0.42 "GET /placement/resource_providers/e3aaa44a-1b24-48c5-bb56-a07e0efb9cdf/aggregates" {{(pid=105377) __call__ /opt/stack/placement/placement/requestlog.py:55}}
Aug 04 08:58:34.726252 n-d-850500-3 devstack@placement-api.service[105377]: INFO placement.requestlog [req-611b51a5-a6fd-4eca-932e-1cff2a58c158 req-ad6973dd-6f73-44c7-aa85-564f1e3dae94 service placement] 10.222.0.42 "GET /placement/resource_providers/e3aaa44a-1b24-48c5-bb56-a07e0efb9cdf/aggregates" status: 200 len: 53 microversion: 1.19
Aug 04 08:58:34.730717 n-d-850500-3 devstack@placement-api.service[105377]: [pid: 105377|app: 0|req: 16/31] 10.222.0.42 () {60 vars in 1425 bytes} [Thu Aug 4 08:58:34 2022] GET /placement/resource_providers/e3aaa44a-1b24-48c5-bb56-a07e0efb9cdf/aggregates => generated 53 bytes in 50 msecs (HTTP/1.1 200) 8 headers in 295 bytes (1 switches on core 0)
Aug 04 08:58:34.747352 n-d-850500-3 devstack@placement-api.service[105376]: DEBUG placement.requestlog [req-611b51a5-a6fd-4eca-932e-1cff2a58c158 req-3c70bb53-1818-4a31-ae48-63693053a152 None None] Starting request: 10.222.0.42 "PUT /placement/resource_providers/e3aaa44a-1b24-48c5-bb56-a07e0efb9cdf/aggregates" {{(pid=105376) __call__ /opt/stack/placement/placement/requestlog.py:55}}
Aug 04 08:58:34.855383 n-d-850500-3 devstack@placement-api.service[105376]: DEBUG placement.objects.resource_provider [req-611b51a5-a6fd-4eca-932e-1cff2a58c158 req-3c70bb53-1818-4a31-ae48-63693053a152 service placement] _ensure_aggregate() did not find aggregate e5df86b7-7925-445b-865a-6ff4cf99a34d. Attempting to create it. {{(pid=105376) _ensure_aggregate /opt/stack/placement/placement/objects/resource_provider.py:321}}
Aug 04 08:58:34.867487 n-d-850500-3 devstack@placement-api.service[105376]: DEBUG placement.objects.resource_provider [req-611b51a5-a6fd-4eca-932e-1cff2a58c158 req-3c70bb53-1818-4a31-ae48-63693053a152 service placement] _ensure_aggregate() created new aggregate e5df86b7-7925-445b-865a-6ff4cf99a34d (id=1). {{(pid=105376) _ensure_aggregate /opt/stack/placement/placement/objects/resource_provider.py:327}}
Aug 04 08:58:34.880786 n-d-850500-3 devstack@placement-api.service[105376]: DEBUG placement.objects.resource_provider [req-611b51a5-a6fd-4eca-932e-1cff2a58c158 req-3c70bb53-1818-4a31-ae48-63693053a152 service placement] Setting aggregates for provider e3aaa44a-1b24-48c5-bb56-a07e0efb9cdf. Successfully associated aggregate e5df86b7-7925-445b-865a-6ff4cf99a34d. {{(pid=105376) _set_aggregates /opt/stack/placement/placement/objects/resource_provider.py:389}}
Aug 04 08:58:34.904208 n-d-850500-3 devstack@placement-api.service[105376]: INFO placement.requestlog [req-611b51a5-a6fd-4eca-932e-1cff2a58c158 req-3c70bb53-1818-4a31-ae48-63693053a152 service placement] 10.222.0.42 "PUT /placement/resource_providers/e3aaa44a-1b24-48c5-bb56-a07e0efb9cdf/aggregates" status: 200 len: 91 microversion: 1.19
Aug 04 08:58:34.905025 n-d-850500-3 devstack@placement-api.service[105376]: [pid: 105376|app: 0|req: 16/32] 10.222.0.42 () {64 vars in 1477 bytes} [Thu Aug 4 08:58:34 2022] PUT /placement/resource_providers/e3aaa44a-1b24-48c5-bb56-a07e0efb9cdf/aggregates => generated 91 bytes in 158 msecs (HTTP/1.1 200) 8 headers in 295 bytes (1 switches on core 0)
Aug 04 08:58:34.959451 n-d-850500-3 devstack@placement-api.service[105377]: DEBUG placement.requestlog [req-50f84e36-a9cc-44dc-bdbe-8ad6f53c5f6d req-b718e1e9-f881-4511-9ce6-3ed6499d8ccf None None] Starting request: 10.222.0.104 "GET /placement/allocations/3600ca33-3a69-4689-b105-46b860b3b56d" {{(pid=105377) __call__ /opt/stack/placement/placement/requestlog.py:55}}
Aug 04 08:58:35.073019 n-d-850500-3 devstack@placement-api.service[105377]: INFO placement.requestlog [req-50f84e36-a9cc-44dc-bdbe-8ad6f53c5f6d req-b718e1e9-f881-4511-9ce6-3ed6499d8ccf service placement] 10.222.0.104 "GET /placement/allocations/3600ca33-3a69-4689-b105-46b860b3b56d" status: 200 len: 258 microversion: 1.28
Aug 04 08:58:35.075934 n-d-850500-3 devstack@placement-api.service[105377]: [pid: 105377|app: 0|req: 17/33] 10.222.0.104 () {60 vars in 1378 bytes} [Thu Aug 4 08:58:34 2022] GET /placement/allocations/3600ca33-3a69-4689-b105-46b860b3b56d => generated 258 bytes in 117 msecs (HTTP/1.1 200) 8 headers in 296 bytes (1 switches on core 0)
Aug 04 08:58:36.001009 n-d-850500-3 devstack@placement-api.service[105376]: DEBUG placement.requestlog [req-a2c62bdc-c2e8-47c3-bf0b-8b4117150dcf req-3e2e8546-dafe-4fa5-87ba-850b01e24376 None None] Starting request: 10.222.0.104 "GET /placement/allocations/afa33bd2-82f0-435d-82fb-20a75e213a7e" {{(pid=105376) __call__ /opt/stack/placement/placement/requestlog.py:55}}
Aug 04 08:58:36.030295 n-d-850500-3 devstack@placement-api.service[105376]: INFO placement.requestlog [req-a2c62bdc-c2e8-47c3-bf0b-8b4117150dcf req-3e2e8546-dafe-4fa5-87ba-850b01e24376 service placement] 10.222.0.104 "GET /placement/allocations/afa33bd2-82f0-435d-82fb-20a75e213a7e" status: 200 len: 258 microversion: 1.28
Aug 04 08:58:36.031621 n-d-850500-3 devstack@placement-api.service[105376]: [pid: 105376|app: 0|req: 17/34] 10.222.0.104 () {60 vars in 1378 bytes} [Thu Aug 4 08:58:35 2022] GET /placement/allocations/afa33bd2-82f0-435d-82fb-20a75e213a7e => generated 258 bytes in 31 msecs (HTTP/1.1 200) 8 headers in 296 bytes (1 switches on core 0)
Aug 04 08:58:38.981206 n-d-850500-3 devstack@placement-api.service[105377]: DEBUG placement.requestlog [req-1c64bae9-4d81-419d-89b3-de16d7c9ae09 req-674b8f44-bf7a-448a-b084-06a1da990115 None None] Starting request: 10.222.0.42 "GET /placement/allocation_candidates?limit=1000&member_of=in%3Ae5df86b7-7925-445b-865a-6ff4cf99a34d&resources=DISK_GB%3A1%2CMEMORY_MB%3A1024%2CVCPU%3A1&root_required=%21COMPUTE_STATUS_DISABLED" {{(pid=105377) __call__ /opt/stack/placement/placement/requestlog.py:55}}
Aug 04 08:58:39.125591 n-d-850500-3 devstack@placement-api.service[105377]: DEBUG placement.objects.research_context [req-1c64bae9-4d81-419d-89b3-de16d7c9ae09 req-674b8f44-bf7a-448a-b084-06a1da990115 service placement] getting providers with 1 DISK_GB {{(pid=105377) __init__ /opt/stack/placement/placement/objects/research_context.py:136}}
Aug 04 08:58:39.145010 n-d-850500-3 devstack@placement-api.service[105377]: DEBUG placement.objects.research_context [req-1c64bae9-4d81-419d-89b3-de16d7c9ae09 req-674b8f44-bf7a-448a-b084-06a1da990115 service placement] getting providers with 1024 MEMORY_MB {{(pid=105377) __init__ /opt/stack/placement/placement/objects/research_context.py:136}}
Aug 04 08:58:39.161398 n-d-850500-3 devstack@placement-api.service[105377]: DEBUG placement.objects.research_context [req-1c64bae9-4d81-419d-89b3-de16d7c9ae09 req-674b8f44-bf7a-448a-b084-06a1da990115 service placement] getting providers with 1 VCPU {{(pid=105377) __init__ /opt/stack/placement/placement/objects/research_context.py:136}}
Aug 04 08:58:39.188866 n-d-850500-3 devstack@placement-api.service[105377]: DEBUG placement.objects.research_context [req-1c64bae9-4d81-419d-89b3-de16d7c9ae09 req-674b8f44-bf7a-448a-b084-06a1da990115 service placement] found 1 providers after applying required aggregates filter ([{'e5df86b7-7925-445b-865a-6ff4cf99a34d'}]) {{(pid=105377) get_provider_ids_for_traits_and_aggs /opt/stack/placement/placement/objects/research_context.py:1158}}
Aug 04 08:58:39.190142 n-d-850500-3 devstack@placement-api.service[105377]: DEBUG placement.objects.research_context [req-1c64bae9-4d81-419d-89b3-de16d7c9ae09 req-674b8f44-bf7a-448a-b084-06a1da990115 service placement] found 2 providers with available 1 DISK_GB {{(pid=105377) get_provider_ids_matching /opt/stack/placement/placement/objects/research_context.py:563}}
Aug 04 08:58:39.190636 n-d-850500-3 devstack@placement-api.service[105377]: DEBUG placement.objects.research_context [req-1c64bae9-4d81-419d-89b3-de16d7c9ae09 req-674b8f44-bf7a-448a-b084-06a1da990115 service placement] found 1 providers after applying initial aggregate and trait filters {{(pid=105377) get_provider_ids_matching /opt/stack/placement/placement/objects/research_context.py:575}}
Aug 04 08:58:39.191063 n-d-850500-3 devstack@placement-api.service[105377]: DEBUG placement.objects.research_context [req-1c64bae9-4d81-419d-89b3-de16d7c9ae09 req-674b8f44-bf7a-448a-b084-06a1da990115 service placement] found 2 providers with available 1024 MEMORY_MB {{(pid=105377) get_provider_ids_matching /opt/stack/placement/placement/objects/research_context.py:563}}
Aug 04 08:58:39.192290 n-d-850500-3 devstack@placement-api.service[105377]: DEBUG placement.objects.research_context [req-1c64bae9-4d81-419d-89b3-de16d7c9ae09 req-674b8f44-bf7a-448a-b084-06a1da990115 service placement] found 1 providers after filtering by previous result {{(pid=105377) get_provider_ids_matching /opt/stack/placement/placement/objects/research_context.py:594}}
Aug 04 08:58:39.193656 n-d-850500-3 devstack@placement-api.service[105377]: DEBUG placement.objects.research_context [req-1c64bae9-4d81-419d-89b3-de16d7c9ae09 req-674b8f44-bf7a-448a-b084-06a1da990115 service placement] found 2 providers with available 1 VCPU {{(pid=105377) get_provider_ids_matching /opt/stack/placement/placement/objects/research_context.py:563}}
Aug 04 08:58:39.194184 n-d-850500-3 devstack@placement-api.service[105377]: DEBUG placement.objects.research_context [req-1c64bae9-4d81-419d-89b3-de16d7c9ae09 req-674b8f44-bf7a-448a-b084-06a1da990115 service placement] found 1 providers after filtering by previous result {{(pid=105377) get_provider_ids_matching /opt/stack/placement/placement/objects/research_context.py:594}}
Aug 04 08:58:39.255888 n-d-850500-3 devstack@placement-api.service[105377]: DEBUG placement.objects.allocation_candidate [req-1c64bae9-4d81-419d-89b3-de16d7c9ae09 req-674b8f44-bf7a-448a-b084-06a1da990115 service placement] RequestGroup(use_same_provider=False, resources={DISK_GB:1, MEMORY_MB:1024, VCPU:1}, traits=(), aggregates=[[e5df86b7-7925-445b-865a-6ff4cf99a34d]]) (suffix '') returned 1 matches {{(pid=105377) _get_by_requests /opt/stack/placement/placement/objects/allocation_candidate.py:156}}
Aug 04 08:58:39.264733 n-d-850500-3 devstack@placement-api.service[105377]: DEBUG placement.objects.allocation_candidate [req-1c64bae9-4d81-419d-89b3-de16d7c9ae09 req-674b8f44-bf7a-448a-b084-06a1da990115 service placement] Merging candidates yields 1 allocation requests and 1 provider summaries {{(pid=105377) _merge_candidates /opt/stack/placement/placement/objects/allocation_candidate.py:809}}
Aug 04 08:58:39.273125 n-d-850500-3 devstack@placement-api.service[105377]: INFO placement.requestlog [req-1c64bae9-4d81-419d-89b3-de16d7c9ae09 req-674b8f44-bf7a-448a-b084-06a1da990115 service placement] 10.222.0.42 "GET /placement/allocation_candidates?limit=1000&member_of=in%3Ae5df86b7-7925-445b-865a-6ff4cf99a34d&resources=DISK_GB%3A1%2CMEMORY_MB%3A1024%2CVCPU%3A1&root_required=%21COMPUTE_STATUS_DISABLED" status: 200 len: 679 microversion: 1.36
Aug 04 08:58:39.273894 n-d-850500-3 devstack@placement-api.service[105377]: [pid: 105377|app: 0|req: 18/35] 10.222.0.42 () {60 vars in 1610 bytes} [Thu Aug 4 08:58:38 2022] GET /placement/allocation_candidates?limit=1000&member_of=in%3Ae5df86b7-7925-445b-865a-6ff4cf99a34d&resources=DISK_GB%3A1%2CMEMORY_MB%3A1024%2CVCPU%3A1&root_required=%21COMPUTE_STATUS_DISABLED => generated 679 bytes in 293 msecs (HTTP/1.1 200) 8 headers in 296 bytes (2 switches on core 0)
Aug 04 08:58:39.372376 n-d-850500-3 devstack@placement-api.service[105376]: DEBUG placement.requestlog [req-1c64bae9-4d81-419d-89b3-de16d7c9ae09 req-827f68de-408a-422f-bb52-ae9531adedc8 None None] Starting request: 10.222.0.42 "GET /placement/allocations/1f484c5e-21d2-484a-9356-562729f0635f" {{(pid=105376) __call__ /opt/stack/placement/placement/requestlog.py:55}}
Aug 04 08:58:39.431636 n-d-850500-3 devstack@placement-api.service[105376]: INFO placement.requestlog [req-1c64bae9-4d81-419d-89b3-de16d7c9ae09 req-827f68de-408a-422f-bb52-ae9531adedc8 service placement] 10.222.0.42 "GET /placement/allocations/1f484c5e-21d2-484a-9356-562729f0635f" status: 200 len: 19 microversion: 1.28
Aug 04 08:58:39.433095 n-d-850500-3 devstack@placement-api.service[105376]: [pid: 105376|app: 0|req: 18/36] 10.222.0.42 () {60 vars in 1380 bytes} [Thu Aug 4 08:58:39 2022] GET /placement/allocations/1f484c5e-21d2-484a-9356-562729f0635f => generated 19 bytes in 61 msecs (HTTP/1.1 200) 8 headers in 295 bytes (1 switches on core 0)
Aug 04 08:58:39.440799 n-d-850500-3 devstack@placement-api.service[105377]: DEBUG placement.requestlog [req-1c64bae9-4d81-419d-89b3-de16d7c9ae09 req-118efa45-f309-4b13-950c-0f7c65b2af18 None None] Starting request: 10.222.0.42 "PUT /placement/allocations/1f484c5e-21d2-484a-9356-562729f0635f" {{(pid=105377) __call__ /opt/stack/placement/placement/requestlog.py:55}}
Aug 04 08:58:39.802501 n-d-850500-3 devstack@placement-api.service[105377]: DEBUG placement.handlers.allocation [req-1c64bae9-4d81-419d-89b3-de16d7c9ae09 req-118efa45-f309-4b13-950c-0f7c65b2af18 service placement] Successfully wrote allocations [, , ] {{(pid=105377) _update_consumers_and_create_allocations /opt/stack/placement/placement/handlers/allocation.py:462}}
Aug 04 08:58:39.810247 n-d-850500-3 devstack@placement-api.service[105377]: INFO placement.requestlog [req-1c64bae9-4d81-419d-89b3-de16d7c9ae09 req-118efa45-f309-4b13-950c-0f7c65b2af18 service placement] 10.222.0.42 "PUT /placement/allocations/1f484c5e-21d2-484a-9356-562729f0635f" status: 204 len: 0 microversion: 1.36
Aug 04 08:58:39.810665 n-d-850500-3 devstack@placement-api.service[105377]: [pid: 105377|app: 0|req: 19/37] 10.222.0.42 () {64 vars in 1433 bytes} [Thu Aug 4 08:58:39 2022] PUT /placement/allocations/1f484c5e-21d2-484a-9356-562729f0635f => generated 0 bytes in 370 msecs (HTTP/1.1 204) 5 headers in 199 bytes (1 switches on core 0)
Aug 04 08:58:40.824770 n-d-850500-3 devstack@placement-api.service[105376]: DEBUG placement.requestlog [req-1c64bae9-4d81-419d-89b3-de16d7c9ae09 req-82efdb4c-8d2c-4a2f-a1f9-03d57c215107 None None] Starting request: 10.222.0.104 "GET /placement/allocations/1f484c5e-21d2-484a-9356-562729f0635f" {{(pid=105376) __call__ /opt/stack/placement/placement/requestlog.py:55}}
Aug 04 08:58:40.897140 n-d-850500-3 devstack@placement-api.service[105376]: INFO placement.requestlog [req-1c64bae9-4d81-419d-89b3-de16d7c9ae09 req-82efdb4c-8d2c-4a2f-a1f9-03d57c215107 service placement] 10.222.0.104 "GET /placement/allocations/1f484c5e-21d2-484a-9356-562729f0635f" status: 200 len: 258 microversion: 1.28
Aug 04 08:58:40.899187 n-d-850500-3 devstack@placement-api.service[105376]: [pid: 105376|app: 0|req: 19/38] 10.222.0.104 () {60 vars in 1378 bytes} [Thu Aug 4 08:58:40 2022] GET /placement/allocations/1f484c5e-21d2-484a-9356-562729f0635f => generated 258 bytes in 75 msecs (HTTP/1.1 200) 8 headers in 296 bytes (1 switches on core 0)
Aug 04 08:58:49.802373 n-d-850500-3 devstack@placement-api.service[105377]: DEBUG dbcounter [-] [105377] Writing DB stats placement:SELECT=64,placement:INSERT=12,placement:DELETE=4,placement:UPDATE=4 {{(pid=105377) stat_writer /usr/local/lib/python3.8/dist-packages/dbcounter.py:114}}
Aug 04 08:58:50.873095 n-d-850500-3 devstack@placement-api.service[105376]: DEBUG dbcounter [-] [105376] Writing DB stats placement:SELECT=52,placement:INSERT=12,placement:DELETE=4,placement:UPDATE=4 {{(pid=105376) stat_writer /usr/local/lib/python3.8/dist-packages/dbcounter.py:114}}
Aug 04 08:58:59.608112 n-d-850500-3 devstack@placement-api.service[105377]: DEBUG placement.requestlog [req-aa2d79c5-e88a-4037-a501-ea971a0637df req-9ed6ce69-7460-415b-a553-ddd37bfaa2ff None None] Starting request: 10.222.0.104 "GET /placement/resource_providers/e3aaa44a-1b24-48c5-bb56-a07e0efb9cdf/allocations" {{(pid=105377) __call__ /opt/stack/placement/placement/requestlog.py:55}}
Aug 04 08:58:59.702248 n-d-850500-3 devstack@placement-api.service[105377]: INFO placement.requestlog [req-aa2d79c5-e88a-4037-a501-ea971a0637df req-9ed6ce69-7460-415b-a553-ddd37bfaa2ff service placement] 10.222.0.104 "GET /placement/resource_providers/e3aaa44a-1b24-48c5-bb56-a07e0efb9cdf/allocations" status: 200 len: 355 microversion: 1.0
Aug 04 08:58:59.703315 n-d-850500-3 devstack@placement-api.service[105377]: [pid: 105377|app: 0|req: 20/39] 10.222.0.104 () {58 vars in 1391 bytes} [Thu Aug 4 08:58:59 2022] GET /placement/resource_providers/e3aaa44a-1b24-48c5-bb56-a07e0efb9cdf/allocations => generated 355 bytes in 96 msecs (HTTP/1.1 200) 6 headers in 224 bytes (1 switches on core 0)
Aug 04 08:59:07.572207 n-d-850500-3 devstack@placement-api.service[105376]: DEBUG placement.requestlog [req-55912131-c3ff-4ffa-85ed-e3ff80fdeb7f req-84c87e8f-4028-43c3-bd1b-8ce73c6fb3f6 None None] Starting request: 10.222.0.42 "GET /placement/allocation_candidates?limit=1000&resources=DISK_GB%3A1%2CMEMORY_MB%3A1024%2CVCPU%3A1&root_required=%21COMPUTE_STATUS_DISABLED" {{(pid=105376) __call__ /opt/stack/placement/placement/requestlog.py:55}}
Aug 04 08:59:07.741990 n-d-850500-3 devstack@placement-api.service[105376]: DEBUG placement.objects.research_context [req-55912131-c3ff-4ffa-85ed-e3ff80fdeb7f req-84c87e8f-4028-43c3-bd1b-8ce73c6fb3f6 service placement] getting providers with 1 DISK_GB {{(pid=105376) __init__ /opt/stack/placement/placement/objects/research_context.py:136}}
Aug 04 08:59:07.760058 n-d-850500-3 devstack@placement-api.service[105376]: DEBUG placement.objects.research_context [req-55912131-c3ff-4ffa-85ed-e3ff80fdeb7f req-84c87e8f-4028-43c3-bd1b-8ce73c6fb3f6 service placement] getting providers with 1024 MEMORY_MB {{(pid=105376) __init__ /opt/stack/placement/placement/objects/research_context.py:136}}
Aug 04 08:59:07.772772 n-d-850500-3 devstack@placement-api.service[105376]: DEBUG placement.objects.research_context [req-55912131-c3ff-4ffa-85ed-e3ff80fdeb7f req-84c87e8f-4028-43c3-bd1b-8ce73c6fb3f6 service placement] getting providers with 1 VCPU {{(pid=105376) __init__ /opt/stack/placement/placement/objects/research_context.py:136}}
Aug 04 08:59:07.796462 n-d-850500-3 devstack@placement-api.service[105376]: DEBUG placement.objects.research_context [req-55912131-c3ff-4ffa-85ed-e3ff80fdeb7f req-84c87e8f-4028-43c3-bd1b-8ce73c6fb3f6 service placement] found 2 providers with available 1 DISK_GB {{(pid=105376) get_provider_ids_matching /opt/stack/placement/placement/objects/research_context.py:563}}
Aug 04 08:59:07.799399 n-d-850500-3 devstack@placement-api.service[105376]: DEBUG placement.objects.research_context [req-55912131-c3ff-4ffa-85ed-e3ff80fdeb7f req-84c87e8f-4028-43c3-bd1b-8ce73c6fb3f6 service placement] found 2 providers with available 1024 MEMORY_MB {{(pid=105376) get_provider_ids_matching /opt/stack/placement/placement/objects/research_context.py:563}}
Aug 04 08:59:07.802632 n-d-850500-3 devstack@placement-api.service[105376]: DEBUG placement.objects.research_context [req-55912131-c3ff-4ffa-85ed-e3ff80fdeb7f req-84c87e8f-4028-43c3-bd1b-8ce73c6fb3f6 service placement] found 2 providers after filtering by previous result {{(pid=105376) get_provider_ids_matching /opt/stack/placement/placement/objects/research_context.py:594}}
Aug 04 08:59:07.802632 n-d-850500-3 devstack@placement-api.service[105376]: DEBUG placement.objects.research_context [req-55912131-c3ff-4ffa-85ed-e3ff80fdeb7f req-84c87e8f-4028-43c3-bd1b-8ce73c6fb3f6 service placement] found 2 providers with available 1 VCPU {{(pid=105376) get_provider_ids_matching /opt/stack/placement/placement/objects/research_context.py:563}}
Aug 04 08:59:07.803691 n-d-850500-3 devstack@placement-api.service[105376]: DEBUG placement.objects.research_context [req-55912131-c3ff-4ffa-85ed-e3ff80fdeb7f req-84c87e8f-4028-43c3-bd1b-8ce73c6fb3f6 service placement] found 2 providers after filtering by previous result {{(pid=105376) get_provider_ids_matching /opt/stack/placement/placement/objects/research_context.py:594}}
Aug 04 08:59:07.832593 n-d-850500-3 devstack@placement-api.service[105376]: DEBUG placement.objects.allocation_candidate [req-55912131-c3ff-4ffa-85ed-e3ff80fdeb7f req-84c87e8f-4028-43c3-bd1b-8ce73c6fb3f6 service placement] RequestGroup(use_same_provider=False, resources={DISK_GB:1, MEMORY_MB:1024, VCPU:1}, traits=(), aggregates=[]) (suffix '') returned 2 matches {{(pid=105376) _get_by_requests /opt/stack/placement/placement/objects/allocation_candidate.py:156}}
Aug 04 08:59:07.832945 n-d-850500-3 devstack@placement-api.service[105376]: DEBUG placement.objects.allocation_candidate [req-55912131-c3ff-4ffa-85ed-e3ff80fdeb7f req-84c87e8f-4028-43c3-bd1b-8ce73c6fb3f6 service placement] Merging candidates yields 2 allocation requests and 2 provider summaries {{(pid=105376) _merge_candidates /opt/stack/placement/placement/objects/allocation_candidate.py:809}}
Aug 04 08:59:07.840049 n-d-850500-3 devstack@placement-api.service[105376]: INFO placement.requestlog [req-55912131-c3ff-4ffa-85ed-e3ff80fdeb7f req-84c87e8f-4028-43c3-bd1b-8ce73c6fb3f6 service placement] 10.222.0.42 "GET /placement/allocation_candidates?limit=1000&resources=DISK_GB%3A1%2CMEMORY_MB%3A1024%2CVCPU%3A1&root_required=%21COMPUTE_STATUS_DISABLED" status: 200 len: 1306 microversion: 1.36
Aug 04 08:59:07.841458 n-d-850500-3 devstack@placement-api.service[105376]: [pid: 105376|app: 0|req: 20/40] 10.222.0.42 () {60 vars in 1506 bytes} [Thu Aug 4 08:59:07 2022] GET /placement/allocation_candidates?limit=1000&resources=DISK_GB%3A1%2CMEMORY_MB%3A1024%2CVCPU%3A1&root_required=%21COMPUTE_STATUS_DISABLED => generated 1306 bytes in 270 msecs (HTTP/1.1 200) 8 headers in 297 bytes (1 switches on core 0)
Aug 04 08:59:08.106932 n-d-850500-3 devstack@placement-api.service[105377]: DEBUG placement.requestlog [req-55912131-c3ff-4ffa-85ed-e3ff80fdeb7f req-6dc8194e-2299-4055-907f-27da7a117314 None None] Starting request: 10.222.0.42 "GET /placement/allocations/086946a9-897d-41f5-a345-af16ae8f20b5" {{(pid=105377) __call__ /opt/stack/placement/placement/requestlog.py:55}}
Aug 04 08:59:08.124835 n-d-850500-3 devstack@placement-api.service[105377]: INFO placement.requestlog [req-55912131-c3ff-4ffa-85ed-e3ff80fdeb7f req-6dc8194e-2299-4055-907f-27da7a117314 service placement] 10.222.0.42 "GET /placement/allocations/086946a9-897d-41f5-a345-af16ae8f20b5" status: 200 len: 19 microversion: 1.28
Aug 04 08:59:08.125230 n-d-850500-3 devstack@placement-api.service[105377]: [pid: 105377|app: 0|req: 21/41] 10.222.0.42 () {60 vars in 1380 bytes} [Thu Aug 4 08:59:08 2022] GET /placement/allocations/086946a9-897d-41f5-a345-af16ae8f20b5 => generated 19 bytes in 19 msecs (HTTP/1.1 200) 8 headers in 295 bytes (1 switches on core 0)
Aug 04 08:59:08.169628 n-d-850500-3 devstack@placement-api.service[105376]: DEBUG placement.requestlog [req-55912131-c3ff-4ffa-85ed-e3ff80fdeb7f req-67c346fb-f610-494c-88d6-d3e21c61346b None None] Starting request: 10.222.0.42 "PUT /placement/allocations/086946a9-897d-41f5-a345-af16ae8f20b5" {{(pid=105376) __call__ /opt/stack/placement/placement/requestlog.py:55}}
Aug 04 08:59:08.355475 n-d-850500-3 devstack@placement-api.service[105377]: DEBUG placement.requestlog [req-b7605804-3237-4459-ad70-bdfd72f7fc1d req-a05c8155-53f1-4252-81a4-4f299dda680e None None] Starting request: 10.222.0.99 "GET /placement/resource_providers/a7dce8eb-72bf-4900-97f9-d509ad9f85b9/allocations" {{(pid=105377) __call__ /opt/stack/placement/placement/requestlog.py:55}}
Aug 04 08:59:08.411008 n-d-850500-3 devstack@placement-api.service[105377]: INFO placement.requestlog [req-b7605804-3237-4459-ad70-bdfd72f7fc1d req-a05c8155-53f1-4252-81a4-4f299dda680e service placement] 10.222.0.99 "GET /placement/resource_providers/a7dce8eb-72bf-4900-97f9-d509ad9f85b9/allocations" status: 200 len: 54 microversion: 1.0
Aug 04 08:59:08.411685 n-d-850500-3 devstack@placement-api.service[105377]: [pid: 105377|app: 0|req: 22/42] 10.222.0.99 () {58 vars in 1390 bytes} [Thu Aug 4 08:59:08 2022] GET /placement/resource_providers/a7dce8eb-72bf-4900-97f9-d509ad9f85b9/allocations => generated 54 bytes in 57 msecs (HTTP/1.1 200) 6 headers in 223 bytes (1 switches on core 0)
Aug 04 08:59:08.486854 n-d-850500-3 devstack@placement-api.service[105376]: DEBUG placement.handlers.allocation [req-55912131-c3ff-4ffa-85ed-e3ff80fdeb7f req-67c346fb-f610-494c-88d6-d3e21c61346b service placement] Successfully wrote allocations [, , ] {{(pid=105376) _update_consumers_and_create_allocations /opt/stack/placement/placement/handlers/allocation.py:462}}
Aug 04 08:59:08.496342 n-d-850500-3 devstack@placement-api.service[105376]: INFO placement.requestlog [req-55912131-c3ff-4ffa-85ed-e3ff80fdeb7f req-67c346fb-f610-494c-88d6-d3e21c61346b service placement] 10.222.0.42 "PUT /placement/allocations/086946a9-897d-41f5-a345-af16ae8f20b5" status: 204 len: 0 microversion: 1.36
Aug 04 08:59:08.510285 n-d-850500-3 devstack@placement-api.service[105376]: [pid: 105376|app: 0|req: 21/43] 10.222.0.42 () {64 vars in 1433 bytes} [Thu Aug 4 08:59:08 2022] PUT /placement/allocations/086946a9-897d-41f5-a345-af16ae8f20b5 => generated 0 bytes in 333 msecs (HTTP/1.1 204) 5 headers in 199 bytes (1 switches on core 0)
Aug 04 08:59:09.429069 n-d-850500-3 devstack@placement-api.service[105377]: DEBUG placement.requestlog [req-55912131-c3ff-4ffa-85ed-e3ff80fdeb7f req-2257ccb7-ae48-4b5e-8b89-bc6477cf1364 None None] Starting request: 10.222.0.99 "GET /placement/allocations/086946a9-897d-41f5-a345-af16ae8f20b5" {{(pid=105377) __call__ /opt/stack/placement/placement/requestlog.py:55}}
Aug 04 08:59:09.551432 n-d-850500-3 devstack@placement-api.service[105377]: INFO placement.requestlog [req-55912131-c3ff-4ffa-85ed-e3ff80fdeb7f req-2257ccb7-ae48-4b5e-8b89-bc6477cf1364 service placement] 10.222.0.99 "GET /placement/allocations/086946a9-897d-41f5-a345-af16ae8f20b5" status: 200 len: 258 microversion: 1.28
Aug 04 08:59:09.555929 n-d-850500-3 devstack@placement-api.service[105377]: [pid: 105377|app: 0|req: 23/44] 10.222.0.99 () {60 vars in 1377 bytes} [Thu Aug 4 08:59:09 2022] GET /placement/allocations/086946a9-897d-41f5-a345-af16ae8f20b5 => generated 258 bytes in 128 msecs (HTTP/1.1 200) 8 headers in 296 bytes (1 switches on core 0)
Aug 04 08:59:16.900746 n-d-850500-3 devstack@placement-api.service[105376]: DEBUG placement.requestlog [req-da736bd7-fde2-41f0-8210-b723b188dec7 req-35a52b03-12aa-4813-a297-e2cbeb09e4ef None None] Starting request: 10.222.0.42 "GET /placement/allocation_candidates?limit=1000&resources=DISK_GB%3A1%2CMEMORY_MB%3A1024%2CVCPU%3A1&root_required=%21COMPUTE_STATUS_DISABLED" {{(pid=105376) __call__ /opt/stack/placement/placement/requestlog.py:55}}
Aug 04 08:59:16.985784 n-d-850500-3 devstack@placement-api.service[105376]: DEBUG placement.objects.research_context [req-da736bd7-fde2-41f0-8210-b723b188dec7 req-35a52b03-12aa-4813-a297-e2cbeb09e4ef service placement] getting providers with 1 DISK_GB {{(pid=105376) __init__ /opt/stack/placement/placement/objects/research_context.py:136}}
Aug 04 08:59:16.995420 n-d-850500-3 devstack@placement-api.service[105376]: DEBUG placement.objects.research_context [req-da736bd7-fde2-41f0-8210-b723b188dec7 req-35a52b03-12aa-4813-a297-e2cbeb09e4ef service placement] getting providers with 1024 MEMORY_MB {{(pid=105376) __init__ /opt/stack/placement/placement/objects/research_context.py:136}}
Aug 04 08:59:17.006070 n-d-850500-3 devstack@placement-api.service[105376]: DEBUG placement.objects.research_context [req-da736bd7-fde2-41f0-8210-b723b188dec7 req-35a52b03-12aa-4813-a297-e2cbeb09e4ef service placement] getting providers with 1 VCPU {{(pid=105376) __init__ /opt/stack/placement/placement/objects/research_context.py:136}}
Aug 04 08:59:17.014394 n-d-850500-3 devstack@placement-api.service[105376]: DEBUG placement.objects.research_context [req-da736bd7-fde2-41f0-8210-b723b188dec7 req-35a52b03-12aa-4813-a297-e2cbeb09e4ef service placement] found 2 providers with available 1 DISK_GB {{(pid=105376) get_provider_ids_matching /opt/stack/placement/placement/objects/research_context.py:563}}
Aug 04 08:59:17.014959 n-d-850500-3 devstack@placement-api.service[105376]: DEBUG placement.objects.research_context [req-da736bd7-fde2-41f0-8210-b723b188dec7 req-35a52b03-12aa-4813-a297-e2cbeb09e4ef service placement] found 2 providers with available 1024 MEMORY_MB {{(pid=105376) get_provider_ids_matching /opt/stack/placement/placement/objects/research_context.py:563}}
Aug 04 08:59:17.015425 n-d-850500-3 devstack@placement-api.service[105376]: DEBUG placement.objects.research_context [req-da736bd7-fde2-41f0-8210-b723b188dec7 req-35a52b03-12aa-4813-a297-e2cbeb09e4ef service placement] found 2 providers after filtering by previous result {{(pid=105376) get_provider_ids_matching /opt/stack/placement/placement/objects/research_context.py:594}}
Aug 04 08:59:17.015995 n-d-850500-3 devstack@placement-api.service[105376]: DEBUG placement.objects.research_context [req-da736bd7-fde2-41f0-8210-b723b188dec7 req-35a52b03-12aa-4813-a297-e2cbeb09e4ef service placement] found 2 providers with available 1 VCPU {{(pid=105376) get_provider_ids_matching /opt/stack/placement/placement/objects/research_context.py:563}}
Aug 04 08:59:17.016582 n-d-850500-3 devstack@placement-api.service[105376]: DEBUG placement.objects.research_context [req-da736bd7-fde2-41f0-8210-b723b188dec7 req-35a52b03-12aa-4813-a297-e2cbeb09e4ef service placement] found 2 providers after filtering by previous result {{(pid=105376) get_provider_ids_matching /opt/stack/placement/placement/objects/research_context.py:594}}
Aug 04 08:59:17.048808 n-d-850500-3 devstack@placement-api.service[105376]: DEBUG placement.objects.allocation_candidate [req-da736bd7-fde2-41f0-8210-b723b188dec7 req-35a52b03-12aa-4813-a297-e2cbeb09e4ef service placement] RequestGroup(use_same_provider=False, resources={DISK_GB:1, MEMORY_MB:1024, VCPU:1}, traits=(), aggregates=[]) (suffix '') returned 2 matches {{(pid=105376) _get_by_requests /opt/stack/placement/placement/objects/allocation_candidate.py:156}}
Aug 04 08:59:17.049831 n-d-850500-3 devstack@placement-api.service[105376]: DEBUG placement.objects.allocation_candidate [req-da736bd7-fde2-41f0-8210-b723b188dec7 req-35a52b03-12aa-4813-a297-e2cbeb09e4ef service placement] Merging candidates yields 2 allocation requests and 2 provider summaries {{(pid=105376) _merge_candidates /opt/stack/placement/placement/objects/allocation_candidate.py:809}}
Aug 04 08:59:17.052717 n-d-850500-3 devstack@placement-api.service[105376]: INFO placement.requestlog [req-da736bd7-fde2-41f0-8210-b723b188dec7 req-35a52b03-12aa-4813-a297-e2cbeb09e4ef service placement] 10.222.0.42 "GET /placement/allocation_candidates?limit=1000&resources=DISK_GB%3A1%2CMEMORY_MB%3A1024%2CVCPU%3A1&root_required=%21COMPUTE_STATUS_DISABLED" status: 200 len: 1309 microversion: 1.36
Aug 04 08:59:17.053765 n-d-850500-3 devstack@placement-api.service[105376]: [pid: 105376|app: 0|req: 22/45] 10.222.0.42 () {60 vars in 1506 bytes} [Thu Aug 4 08:59:16 2022] GET /placement/allocation_candidates?limit=1000&resources=DISK_GB%3A1%2CMEMORY_MB%3A1024%2CVCPU%3A1&root_required=%21COMPUTE_STATUS_DISABLED => generated 1309 bytes in 153 msecs (HTTP/1.1 200) 8 headers in 297 bytes (1 switches on core 0)
Aug 04 08:59:17.187617 n-d-850500-3 devstack@placement-api.service[105377]: DEBUG placement.requestlog [req-da736bd7-fde2-41f0-8210-b723b188dec7 req-000588a5-dce9-4f22-bc3b-6db02c233076 None None] Starting request: 10.222.0.42 "GET /placement/allocations/36a9fffb-3a8d-4ef7-b3e0-08ae6c06e4bb" {{(pid=105377) __call__ /opt/stack/placement/placement/requestlog.py:55}}
Aug 04 08:59:17.217740 n-d-850500-3 devstack@placement-api.service[105377]: INFO placement.requestlog [req-da736bd7-fde2-41f0-8210-b723b188dec7 req-000588a5-dce9-4f22-bc3b-6db02c233076 service placement] 10.222.0.42 "GET /placement/allocations/36a9fffb-3a8d-4ef7-b3e0-08ae6c06e4bb" status: 200 len: 19 microversion: 1.28
Aug 04 08:59:17.218966 n-d-850500-3 devstack@placement-api.service[105377]: [pid: 105377|app: 0|req: 24/46] 10.222.0.42 () {60 vars in 1380 bytes} [Thu Aug 4 08:59:17 2022] GET /placement/allocations/36a9fffb-3a8d-4ef7-b3e0-08ae6c06e4bb => generated 19 bytes in 32 msecs (HTTP/1.1 200) 8 headers in 295 bytes (1 switches on core 0)
Aug 04 08:59:17.235607 n-d-850500-3 devstack@placement-api.service[105376]: DEBUG placement.requestlog [req-da736bd7-fde2-41f0-8210-b723b188dec7 req-83cc3a20-0e1b-40b3-9ec2-46fe8cd8e313 None None] Starting request: 10.222.0.42 "PUT /placement/allocations/36a9fffb-3a8d-4ef7-b3e0-08ae6c06e4bb" {{(pid=105376) __call__ /opt/stack/placement/placement/requestlog.py:55}}
Aug 04 08:59:17.419931 n-d-850500-3 devstack@placement-api.service[105376]: DEBUG placement.handlers.allocation [req-da736bd7-fde2-41f0-8210-b723b188dec7 req-83cc3a20-0e1b-40b3-9ec2-46fe8cd8e313 service placement] Successfully wrote allocations [, , ] {{(pid=105376) _update_consumers_and_create_allocations /opt/stack/placement/placement/handlers/allocation.py:462}}
Aug 04 08:59:17.427249 n-d-850500-3 devstack@placement-api.service[105376]: INFO placement.requestlog [req-da736bd7-fde2-41f0-8210-b723b188dec7 req-83cc3a20-0e1b-40b3-9ec2-46fe8cd8e313 service placement] 10.222.0.42 "PUT /placement/allocations/36a9fffb-3a8d-4ef7-b3e0-08ae6c06e4bb" status: 204 len: 0 microversion: 1.36
Aug 04 08:59:17.428665 n-d-850500-3 devstack@placement-api.service[105376]: [pid: 105376|app: 0|req: 23/47] 10.222.0.42 () {64 vars in 1433 bytes} [Thu Aug 4 08:59:17 2022] PUT /placement/allocations/36a9fffb-3a8d-4ef7-b3e0-08ae6c06e4bb => generated 0 bytes in 194 msecs (HTTP/1.1 204) 5 headers in 199 bytes (2 switches on core 0)
Aug 04 08:59:18.245180 n-d-850500-3 devstack@placement-api.service[105377]: DEBUG placement.requestlog [req-da736bd7-fde2-41f0-8210-b723b188dec7 req-e7f19c2e-9c6c-4d16-bbe6-38f33c439cb4 None None] Starting request: 10.222.0.99 "GET /placement/allocations/36a9fffb-3a8d-4ef7-b3e0-08ae6c06e4bb" {{(pid=105377) __call__ /opt/stack/placement/placement/requestlog.py:55}}
Aug 04 08:59:18.269082 n-d-850500-3 devstack@placement-api.service[105377]: INFO placement.requestlog [req-da736bd7-fde2-41f0-8210-b723b188dec7 req-e7f19c2e-9c6c-4d16-bbe6-38f33c439cb4 service placement] 10.222.0.99 "GET /placement/allocations/36a9fffb-3a8d-4ef7-b3e0-08ae6c06e4bb" status: 200 len: 258 microversion: 1.28
Aug 04 08:59:18.270689 n-d-850500-3 devstack@placement-api.service[105377]: [pid: 105377|app: 0|req: 25/48] 10.222.0.99 () {60 vars in 1377 bytes} [Thu Aug 4 08:59:18 2022] GET /placement/allocations/36a9fffb-3a8d-4ef7-b3e0-08ae6c06e4bb => generated 258 bytes in 26 msecs (HTTP/1.1 200) 8 headers in 296 bytes (1 switches on core 0)
Aug 04 08:59:18.308722 n-d-850500-3 devstack@placement-api.service[105376]: DEBUG placement.requestlog [None req-7209ce51-4408-4eb0-9007-3dbfed3bd4ce None None] Starting request: 10.222.0.42 "GET /placement/" {{(pid=105376) __call__ /opt/stack/placement/placement/requestlog.py:55}}
Aug 04 08:59:18.309813 n-d-850500-3 devstack@placement-api.service[105376]: INFO placement.requestlog [None req-7209ce51-4408-4eb0-9007-3dbfed3bd4ce None None] 10.222.0.42 "GET /placement/" status: 200 len: 136 microversion: 1.0
Aug 04 08:59:18.310479 n-d-850500-3 devstack@placement-api.service[105376]: [pid: 105376|app: 0|req: 24/49] 10.222.0.42 () {54 vars in 907 bytes} [Thu Aug 4 08:59:18 2022] GET /placement => generated 136 bytes in 2 msecs (HTTP/1.1 200) 6 headers in 224 bytes (1 switches on core 0)
Aug 04 08:59:18.326208 n-d-850500-3 devstack@placement-api.service[105377]: DEBUG placement.requestlog [req-dd06912d-44e3-4e6c-825e-71fcc4382555 req-deabc6d6-2560-43aa-b35f-e7c421c9173a None None] Starting request: 10.222.0.42 "GET /placement/resource_providers/e3aaa44a-1b24-48c5-bb56-a07e0efb9cdf/traits" {{(pid=105377) __call__ /opt/stack/placement/placement/requestlog.py:55}}
Aug 04 08:59:18.739837 n-d-850500-3 devstack@placement-api.service[105377]: INFO placement.requestlog [req-dd06912d-44e3-4e6c-825e-71fcc4382555 req-deabc6d6-2560-43aa-b35f-e7c421c9173a service placement] 10.222.0.42 "GET /placement/resource_providers/e3aaa44a-1b24-48c5-bb56-a07e0efb9cdf/traits" status: 200 len: 211 microversion: 1.6
Aug 04 08:59:18.741299 n-d-850500-3 devstack@placement-api.service[105377]: [pid: 105377|app: 0|req: 26/50] 10.222.0.42 () {60 vars in 1412 bytes} [Thu Aug 4 08:59:18 2022] GET /placement/resource_providers/e3aaa44a-1b24-48c5-bb56-a07e0efb9cdf/traits => generated 211 bytes in 415 msecs (HTTP/1.1 200) 6 headers in 224 bytes (2 switches on core 0)
Aug 04 08:59:19.987298 n-d-850500-3 devstack@placement-api.service[105376]: DEBUG placement.requestlog [None req-4a8c94fa-4f46-4dd2-b2c8-6e43c214f922 None None] Starting request: 10.222.0.42 "GET /placement/" {{(pid=105376) __call__ /opt/stack/placement/placement/requestlog.py:55}}
Aug 04 08:59:19.988542 n-d-850500-3 devstack@placement-api.service[105376]: INFO placement.requestlog [None req-4a8c94fa-4f46-4dd2-b2c8-6e43c214f922 None None] 10.222.0.42 "GET /placement/" status: 200 len: 136 microversion: 1.0
Aug 04 08:59:19.989483 n-d-850500-3 devstack@placement-api.service[105376]: [pid: 105376|app: 0|req: 25/51] 10.222.0.42 () {54 vars in 916 bytes} [Thu Aug 4 08:59:19 2022] GET /placement => generated 136 bytes in 2 msecs (HTTP/1.1 200) 6 headers in 224 bytes (1 switches on core 0)
Aug 04 08:59:20.005939 n-d-850500-3 devstack@placement-api.service[105377]: DEBUG placement.requestlog [req-dd06912d-44e3-4e6c-825e-71fcc4382555 req-aadb208a-1410-478a-8da5-c4547e6789a4 None None] Starting request: 10.222.0.42 "GET /placement/allocations/afa33bd2-82f0-435d-82fb-20a75e213a7e" {{(pid=105377) __call__ /opt/stack/placement/placement/requestlog.py:55}}
Aug 04 08:59:20.133148 n-d-850500-3 devstack@placement-api.service[105377]: DEBUG dbcounter [-] [105377] Writing DB stats placement:SELECT=28 {{(pid=105377) stat_writer /usr/local/lib/python3.8/dist-packages/dbcounter.py:114}}
Aug 04 08:59:20.149617 n-d-850500-3 devstack@placement-api.service[105377]: INFO placement.requestlog [req-dd06912d-44e3-4e6c-825e-71fcc4382555 req-aadb208a-1410-478a-8da5-c4547e6789a4 service placement] 10.222.0.42 "GET /placement/allocations/afa33bd2-82f0-435d-82fb-20a75e213a7e" status: 200 len: 258 microversion: 1.28
Aug 04 08:59:20.159756 n-d-850500-3 devstack@placement-api.service[105376]: DEBUG placement.requestlog [req-dd06912d-44e3-4e6c-825e-71fcc4382555 req-e889f2f3-eb96-4530-8c6b-297e78c529af None None] Starting request: 10.222.0.42 "GET /placement/allocations/afa33bd2-82f0-435d-82fb-20a75e213a7e" {{(pid=105376) __call__ /opt/stack/placement/placement/requestlog.py:55}}
Aug 04 08:59:20.167299 n-d-850500-3 devstack@placement-api.service[105377]: [pid: 105377|app: 0|req: 27/52] 10.222.0.42 () {60 vars in 1380 bytes} [Thu Aug 4 08:59:20 2022] GET /placement/allocations/afa33bd2-82f0-435d-82fb-20a75e213a7e => generated 258 bytes in 156 msecs (HTTP/1.1 200) 8 headers in 296 bytes (1 switches on core 0)
Aug 04 08:59:20.182792 n-d-850500-3 devstack@placement-api.service[105376]: INFO placement.requestlog [req-dd06912d-44e3-4e6c-825e-71fcc4382555 req-e889f2f3-eb96-4530-8c6b-297e78c529af service placement] 10.222.0.42 "GET /placement/allocations/afa33bd2-82f0-435d-82fb-20a75e213a7e" status: 200 len: 258 microversion: 1.28
Aug 04 08:59:20.183636 n-d-850500-3 devstack@placement-api.service[105376]: [pid: 105376|app: 0|req: 26/53] 10.222.0.42 () {60 vars in 1380 bytes} [Thu Aug 4 08:59:20 2022] GET /placement/allocations/afa33bd2-82f0-435d-82fb-20a75e213a7e => generated 258 bytes in 25 msecs (HTTP/1.1 200) 8 headers in 296 bytes (2 switches on core 0)
Aug 04 08:59:20.192364 n-d-850500-3 devstack@placement-api.service[105377]: DEBUG placement.requestlog [req-dd06912d-44e3-4e6c-825e-71fcc4382555 req-63a0b4bf-f06d-472d-afa7-75060e566f28 None None] Starting request: 10.222.0.42 "GET /placement/allocations/9a49d7ce-0502-436e-8b6c-a7587b1501ae" {{(pid=105377) __call__ /opt/stack/placement/placement/requestlog.py:55}}
Aug 04 08:59:20.207058 n-d-850500-3 devstack@placement-api.service[105377]: INFO placement.requestlog [req-dd06912d-44e3-4e6c-825e-71fcc4382555 req-63a0b4bf-f06d-472d-afa7-75060e566f28 service placement] 10.222.0.42 "GET /placement/allocations/9a49d7ce-0502-436e-8b6c-a7587b1501ae" status: 200 len: 19 microversion: 1.28
Aug 04 08:59:20.214851 n-d-850500-3 devstack@placement-api.service[105376]: DEBUG placement.requestlog [req-dd06912d-44e3-4e6c-825e-71fcc4382555 req-6ba133cb-26bb-4ff3-ac87-0d8ca58509af None None] Starting request: 10.222.0.42 "POST /placement/allocations" {{(pid=105376) __call__ /opt/stack/placement/placement/requestlog.py:55}}
Aug 04 08:59:20.216331 n-d-850500-3 devstack@placement-api.service[105377]: [pid: 105377|app: 0|req: 28/54] 10.222.0.42 () {60 vars in 1380 bytes} [Thu Aug 4 08:59:20 2022] GET /placement/allocations/9a49d7ce-0502-436e-8b6c-a7587b1501ae => generated 19 bytes in 22 msecs (HTTP/1.1 200) 8 headers in 295 bytes (1 switches on core 0)
Aug 04 08:59:20.358575 n-d-850500-3 devstack@placement-api.service[105376]: DEBUG dbcounter [-] [105376] Writing DB stats placement:SELECT=78,placement:INSERT=13,placement:DELETE=5,placement:UPDATE=4 {{(pid=105376) stat_writer /usr/local/lib/python3.8/dist-packages/dbcounter.py:114}}
Aug 04 08:59:20.444280 n-d-850500-3 devstack@placement-api.service[105376]: DEBUG placement.handlers.allocation [req-dd06912d-44e3-4e6c-825e-71fcc4382555 req-6ba133cb-26bb-4ff3-ac87-0d8ca58509af service placement] Successfully wrote allocations [, , , , , ] {{(pid=105376) _update_consumers_and_create_allocations /opt/stack/placement/placement/handlers/allocation.py:572}}
Aug 04 08:59:20.455086 n-d-850500-3 devstack@placement-api.service[105376]: INFO placement.requestlog [req-dd06912d-44e3-4e6c-825e-71fcc4382555 req-6ba133cb-26bb-4ff3-ac87-0d8ca58509af service placement] 10.222.0.42 "POST /placement/allocations" status: 204 len: 0 microversion: 1.28
Aug 04 08:59:20.457244 n-d-850500-3 devstack@placement-api.service[105376]: [pid: 105376|app: 0|req: 27/55] 10.222.0.42 () {64 vars in 1323 bytes} [Thu Aug 4 08:59:20 2022] POST /placement/allocations => generated 0 bytes in 243 msecs (HTTP/1.1 204) 5 headers in 199 bytes (2 switches on core 0)
Aug 04 08:59:21.006831 n-d-850500-3 devstack@placement-api.service[105377]: DEBUG placement.requestlog [req-dd06912d-44e3-4e6c-825e-71fcc4382555 req-89629b63-7859-40a4-96ea-ce947227128f None None] Starting request: 10.222.0.42 "GET /placement/allocation_candidates?limit=1000&resources=DISK_GB%3A1%2CMEMORY_MB%3A1024%2CVCPU%3A1&root_required=%21COMPUTE_STATUS_DISABLED" {{(pid=105377) __call__ /opt/stack/placement/placement/requestlog.py:55}}
Aug 04 08:59:21.082330 n-d-850500-3 devstack@placement-api.service[105377]: DEBUG placement.objects.research_context [req-dd06912d-44e3-4e6c-825e-71fcc4382555 req-89629b63-7859-40a4-96ea-ce947227128f service placement] getting providers with 1 DISK_GB {{(pid=105377) __init__ /opt/stack/placement/placement/objects/research_context.py:136}}
