Aug 04 09:05:44.142459 n-d-850500-3 devstack@placement-api.service[105376]: DEBUG placement.requestlog [req-f927b8f4-4dbc-4026-98d2-815e658ead4e req-46abca71-d03a-4b53-820c-cc72e02400a7 None None] Starting request: 10.222.0.42 "GET /placement/allocations/2dd7c06c-145f-4cc7-ae72-36b81e3caf8d" {{(pid=105376) __call__ /opt/stack/placement/placement/requestlog.py:55}}
Aug 04 09:05:44.192054 n-d-850500-3 devstack@placement-api.service[105376]: INFO placement.requestlog [req-f927b8f4-4dbc-4026-98d2-815e658ead4e req-46abca71-d03a-4b53-820c-cc72e02400a7 service placement] 10.222.0.42 "GET /placement/allocations/2dd7c06c-145f-4cc7-ae72-36b81e3caf8d" status: 200 len: 259 microversion: 1.28
Aug 04 09:05:44.196247 n-d-850500-3 devstack@placement-api.service[105376]: [pid: 105376|app: 0|req: 152/300] 10.222.0.42 () {60 vars in 1380 bytes} [Thu Aug 4 09:05:44 2022] GET /placement/allocations/2dd7c06c-145f-4cc7-ae72-36b81e3caf8d => generated 259 bytes in 53 msecs (HTTP/1.1 200) 8 headers in 296 bytes (1 switches on core 0)
Aug 04 09:05:44.208029 n-d-850500-3 devstack@placement-api.service[105377]: DEBUG placement.requestlog [req-f927b8f4-4dbc-4026-98d2-815e658ead4e req-f061ffb1-22cc-40a4-856c-49867de0bb58 None None] Starting request: 10.222.0.42 "GET /placement/allocations/f1e2ddba-11ba-4bca-8c3f-6824be05604f" {{(pid=105377) __call__ /opt/stack/placement/placement/requestlog.py:55}}
Aug 04 09:05:44.230715 n-d-850500-3 devstack@placement-api.service[105377]: INFO placement.requestlog [req-f927b8f4-4dbc-4026-98d2-815e658ead4e req-f061ffb1-22cc-40a4-856c-49867de0bb58 service placement] 10.222.0.42 "GET /placement/allocations/f1e2ddba-11ba-4bca-8c3f-6824be05604f" status: 200 len: 19 microversion: 1.28
Aug 04 09:05:44.242798 n-d-850500-3 devstack@placement-api.service[105377]: [pid: 105377|app: 0|req: 149/301] 10.222.0.42 () {60 vars in 1380 bytes} [Thu Aug 4 09:05:44 2022] GET /placement/allocations/f1e2ddba-11ba-4bca-8c3f-6824be05604f => generated 19 bytes in 36 msecs (HTTP/1.1 200) 8 headers in 295 bytes (1 switches on core 0)
Aug 04 09:05:44.243853 n-d-850500-3 devstack@placement-api.service[105376]: DEBUG placement.requestlog [req-f927b8f4-4dbc-4026-98d2-815e658ead4e req-6d6c1afb-ed26-45ba-a705-4fa56717aaac None None] Starting request: 10.222.0.42 "POST /placement/allocations" {{(pid=105376) __call__ /opt/stack/placement/placement/requestlog.py:55}}
Aug 04 09:05:44.457515 n-d-850500-3 devstack@placement-api.service[105376]: DEBUG dbcounter [-] [105376] Writing DB stats placement:SELECT=78,placement:INSERT=10,placement:DELETE=8,placement:UPDATE=4 {{(pid=105376) stat_writer /usr/local/lib/python3.8/dist-packages/dbcounter.py:114}}
Aug 04 09:05:44.474620 n-d-850500-3 devstack@placement-api.service[105376]: DEBUG placement.handlers.allocation [req-f927b8f4-4dbc-4026-98d2-815e658ead4e req-6d6c1afb-ed26-45ba-a705-4fa56717aaac service placement] Successfully wrote allocations [, , , , , ] {{(pid=105376) _update_consumers_and_create_allocations /opt/stack/placement/placement/handlers/allocation.py:572}}
Aug 04 09:05:44.483797 n-d-850500-3 devstack@placement-api.service[105376]: INFO placement.requestlog [req-f927b8f4-4dbc-4026-98d2-815e658ead4e req-6d6c1afb-ed26-45ba-a705-4fa56717aaac service placement] 10.222.0.42 "POST /placement/allocations" status: 204 len: 0 microversion: 1.28
Aug 04 09:05:44.500305 n-d-850500-3 devstack@placement-api.service[105376]: [pid: 105376|app: 0|req: 153/302] 10.222.0.42 () {64 vars in 1323 bytes} [Thu Aug 4 09:05:44 2022] POST /placement/allocations => generated 0 bytes in 242 msecs (HTTP/1.1 204) 5 headers in 199 bytes (1 switches on core 0)
Aug 04 09:05:44.572617 n-d-850500-3 devstack@placement-api.service[105377]: DEBUG placement.requestlog [req-f927b8f4-4dbc-4026-98d2-815e658ead4e req-3e7f9c36-280e-412b-8df1-91f3cc52e126 None None] Starting request: 10.222.0.42 "GET /placement/allocations/2dd7c06c-145f-4cc7-ae72-36b81e3caf8d" {{(pid=105377) __call__ /opt/stack/placement/placement/requestlog.py:55}}
Aug 04 09:05:44.695764 n-d-850500-3 devstack@placement-api.service[105377]: INFO placement.requestlog [req-f927b8f4-4dbc-4026-98d2-815e658ead4e req-3e7f9c36-280e-412b-8df1-91f3cc52e126 service placement] 10.222.0.42 "GET /placement/allocations/2dd7c06c-145f-4cc7-ae72-36b81e3caf8d" status: 200 len: 19 microversion: 1.28
Aug 04 09:05:44.696483 n-d-850500-3 devstack@placement-api.service[105377]: [pid: 105377|app: 0|req: 150/303] 10.222.0.42 () {60 vars in 1380 bytes} [Thu Aug 4 09:05:44 2022] GET /placement/allocations/2dd7c06c-145f-4cc7-ae72-36b81e3caf8d => generated 19 bytes in 124 msecs (HTTP/1.1 200) 8 headers in 295 bytes (1 switches on core 0)
Aug 04 09:05:44.705900 n-d-850500-3 devstack@placement-api.service[105376]: DEBUG placement.requestlog [req-f927b8f4-4dbc-4026-98d2-815e658ead4e req-2668fb23-f0e7-4e01-817a-cffcd0fc0b12 None None] Starting request: 10.222.0.42 "PUT /placement/allocations/2dd7c06c-145f-4cc7-ae72-36b81e3caf8d" {{(pid=105376) __call__ /opt/stack/placement/placement/requestlog.py:55}}
Aug 04 09:05:44.837196 n-d-850500-3 devstack@placement-api.service[105376]: DEBUG placement.handlers.allocation [req-f927b8f4-4dbc-4026-98d2-815e658ead4e req-2668fb23-f0e7-4e01-817a-cffcd0fc0b12 service placement] Successfully wrote allocations [, , ] {{(pid=105376) _update_consumers_and_create_allocations /opt/stack/placement/placement/handlers/allocation.py:462}}
Aug 04 09:05:44.844851 n-d-850500-3 devstack@placement-api.service[105376]: INFO placement.requestlog [req-f927b8f4-4dbc-4026-98d2-815e658ead4e req-2668fb23-f0e7-4e01-817a-cffcd0fc0b12 service placement] 10.222.0.42 "PUT /placement/allocations/2dd7c06c-145f-4cc7-ae72-36b81e3caf8d" status: 204 len: 0 microversion: 1.28
Aug 04 09:05:44.846016 n-d-850500-3 devstack@placement-api.service[105376]: [pid: 105376|app: 0|req: 154/304] 10.222.0.42 () {64 vars in 1433 bytes} [Thu Aug 4 09:05:44 2022] PUT /placement/allocations/2dd7c06c-145f-4cc7-ae72-36b81e3caf8d => generated 0 bytes in 141 msecs (HTTP/1.1 204) 5 headers in 199 bytes (2 switches on core 0)
Aug 04 09:05:45.105926 n-d-850500-3 devstack@placement-api.service[105377]: DEBUG placement.requestlog [req-f927b8f4-4dbc-4026-98d2-815e658ead4e req-f9c43434-1576-4c96-8416-5f345ddb4b9c None None] Starting request: 10.222.0.99 "GET /placement/allocations/2dd7c06c-145f-4cc7-ae72-36b81e3caf8d" {{(pid=105377) __call__ /opt/stack/placement/placement/requestlog.py:55}}
Aug 04 09:05:45.144274 n-d-850500-3 devstack@placement-api.service[105377]: INFO placement.requestlog [req-f927b8f4-4dbc-4026-98d2-815e658ead4e req-f9c43434-1576-4c96-8416-5f345ddb4b9c service placement] 10.222.0.99 "GET /placement/allocations/2dd7c06c-145f-4cc7-ae72-36b81e3caf8d" status: 200 len: 259 microversion: 1.28
Aug 04 09:05:45.145450 n-d-850500-3 devstack@placement-api.service[105377]: [pid: 105377|app: 0|req: 151/305] 10.222.0.99 () {60 vars in 1377 bytes} [Thu Aug 4 09:05:45 2022] GET /placement/allocations/2dd7c06c-145f-4cc7-ae72-36b81e3caf8d => generated 259 bytes in 40 msecs (HTTP/1.1 200) 8 headers in 296 bytes (2 switches on core 0)
Aug 04 09:05:48.535886 n-d-850500-3 devstack@placement-api.service[105376]: DEBUG placement.requestlog [req-965f15c5-2693-4f2c-9c3d-8df922896826 req-ed2e3212-43ed-42ad-9602-0cbe4ce1a462 None None] Starting request: 10.222.0.42 "GET /placement/allocation_candidates?limit=1000&resources=DISK_GB%3A1%2CMEMORY_MB%3A1024%2CVCPU%3A1&root_required=%21COMPUTE_STATUS_DISABLED" {{(pid=105376) __call__ /opt/stack/placement/placement/requestlog.py:55}}
Aug 04 09:05:48.618789 n-d-850500-3 devstack@placement-api.service[105376]: DEBUG placement.objects.research_context [req-965f15c5-2693-4f2c-9c3d-8df922896826 req-ed2e3212-43ed-42ad-9602-0cbe4ce1a462 service placement] getting providers with 1 DISK_GB {{(pid=105376) __init__ /opt/stack/placement/placement/objects/research_context.py:136}}
Aug 04 09:05:48.632417 n-d-850500-3 devstack@placement-api.service[105376]: DEBUG placement.objects.research_context [req-965f15c5-2693-4f2c-9c3d-8df922896826 req-ed2e3212-43ed-42ad-9602-0cbe4ce1a462 service placement] getting providers with 1024 MEMORY_MB {{(pid=105376) __init__ /opt/stack/placement/placement/objects/research_context.py:136}}
Aug 04 09:05:48.657258 n-d-850500-3 devstack@placement-api.service[105376]: DEBUG placement.objects.research_context [req-965f15c5-2693-4f2c-9c3d-8df922896826 req-ed2e3212-43ed-42ad-9602-0cbe4ce1a462 service placement] getting providers with 1 VCPU {{(pid=105376) __init__ /opt/stack/placement/placement/objects/research_context.py:136}}
Aug 04 09:05:48.678376 n-d-850500-3 devstack@placement-api.service[105376]: DEBUG placement.objects.research_context [req-965f15c5-2693-4f2c-9c3d-8df922896826 req-ed2e3212-43ed-42ad-9602-0cbe4ce1a462 service placement] found 2 providers with available 1 DISK_GB {{(pid=105376) get_provider_ids_matching /opt/stack/placement/placement/objects/research_context.py:563}}
Aug 04 09:05:48.678749 n-d-850500-3 devstack@placement-api.service[105376]: DEBUG placement.objects.research_context [req-965f15c5-2693-4f2c-9c3d-8df922896826 req-ed2e3212-43ed-42ad-9602-0cbe4ce1a462 service placement] found 2 providers with available 1024 MEMORY_MB {{(pid=105376) get_provider_ids_matching /opt/stack/placement/placement/objects/research_context.py:563}}
Aug 04 09:05:48.678943 n-d-850500-3 devstack@placement-api.service[105376]: DEBUG placement.objects.research_context [req-965f15c5-2693-4f2c-9c3d-8df922896826 req-ed2e3212-43ed-42ad-9602-0cbe4ce1a462 service placement] found 2 providers after filtering by previous result {{(pid=105376) get_provider_ids_matching /opt/stack/placement/placement/objects/research_context.py:594}}
Aug 04 09:05:48.679184 n-d-850500-3 devstack@placement-api.service[105376]: DEBUG placement.objects.research_context [req-965f15c5-2693-4f2c-9c3d-8df922896826 req-ed2e3212-43ed-42ad-9602-0cbe4ce1a462 service placement] found 2 providers with available 1 VCPU {{(pid=105376) get_provider_ids_matching /opt/stack/placement/placement/objects/research_context.py:563}}
Aug 04 09:05:48.679895 n-d-850500-3 devstack@placement-api.service[105376]: DEBUG placement.objects.research_context [req-965f15c5-2693-4f2c-9c3d-8df922896826 req-ed2e3212-43ed-42ad-9602-0cbe4ce1a462 service placement] found 2 providers after filtering by previous result {{(pid=105376) get_provider_ids_matching /opt/stack/placement/placement/objects/research_context.py:594}}
Aug 04 09:05:48.697481 n-d-850500-3 devstack@placement-api.service[105376]: DEBUG placement.objects.allocation_candidate [req-965f15c5-2693-4f2c-9c3d-8df922896826 req-ed2e3212-43ed-42ad-9602-0cbe4ce1a462 service placement] RequestGroup(use_same_provider=False, resources={DISK_GB:1, MEMORY_MB:1024, VCPU:1}, traits=(), aggregates=[]) (suffix '') returned 2 matches {{(pid=105376) _get_by_requests /opt/stack/placement/placement/objects/allocation_candidate.py:156}}
Aug 04 09:05:48.698339 n-d-850500-3 devstack@placement-api.service[105376]: DEBUG placement.objects.allocation_candidate [req-965f15c5-2693-4f2c-9c3d-8df922896826 req-ed2e3212-43ed-42ad-9602-0cbe4ce1a462 service placement] Merging candidates yields 2 allocation requests and 2 provider summaries {{(pid=105376) _merge_candidates /opt/stack/placement/placement/objects/allocation_candidate.py:809}}
Aug 04 09:05:48.701226 n-d-850500-3 devstack@placement-api.service[105376]: INFO placement.requestlog [req-965f15c5-2693-4f2c-9c3d-8df922896826 req-ed2e3212-43ed-42ad-9602-0cbe4ce1a462 service placement] 10.222.0.42 "GET /placement/allocation_candidates?limit=1000&resources=DISK_GB%3A1%2CMEMORY_MB%3A1024%2CVCPU%3A1&root_required=%21COMPUTE_STATUS_DISABLED" status: 200 len: 1309 microversion: 1.36
Aug 04 09:05:48.701995 n-d-850500-3 devstack@placement-api.service[105376]: [pid: 105376|app: 0|req: 155/306] 10.222.0.42 () {60 vars in 1506 bytes} [Thu Aug 4 09:05:48 2022] GET /placement/allocation_candidates?limit=1000&resources=DISK_GB%3A1%2CMEMORY_MB%3A1024%2CVCPU%3A1&root_required=%21COMPUTE_STATUS_DISABLED => generated 1309 bytes in 167 msecs (HTTP/1.1 200) 8 headers in 297 bytes (1 switches on core 0)
Aug 04 09:05:48.833154 n-d-850500-3 devstack@placement-api.service[105377]: DEBUG placement.requestlog [req-965f15c5-2693-4f2c-9c3d-8df922896826 req-0f28f188-2ac6-4893-9f67-3b903ee77639 None None] Starting request: 10.222.0.42 "GET /placement/allocations/f91cb32f-c93f-4f84-ad31-5b3ee7e11094" {{(pid=105377) __call__ /opt/stack/placement/placement/requestlog.py:55}}
Aug 04 09:05:48.882801 n-d-850500-3 devstack@placement-api.service[105377]: INFO placement.requestlog [req-965f15c5-2693-4f2c-9c3d-8df922896826 req-0f28f188-2ac6-4893-9f67-3b903ee77639 service placement] 10.222.0.42 "GET /placement/allocations/f91cb32f-c93f-4f84-ad31-5b3ee7e11094" status: 200 len: 19 microversion: 1.28
Aug 04 09:05:48.886643 n-d-850500-3 devstack@placement-api.service[105377]: [pid: 105377|app: 0|req: 152/307] 10.222.0.42 () {60 vars in 1380 bytes} [Thu Aug 4 09:05:48 2022] GET /placement/allocations/f91cb32f-c93f-4f84-ad31-5b3ee7e11094 => generated 19 bytes in 54 msecs (HTTP/1.1 200) 8 headers in 295 bytes (1 switches on core 0)
Aug 04 09:05:48.891083 n-d-850500-3 devstack@placement-api.service[105376]: DEBUG placement.requestlog [req-965f15c5-2693-4f2c-9c3d-8df922896826 req-a892619d-7733-411c-9a0f-0dbbb04e40aa None None] Starting request: 10.222.0.42 "PUT /placement/allocations/f91cb32f-c93f-4f84-ad31-5b3ee7e11094" {{(pid=105376) __call__ /opt/stack/placement/placement/requestlog.py:55}}
Aug 04 09:05:49.002485 n-d-850500-3 devstack@placement-api.service[105376]: DEBUG placement.handlers.allocation [req-965f15c5-2693-4f2c-9c3d-8df922896826 req-a892619d-7733-411c-9a0f-0dbbb04e40aa service placement] Successfully wrote allocations [, , ] {{(pid=105376) _update_consumers_and_create_allocations /opt/stack/placement/placement/handlers/allocation.py:462}}
Aug 04 09:05:49.008530 n-d-850500-3 devstack@placement-api.service[105376]: INFO placement.requestlog [req-965f15c5-2693-4f2c-9c3d-8df922896826 req-a892619d-7733-411c-9a0f-0dbbb04e40aa service placement] 10.222.0.42 "PUT /placement/allocations/f91cb32f-c93f-4f84-ad31-5b3ee7e11094" status: 204 len: 0 microversion: 1.36
Aug 04 09:05:49.010345 n-d-850500-3 devstack@placement-api.service[105376]: [pid: 105376|app: 0|req: 156/308] 10.222.0.42 () {64 vars in 1433 bytes} [Thu Aug 4 09:05:48 2022] PUT /placement/allocations/f91cb32f-c93f-4f84-ad31-5b3ee7e11094 => generated 0 bytes in 119 msecs (HTTP/1.1 204) 5 headers in 199 bytes (2 switches on core 0)
Aug 04 09:05:49.525568 n-d-850500-3 devstack@placement-api.service[105377]: DEBUG placement.requestlog [req-965f15c5-2693-4f2c-9c3d-8df922896826 req-2e330d62-1b73-45bf-815f-dd9b280b3ddb None None] Starting request: 10.222.0.104 "GET /placement/allocations/f91cb32f-c93f-4f84-ad31-5b3ee7e11094" {{(pid=105377) __call__ /opt/stack/placement/placement/requestlog.py:55}}
Aug 04 09:05:49.548329 n-d-850500-3 devstack@placement-api.service[105377]: INFO placement.requestlog [req-965f15c5-2693-4f2c-9c3d-8df922896826 req-2e330d62-1b73-45bf-815f-dd9b280b3ddb service placement] 10.222.0.104 "GET /placement/allocations/f91cb32f-c93f-4f84-ad31-5b3ee7e11094" status: 200 len: 259 microversion: 1.28
Aug 04 09:05:49.549109 n-d-850500-3 devstack@placement-api.service[105377]: [pid: 105377|app: 0|req: 153/309] 10.222.0.104 () {60 vars in 1378 bytes} [Thu Aug 4 09:05:49 2022] GET /placement/allocations/f91cb32f-c93f-4f84-ad31-5b3ee7e11094 => generated 259 bytes in 24 msecs (HTTP/1.1 200) 8 headers in 296 bytes (1 switches on core 0)
Aug 04 09:05:53.564873 n-d-850500-3 devstack@placement-api.service[105376]: DEBUG placement.requestlog [req-165fd59d-f410-4929-b6e8-134cd7d898ff req-d99b802d-19f3-4acf-95a4-9c0fd2300fa9 None None] Starting request: 10.222.0.42 "GET /placement/allocation_candidates?limit=1000&resources=DISK_GB%3A1%2CMEMORY_MB%3A1024%2CVCPU%3A1&root_required=%21COMPUTE_STATUS_DISABLED" {{(pid=105376) __call__ /opt/stack/placement/placement/requestlog.py:55}}
Aug 04 09:05:53.631844 n-d-850500-3 devstack@placement-api.service[105376]: DEBUG placement.objects.research_context [req-165fd59d-f410-4929-b6e8-134cd7d898ff req-d99b802d-19f3-4acf-95a4-9c0fd2300fa9 service placement] getting providers with 1 DISK_GB {{(pid=105376) __init__ /opt/stack/placement/placement/objects/research_context.py:136}}
Aug 04 09:05:53.646298 n-d-850500-3 devstack@placement-api.service[105376]: DEBUG placement.objects.research_context [req-165fd59d-f410-4929-b6e8-134cd7d898ff req-d99b802d-19f3-4acf-95a4-9c0fd2300fa9 service placement] getting providers with 1024 MEMORY_MB {{(pid=105376) __init__ /opt/stack/placement/placement/objects/research_context.py:136}}
Aug 04 09:05:53.655970 n-d-850500-3 devstack@placement-api.service[105376]: DEBUG placement.objects.research_context [req-165fd59d-f410-4929-b6e8-134cd7d898ff req-d99b802d-19f3-4acf-95a4-9c0fd2300fa9 service placement] getting providers with 1 VCPU {{(pid=105376) __init__ /opt/stack/placement/placement/objects/research_context.py:136}}
Aug 04 09:05:53.666301 n-d-850500-3 devstack@placement-api.service[105376]: DEBUG placement.objects.research_context [req-165fd59d-f410-4929-b6e8-134cd7d898ff req-d99b802d-19f3-4acf-95a4-9c0fd2300fa9 service placement] found 2 providers with available 1 DISK_GB {{(pid=105376) get_provider_ids_matching /opt/stack/placement/placement/objects/research_context.py:563}}
Aug 04 09:05:53.667738 n-d-850500-3 devstack@placement-api.service[105376]: DEBUG placement.objects.research_context [req-165fd59d-f410-4929-b6e8-134cd7d898ff req-d99b802d-19f3-4acf-95a4-9c0fd2300fa9 service placement] found 2 providers with available 1024 MEMORY_MB {{(pid=105376) get_provider_ids_matching /opt/stack/placement/placement/objects/research_context.py:563}}
Aug 04 09:05:53.668327 n-d-850500-3 devstack@placement-api.service[105376]: DEBUG placement.objects.research_context [req-165fd59d-f410-4929-b6e8-134cd7d898ff req-d99b802d-19f3-4acf-95a4-9c0fd2300fa9 service placement] found 2 providers after filtering by previous result {{(pid=105376) get_provider_ids_matching /opt/stack/placement/placement/objects/research_context.py:594}}
Aug 04 09:05:53.668807 n-d-850500-3 devstack@placement-api.service[105376]: DEBUG placement.objects.research_context [req-165fd59d-f410-4929-b6e8-134cd7d898ff req-d99b802d-19f3-4acf-95a4-9c0fd2300fa9 service placement] found 2 providers with available 1 VCPU {{(pid=105376) get_provider_ids_matching /opt/stack/placement/placement/objects/research_context.py:563}}
Aug 04 09:05:53.669335 n-d-850500-3 devstack@placement-api.service[105376]: DEBUG placement.objects.research_context [req-165fd59d-f410-4929-b6e8-134cd7d898ff req-d99b802d-19f3-4acf-95a4-9c0fd2300fa9 service placement] found 2 providers after filtering by previous result {{(pid=105376) get_provider_ids_matching /opt/stack/placement/placement/objects/research_context.py:594}}
Aug 04 09:05:53.695604 n-d-850500-3 devstack@placement-api.service[105376]: DEBUG placement.objects.allocation_candidate [req-165fd59d-f410-4929-b6e8-134cd7d898ff req-d99b802d-19f3-4acf-95a4-9c0fd2300fa9 service placement] RequestGroup(use_same_provider=False, resources={DISK_GB:1, MEMORY_MB:1024, VCPU:1}, traits=(), aggregates=[]) (suffix '') returned 2 matches {{(pid=105376) _get_by_requests /opt/stack/placement/placement/objects/allocation_candidate.py:156}}
Aug 04 09:05:53.696247 n-d-850500-3 devstack@placement-api.service[105376]: DEBUG placement.objects.allocation_candidate [req-165fd59d-f410-4929-b6e8-134cd7d898ff req-d99b802d-19f3-4acf-95a4-9c0fd2300fa9 service placement] Merging candidates yields 2 allocation requests and 2 provider summaries {{(pid=105376) _merge_candidates /opt/stack/placement/placement/objects/allocation_candidate.py:809}}
Aug 04 09:05:53.700406 n-d-850500-3 devstack@placement-api.service[105376]: INFO placement.requestlog [req-165fd59d-f410-4929-b6e8-134cd7d898ff req-d99b802d-19f3-4acf-95a4-9c0fd2300fa9 service placement] 10.222.0.42 "GET /placement/allocation_candidates?limit=1000&resources=DISK_GB%3A1%2CMEMORY_MB%3A1024%2CVCPU%3A1&root_required=%21COMPUTE_STATUS_DISABLED" status: 200 len: 1309 microversion: 1.36
Aug 04 09:05:53.701503 n-d-850500-3 devstack@placement-api.service[105376]: [pid: 105376|app: 0|req: 157/310] 10.222.0.42 () {60 vars in 1506 bytes} [Thu Aug 4 09:05:53 2022] GET /placement/allocation_candidates?limit=1000&resources=DISK_GB%3A1%2CMEMORY_MB%3A1024%2CVCPU%3A1&root_required=%21COMPUTE_STATUS_DISABLED => generated 1309 bytes in 137 msecs (HTTP/1.1 200) 8 headers in 297 bytes (1 switches on core 0)
Aug 04 09:05:53.850534 n-d-850500-3 devstack@placement-api.service[105377]: DEBUG placement.requestlog [req-165fd59d-f410-4929-b6e8-134cd7d898ff req-693098f2-7d10-4d69-b17f-ea9d266cd01d None None] Starting request: 10.222.0.42 "GET /placement/allocations/5846e5cb-8e00-4008-9a50-de461412e91c" {{(pid=105377) __call__ /opt/stack/placement/placement/requestlog.py:55}}
Aug 04 09:05:53.882791 n-d-850500-3 devstack@placement-api.service[105377]: INFO placement.requestlog [req-165fd59d-f410-4929-b6e8-134cd7d898ff req-693098f2-7d10-4d69-b17f-ea9d266cd01d service placement] 10.222.0.42 "GET /placement/allocations/5846e5cb-8e00-4008-9a50-de461412e91c" status: 200 len: 19 microversion: 1.28
Aug 04 09:05:53.883243 n-d-850500-3 devstack@placement-api.service[105377]: [pid: 105377|app: 0|req: 154/311] 10.222.0.42 () {60 vars in 1380 bytes} [Thu Aug 4 09:05:53 2022] GET /placement/allocations/5846e5cb-8e00-4008-9a50-de461412e91c => generated 19 bytes in 33 msecs (HTTP/1.1 200) 8 headers in 295 bytes (1 switches on core 0)
Aug 04 09:05:53.895820 n-d-850500-3 devstack@placement-api.service[105376]: DEBUG placement.requestlog [req-165fd59d-f410-4929-b6e8-134cd7d898ff req-d7a22687-7966-455d-8b17-e3c077da084d None None] Starting request: 10.222.0.42 "PUT /placement/allocations/5846e5cb-8e00-4008-9a50-de461412e91c" {{(pid=105376) __call__ /opt/stack/placement/placement/requestlog.py:55}}
Aug 04 09:05:54.142814 n-d-850500-3 devstack@placement-api.service[105376]: DEBUG placement.handlers.allocation [req-165fd59d-f410-4929-b6e8-134cd7d898ff req-d7a22687-7966-455d-8b17-e3c077da084d service placement] Successfully wrote allocations [, , ] {{(pid=105376) _update_consumers_and_create_allocations /opt/stack/placement/placement/handlers/allocation.py:462}}
Aug 04 09:05:54.149500 n-d-850500-3 devstack@placement-api.service[105376]: INFO placement.requestlog [req-165fd59d-f410-4929-b6e8-134cd7d898ff req-d7a22687-7966-455d-8b17-e3c077da084d service placement] 10.222.0.42 "PUT /placement/allocations/5846e5cb-8e00-4008-9a50-de461412e91c" status: 204 len: 0 microversion: 1.36
Aug 04 09:05:54.150843 n-d-850500-3 devstack@placement-api.service[105376]: [pid: 105376|app: 0|req: 158/312] 10.222.0.42 () {64 vars in 1433 bytes} [Thu Aug 4 09:05:53 2022] PUT /placement/allocations/5846e5cb-8e00-4008-9a50-de461412e91c => generated 0 bytes in 256 msecs (HTTP/1.1 204) 5 headers in 199 bytes (2 switches on core 0)
Aug 04 09:05:54.793538 n-d-850500-3 devstack@placement-api.service[105377]: DEBUG placement.requestlog [req-165fd59d-f410-4929-b6e8-134cd7d898ff req-53f645ab-2ba1-424f-a38d-c8464688ccbf None None] Starting request: 10.222.0.99 "GET /placement/allocations/5846e5cb-8e00-4008-9a50-de461412e91c" {{(pid=105377) __call__ /opt/stack/placement/placement/requestlog.py:55}}
Aug 04 09:05:54.836740 n-d-850500-3 devstack@placement-api.service[105377]: INFO placement.requestlog [req-165fd59d-f410-4929-b6e8-134cd7d898ff req-53f645ab-2ba1-424f-a38d-c8464688ccbf service placement] 10.222.0.99 "GET /placement/allocations/5846e5cb-8e00-4008-9a50-de461412e91c" status: 200 len: 259 microversion: 1.28
Aug 04 09:05:54.837900 n-d-850500-3 devstack@placement-api.service[105377]: [pid: 105377|app: 0|req: 155/313] 10.222.0.99 () {60 vars in 1377 bytes} [Thu Aug 4 09:05:54 2022] GET /placement/allocations/5846e5cb-8e00-4008-9a50-de461412e91c => generated 259 bytes in 45 msecs (HTTP/1.1 200) 8 headers in 296 bytes (1 switches on core 0)
Aug 04 09:05:56.835559 n-d-850500-3 devstack@placement-api.service[105376]: DEBUG placement.requestlog [req-09d5a12a-0641-4c58-a12e-e7fec4419b8c req-3fce72ed-bd09-48f5-abdc-f0502446996e None None] Starting request: 10.222.0.42 "GET /placement/allocation_candidates?limit=1000&resources=DISK_GB%3A1%2CMEMORY_MB%3A1024%2CVCPU%3A1&root_required=%21COMPUTE_STATUS_DISABLED" {{(pid=105376) __call__ /opt/stack/placement/placement/requestlog.py:55}}
Aug 04 09:05:57.089985 n-d-850500-3 devstack@placement-api.service[105376]: DEBUG dbcounter [-] [105376] Writing DB stats placement:UPDATE=7,placement:SELECT=72,placement:DELETE=7,placement:INSERT=14 {{(pid=105376) stat_writer /usr/local/lib/python3.8/dist-packages/dbcounter.py:114}}
Aug 04 09:05:57.120404 n-d-850500-3 devstack@placement-api.service[105376]: DEBUG placement.objects.research_context [req-09d5a12a-0641-4c58-a12e-e7fec4419b8c req-3fce72ed-bd09-48f5-abdc-f0502446996e service placement] getting providers with 1 DISK_GB {{(pid=105376) __init__ /opt/stack/placement/placement/objects/research_context.py:136}}
Aug 04 09:05:57.151473 n-d-850500-3 devstack@placement-api.service[105376]: DEBUG placement.objects.research_context [req-09d5a12a-0641-4c58-a12e-e7fec4419b8c req-3fce72ed-bd09-48f5-abdc-f0502446996e service placement] getting providers with 1024 MEMORY_MB {{(pid=105376) __init__ /opt/stack/placement/placement/objects/research_context.py:136}}
Aug 04 09:05:57.197443 n-d-850500-3 devstack@placement-api.service[105376]: DEBUG placement.objects.research_context [req-09d5a12a-0641-4c58-a12e-e7fec4419b8c req-3fce72ed-bd09-48f5-abdc-f0502446996e service placement] getting providers with 1 VCPU {{(pid=105376) __init__ /opt/stack/placement/placement/objects/research_context.py:136}}
Aug 04 09:05:57.219543 n-d-850500-3 devstack@placement-api.service[105376]: DEBUG placement.objects.research_context [req-09d5a12a-0641-4c58-a12e-e7fec4419b8c req-3fce72ed-bd09-48f5-abdc-f0502446996e service placement] found 2 providers with available 1 DISK_GB {{(pid=105376) get_provider_ids_matching /opt/stack/placement/placement/objects/research_context.py:563}}
Aug 04 09:05:57.219982 n-d-850500-3 devstack@placement-api.service[105376]: DEBUG placement.objects.research_context [req-09d5a12a-0641-4c58-a12e-e7fec4419b8c req-3fce72ed-bd09-48f5-abdc-f0502446996e service placement] found 2 providers with available 1024 MEMORY_MB {{(pid=105376) get_provider_ids_matching /opt/stack/placement/placement/objects/research_context.py:563}}
Aug 04 09:05:57.220463 n-d-850500-3 devstack@placement-api.service[105376]: DEBUG placement.objects.research_context [req-09d5a12a-0641-4c58-a12e-e7fec4419b8c req-3fce72ed-bd09-48f5-abdc-f0502446996e service placement] found 2 providers after filtering by previous result {{(pid=105376) get_provider_ids_matching /opt/stack/placement/placement/objects/research_context.py:594}}
Aug 04 09:05:57.220899 n-d-850500-3 devstack@placement-api.service[105376]: DEBUG placement.objects.research_context [req-09d5a12a-0641-4c58-a12e-e7fec4419b8c req-3fce72ed-bd09-48f5-abdc-f0502446996e service placement] found 2 providers with available 1 VCPU {{(pid=105376) get_provider_ids_matching /opt/stack/placement/placement/objects/research_context.py:563}}
Aug 04 09:05:57.221286 n-d-850500-3 devstack@placement-api.service[105376]: DEBUG placement.objects.research_context [req-09d5a12a-0641-4c58-a12e-e7fec4419b8c req-3fce72ed-bd09-48f5-abdc-f0502446996e service placement] found 2 providers after filtering by previous result {{(pid=105376) get_provider_ids_matching /opt/stack/placement/placement/objects/research_context.py:594}}
Aug 04 09:05:57.262048 n-d-850500-3 devstack@placement-api.service[105376]: DEBUG placement.objects.allocation_candidate [req-09d5a12a-0641-4c58-a12e-e7fec4419b8c req-3fce72ed-bd09-48f5-abdc-f0502446996e service placement] RequestGroup(use_same_provider=False, resources={DISK_GB:1, MEMORY_MB:1024, VCPU:1}, traits=(), aggregates=[]) (suffix '') returned 2 matches {{(pid=105376) _get_by_requests /opt/stack/placement/placement/objects/allocation_candidate.py:156}}
Aug 04 09:05:57.262669 n-d-850500-3 devstack@placement-api.service[105376]: DEBUG placement.objects.allocation_candidate [req-09d5a12a-0641-4c58-a12e-e7fec4419b8c req-3fce72ed-bd09-48f5-abdc-f0502446996e service placement] Merging candidates yields 2 allocation requests and 2 provider summaries {{(pid=105376) _merge_candidates /opt/stack/placement/placement/objects/allocation_candidate.py:809}}
Aug 04 09:05:57.267133 n-d-850500-3 devstack@placement-api.service[105376]: INFO placement.requestlog [req-09d5a12a-0641-4c58-a12e-e7fec4419b8c req-3fce72ed-bd09-48f5-abdc-f0502446996e service placement] 10.222.0.42 "GET /placement/allocation_candidates?limit=1000&resources=DISK_GB%3A1%2CMEMORY_MB%3A1024%2CVCPU%3A1&root_required=%21COMPUTE_STATUS_DISABLED" status: 200 len: 1309 microversion: 1.36
Aug 04 09:05:57.269970 n-d-850500-3 devstack@placement-api.service[105376]: [pid: 105376|app: 0|req: 159/314] 10.222.0.42 () {60 vars in 1506 bytes} [Thu Aug 4 09:05:56 2022] GET /placement/allocation_candidates?limit=1000&resources=DISK_GB%3A1%2CMEMORY_MB%3A1024%2CVCPU%3A1&root_required=%21COMPUTE_STATUS_DISABLED => generated 1309 bytes in 435 msecs (HTTP/1.1 200) 8 headers in 297 bytes (1 switches on core 0)
Aug 04 09:05:57.455789 n-d-850500-3 devstack@placement-api.service[105377]: DEBUG placement.requestlog [req-09d5a12a-0641-4c58-a12e-e7fec4419b8c req-04db61e5-dadd-4604-9871-033a927627d0 None None] Starting request: 10.222.0.42 "GET /placement/allocations/abd62a14-78a6-4c82-94d5-0bcadfb4ef0e" {{(pid=105377) __call__ /opt/stack/placement/placement/requestlog.py:55}}
Aug 04 09:05:57.494753 n-d-850500-3 devstack@placement-api.service[105377]: INFO placement.requestlog [req-09d5a12a-0641-4c58-a12e-e7fec4419b8c req-04db61e5-dadd-4604-9871-033a927627d0 service placement] 10.222.0.42 "GET /placement/allocations/abd62a14-78a6-4c82-94d5-0bcadfb4ef0e" status: 200 len: 19 microversion: 1.28
Aug 04 09:05:57.497356 n-d-850500-3 devstack@placement-api.service[105377]: [pid: 105377|app: 0|req: 156/315] 10.222.0.42 () {60 vars in 1380 bytes} [Thu Aug 4 09:05:57 2022] GET /placement/allocations/abd62a14-78a6-4c82-94d5-0bcadfb4ef0e => generated 19 bytes in 42 msecs (HTTP/1.1 200) 8 headers in 295 bytes (1 switches on core 0)
Aug 04 09:05:57.514323 n-d-850500-3 devstack@placement-api.service[105376]: DEBUG placement.requestlog [req-09d5a12a-0641-4c58-a12e-e7fec4419b8c req-2ec387a7-c199-4498-98f7-c3fa77108b80 None None] Starting request: 10.222.0.42 "PUT /placement/allocations/abd62a14-78a6-4c82-94d5-0bcadfb4ef0e" {{(pid=105376) __call__ /opt/stack/placement/placement/requestlog.py:55}}
Aug 04 09:05:57.534798 n-d-850500-3 devstack@placement-api.service[105377]: DEBUG placement.requestlog [req-f0fb1bdb-6967-4bd4-b28c-6aafff4abd9d req-740a3bbc-7d64-4516-ac35-a9d781d65437 None None] Starting request: 10.222.0.104 "DELETE /placement/allocations/5da1ac93-8669-45be-beb0-67afb028e0ca" {{(pid=105377) __call__ /opt/stack/placement/placement/requestlog.py:55}}
Aug 04 09:05:57.688317 n-d-850500-3 devstack@placement-api.service[105377]: DEBUG placement.handlers.allocation [req-f0fb1bdb-6967-4bd4-b28c-6aafff4abd9d req-740a3bbc-7d64-4516-ac35-a9d781d65437 service placement] Successfully deleted allocations [, , ] {{(pid=105377) delete_allocations /opt/stack/placement/placement/handlers/allocation.py:627}}
Aug 04 09:05:57.688847 n-d-850500-3 devstack@placement-api.service[105377]: INFO placement.requestlog [req-f0fb1bdb-6967-4bd4-b28c-6aafff4abd9d req-740a3bbc-7d64-4516-ac35-a9d781d65437 service placement] 10.222.0.104 "DELETE /placement/allocations/5da1ac93-8669-45be-beb0-67afb028e0ca" status: 204 len: 0 microversion: 1.0
Aug 04 09:05:57.689636 n-d-850500-3 devstack@placement-api.service[105377]: [pid: 105377|app: 0|req: 157/316] 10.222.0.104 () {60 vars in 1356 bytes} [Thu Aug 4 09:05:57 2022] DELETE /placement/allocations/5da1ac93-8669-45be-beb0-67afb028e0ca => generated 0 bytes in 155 msecs (HTTP/1.1 204) 5 headers in 198 bytes (1 switches on core 0)
Aug 04 09:05:57.826407 n-d-850500-3 devstack@placement-api.service[105376]: DEBUG placement.handlers.allocation [req-09d5a12a-0641-4c58-a12e-e7fec4419b8c req-2ec387a7-c199-4498-98f7-c3fa77108b80 service placement] Successfully wrote allocations [, , ] {{(pid=105376) _update_consumers_and_create_allocations /opt/stack/placement/placement/handlers/allocation.py:462}}
Aug 04 09:05:57.833603 n-d-850500-3 devstack@placement-api.service[105376]: INFO placement.requestlog [req-09d5a12a-0641-4c58-a12e-e7fec4419b8c req-2ec387a7-c199-4498-98f7-c3fa77108b80 service placement] 10.222.0.42 "PUT /placement/allocations/abd62a14-78a6-4c82-94d5-0bcadfb4ef0e" status: 204 len: 0 microversion: 1.36
Aug 04 09:05:57.834441 n-d-850500-3 devstack@placement-api.service[105376]: [pid: 105376|app: 0|req: 160/317] 10.222.0.42 () {64 vars in 1433 bytes} [Thu Aug 4 09:05:57 2022] PUT /placement/allocations/abd62a14-78a6-4c82-94d5-0bcadfb4ef0e => generated 0 bytes in 321 msecs (HTTP/1.1 204) 5 headers in 199 bytes (1 switches on core 0)
Aug 04 09:05:58.630992 n-d-850500-3 devstack@placement-api.service[105377]: DEBUG placement.requestlog [req-09d5a12a-0641-4c58-a12e-e7fec4419b8c req-f91e9930-c987-4c19-a153-eda98a9bb769 None None] Starting request: 10.222.0.104 "GET /placement/allocations/abd62a14-78a6-4c82-94d5-0bcadfb4ef0e" {{(pid=105377) __call__ /opt/stack/placement/placement/requestlog.py:55}}
Aug 04 09:05:58.711583 n-d-850500-3 devstack@placement-api.service[105377]: INFO placement.requestlog [req-09d5a12a-0641-4c58-a12e-e7fec4419b8c req-f91e9930-c987-4c19-a153-eda98a9bb769 service placement] 10.222.0.104 "GET /placement/allocations/abd62a14-78a6-4c82-94d5-0bcadfb4ef0e" status: 200 len: 259 microversion: 1.28
Aug 04 09:05:58.712297 n-d-850500-3 devstack@placement-api.service[105377]: [pid: 105377|app: 0|req: 158/318] 10.222.0.104 () {60 vars in 1378 bytes} [Thu Aug 4 09:05:58 2022] GET /placement/allocations/abd62a14-78a6-4c82-94d5-0bcadfb4ef0e => generated 259 bytes in 82 msecs (HTTP/1.1 200) 8 headers in 296 bytes (1 switches on core 0)
Aug 04 09:06:06.232744 n-d-850500-3 devstack@placement-api.service[105376]: DEBUG placement.requestlog [req-7b798827-aafe-4a3c-94a1-ef54541e5a75 req-65c8ce24-04a9-497f-ac76-f8bb4964e3d4 None None] Starting request: 10.222.0.104 "GET /placement/allocations/abd62a14-78a6-4c82-94d5-0bcadfb4ef0e" {{(pid=105376) __call__ /opt/stack/placement/placement/requestlog.py:55}}
Aug 04 09:06:06.258770 n-d-850500-3 devstack@placement-api.service[105376]: INFO placement.requestlog [req-7b798827-aafe-4a3c-94a1-ef54541e5a75 req-65c8ce24-04a9-497f-ac76-f8bb4964e3d4 service placement] 10.222.0.104 "GET /placement/allocations/abd62a14-78a6-4c82-94d5-0bcadfb4ef0e" status: 200 len: 259 microversion: 1.28
Aug 04 09:06:06.260858 n-d-850500-3 devstack@placement-api.service[105376]: [pid: 105376|app: 0|req: 161/319] 10.222.0.104 () {60 vars in 1378 bytes} [Thu Aug 4 09:06:06 2022] GET /placement/allocations/abd62a14-78a6-4c82-94d5-0bcadfb4ef0e => generated 259 bytes in 28 msecs (HTTP/1.1 200) 8 headers in 296 bytes (1 switches on core 0)
Aug 04 09:06:08.195099 n-d-850500-3 devstack@placement-api.service[105377]: DEBUG placement.requestlog [req-46e1c36b-90ef-4097-b7cf-d3bd9059b85a req-55d2967d-75eb-4e11-89bd-bd31885f25e2 None None] Starting request: 10.222.0.104 "GET /placement/resource_providers/e3aaa44a-1b24-48c5-bb56-a07e0efb9cdf/allocations" {{(pid=105377) __call__ /opt/stack/placement/placement/requestlog.py:55}}
Aug 04 09:06:08.565721 n-d-850500-3 devstack@placement-api.service[105377]: DEBUG dbcounter [-] [105377] Writing DB stats placement:SELECT=79,placement:DELETE=8,placement:INSERT=4,placement:UPDATE=2 {{(pid=105377) stat_writer /usr/local/lib/python3.8/dist-packages/dbcounter.py:114}}
Aug 04 09:06:08.640573 n-d-850500-3 devstack@placement-api.service[105377]: INFO placement.requestlog [req-46e1c36b-90ef-4097-b7cf-d3bd9059b85a req-55d2967d-75eb-4e11-89bd-bd31885f25e2 service placement] 10.222.0.104 "GET /placement/resource_providers/e3aaa44a-1b24-48c5-bb56-a07e0efb9cdf/allocations" status: 200 len: 659 microversion: 1.0
Aug 04 09:06:08.642191 n-d-850500-3 devstack@placement-api.service[105377]: [pid: 105377|app: 0|req: 159/320] 10.222.0.104 () {58 vars in 1391 bytes} [Thu Aug 4 09:06:08 2022] GET /placement/resource_providers/e3aaa44a-1b24-48c5-bb56-a07e0efb9cdf/allocations => generated 659 bytes in 448 msecs (HTTP/1.1 200) 6 headers in 224 bytes (1 switches on core 0)
Aug 04 09:06:08.741264 n-d-850500-3 devstack@placement-api.service[105376]: DEBUG placement.requestlog [req-46e1c36b-90ef-4097-b7cf-d3bd9059b85a req-55680c3b-0259-4d7c-a58c-da94e6795c07 None None] Starting request: 10.222.0.104 "GET /placement/resource_providers?in_tree=e3aaa44a-1b24-48c5-bb56-a07e0efb9cdf" {{(pid=105376) __call__ /opt/stack/placement/placement/requestlog.py:55}}
Aug 04 09:06:08.778853 n-d-850500-3 devstack@placement-api.service[105376]: INFO placement.requestlog [req-46e1c36b-90ef-4097-b7cf-d3bd9059b85a req-55680c3b-0259-4d7c-a58c-da94e6795c07 service placement] 10.222.0.104 "GET /placement/resource_providers?in_tree=e3aaa44a-1b24-48c5-bb56-a07e0efb9cdf" status: 200 len: 863 microversion: 1.14
Aug 04 09:06:08.779650 n-d-850500-3 devstack@placement-api.service[105376]: [pid: 105376|app: 0|req: 162/321] 10.222.0.104 () {60 vars in 1377 bytes} [Thu Aug 4 09:06:08 2022] GET /placement/resource_providers?in_tree=e3aaa44a-1b24-48c5-bb56-a07e0efb9cdf => generated 863 bytes in 41 msecs (HTTP/1.1 200) 6 headers in 225 bytes (1 switches on core 0)
Aug 04 09:06:08.788860 n-d-850500-3 devstack@placement-api.service[105377]: DEBUG placement.requestlog [req-46e1c36b-90ef-4097-b7cf-d3bd9059b85a req-c9e776eb-8336-425a-b022-d63c294a35a9 None None] Starting request: 10.222.0.104 "GET /placement/resource_providers/e3aaa44a-1b24-48c5-bb56-a07e0efb9cdf/inventories" {{(pid=105377) __call__ /opt/stack/placement/placement/requestlog.py:55}}
Aug 04 09:06:08.813599 n-d-850500-3 devstack@placement-api.service[105377]: INFO placement.requestlog [req-46e1c36b-90ef-4097-b7cf-d3bd9059b85a req-c9e776eb-8336-425a-b022-d63c294a35a9 service placement] 10.222.0.104 "GET /placement/resource_providers/e3aaa44a-1b24-48c5-bb56-a07e0efb9cdf/inventories" status: 200 len: 398 microversion: 1.0
Aug 04 09:06:08.814121 n-d-850500-3 devstack@placement-api.service[105377]: [pid: 105377|app: 0|req: 160/322] 10.222.0.104 () {58 vars in 1391 bytes} [Thu Aug 4 09:06:08 2022] GET /placement/resource_providers/e3aaa44a-1b24-48c5-bb56-a07e0efb9cdf/inventories => generated 398 bytes in 26 msecs (HTTP/1.1 200) 6 headers in 224 bytes (2 switches on core 0)
Aug 04 09:06:08.838780 n-d-850500-3 devstack@placement-api.service[105376]: DEBUG placement.requestlog [req-46e1c36b-90ef-4097-b7cf-d3bd9059b85a req-1439cd6f-82b9-4734-9356-d7aa21e348c2 None None] Starting request: 10.222.0.104 "GET /placement/resource_providers/e3aaa44a-1b24-48c5-bb56-a07e0efb9cdf/aggregates" {{(pid=105376) __call__ /opt/stack/placement/placement/requestlog.py:55}}
Aug 04 09:06:08.876369 n-d-850500-3 devstack@placement-api.service[105376]: INFO placement.requestlog [req-46e1c36b-90ef-4097-b7cf-d3bd9059b85a req-1439cd6f-82b9-4734-9356-d7aa21e348c2 service placement] 10.222.0.104 "GET /placement/resource_providers/e3aaa44a-1b24-48c5-bb56-a07e0efb9cdf/aggregates" status: 200 len: 54 microversion: 1.19
Aug 04 09:06:08.877175 n-d-850500-3 devstack@placement-api.service[105376]: [pid: 105376|app: 0|req: 163/323] 10.222.0.104 () {60 vars in 1432 bytes} [Thu Aug 4 09:06:08 2022] GET /placement/resource_providers/e3aaa44a-1b24-48c5-bb56-a07e0efb9cdf/aggregates => generated 54 bytes in 52 msecs (HTTP/1.1 200) 8 headers in 295 bytes (2 switches on core 0)
Aug 04 09:06:08.888995 n-d-850500-3 devstack@placement-api.service[105377]: DEBUG placement.requestlog [req-46e1c36b-90ef-4097-b7cf-d3bd9059b85a req-17f6821a-6f7d-4775-8c76-83a1dc0e81b9 None None] Starting request: 10.222.0.104 "GET /placement/resource_providers/e3aaa44a-1b24-48c5-bb56-a07e0efb9cdf/traits" {{(pid=105377) __call__ /opt/stack/placement/placement/requestlog.py:55}}
Aug 04 09:06:09.059318 n-d-850500-3 devstack@placement-api.service[105377]: INFO placement.requestlog [req-46e1c36b-90ef-4097-b7cf-d3bd9059b85a req-17f6821a-6f7d-4775-8c76-83a1dc0e81b9 service placement] 10.222.0.104 "GET /placement/resource_providers/e3aaa44a-1b24-48c5-bb56-a07e0efb9cdf/traits" status: 200 len: 212 microversion: 1.6
Aug 04 09:06:09.060131 n-d-850500-3 devstack@placement-api.service[105377]: [pid: 105377|app: 0|req: 161/324] 10.222.0.104 () {60 vars in 1419 bytes} [Thu Aug 4 09:06:08 2022] GET /placement/resource_providers/e3aaa44a-1b24-48c5-bb56-a07e0efb9cdf/traits => generated 212 bytes in 172 msecs (HTTP/1.1 200) 6 headers in 224 bytes (1 switches on core 0)
Aug 04 09:06:12.199946 n-d-850500-3 devstack@placement-api.service[105376]: DEBUG placement.requestlog [None req-39dc85aa-df58-4d24-b99a-db7ffd7a4591 None None] Starting request: 10.222.0.42 "GET /placement/resource_providers/0f516431-dc83-44d5-8ce8-a101eec1b4a5/aggregates" {{(pid=105376) __call__ /opt/stack/placement/placement/requestlog.py:55}}
Aug 04 09:06:12.412585 n-d-850500-3 devstack@placement-api.service[105376]: INFO placement.requestlog [None req-39dc85aa-df58-4d24-b99a-db7ffd7a4591 service placement] 10.222.0.42 "GET /placement/resource_providers/0f516431-dc83-44d5-8ce8-a101eec1b4a5/aggregates" status: 404 len: 235 microversion: 1.1
Aug 04 09:06:12.421089 n-d-850500-3 devstack@placement-api.service[105376]: [pid: 105376|app: 0|req: 164/325] 10.222.0.42 () {58 vars in 1362 bytes} [Thu Aug 4 09:06:12 2022] GET /placement/resource_providers/0f516431-dc83-44d5-8ce8-a101eec1b4a5/aggregates => generated 235 bytes in 222 msecs (HTTP/1.1 404) 5 headers in 202 bytes (1 switches on core 0)
Aug 04 09:06:12.468436 n-d-850500-3 devstack@placement-api.service[105377]: DEBUG placement.requestlog [None req-bd7749ef-861d-472d-b161-cb8f1d0f3a5c None None] Starting request: 10.222.0.42 "DELETE /placement/resource_providers/0f516431-dc83-44d5-8ce8-a101eec1b4a5" {{(pid=105377) __call__ /opt/stack/placement/placement/requestlog.py:55}}
Aug 04 09:06:12.528362 n-d-850500-3 devstack@placement-api.service[105377]: DEBUG placement.wsgi_wrapper [None req-bd7749ef-861d-472d-b161-cb8f1d0f3a5c service placement] Placement API returning an error response: No resource provider with uuid 0f516431-dc83-44d5-8ce8-a101eec1b4a5 found for delete {{(pid=105377) call_func /opt/stack/placement/placement/wsgi_wrapper.py:31}}
Aug 04 09:06:12.539182 n-d-850500-3 devstack@placement-api.service[105377]: INFO placement.requestlog [None req-bd7749ef-861d-472d-b161-cb8f1d0f3a5c service placement] 10.222.0.42 "DELETE /placement/resource_providers/0f516431-dc83-44d5-8ce8-a101eec1b4a5" status: 404 len: 246 microversion: 1.1
Aug 04 09:06:12.539182 n-d-850500-3 devstack@placement-api.service[105377]: [pid: 105377|app: 0|req: 162/326] 10.222.0.42 () {60 vars in 1351 bytes} [Thu Aug 4 09:06:12 2022] DELETE /placement/resource_providers/0f516431-dc83-44d5-8ce8-a101eec1b4a5 => generated 246 bytes in 71 msecs (HTTP/1.1 404) 6 headers in 231 bytes (1 switches on core 0)
Aug 04 09:06:14.661606 n-d-850500-3 devstack@placement-api.service[105376]: DEBUG placement.requestlog [req-f927b8f4-4dbc-4026-98d2-815e658ead4e req-8882e33e-8865-449b-8d11-5c1ac26acd53 None None] Starting request: 10.222.0.104 "GET /placement/resource_providers/e3aaa44a-1b24-48c5-bb56-a07e0efb9cdf/allocations" {{(pid=105376) __call__ /opt/stack/placement/placement/requestlog.py:55}}
Aug 04 09:06:14.724646 n-d-850500-3 devstack@placement-api.service[105376]: INFO placement.requestlog [req-f927b8f4-4dbc-4026-98d2-815e658ead4e req-8882e33e-8865-449b-8d11-5c1ac26acd53 service placement] 10.222.0.104 "GET /placement/resource_providers/e3aaa44a-1b24-48c5-bb56-a07e0efb9cdf/allocations" status: 200 len: 659 microversion: 1.0
Aug 04 09:06:14.725666 n-d-850500-3 devstack@placement-api.service[105376]: [pid: 105376|app: 0|req: 165/327] 10.222.0.104 () {58 vars in 1391 bytes} [Thu Aug 4 09:06:14 2022] GET /placement/resource_providers/e3aaa44a-1b24-48c5-bb56-a07e0efb9cdf/allocations => generated 659 bytes in 64 msecs (HTTP/1.1 200) 6 headers in 224 bytes (1 switches on core 0)
Aug 04 09:06:15.241168 n-d-850500-3 devstack@placement-api.service[105377]: DEBUG placement.requestlog [req-f927b8f4-4dbc-4026-98d2-815e658ead4e req-f803625d-b04e-4632-92fe-32302db276d3 None None] Starting request: 10.222.0.104 "GET /placement/allocations/f1e2ddba-11ba-4bca-8c3f-6824be05604f" {{(pid=105377) __call__ /opt/stack/placement/placement/requestlog.py:55}}
Aug 04 09:06:15.291500 n-d-850500-3 devstack@placement-api.service[105377]: INFO placement.requestlog [req-f927b8f4-4dbc-4026-98d2-815e658ead4e req-f803625d-b04e-4632-92fe-32302db276d3 service placement] 10.222.0.104 "GET /placement/allocations/f1e2ddba-11ba-4bca-8c3f-6824be05604f" status: 200 len: 259 microversion: 1.28
Aug 04 09:06:15.293075 n-d-850500-3 devstack@placement-api.service[105377]: [pid: 105377|app: 0|req: 163/328] 10.222.0.104 () {60 vars in 1378 bytes} [Thu Aug 4 09:06:15 2022] GET /placement/allocations/f1e2ddba-11ba-4bca-8c3f-6824be05604f => generated 259 bytes in 53 msecs (HTTP/1.1 200) 8 headers in 296 bytes (1 switches on core 0)
Aug 04 09:06:15.305366 n-d-850500-3 devstack@placement-api.service[105376]: DEBUG placement.requestlog [req-f927b8f4-4dbc-4026-98d2-815e658ead4e req-40dc81fc-2cc7-409d-ac46-3ad79e47de1b None None] Starting request: 10.222.0.104 "PUT /placement/allocations/f1e2ddba-11ba-4bca-8c3f-6824be05604f" {{(pid=105376) __call__ /opt/stack/placement/placement/requestlog.py:55}}
Aug 04 09:06:15.357969 n-d-850500-3 devstack@placement-api.service[105377]: DEBUG placement.requestlog [req-a813dba4-e046-4158-8609-02271a213e37 req-6bb6dd13-279d-482d-ab33-53c7c253516b None None] Starting request: 10.222.0.42 "GET /placement/allocation_candidates?limit=1000&resources=DISK_GB%3A1%2CMEMORY_MB%3A1024%2CVCPU%3A1&root_required=%21COMPUTE_STATUS_DISABLED" {{(pid=105377) __call__ /opt/stack/placement/placement/requestlog.py:55}}
Aug 04 09:06:15.512264 n-d-850500-3 devstack@placement-api.service[105376]: DEBUG placement.handlers.allocation [req-f927b8f4-4dbc-4026-98d2-815e658ead4e req-40dc81fc-2cc7-409d-ac46-3ad79e47de1b service placement] Successfully wrote allocations [, , ] {{(pid=105376) _update_consumers_and_create_allocations /opt/stack/placement/placement/handlers/allocation.py:462}}
Aug 04 09:06:15.523044 n-d-850500-3 devstack@placement-api.service[105376]: INFO placement.requestlog [req-f927b8f4-4dbc-4026-98d2-815e658ead4e req-40dc81fc-2cc7-409d-ac46-3ad79e47de1b service placement] 10.222.0.104 "PUT /placement/allocations/f1e2ddba-11ba-4bca-8c3f-6824be05604f" status: 204 len: 0 microversion: 1.28
Aug 04 09:06:15.525169 n-d-850500-3 devstack@placement-api.service[105376]: [pid: 105376|app: 0|req: 166/329] 10.222.0.104 () {64 vars in 1431 bytes} [Thu Aug 4 09:06:15 2022] PUT /placement/allocations/f1e2ddba-11ba-4bca-8c3f-6824be05604f => generated 0 bytes in 220 msecs (HTTP/1.1 204) 5 headers in 199 bytes (1 switches on core 0)
Aug 04 09:06:15.532732 n-d-850500-3 devstack@placement-api.service[105377]: DEBUG placement.objects.research_context [req-a813dba4-e046-4158-8609-02271a213e37 req-6bb6dd13-279d-482d-ab33-53c7c253516b service placement] getting providers with 1 DISK_GB {{(pid=105377) __init__ /opt/stack/placement/placement/objects/research_context.py:136}}
Aug 04 09:06:15.544916 n-d-850500-3 devstack@placement-api.service[105377]: DEBUG placement.objects.research_context [req-a813dba4-e046-4158-8609-02271a213e37 req-6bb6dd13-279d-482d-ab33-53c7c253516b service placement] getting providers with 1024 MEMORY_MB {{(pid=105377) __init__ /opt/stack/placement/placement/objects/research_context.py:136}}
Aug 04 09:06:15.558459 n-d-850500-3 devstack@placement-api.service[105377]: DEBUG placement.objects.research_context [req-a813dba4-e046-4158-8609-02271a213e37 req-6bb6dd13-279d-482d-ab33-53c7c253516b service placement] getting providers with 1 VCPU {{(pid=105377) __init__ /opt/stack/placement/placement/objects/research_context.py:136}}
Aug 04 09:06:15.571769 n-d-850500-3 devstack@placement-api.service[105377]: DEBUG placement.objects.research_context [req-a813dba4-e046-4158-8609-02271a213e37 req-6bb6dd13-279d-482d-ab33-53c7c253516b service placement] found 2 providers with available 1 DISK_GB {{(pid=105377) get_provider_ids_matching /opt/stack/placement/placement/objects/research_context.py:563}}
Aug 04 09:06:15.572716 n-d-850500-3 devstack@placement-api.service[105377]: DEBUG placement.objects.research_context [req-a813dba4-e046-4158-8609-02271a213e37 req-6bb6dd13-279d-482d-ab33-53c7c253516b service placement] found 2 providers with available 1024 MEMORY_MB {{(pid=105377) get_provider_ids_matching /opt/stack/placement/placement/objects/research_context.py:563}}
Aug 04 09:06:15.574462 n-d-850500-3 devstack@placement-api.service[105377]: DEBUG placement.objects.research_context [req-a813dba4-e046-4158-8609-02271a213e37 req-6bb6dd13-279d-482d-ab33-53c7c253516b service placement] found 2 providers after filtering by previous result {{(pid=105377) get_provider_ids_matching /opt/stack/placement/placement/objects/research_context.py:594}}
Aug 04 09:06:15.575339 n-d-850500-3 devstack@placement-api.service[105377]: DEBUG placement.objects.research_context [req-a813dba4-e046-4158-8609-02271a213e37 req-6bb6dd13-279d-482d-ab33-53c7c253516b service placement] found 2 providers with available 1 VCPU {{(pid=105377) get_provider_ids_matching /opt/stack/placement/placement/objects/research_context.py:563}}
Aug 04 09:06:15.576279 n-d-850500-3 devstack@placement-api.service[105377]: DEBUG placement.objects.research_context [req-a813dba4-e046-4158-8609-02271a213e37 req-6bb6dd13-279d-482d-ab33-53c7c253516b service placement] found 2 providers after filtering by previous result {{(pid=105377) get_provider_ids_matching /opt/stack/placement/placement/objects/research_context.py:594}}
