Aug 04 09:20:07.086475 n-d-850500-3 cinder-volume[113138]: DEBUG oslo_concurrency.processutils [None req-c4a440a8-1f45-401c-b35f-39127b43bea6 tempest-GroupSnapshotsTest-1835698024 None] Running cmd (subprocess): sudo cinder-rootwrap /etc/cinder/rootwrap.conf env LC_ALL=C lvs --noheadings --unit=g -o vg_name,name,size --nosuffix --readonly stack-volumes-lvmdriver-1/volume-a0a63dd0-09d3-41e7-9e68-a717a194e7ba {{(pid=113138) execute /usr/local/lib/python3.8/dist-packages/oslo_concurrency/processutils.py:384}}
Aug 04 09:20:07.146392 n-d-850500-3 sudo[137869]: ubuntu : TTY=unknown ; PWD=/ ; USER=root ; COMMAND=/usr/local/bin/cinder-rootwrap /etc/cinder/rootwrap.conf env LC_ALL=C lvs --noheadings --unit=g -o vg_name,name,size --nosuffix --readonly stack-volumes-lvmdriver-1/volume-a0a63dd0-09d3-41e7-9e68-a717a194e7ba
Aug 04 09:20:07.148287 n-d-850500-3 sudo[137869]: pam_unix(sudo:session): session opened for user root by (uid=0)
Aug 04 09:20:08.511188 n-d-850500-3 sudo[137869]: pam_unix(sudo:session): session closed for user root
Aug 04 09:20:08.515645 n-d-850500-3 cinder-volume[113138]: DEBUG oslo_concurrency.processutils [None req-c4a440a8-1f45-401c-b35f-39127b43bea6 tempest-GroupSnapshotsTest-1835698024 None] CMD "sudo cinder-rootwrap /etc/cinder/rootwrap.conf env LC_ALL=C lvs --noheadings --unit=g -o vg_name,name,size --nosuffix --readonly stack-volumes-lvmdriver-1/volume-a0a63dd0-09d3-41e7-9e68-a717a194e7ba" returned: 0 in 1.433s {{(pid=113138) execute /usr/local/lib/python3.8/dist-packages/oslo_concurrency/processutils.py:422}}
Aug 04 09:20:08.520246 n-d-850500-3 cinder-volume[113138]: DEBUG oslo_concurrency.processutils [None req-c4a440a8-1f45-401c-b35f-39127b43bea6 tempest-GroupSnapshotsTest-1835698024 None] Running cmd (subprocess): sudo cinder-rootwrap /etc/cinder/rootwrap.conf env LC_ALL=C lvdisplay --noheading -C -o Attr --readonly stack-volumes-lvmdriver-1/volume-a0a63dd0-09d3-41e7-9e68-a717a194e7ba {{(pid=113138) execute /usr/local/lib/python3.8/dist-packages/oslo_concurrency/processutils.py:384}}
Aug 04 09:20:08.579484 n-d-850500-3 sudo[137893]: ubuntu : TTY=unknown ; PWD=/ ; USER=root ; COMMAND=/usr/local/bin/cinder-rootwrap /etc/cinder/rootwrap.conf env LC_ALL=C lvdisplay --noheading -C -o Attr --readonly stack-volumes-lvmdriver-1/volume-a0a63dd0-09d3-41e7-9e68-a717a194e7ba
Aug 04 09:20:08.580729 n-d-850500-3 sudo[137893]: pam_unix(sudo:session): session opened for user root by (uid=0)
Aug 04 09:20:09.033011 n-d-850500-3 cinder-volume[113138]: DEBUG dbcounter [-] [113138] Writing DB stats cinder:SELECT=52,cinder:UPDATE=27,cinder:DELETE=2,cinder:INSERT=5 {{(pid=113138) stat_writer /usr/local/lib/python3.8/dist-packages/dbcounter.py:114}}
Aug 04 09:20:10.431702 n-d-850500-3 sudo[137893]: pam_unix(sudo:session): session closed for user root
Aug 04 09:20:10.435287 n-d-850500-3 cinder-volume[113138]: DEBUG oslo_concurrency.processutils [None req-c4a440a8-1f45-401c-b35f-39127b43bea6 tempest-GroupSnapshotsTest-1835698024 None] CMD "sudo cinder-rootwrap /etc/cinder/rootwrap.conf env LC_ALL=C lvdisplay --noheading -C -o Attr --readonly stack-volumes-lvmdriver-1/volume-a0a63dd0-09d3-41e7-9e68-a717a194e7ba" returned: 0 in 1.915s {{(pid=113138) execute /usr/local/lib/python3.8/dist-packages/oslo_concurrency/processutils.py:422}}
Aug 04 09:20:10.439604 n-d-850500-3 cinder-volume[113138]: DEBUG oslo_concurrency.processutils [None req-c4a440a8-1f45-401c-b35f-39127b43bea6 tempest-GroupSnapshotsTest-1835698024 None] Running cmd (subprocess): sudo cinder-rootwrap /etc/cinder/rootwrap.conf lvremove --config activation { retry_deactivation = 1} -f stack-volumes-lvmdriver-1/volume-a0a63dd0-09d3-41e7-9e68-a717a194e7ba {{(pid=113138) execute /usr/local/lib/python3.8/dist-packages/oslo_concurrency/processutils.py:384}}
Aug 04 09:20:10.549980 n-d-850500-3 sudo[137940]: ubuntu : TTY=unknown ; PWD=/ ; USER=root ; COMMAND=/usr/local/bin/cinder-rootwrap /etc/cinder/rootwrap.conf lvremove --config activation { retry_deactivation = 1} -f stack-volumes-lvmdriver-1/volume-a0a63dd0-09d3-41e7-9e68-a717a194e7ba
Aug 04 09:20:10.559075 n-d-850500-3 sudo[137940]: pam_unix(sudo:session): session opened for user root by (uid=0)
Aug 04 09:20:12.120785 n-d-850500-3 sudo[137940]: pam_unix(sudo:session): session closed for user root
Aug 04 09:20:12.123099 n-d-850500-3 cinder-volume[113138]: DEBUG oslo_concurrency.processutils [None req-c4a440a8-1f45-401c-b35f-39127b43bea6 tempest-GroupSnapshotsTest-1835698024 None] CMD "sudo cinder-rootwrap /etc/cinder/rootwrap.conf lvremove --config activation { retry_deactivation = 1} -f stack-volumes-lvmdriver-1/volume-a0a63dd0-09d3-41e7-9e68-a717a194e7ba" returned: 0 in 1.683s {{(pid=113138) execute /usr/local/lib/python3.8/dist-packages/oslo_concurrency/processutils.py:422}}
Aug 04 09:20:12.124926 n-d-850500-3 cinder-volume[113138]: INFO cinder.volume.drivers.lvm [None req-c4a440a8-1f45-401c-b35f-39127b43bea6 tempest-GroupSnapshotsTest-1835698024 None] Successfully deleted volume: a0a63dd0-09d3-41e7-9e68-a717a194e7ba
Aug 04 09:20:12.208230 n-d-850500-3 cinder-volume[113138]: DEBUG cinder.quota [None req-c4a440a8-1f45-401c-b35f-39127b43bea6 tempest-GroupSnapshotsTest-1835698024 None] Created reservations ['1124c858-7733-49fd-9908-930fc3387a85'] {{(pid=113138) reserve /opt/stack/cinder/cinder/quota.py:755}}
Aug 04 09:20:12.268218 n-d-850500-3 cinder-volume[113138]: WARNING cinder.db.sqlalchemy.api [None req-c4a440a8-1f45-401c-b35f-39127b43bea6 tempest-GroupSnapshotsTest-1835698024 None] Reservation would make usage less than 0 for the following resources, so on commit they will be limited to prevent going below 0: ['gigabytes', 'gigabytes_tempest-GroupSnapshotsTest-volume-type-1526793415']
Aug 04 09:20:12.276834 n-d-850500-3 cinder-volume[113138]: DEBUG cinder.quota [None req-c4a440a8-1f45-401c-b35f-39127b43bea6 tempest-GroupSnapshotsTest-1835698024 None] Created reservations ['e4c6acf2-d384-4b7b-8d2a-d44dc9e612d2', 'c94ab1d6-e0fb-4857-b641-06f3d9724bbf', '78fbfb13-95fa-4a51-901a-57f59c871428', 'e0d1ca39-fb23-497a-9d8a-0cbf8be24a04'] {{(pid=113138) reserve /opt/stack/cinder/cinder/quota.py:755}}
Aug 04 09:20:12.433896 n-d-850500-3 cinder-volume[113138]: DEBUG cinder.volume.drivers.lvm [None req-c4a440a8-1f45-401c-b35f-39127b43bea6 tempest-GroupSnapshotsTest-1835698024 None] Updating volume stats {{(pid=113138) _update_volume_stats /opt/stack/cinder/cinder/volume/drivers/lvm.py:213}}
Aug 04 09:20:12.434264 n-d-850500-3 cinder-volume[113138]: DEBUG oslo_concurrency.processutils [None req-c4a440a8-1f45-401c-b35f-39127b43bea6 tempest-GroupSnapshotsTest-1835698024 None] Running cmd (subprocess): sudo cinder-rootwrap /etc/cinder/rootwrap.conf env LC_ALL=C vgs --noheadings --unit=g -o name,size,free,lv_count,uuid --separator : --nosuffix stack-volumes-lvmdriver-1 {{(pid=113138) execute /usr/local/lib/python3.8/dist-packages/oslo_concurrency/processutils.py:384}}
Aug 04 09:20:12.470480 n-d-850500-3 sudo[137974]: ubuntu : TTY=unknown ; PWD=/ ; USER=root ; COMMAND=/usr/local/bin/cinder-rootwrap /etc/cinder/rootwrap.conf env LC_ALL=C vgs --noheadings --unit=g -o name,size,free,lv_count,uuid --separator : --nosuffix stack-volumes-lvmdriver-1
Aug 04 09:20:12.480720 n-d-850500-3 sudo[137974]: pam_unix(sudo:session): session opened for user root by (uid=0)
Aug 04 09:20:13.480252 n-d-850500-3 sudo[137974]: pam_unix(sudo:session): session closed for user root
Aug 04 09:20:13.483748 n-d-850500-3 cinder-volume[113138]: DEBUG oslo_concurrency.processutils [None req-c4a440a8-1f45-401c-b35f-39127b43bea6 tempest-GroupSnapshotsTest-1835698024 None] CMD "sudo cinder-rootwrap /etc/cinder/rootwrap.conf env LC_ALL=C vgs --noheadings --unit=g -o name,size,free,lv_count,uuid --separator : --nosuffix stack-volumes-lvmdriver-1" returned: 0 in 1.049s {{(pid=113138) execute /usr/local/lib/python3.8/dist-packages/oslo_concurrency/processutils.py:422}}
Aug 04 09:20:13.487368 n-d-850500-3 cinder-volume[113138]: DEBUG oslo_concurrency.processutils [None req-c4a440a8-1f45-401c-b35f-39127b43bea6 tempest-GroupSnapshotsTest-1835698024 None] Running cmd (subprocess): sudo cinder-rootwrap /etc/cinder/rootwrap.conf env LC_ALL=C lvs --noheadings --unit=g -o vg_name,name,size --nosuffix --readonly stack-volumes-lvmdriver-1 {{(pid=113138) execute /usr/local/lib/python3.8/dist-packages/oslo_concurrency/processutils.py:384}}
Aug 04 09:20:13.554078 n-d-850500-3 sudo[137988]: ubuntu : TTY=unknown ; PWD=/ ; USER=root ; COMMAND=/usr/local/bin/cinder-rootwrap /etc/cinder/rootwrap.conf env LC_ALL=C lvs --noheadings --unit=g -o vg_name,name,size --nosuffix --readonly stack-volumes-lvmdriver-1
Aug 04 09:20:13.558375 n-d-850500-3 sudo[137988]: pam_unix(sudo:session): session opened for user root by (uid=0)
Aug 04 09:20:14.328533 n-d-850500-3 cinder-volume[113138]: INFO cinder.volume.manager [None req-ba8df7b7-7697-4054-9021-125ab4791972 tempest-GroupSnapshotsTest-1835698024 None] Group tempest-GroupSnapshotsTest-Group-67064170: creating
Aug 04 09:20:14.392660 n-d-850500-3 cinder-volume[113138]: INFO cinder.volume.manager [None req-ba8df7b7-7697-4054-9021-125ab4791972 tempest-GroupSnapshotsTest-1835698024 None] Group tempest-GroupSnapshotsTest-Group-67064170: created successfully
Aug 04 09:20:14.407657 n-d-850500-3 cinder-volume[113138]: INFO cinder.volume.manager [None req-ba8df7b7-7697-4054-9021-125ab4791972 tempest-GroupSnapshotsTest-1835698024 None] Create group completed successfully.
Aug 04 09:20:15.037129 n-d-850500-3 sudo[137988]: pam_unix(sudo:session): session closed for user root
Aug 04 09:20:15.040074 n-d-850500-3 cinder-volume[113138]: DEBUG oslo_concurrency.processutils [None req-c4a440a8-1f45-401c-b35f-39127b43bea6 tempest-GroupSnapshotsTest-1835698024 None] CMD "sudo cinder-rootwrap /etc/cinder/rootwrap.conf env LC_ALL=C lvs --noheadings --unit=g -o vg_name,name,size --nosuffix --readonly stack-volumes-lvmdriver-1" returned: 0 in 1.553s {{(pid=113138) execute /usr/local/lib/python3.8/dist-packages/oslo_concurrency/processutils.py:422}}
Aug 04 09:20:15.049327 n-d-850500-3 cinder-volume[113138]: DEBUG cinder.manager [None req-c4a440a8-1f45-401c-b35f-39127b43bea6 tempest-GroupSnapshotsTest-1835698024 None] Notifying Schedulers of capabilities ... {{(pid=113138) _publish_service_capabilities /opt/stack/cinder/cinder/manager.py:202}}
Aug 04 09:20:15.061007 n-d-850500-3 cinder-volume[113138]: INFO cinder.volume.manager [None req-c4a440a8-1f45-401c-b35f-39127b43bea6 tempest-GroupSnapshotsTest-1835698024 None] Delete group completed successfully.
Aug 04 09:20:16.801247 n-d-850500-3 cinder-volume[113138]: DEBUG cinder.volume.flows.manager.create_volume [None req-2487eb6b-c388-4fde-86be-24b8f8a36112 tempest-GroupSnapshotsTest-1835698024 None] Volume reschedule parameters: True retry: {'num_attempts': 1, 'backends': ['n-d-850500-3@lvmdriver-1#lvmdriver-1'], 'hosts': ['n-d-850500-3@lvmdriver-1#lvmdriver-1']} {{(pid=113138) get_flow /opt/stack/cinder/cinder/volume/flows/manager/create_volume.py:1366}}
Aug 04 09:20:16.915467 n-d-850500-3 cinder-volume[113138]: DEBUG cinder.volume.manager [None req-2487eb6b-c388-4fde-86be-24b8f8a36112 tempest-GroupSnapshotsTest-1835698024 None] Flow 'volume_create_manager' (6b616852-6fac-4f34-8fcc-c882bc6a5a70) transitioned into state 'RUNNING' from state 'PENDING' {{(pid=113138) _flow_receiver /usr/local/lib/python3.8/dist-packages/taskflow/listeners/logging.py:141}}
Aug 04 09:20:16.953609 n-d-850500-3 cinder-volume[113138]: DEBUG cinder.volume.manager [None req-2487eb6b-c388-4fde-86be-24b8f8a36112 tempest-GroupSnapshotsTest-1835698024 None] Task 'cinder.volume.flows.manager.create_volume.ExtractVolumeRefTask;volume:create' (072569ff-ad13-44ed-82b1-dc9c22a1b082) transitioned into state 'RUNNING' from state 'PENDING' {{(pid=113138) _task_receiver /usr/local/lib/python3.8/dist-packages/taskflow/listeners/logging.py:190}}
Aug 04 09:20:17.031577 n-d-850500-3 cinder-volume[113138]: DEBUG cinder.volume.manager [None req-2487eb6b-c388-4fde-86be-24b8f8a36112 tempest-GroupSnapshotsTest-1835698024 None] Task 'cinder.volume.flows.manager.create_volume.ExtractVolumeRefTask;volume:create' (072569ff-ad13-44ed-82b1-dc9c22a1b082) transitioned into state 'SUCCESS' from state 'RUNNING' with result 'Volume(_name_id=None,admin_metadata=,attach_status='detached',availability_zone='nova',bootable=False,cluster=,cluster_name=None,consistencygroup=,consistencygroup_id=None,created_at=2022-08-04T09:20:16Z,deleted=False,deleted_at=None,display_description=None,display_name='tempest-GroupSnapshotsTest-Volume-2013843943',ec2_id=None,encryption_key_id=None,glance_metadata=,group=,group_id=c76c0ee8-92c5-4df6-b5f5-56f2ee4db17c,host='n-d-850500-3@lvmdriver-1#lvmdriver-1',id=d27fb717-103c-45de-af0b-5c703eba3e17,launched_at=None,metadata={},migration_status=None,multiattach=False,previous_status=None,project_id='022e6cfd7b7c43438995b4e56281cb8c',provider_auth=None,provider_geometry=None,provider_id=None,provider_location=None,replication_driver_data=None,replication_extended_status=None,replication_status=None,scheduled_at=2022-08-04T09:20:17Z,service_uuid=None,shared_targets=True,size=1,snapshot_id=None,snapshots=,source_volid=None,status='creating',terminated_at=None,updated_at=2022-08-04T09:20:17Z,use_quota=True,user_id='80ec2b7f01c24b87bfa0e5425f2c7bf9',volume_attachment=VolumeAttachmentList,volume_type=VolumeType(398374c2-adbd-4058-ae4c-0e9152718ab0),volume_type_id=398374c2-adbd-4058-ae4c-0e9152718ab0)' {{(pid=113138) _task_receiver /usr/local/lib/python3.8/dist-packages/taskflow/listeners/logging.py:178}}
Aug 04 09:20:17.045282 n-d-850500-3 cinder-volume[113138]: DEBUG cinder.volume.manager [None req-2487eb6b-c388-4fde-86be-24b8f8a36112 tempest-GroupSnapshotsTest-1835698024 None] Task 'cinder.volume.flows.manager.create_volume.OnFailureRescheduleTask;volume:create' (51a11fc3-2172-46b4-91d4-eb577443546b) transitioned into state 'RUNNING' from state 'PENDING' {{(pid=113138) _task_receiver /usr/local/lib/python3.8/dist-packages/taskflow/listeners/logging.py:190}}
Aug 04 09:20:17.057394 n-d-850500-3 cinder-volume[113138]: DEBUG cinder.volume.manager [None req-2487eb6b-c388-4fde-86be-24b8f8a36112 tempest-GroupSnapshotsTest-1835698024 None] Task 'cinder.volume.flows.manager.create_volume.OnFailureRescheduleTask;volume:create' (51a11fc3-2172-46b4-91d4-eb577443546b) transitioned into state 'SUCCESS' from state 'RUNNING' with result 'None' {{(pid=113138) _task_receiver /usr/local/lib/python3.8/dist-packages/taskflow/listeners/logging.py:178}}
Aug 04 09:20:17.070052 n-d-850500-3 cinder-volume[113138]: DEBUG cinder.volume.manager [None req-2487eb6b-c388-4fde-86be-24b8f8a36112 tempest-GroupSnapshotsTest-1835698024 None] Task 'cinder.volume.flows.manager.create_volume.ExtractVolumeSpecTask;volume:create' (0aef0803-02f2-4d2b-bba2-bae83c0875a2) transitioned into state 'RUNNING' from state 'PENDING' {{(pid=113138) _task_receiver /usr/local/lib/python3.8/dist-packages/taskflow/listeners/logging.py:190}}
Aug 04 09:20:17.089675 n-d-850500-3 cinder-volume[113138]: DEBUG cinder.volume.manager [None req-2487eb6b-c388-4fde-86be-24b8f8a36112 tempest-GroupSnapshotsTest-1835698024 None] Task 'cinder.volume.flows.manager.create_volume.ExtractVolumeSpecTask;volume:create' (0aef0803-02f2-4d2b-bba2-bae83c0875a2) transitioned into state 'SUCCESS' from state 'RUNNING' with result '{'status': 'creating', 'type': 'raw', 'volume_id': 'd27fb717-103c-45de-af0b-5c703eba3e17', 'volume_name': 'volume-d27fb717-103c-45de-af0b-5c703eba3e17', 'volume_size': 1}' {{(pid=113138) _task_receiver /usr/local/lib/python3.8/dist-packages/taskflow/listeners/logging.py:178}}
Aug 04 09:20:17.106206 n-d-850500-3 cinder-volume[113138]: DEBUG cinder.volume.manager [None req-2487eb6b-c388-4fde-86be-24b8f8a36112 tempest-GroupSnapshotsTest-1835698024 None] Task 'cinder.volume.flows.manager.create_volume.NotifyVolumeActionTask;volume:create, create.start' (83db229c-34cd-4996-b86d-d140ab5243a9) transitioned into state 'RUNNING' from state 'PENDING' {{(pid=113138) _task_receiver /usr/local/lib/python3.8/dist-packages/taskflow/listeners/logging.py:190}}
Aug 04 09:20:17.117850 n-d-850500-3 cinder-volume[113138]: DEBUG cinder.volume.manager [None req-2487eb6b-c388-4fde-86be-24b8f8a36112 tempest-GroupSnapshotsTest-1835698024 None] Task 'cinder.volume.flows.manager.create_volume.NotifyVolumeActionTask;volume:create, create.start' (83db229c-34cd-4996-b86d-d140ab5243a9) transitioned into state 'SUCCESS' from state 'RUNNING' with result 'None' {{(pid=113138) _task_receiver /usr/local/lib/python3.8/dist-packages/taskflow/listeners/logging.py:178}}
Aug 04 09:20:17.137457 n-d-850500-3 cinder-volume[113138]: DEBUG cinder.volume.manager [None req-2487eb6b-c388-4fde-86be-24b8f8a36112 tempest-GroupSnapshotsTest-1835698024 None] Task 'cinder.volume.flows.manager.create_volume.CreateVolumeFromSpecTask;volume:create' (2c28a193-1f36-4807-9c4b-26d39b4deb3f) transitioned into state 'RUNNING' from state 'PENDING' {{(pid=113138) _task_receiver /usr/local/lib/python3.8/dist-packages/taskflow/listeners/logging.py:190}}
Aug 04 09:20:17.145001 n-d-850500-3 cinder-volume[113138]: INFO cinder.volume.flows.manager.create_volume [None req-2487eb6b-c388-4fde-86be-24b8f8a36112 tempest-GroupSnapshotsTest-1835698024 None] Volume d27fb717-103c-45de-af0b-5c703eba3e17: being created as raw with specification: {'status': 'creating', 'volume_name': 'volume-d27fb717-103c-45de-af0b-5c703eba3e17', 'volume_size': 1}
Aug 04 09:20:17.149825 n-d-850500-3 cinder-volume[113138]: DEBUG oslo_concurrency.processutils [None req-2487eb6b-c388-4fde-86be-24b8f8a36112 tempest-GroupSnapshotsTest-1835698024 None] Running cmd (subprocess): sudo cinder-rootwrap /etc/cinder/rootwrap.conf env LC_ALL=C lvcreate -n volume-d27fb717-103c-45de-af0b-5c703eba3e17 stack-volumes-lvmdriver-1 -L 1g {{(pid=113138) execute /usr/local/lib/python3.8/dist-packages/oslo_concurrency/processutils.py:384}}
Aug 04 09:20:17.210309 n-d-850500-3 sudo[137996]: ubuntu : TTY=unknown ; PWD=/ ; USER=root ; COMMAND=/usr/local/bin/cinder-rootwrap /etc/cinder/rootwrap.conf env LC_ALL=C lvcreate -n volume-d27fb717-103c-45de-af0b-5c703eba3e17 stack-volumes-lvmdriver-1 -L 1g
Aug 04 09:20:17.216738 n-d-850500-3 sudo[137996]: pam_unix(sudo:session): session opened for user root by (uid=0)
Aug 04 09:20:18.929254 n-d-850500-3 sudo[137996]: pam_unix(sudo:session): session closed for user root
Aug 04 09:20:18.934760 n-d-850500-3 cinder-volume[113138]: DEBUG oslo_concurrency.processutils [None req-2487eb6b-c388-4fde-86be-24b8f8a36112 tempest-GroupSnapshotsTest-1835698024 None] CMD "sudo cinder-rootwrap /etc/cinder/rootwrap.conf env LC_ALL=C lvcreate -n volume-d27fb717-103c-45de-af0b-5c703eba3e17 stack-volumes-lvmdriver-1 -L 1g" returned: 0 in 1.786s {{(pid=113138) execute /usr/local/lib/python3.8/dist-packages/oslo_concurrency/processutils.py:422}}
Aug 04 09:20:18.947664 n-d-850500-3 cinder-volume[113138]: DEBUG cinder.volume.manager [None req-2487eb6b-c388-4fde-86be-24b8f8a36112 tempest-GroupSnapshotsTest-1835698024 None] Task 'cinder.volume.flows.manager.create_volume.CreateVolumeFromSpecTask;volume:create' (2c28a193-1f36-4807-9c4b-26d39b4deb3f) transitioned into state 'SUCCESS' from state 'RUNNING' with result '{'status': 'creating', 'volume_name': 'volume-d27fb717-103c-45de-af0b-5c703eba3e17', 'volume_size': 1}' {{(pid=113138) _task_receiver /usr/local/lib/python3.8/dist-packages/taskflow/listeners/logging.py:178}}
Aug 04 09:20:18.957773 n-d-850500-3 cinder-volume[113138]: DEBUG cinder.volume.manager [None req-2487eb6b-c388-4fde-86be-24b8f8a36112 tempest-GroupSnapshotsTest-1835698024 None] Task 'cinder.volume.flows.manager.create_volume.CreateVolumeOnFinishTask;volume:create, create.end' (9991f253-1e4e-44ab-9a8c-9b8e5af71775) transitioned into state 'RUNNING' from state 'PENDING' {{(pid=113138) _task_receiver /usr/local/lib/python3.8/dist-packages/taskflow/listeners/logging.py:190}}
Aug 04 09:20:18.994315 n-d-850500-3 cinder-volume[113138]: INFO cinder.volume.flows.manager.create_volume [None req-2487eb6b-c388-4fde-86be-24b8f8a36112 tempest-GroupSnapshotsTest-1835698024 None] Volume volume-d27fb717-103c-45de-af0b-5c703eba3e17 (d27fb717-103c-45de-af0b-5c703eba3e17): created successfully
Aug 04 09:20:19.001659 n-d-850500-3 cinder-volume[113138]: DEBUG cinder.volume.manager [None req-2487eb6b-c388-4fde-86be-24b8f8a36112 tempest-GroupSnapshotsTest-1835698024 None] Task 'cinder.volume.flows.manager.create_volume.CreateVolumeOnFinishTask;volume:create, create.end' (9991f253-1e4e-44ab-9a8c-9b8e5af71775) transitioned into state 'SUCCESS' from state 'RUNNING' with result 'None' {{(pid=113138) _task_receiver /usr/local/lib/python3.8/dist-packages/taskflow/listeners/logging.py:178}}
Aug 04 09:20:19.032392 n-d-850500-3 cinder-volume[113138]: DEBUG cinder.volume.manager [None req-2487eb6b-c388-4fde-86be-24b8f8a36112 tempest-GroupSnapshotsTest-1835698024 None] Flow 'volume_create_manager' (6b616852-6fac-4f34-8fcc-c882bc6a5a70) transitioned into state 'SUCCESS' from state 'RUNNING' {{(pid=113138) _flow_receiver /usr/local/lib/python3.8/dist-packages/taskflow/listeners/logging.py:141}}
Aug 04 09:20:19.090150 n-d-850500-3 cinder-volume[113138]: INFO cinder.volume.manager [None req-2487eb6b-c388-4fde-86be-24b8f8a36112 tempest-GroupSnapshotsTest-1835698024 None] Created volume successfully.
Aug 04 09:20:20.526830 n-d-850500-3 cinder-volume[113138]: DEBUG cinder.volume.flows.manager.create_volume [None req-e596bffe-9785-434a-bbf5-8680af2e0adb tempest-GroupSnapshotsTest-1835698024 None] Volume reschedule parameters: True retry: {'num_attempts': 1, 'backends': ['n-d-850500-3@lvmdriver-1#lvmdriver-1'], 'hosts': ['n-d-850500-3@lvmdriver-1#lvmdriver-1']} {{(pid=113138) get_flow /opt/stack/cinder/cinder/volume/flows/manager/create_volume.py:1366}}
Aug 04 09:20:20.651645 n-d-850500-3 cinder-volume[113138]: DEBUG cinder.volume.manager [None req-e596bffe-9785-434a-bbf5-8680af2e0adb tempest-GroupSnapshotsTest-1835698024 None] Flow 'volume_create_manager' (445e4f30-7f6b-40cf-a79a-770cb43c8c3b) transitioned into state 'RUNNING' from state 'PENDING' {{(pid=113138) _flow_receiver /usr/local/lib/python3.8/dist-packages/taskflow/listeners/logging.py:141}}
Aug 04 09:20:20.677408 n-d-850500-3 cinder-volume[113138]: DEBUG cinder.volume.manager [None req-e596bffe-9785-434a-bbf5-8680af2e0adb tempest-GroupSnapshotsTest-1835698024 None] Task 'cinder.volume.flows.manager.create_volume.ExtractVolumeRefTask;volume:create' (b9ce6013-62ea-400a-ab32-708c20f5848b) transitioned into state 'RUNNING' from state 'PENDING' {{(pid=113138) _task_receiver /usr/local/lib/python3.8/dist-packages/taskflow/listeners/logging.py:190}}
Aug 04 09:20:20.733129 n-d-850500-3 cinder-volume[113138]: DEBUG cinder.volume.manager [None req-e596bffe-9785-434a-bbf5-8680af2e0adb tempest-GroupSnapshotsTest-1835698024 None] Task 'cinder.volume.flows.manager.create_volume.ExtractVolumeRefTask;volume:create' (b9ce6013-62ea-400a-ab32-708c20f5848b) transitioned into state 'SUCCESS' from state 'RUNNING' with result 'Volume(_name_id=None,admin_metadata=,attach_status='detached',availability_zone='nova',bootable=False,cluster=,cluster_name=None,consistencygroup=,consistencygroup_id=None,created_at=2022-08-04T09:20:20Z,deleted=False,deleted_at=None,display_description=None,display_name='tempest-GroupSnapshotsTest-Volume-899447989',ec2_id=None,encryption_key_id=None,glance_metadata=,group=,group_id=c76c0ee8-92c5-4df6-b5f5-56f2ee4db17c,host='n-d-850500-3@lvmdriver-1#lvmdriver-1',id=fe7ef7e2-d736-482f-bda8-039f9ae61b77,launched_at=None,metadata={},migration_status=None,multiattach=False,previous_status=None,project_id='022e6cfd7b7c43438995b4e56281cb8c',provider_auth=None,provider_geometry=None,provider_id=None,provider_location=None,replication_driver_data=None,replication_extended_status=None,replication_status=None,scheduled_at=2022-08-04T09:20:20Z,service_uuid=None,shared_targets=True,size=1,snapshot_id=None,snapshots=,source_volid=None,status='creating',terminated_at=None,updated_at=2022-08-04T09:20:20Z,use_quota=True,user_id='80ec2b7f01c24b87bfa0e5425f2c7bf9',volume_attachment=VolumeAttachmentList,volume_type=VolumeType(398374c2-adbd-4058-ae4c-0e9152718ab0),volume_type_id=398374c2-adbd-4058-ae4c-0e9152718ab0)' {{(pid=113138) _task_receiver /usr/local/lib/python3.8/dist-packages/taskflow/listeners/logging.py:178}}
Aug 04 09:20:20.758070 n-d-850500-3 cinder-volume[113138]: DEBUG cinder.volume.manager [None req-e596bffe-9785-434a-bbf5-8680af2e0adb tempest-GroupSnapshotsTest-1835698024 None] Task 'cinder.volume.flows.manager.create_volume.OnFailureRescheduleTask;volume:create' (c273bf86-f701-474f-be16-64392d1dc515) transitioned into state 'RUNNING' from state 'PENDING' {{(pid=113138) _task_receiver /usr/local/lib/python3.8/dist-packages/taskflow/listeners/logging.py:190}}
Aug 04 09:20:20.767106 n-d-850500-3 cinder-volume[113138]: DEBUG cinder.volume.manager [None req-e596bffe-9785-434a-bbf5-8680af2e0adb tempest-GroupSnapshotsTest-1835698024 None] Task 'cinder.volume.flows.manager.create_volume.OnFailureRescheduleTask;volume:create' (c273bf86-f701-474f-be16-64392d1dc515) transitioned into state 'SUCCESS' from state 'RUNNING' with result 'None' {{(pid=113138) _task_receiver /usr/local/lib/python3.8/dist-packages/taskflow/listeners/logging.py:178}}
Aug 04 09:20:20.795056 n-d-850500-3 cinder-volume[113138]: DEBUG cinder.volume.manager [None req-e596bffe-9785-434a-bbf5-8680af2e0adb tempest-GroupSnapshotsTest-1835698024 None] Task 'cinder.volume.flows.manager.create_volume.ExtractVolumeSpecTask;volume:create' (3705bdb4-4ec2-45eb-9e66-05680b6a14b6) transitioned into state 'RUNNING' from state 'PENDING' {{(pid=113138) _task_receiver /usr/local/lib/python3.8/dist-packages/taskflow/listeners/logging.py:190}}
Aug 04 09:20:20.808352 n-d-850500-3 cinder-volume[113138]: DEBUG cinder.volume.manager [None req-e596bffe-9785-434a-bbf5-8680af2e0adb tempest-GroupSnapshotsTest-1835698024 None] Task 'cinder.volume.flows.manager.create_volume.ExtractVolumeSpecTask;volume:create' (3705bdb4-4ec2-45eb-9e66-05680b6a14b6) transitioned into state 'SUCCESS' from state 'RUNNING' with result '{'status': 'creating', 'type': 'raw', 'volume_id': 'fe7ef7e2-d736-482f-bda8-039f9ae61b77', 'volume_name': 'volume-fe7ef7e2-d736-482f-bda8-039f9ae61b77', 'volume_size': 1}' {{(pid=113138) _task_receiver /usr/local/lib/python3.8/dist-packages/taskflow/listeners/logging.py:178}}
Aug 04 09:20:20.840238 n-d-850500-3 cinder-volume[113138]: DEBUG cinder.volume.manager [None req-e596bffe-9785-434a-bbf5-8680af2e0adb tempest-GroupSnapshotsTest-1835698024 None] Task 'cinder.volume.flows.manager.create_volume.NotifyVolumeActionTask;volume:create, create.start' (730168fb-2a90-4b0b-899d-d2b3e323882d) transitioned into state 'RUNNING' from state 'PENDING' {{(pid=113138) _task_receiver /usr/local/lib/python3.8/dist-packages/taskflow/listeners/logging.py:190}}
Aug 04 09:20:20.850232 n-d-850500-3 cinder-volume[113138]: DEBUG cinder.volume.manager [None req-e596bffe-9785-434a-bbf5-8680af2e0adb tempest-GroupSnapshotsTest-1835698024 None] Task 'cinder.volume.flows.manager.create_volume.NotifyVolumeActionTask;volume:create, create.start' (730168fb-2a90-4b0b-899d-d2b3e323882d) transitioned into state 'SUCCESS' from state 'RUNNING' with result 'None' {{(pid=113138) _task_receiver /usr/local/lib/python3.8/dist-packages/taskflow/listeners/logging.py:178}}
Aug 04 09:20:20.863769 n-d-850500-3 cinder-volume[113138]: DEBUG cinder.volume.manager [None req-e596bffe-9785-434a-bbf5-8680af2e0adb tempest-GroupSnapshotsTest-1835698024 None] Task 'cinder.volume.flows.manager.create_volume.CreateVolumeFromSpecTask;volume:create' (e4ad7443-80e9-4640-8d15-52e4cb08b1d7) transitioned into state 'RUNNING' from state 'PENDING' {{(pid=113138) _task_receiver /usr/local/lib/python3.8/dist-packages/taskflow/listeners/logging.py:190}}
Aug 04 09:20:20.868100 n-d-850500-3 cinder-volume[113138]: INFO cinder.volume.flows.manager.create_volume [None req-e596bffe-9785-434a-bbf5-8680af2e0adb tempest-GroupSnapshotsTest-1835698024 None] Volume fe7ef7e2-d736-482f-bda8-039f9ae61b77: being created as raw with specification: {'status': 'creating', 'volume_name': 'volume-fe7ef7e2-d736-482f-bda8-039f9ae61b77', 'volume_size': 1}
Aug 04 09:20:20.874744 n-d-850500-3 cinder-volume[113138]: DEBUG oslo_concurrency.processutils [None req-e596bffe-9785-434a-bbf5-8680af2e0adb tempest-GroupSnapshotsTest-1835698024 None] Running cmd (subprocess): sudo cinder-rootwrap /etc/cinder/rootwrap.conf env LC_ALL=C lvcreate -n volume-fe7ef7e2-d736-482f-bda8-039f9ae61b77 stack-volumes-lvmdriver-1 -L 1g {{(pid=113138) execute /usr/local/lib/python3.8/dist-packages/oslo_concurrency/processutils.py:384}}
Aug 04 09:20:20.963361 n-d-850500-3 sudo[138094]: ubuntu : TTY=unknown ; PWD=/ ; USER=root ; COMMAND=/usr/local/bin/cinder-rootwrap /etc/cinder/rootwrap.conf env LC_ALL=C lvcreate -n volume-fe7ef7e2-d736-482f-bda8-039f9ae61b77 stack-volumes-lvmdriver-1 -L 1g
Aug 04 09:20:20.974121 n-d-850500-3 sudo[138094]: pam_unix(sudo:session): session opened for user root by (uid=0)
Aug 04 09:20:23.145222 n-d-850500-3 sudo[138094]: pam_unix(sudo:session): session closed for user root
Aug 04 09:20:23.149361 n-d-850500-3 cinder-volume[113138]: DEBUG oslo_concurrency.processutils [None req-e596bffe-9785-434a-bbf5-8680af2e0adb tempest-GroupSnapshotsTest-1835698024 None] CMD "sudo cinder-rootwrap /etc/cinder/rootwrap.conf env LC_ALL=C lvcreate -n volume-fe7ef7e2-d736-482f-bda8-039f9ae61b77 stack-volumes-lvmdriver-1 -L 1g" returned: 0 in 2.278s {{(pid=113138) execute /usr/local/lib/python3.8/dist-packages/oslo_concurrency/processutils.py:422}}
Aug 04 09:20:23.160086 n-d-850500-3 cinder-volume[113138]: DEBUG cinder.volume.manager [None req-e596bffe-9785-434a-bbf5-8680af2e0adb tempest-GroupSnapshotsTest-1835698024 None] Task 'cinder.volume.flows.manager.create_volume.CreateVolumeFromSpecTask;volume:create' (e4ad7443-80e9-4640-8d15-52e4cb08b1d7) transitioned into state 'SUCCESS' from state 'RUNNING' with result '{'status': 'creating', 'volume_name': 'volume-fe7ef7e2-d736-482f-bda8-039f9ae61b77', 'volume_size': 1}' {{(pid=113138) _task_receiver /usr/local/lib/python3.8/dist-packages/taskflow/listeners/logging.py:178}}
Aug 04 09:20:23.166814 n-d-850500-3 cinder-volume[113138]: DEBUG cinder.volume.manager [None req-e596bffe-9785-434a-bbf5-8680af2e0adb tempest-GroupSnapshotsTest-1835698024 None] Task 'cinder.volume.flows.manager.create_volume.CreateVolumeOnFinishTask;volume:create, create.end' (90143ccd-6459-44e7-9e2b-1c5d03c42cb9) transitioned into state 'RUNNING' from state 'PENDING' {{(pid=113138) _task_receiver /usr/local/lib/python3.8/dist-packages/taskflow/listeners/logging.py:190}}
Aug 04 09:20:23.208002 n-d-850500-3 cinder-volume[113138]: INFO cinder.volume.flows.manager.create_volume [None req-e596bffe-9785-434a-bbf5-8680af2e0adb tempest-GroupSnapshotsTest-1835698024 None] Volume volume-fe7ef7e2-d736-482f-bda8-039f9ae61b77 (fe7ef7e2-d736-482f-bda8-039f9ae61b77): created successfully
Aug 04 09:20:23.214796 n-d-850500-3 cinder-volume[113138]: DEBUG cinder.volume.manager [None req-e596bffe-9785-434a-bbf5-8680af2e0adb tempest-GroupSnapshotsTest-1835698024 None] Task 'cinder.volume.flows.manager.create_volume.CreateVolumeOnFinishTask;volume:create, create.end' (90143ccd-6459-44e7-9e2b-1c5d03c42cb9) transitioned into state 'SUCCESS' from state 'RUNNING' with result 'None' {{(pid=113138) _task_receiver /usr/local/lib/python3.8/dist-packages/taskflow/listeners/logging.py:178}}
Aug 04 09:20:23.247467 n-d-850500-3 cinder-volume[113138]: DEBUG cinder.volume.manager [None req-e596bffe-9785-434a-bbf5-8680af2e0adb tempest-GroupSnapshotsTest-1835698024 None] Flow 'volume_create_manager' (445e4f30-7f6b-40cf-a79a-770cb43c8c3b) transitioned into state 'SUCCESS' from state 'RUNNING' {{(pid=113138) _flow_receiver /usr/local/lib/python3.8/dist-packages/taskflow/listeners/logging.py:141}}
Aug 04 09:20:23.284743 n-d-850500-3 cinder-volume[113138]: INFO cinder.volume.manager [None req-e596bffe-9785-434a-bbf5-8680af2e0adb tempest-GroupSnapshotsTest-1835698024 None] Created volume successfully.
Aug 04 09:20:23.299028 n-d-850500-3 cinder-volume[113138]: DEBUG dbcounter [-] [113138] Writing DB stats cinder:SELECT=62,cinder:INSERT=7,cinder:UPDATE=29,cinder:DELETE=2 {{(pid=113138) stat_writer /usr/local/lib/python3.8/dist-packages/dbcounter.py:114}}
Aug 04 09:20:24.930174 n-d-850500-3 cinder-volume[113138]: INFO cinder.volume.manager [None req-393cc8ac-5992-4c57-b0f5-9c21662da02a tempest-GroupSnapshotsTest-1835698024 None] Update group completed successfully.
Aug 04 09:20:26.417746 n-d-850500-3 cinder-volume[113138]: INFO cinder.volume.manager [None req-55ca3a2a-0440-454b-8952-89a30b1d554e tempest-GroupSnapshotsTest-1835698024 None] Update group completed successfully.
Aug 04 09:20:27.595514 n-d-850500-3 cinder-volume[113138]: INFO cinder.volume.manager [None req-c68afaf9-391c-46d2-b13e-3355cf5b8318 tempest-GroupSnapshotsTest-1835698024 None] Update group completed successfully.
Aug 04 09:20:28.999829 n-d-850500-3 cinder-volume[113138]: INFO cinder.volume.manager [None req-3d0a18f2-5e4e-461a-98b6-e2a6d93c9b15 tempest-GroupSnapshotsTest-1835698024 None] Update group completed successfully.
Aug 04 09:20:30.855275 n-d-850500-3 cinder-volume[113138]: INFO cinder.volume.manager [None req-c0e7051a-f46f-4bf3-aa13-5834f03ec78b tempest-GroupSnapshotsTest-1835698024 None] GroupSnapshot ada8c3a1-6df6-4a1a-a6c1-14387895788d: creating.
Aug 04 09:20:30.968275 n-d-850500-3 cinder-volume[113138]: DEBUG cinder.volume.manager [None req-c0e7051a-f46f-4bf3-aa13-5834f03ec78b tempest-GroupSnapshotsTest-1835698024 None] Group snapshot ada8c3a1-6df6-4a1a-a6c1-14387895788d: creating. {{(pid=113138) create_group_snapshot /opt/stack/cinder/cinder/volume/manager.py:4121}}
Aug 04 09:20:31.026163 n-d-850500-3 cinder-volume[113138]: DEBUG oslo_concurrency.processutils [None req-c0e7051a-f46f-4bf3-aa13-5834f03ec78b tempest-GroupSnapshotsTest-1835698024 None] Running cmd (subprocess): sudo cinder-rootwrap /etc/cinder/rootwrap.conf env LC_ALL=C lvs --noheadings --unit=g -o vg_name,name,size --nosuffix --readonly stack-volumes-lvmdriver-1/volume-d27fb717-103c-45de-af0b-5c703eba3e17 {{(pid=113138) execute /usr/local/lib/python3.8/dist-packages/oslo_concurrency/processutils.py:384}}
Aug 04 09:20:31.062964 n-d-850500-3 sudo[138260]: ubuntu : TTY=unknown ; PWD=/ ; USER=root ; COMMAND=/usr/local/bin/cinder-rootwrap /etc/cinder/rootwrap.conf env LC_ALL=C lvs --noheadings --unit=g -o vg_name,name,size --nosuffix --readonly stack-volumes-lvmdriver-1/volume-d27fb717-103c-45de-af0b-5c703eba3e17
Aug 04 09:20:31.065156 n-d-850500-3 sudo[138260]: pam_unix(sudo:session): session opened for user root by (uid=0)
Aug 04 09:20:31.932200 n-d-850500-3 sudo[138260]: pam_unix(sudo:session): session closed for user root
Aug 04 09:20:31.934942 n-d-850500-3 cinder-volume[113138]: DEBUG oslo_concurrency.processutils [None req-c0e7051a-f46f-4bf3-aa13-5834f03ec78b tempest-GroupSnapshotsTest-1835698024 None] CMD "sudo cinder-rootwrap /etc/cinder/rootwrap.conf env LC_ALL=C lvs --noheadings --unit=g -o vg_name,name,size --nosuffix --readonly stack-volumes-lvmdriver-1/volume-d27fb717-103c-45de-af0b-5c703eba3e17" returned: 0 in 0.908s {{(pid=113138) execute /usr/local/lib/python3.8/dist-packages/oslo_concurrency/processutils.py:422}}
Aug 04 09:20:31.937817 n-d-850500-3 cinder-volume[113138]: DEBUG oslo_concurrency.processutils [None req-c0e7051a-f46f-4bf3-aa13-5834f03ec78b tempest-GroupSnapshotsTest-1835698024 None] Running cmd (subprocess): sudo cinder-rootwrap /etc/cinder/rootwrap.conf env LC_ALL=C lvcreate --name _snapshot-a434c69e-a8d2-44f6-b3ff-d6d26c376e9c --snapshot stack-volumes-lvmdriver-1/volume-d27fb717-103c-45de-af0b-5c703eba3e17 -L 1.00g {{(pid=113138) execute /usr/local/lib/python3.8/dist-packages/oslo_concurrency/processutils.py:384}}
Aug 04 09:20:31.996985 n-d-850500-3 sudo[138264]: ubuntu : TTY=unknown ; PWD=/ ; USER=root ; COMMAND=/usr/local/bin/cinder-rootwrap /etc/cinder/rootwrap.conf env LC_ALL=C lvcreate --name _snapshot-a434c69e-a8d2-44f6-b3ff-d6d26c376e9c --snapshot stack-volumes-lvmdriver-1/volume-d27fb717-103c-45de-af0b-5c703eba3e17 -L 1.00g
Aug 04 09:20:32.000140 n-d-850500-3 sudo[138264]: pam_unix(sudo:session): session opened for user root by (uid=0)
Aug 04 09:20:33.315283 n-d-850500-3 sudo[138264]: pam_unix(sudo:session): session closed for user root
Aug 04 09:20:33.318077 n-d-850500-3 cinder-volume[113138]: DEBUG oslo_concurrency.processutils [None req-c0e7051a-f46f-4bf3-aa13-5834f03ec78b tempest-GroupSnapshotsTest-1835698024 None] CMD "sudo cinder-rootwrap /etc/cinder/rootwrap.conf env LC_ALL=C lvcreate --name _snapshot-a434c69e-a8d2-44f6-b3ff-d6d26c376e9c --snapshot stack-volumes-lvmdriver-1/volume-d27fb717-103c-45de-af0b-5c703eba3e17 -L 1.00g" returned: 0 in 1.380s {{(pid=113138) execute /usr/local/lib/python3.8/dist-packages/oslo_concurrency/processutils.py:422}}
Aug 04 09:20:33.349690 n-d-850500-3 cinder-volume[113138]: DEBUG oslo_concurrency.processutils [None req-c0e7051a-f46f-4bf3-aa13-5834f03ec78b tempest-GroupSnapshotsTest-1835698024 None] Running cmd (subprocess): sudo cinder-rootwrap /etc/cinder/rootwrap.conf env LC_ALL=C lvs --noheadings --unit=g -o vg_name,name,size --nosuffix --readonly stack-volumes-lvmdriver-1/volume-fe7ef7e2-d736-482f-bda8-039f9ae61b77 {{(pid=113138) execute /usr/local/lib/python3.8/dist-packages/oslo_concurrency/processutils.py:384}}
Aug 04 09:20:33.396202 n-d-850500-3 sudo[138403]: ubuntu : TTY=unknown ; PWD=/ ; USER=root ; COMMAND=/usr/local/bin/cinder-rootwrap /etc/cinder/rootwrap.conf env LC_ALL=C lvs --noheadings --unit=g -o vg_name,name,size --nosuffix --readonly stack-volumes-lvmdriver-1/volume-fe7ef7e2-d736-482f-bda8-039f9ae61b77
Aug 04 09:20:33.398036 n-d-850500-3 sudo[138403]: pam_unix(sudo:session): session opened for user root by (uid=0)
Aug 04 09:20:34.514159 n-d-850500-3 sudo[138403]: pam_unix(sudo:session): session closed for user root
Aug 04 09:20:34.516854 n-d-850500-3 cinder-volume[113138]: DEBUG oslo_concurrency.processutils [None req-c0e7051a-f46f-4bf3-aa13-5834f03ec78b tempest-GroupSnapshotsTest-1835698024 None] CMD "sudo cinder-rootwrap /etc/cinder/rootwrap.conf env LC_ALL=C lvs --noheadings --unit=g -o vg_name,name,size --nosuffix --readonly stack-volumes-lvmdriver-1/volume-fe7ef7e2-d736-482f-bda8-039f9ae61b77" returned: 0 in 1.167s {{(pid=113138) execute /usr/local/lib/python3.8/dist-packages/oslo_concurrency/processutils.py:422}}
Aug 04 09:20:34.521149 n-d-850500-3 cinder-volume[113138]: DEBUG oslo_concurrency.processutils [None req-c0e7051a-f46f-4bf3-aa13-5834f03ec78b tempest-GroupSnapshotsTest-1835698024 None] Running cmd (subprocess): sudo cinder-rootwrap /etc/cinder/rootwrap.conf env LC_ALL=C lvcreate --name _snapshot-c4c04837-5a4b-4c18-a2de-7cee0f8be1bc --snapshot stack-volumes-lvmdriver-1/volume-fe7ef7e2-d736-482f-bda8-039f9ae61b77 -L 1.00g {{(pid=113138) execute /usr/local/lib/python3.8/dist-packages/oslo_concurrency/processutils.py:384}}
Aug 04 09:20:34.552698 n-d-850500-3 sudo[138429]: ubuntu : TTY=unknown ; PWD=/ ; USER=root ; COMMAND=/usr/local/bin/cinder-rootwrap /etc/cinder/rootwrap.conf env LC_ALL=C lvcreate --name _snapshot-c4c04837-5a4b-4c18-a2de-7cee0f8be1bc --snapshot stack-volumes-lvmdriver-1/volume-fe7ef7e2-d736-482f-bda8-039f9ae61b77 -L 1.00g
Aug 04 09:20:34.553532 n-d-850500-3 sudo[138429]: pam_unix(sudo:session): session opened for user root by (uid=0)
Aug 04 09:20:36.468730 n-d-850500-3 sudo[138429]: pam_unix(sudo:session): session closed for user root
Aug 04 09:20:36.474667 n-d-850500-3 cinder-volume[113138]: DEBUG oslo_concurrency.processutils [None req-c0e7051a-f46f-4bf3-aa13-5834f03ec78b tempest-GroupSnapshotsTest-1835698024 None] CMD "sudo cinder-rootwrap /etc/cinder/rootwrap.conf env LC_ALL=C lvcreate --name _snapshot-c4c04837-5a4b-4c18-a2de-7cee0f8be1bc --snapshot stack-volumes-lvmdriver-1/volume-fe7ef7e2-d736-482f-bda8-039f9ae61b77 -L 1.00g" returned: 0 in 1.952s {{(pid=113138) execute /usr/local/lib/python3.8/dist-packages/oslo_concurrency/processutils.py:422}}
Aug 04 09:20:36.638776 n-d-850500-3 cinder-volume[113138]: INFO cinder.volume.manager [None req-c0e7051a-f46f-4bf3-aa13-5834f03ec78b tempest-GroupSnapshotsTest-1835698024 None] group_snapshot ada8c3a1-6df6-4a1a-a6c1-14387895788d: created successfully
Aug 04 09:20:37.996364 n-d-850500-3 cinder-volume[113138]: INFO cinder.volume.manager [None req-11272ae5-81f3-4e86-9ad6-ad0f68634ef9 tempest-GroupSnapshotsTest-1835698024 None] group_snapshot ada8c3a1-6df6-4a1a-a6c1-14387895788d: deleting
Aug 04 09:20:38.063733 n-d-850500-3 cinder-volume[113138]: DEBUG cinder.volume.manager [None req-11272ae5-81f3-4e86-9ad6-ad0f68634ef9 tempest-GroupSnapshotsTest-1835698024 None] group_snapshot ada8c3a1-6df6-4a1a-a6c1-14387895788d: deleting {{(pid=113138) delete_group_snapshot /opt/stack/cinder/cinder/volume/manager.py:4296}}
Aug 04 09:20:38.098032 n-d-850500-3 cinder-volume[113138]: DEBUG oslo_concurrency.processutils [None req-11272ae5-81f3-4e86-9ad6-ad0f68634ef9 tempest-GroupSnapshotsTest-1835698024 None] Running cmd (subprocess): sudo cinder-rootwrap /etc/cinder/rootwrap.conf env LC_ALL=C lvs --noheadings --unit=g -o vg_name,name,size --nosuffix --readonly stack-volumes-lvmdriver-1/_snapshot-a434c69e-a8d2-44f6-b3ff-d6d26c376e9c {{(pid=113138) execute /usr/local/lib/python3.8/dist-packages/oslo_concurrency/processutils.py:384}}
Aug 04 09:20:38.152142 n-d-850500-3 sudo[138571]: ubuntu : TTY=unknown ; PWD=/ ; USER=root ; COMMAND=/usr/local/bin/cinder-rootwrap /etc/cinder/rootwrap.conf env LC_ALL=C lvs --noheadings --unit=g -o vg_name,name,size --nosuffix --readonly stack-volumes-lvmdriver-1/_snapshot-a434c69e-a8d2-44f6-b3ff-d6d26c376e9c
Aug 04 09:20:38.153400 n-d-850500-3 sudo[138571]: pam_unix(sudo:session): session opened for user root by (uid=0)
Aug 04 09:20:39.069637 n-d-850500-3 cinder-volume[113138]: DEBUG dbcounter [-] [113138] Writing DB stats cinder:SELECT=66,cinder:INSERT=2,cinder:UPDATE=19 {{(pid=113138) stat_writer /usr/local/lib/python3.8/dist-packages/dbcounter.py:114}}
Aug 04 09:20:39.249016 n-d-850500-3 sudo[138571]: pam_unix(sudo:session): session closed for user root
Aug 04 09:20:39.252047 n-d-850500-3 cinder-volume[113138]: DEBUG oslo_concurrency.processutils [None req-11272ae5-81f3-4e86-9ad6-ad0f68634ef9 tempest-GroupSnapshotsTest-1835698024 None] CMD "sudo cinder-rootwrap /etc/cinder/rootwrap.conf env LC_ALL=C lvs --noheadings --unit=g -o vg_name,name,size --nosuffix --readonly stack-volumes-lvmdriver-1/_snapshot-a434c69e-a8d2-44f6-b3ff-d6d26c376e9c" returned: 0 in 1.162s {{(pid=113138) execute /usr/local/lib/python3.8/dist-packages/oslo_concurrency/processutils.py:422}}
Aug 04 09:20:39.255018 n-d-850500-3 cinder-volume[113138]: DEBUG oslo_concurrency.processutils [None req-11272ae5-81f3-4e86-9ad6-ad0f68634ef9 tempest-GroupSnapshotsTest-1835698024 None] Running cmd (subprocess): sudo cinder-rootwrap /etc/cinder/rootwrap.conf lvremove --config activation { retry_deactivation = 1} -f stack-volumes-lvmdriver-1/_snapshot-a434c69e-a8d2-44f6-b3ff-d6d26c376e9c {{(pid=113138) execute /usr/local/lib/python3.8/dist-packages/oslo_concurrency/processutils.py:384}}
Aug 04 09:20:39.318818 n-d-850500-3 sudo[138575]: ubuntu : TTY=unknown ; PWD=/ ; USER=root ; COMMAND=/usr/local/bin/cinder-rootwrap /etc/cinder/rootwrap.conf lvremove --config activation { retry_deactivation = 1} -f stack-volumes-lvmdriver-1/_snapshot-a434c69e-a8d2-44f6-b3ff-d6d26c376e9c
Aug 04 09:20:39.321487 n-d-850500-3 sudo[138575]: pam_unix(sudo:session): session opened for user root by (uid=0)
Aug 04 09:20:40.891841 n-d-850500-3 sudo[138575]: pam_unix(sudo:session): session closed for user root
Aug 04 09:20:40.894381 n-d-850500-3 cinder-volume[113138]: DEBUG oslo_concurrency.processutils [None req-11272ae5-81f3-4e86-9ad6-ad0f68634ef9 tempest-GroupSnapshotsTest-1835698024 None] CMD "sudo cinder-rootwrap /etc/cinder/rootwrap.conf lvremove --config activation { retry_deactivation = 1} -f stack-volumes-lvmdriver-1/_snapshot-a434c69e-a8d2-44f6-b3ff-d6d26c376e9c" returned: 0 in 1.639s {{(pid=113138) execute /usr/local/lib/python3.8/dist-packages/oslo_concurrency/processutils.py:422}}
Aug 04 09:20:40.910249 n-d-850500-3 cinder-volume[113138]: DEBUG oslo_concurrency.processutils [None req-11272ae5-81f3-4e86-9ad6-ad0f68634ef9 tempest-GroupSnapshotsTest-1835698024 None] Running cmd (subprocess): sudo cinder-rootwrap /etc/cinder/rootwrap.conf env LC_ALL=C lvs --noheadings --unit=g -o vg_name,name,size --nosuffix --readonly stack-volumes-lvmdriver-1/_snapshot-c4c04837-5a4b-4c18-a2de-7cee0f8be1bc {{(pid=113138) execute /usr/local/lib/python3.8/dist-packages/oslo_concurrency/processutils.py:384}}
Aug 04 09:20:40.989702 n-d-850500-3 sudo[138622]: ubuntu : TTY=unknown ; PWD=/ ; USER=root ; COMMAND=/usr/local/bin/cinder-rootwrap /etc/cinder/rootwrap.conf env LC_ALL=C lvs --noheadings --unit=g -o vg_name,name,size --nosuffix --readonly stack-volumes-lvmdriver-1/_snapshot-c4c04837-5a4b-4c18-a2de-7cee0f8be1bc
Aug 04 09:20:40.991422 n-d-850500-3 sudo[138622]: pam_unix(sudo:session): session opened for user root by (uid=0)
Aug 04 09:20:41.951432 n-d-850500-3 sudo[138622]: pam_unix(sudo:session): session closed for user root
Aug 04 09:20:41.954250 n-d-850500-3 cinder-volume[113138]: DEBUG oslo_concurrency.processutils [None req-11272ae5-81f3-4e86-9ad6-ad0f68634ef9 tempest-GroupSnapshotsTest-1835698024 None] CMD "sudo cinder-rootwrap /etc/cinder/rootwrap.conf env LC_ALL=C lvs --noheadings --unit=g -o vg_name,name,size --nosuffix --readonly stack-volumes-lvmdriver-1/_snapshot-c4c04837-5a4b-4c18-a2de-7cee0f8be1bc" returned: 0 in 1.043s {{(pid=113138) execute /usr/local/lib/python3.8/dist-packages/oslo_concurrency/processutils.py:422}}
Aug 04 09:20:41.956404 n-d-850500-3 cinder-volume[113138]: DEBUG oslo_concurrency.processutils [None req-11272ae5-81f3-4e86-9ad6-ad0f68634ef9 tempest-GroupSnapshotsTest-1835698024 None] Running cmd (subprocess): sudo cinder-rootwrap /etc/cinder/rootwrap.conf lvremove --config activation { retry_deactivation = 1} -f stack-volumes-lvmdriver-1/_snapshot-c4c04837-5a4b-4c18-a2de-7cee0f8be1bc {{(pid=113138) execute /usr/local/lib/python3.8/dist-packages/oslo_concurrency/processutils.py:384}}
Aug 04 09:20:42.028766 n-d-850500-3 sudo[138629]: ubuntu : TTY=unknown ; PWD=/ ; USER=root ; COMMAND=/usr/local/bin/cinder-rootwrap /etc/cinder/rootwrap.conf lvremove --config activation { retry_deactivation = 1} -f stack-volumes-lvmdriver-1/_snapshot-c4c04837-5a4b-4c18-a2de-7cee0f8be1bc
Aug 04 09:20:42.030009 n-d-850500-3 sudo[138629]: pam_unix(sudo:session): session opened for user root by (uid=0)
Aug 04 09:20:43.433166 n-d-850500-3 sudo[138629]: pam_unix(sudo:session): session closed for user root
Aug 04 09:20:43.438435 n-d-850500-3 cinder-volume[113138]: DEBUG oslo_concurrency.processutils [None req-11272ae5-81f3-4e86-9ad6-ad0f68634ef9 tempest-GroupSnapshotsTest-1835698024 None] CMD "sudo cinder-rootwrap /etc/cinder/rootwrap.conf lvremove --config activation { retry_deactivation = 1} -f stack-volumes-lvmdriver-1/_snapshot-c4c04837-5a4b-4c18-a2de-7cee0f8be1bc" returned: 0 in 1.481s {{(pid=113138) execute /usr/local/lib/python3.8/dist-packages/oslo_concurrency/processutils.py:422}}
Aug 04 09:20:43.651280 n-d-850500-3 cinder-volume[113138]: WARNING cinder.quota [None req-11272ae5-81f3-4e86-9ad6-ad0f68634ef9 tempest-GroupSnapshotsTest-1835698024 None] Deprecated: Default quota for resource: gigabytes_tempest-GroupSnapshotsTest-volume-type-312919307 is set by the default quota flag: quota_gigabytes_tempest-GroupSnapshotsTest-volume-type-312919307, it is now deprecated. Please use the default quota class for default quota.
Aug 04 09:20:43.651280 n-d-850500-3 cinder-volume[113138]: WARNING cinder.quota [None req-11272ae5-81f3-4e86-9ad6-ad0f68634ef9 tempest-GroupSnapshotsTest-1835698024 None] Deprecated: Default quota for resource: snapshots_tempest-GroupSnapshotsTest-volume-type-312919307 is set by the default quota flag: quota_snapshots_tempest-GroupSnapshotsTest-volume-type-312919307, it is now deprecated. Please use the default quota class for default quota.
Aug 04 09:20:43.723994 n-d-850500-3 cinder-volume[113138]: DEBUG cinder.quota [None req-11272ae5-81f3-4e86-9ad6-ad0f68634ef9 tempest-GroupSnapshotsTest-1835698024 None] Created reservations ['a841ece1-a6b9-4a8f-9eec-162130e9debf', 'a06c4738-d920-46e5-8149-489395131444', '999d4234-71c3-408e-8825-19481962a5a4', 'dffb4e54-578a-4205-a0c9-fd00a20a8593'] {{(pid=113138) reserve /opt/stack/cinder/cinder/quota.py:755}}
Aug 04 09:20:43.966136 n-d-850500-3 cinder-volume[113138]: DEBUG cinder.quota [None req-11272ae5-81f3-4e86-9ad6-ad0f68634ef9 tempest-GroupSnapshotsTest-1835698024 None] Created reservations ['89a7f38c-87d5-41cd-af84-d1875d3317f0', 'e38e1cc4-f77e-4133-a854-c6ddd4f74128', '5437bf0e-8470-449d-921d-29b6cf49873b', 'f8903977-981c-4712-b3aa-decbbf7c6e0b'] {{(pid=113138) reserve /opt/stack/cinder/cinder/quota.py:755}}
Aug 04 09:20:44.129578 n-d-850500-3 cinder-volume[113138]: INFO cinder.volume.manager [None req-11272ae5-81f3-4e86-9ad6-ad0f68634ef9 tempest-GroupSnapshotsTest-1835698024 None] group_snapshot ada8c3a1-6df6-4a1a-a6c1-14387895788d: deleted successfully
Aug 04 09:20:45.291134 n-d-850500-3 cinder-volume[113138]: INFO cinder.volume.targets.iscsi [None req-17cc8662-e25e-4155-bec1-1c3062c8b659 tempest-GroupSnapshotsTest-1835698024 None] Skipping remove_export. No iscsi_target is presently exported for volume: d27fb717-103c-45de-af0b-5c703eba3e17
Aug 04 09:20:45.301068 n-d-850500-3 cinder-volume[113138]: DEBUG oslo_concurrency.processutils [None req-17cc8662-e25e-4155-bec1-1c3062c8b659 tempest-GroupSnapshotsTest-1835698024 None] Running cmd (subprocess): sudo cinder-rootwrap /etc/cinder/rootwrap.conf env LC_ALL=C lvs --noheadings --unit=g -o vg_name,name,size --nosuffix --readonly stack-volumes-lvmdriver-1/volume-d27fb717-103c-45de-af0b-5c703eba3e17 {{(pid=113138) execute /usr/local/lib/python3.8/dist-packages/oslo_concurrency/processutils.py:384}}
