Aug 27 01:09:15.559860 n-d-850499-7 devstack@placement-api.service[119944]: [pid: 119944|app: 0|req: 744/1467] 10.222.0.91 () {60 vars in 1377 bytes} [Sat Aug 27 01:09:15 2022] GET /placement/allocations/6cbe1174-e162-4d07-a04e-1dc1a8c157a5 => generated 259 bytes in 55 msecs (HTTP/1.1 200) 8 headers in 296 bytes (1 switches on core 0)
Aug 27 01:09:15.570159 n-d-850499-7 devstack@placement-api.service[119943]: DEBUG placement.requestlog [req-3454f48c-4ecb-42c3-9e61-b968eb709c9f req-7e954023-47c0-4375-9374-4bc6927fc5bc None None] Starting request: 10.222.0.91 "GET /placement/allocations/91cc30ff-8e5c-49c3-9d01-b7cf4c605938" {{(pid=119943) __call__ /opt/stack/placement/placement/requestlog.py:55}}
Aug 27 01:09:15.607150 n-d-850499-7 devstack@placement-api.service[119943]: INFO placement.requestlog [req-3454f48c-4ecb-42c3-9e61-b968eb709c9f req-7e954023-47c0-4375-9374-4bc6927fc5bc service placement] 10.222.0.91 "GET /placement/allocations/91cc30ff-8e5c-49c3-9d01-b7cf4c605938" status: 200 len: 245 microversion: 1.28
Aug 27 01:09:15.608019 n-d-850499-7 devstack@placement-api.service[119943]: [pid: 119943|app: 0|req: 724/1468] 10.222.0.91 () {60 vars in 1377 bytes} [Sat Aug 27 01:09:15 2022] GET /placement/allocations/91cc30ff-8e5c-49c3-9d01-b7cf4c605938 => generated 245 bytes in 38 msecs (HTTP/1.1 200) 8 headers in 296 bytes (1 switches on core 0)
Aug 27 01:09:15.616896 n-d-850499-7 devstack@placement-api.service[119944]: DEBUG placement.requestlog [req-3454f48c-4ecb-42c3-9e61-b968eb709c9f req-ffb9caa7-2f6b-4b2f-9149-f2e726d1769b None None] Starting request: 10.222.0.91 "GET /placement/allocations/41c8d533-6526-4a23-9332-c6b2915e520b" {{(pid=119944) __call__ /opt/stack/placement/placement/requestlog.py:55}}
Aug 27 01:09:15.643493 n-d-850499-7 devstack@placement-api.service[119944]: INFO placement.requestlog [req-3454f48c-4ecb-42c3-9e61-b968eb709c9f req-ffb9caa7-2f6b-4b2f-9149-f2e726d1769b service placement] 10.222.0.91 "GET /placement/allocations/41c8d533-6526-4a23-9332-c6b2915e520b" status: 200 len: 259 microversion: 1.28
Aug 27 01:09:15.643905 n-d-850499-7 devstack@placement-api.service[119944]: [pid: 119944|app: 0|req: 745/1469] 10.222.0.91 () {60 vars in 1377 bytes} [Sat Aug 27 01:09:15 2022] GET /placement/allocations/41c8d533-6526-4a23-9332-c6b2915e520b => generated 259 bytes in 27 msecs (HTTP/1.1 200) 8 headers in 296 bytes (1 switches on core 0)
Aug 27 01:09:15.948940 n-d-850499-7 devstack@placement-api.service[119943]: DEBUG placement.requestlog [req-3454f48c-4ecb-42c3-9e61-b968eb709c9f req-eb3acd8b-8eab-4339-b1ec-cd997d428a70 None None] Starting request: 10.222.0.91 "DELETE /placement/allocations/41c8d533-6526-4a23-9332-c6b2915e520b" {{(pid=119943) __call__ /opt/stack/placement/placement/requestlog.py:55}}
Aug 27 01:09:16.485202 n-d-850499-7 devstack@placement-api.service[119943]: DEBUG placement.handlers.allocation [req-3454f48c-4ecb-42c3-9e61-b968eb709c9f req-eb3acd8b-8eab-4339-b1ec-cd997d428a70 service placement] Successfully deleted allocations [, , ] {{(pid=119943) delete_allocations /opt/stack/placement/placement/handlers/allocation.py:627}}
Aug 27 01:09:16.493175 n-d-850499-7 devstack@placement-api.service[119943]: INFO placement.requestlog [req-3454f48c-4ecb-42c3-9e61-b968eb709c9f req-eb3acd8b-8eab-4339-b1ec-cd997d428a70 service placement] 10.222.0.91 "DELETE /placement/allocations/41c8d533-6526-4a23-9332-c6b2915e520b" status: 204 len: 0 microversion: 1.0
Aug 27 01:09:16.493785 n-d-850499-7 devstack@placement-api.service[119943]: [pid: 119943|app: 0|req: 725/1470] 10.222.0.91 () {60 vars in 1355 bytes} [Sat Aug 27 01:09:15 2022] DELETE /placement/allocations/41c8d533-6526-4a23-9332-c6b2915e520b => generated 0 bytes in 545 msecs (HTTP/1.1 204) 5 headers in 198 bytes (1 switches on core 0)
Aug 27 01:09:20.001887 n-d-850499-7 devstack@placement-api.service[119944]: DEBUG placement.requestlog [req-53d190df-b64c-46b5-a795-6e42380997e1 req-713e9589-c12e-4f50-84b0-02a325bbbe9c None None] Starting request: 10.222.0.62 "GET /placement/allocation_candidates?limit=1000&resources=DISK_GB%3A1%2CMEMORY_MB%3A1024%2CVCPU%3A1&root_required=%21COMPUTE_STATUS_DISABLED" {{(pid=119944) __call__ /opt/stack/placement/placement/requestlog.py:55}}
Aug 27 01:09:20.125750 n-d-850499-7 devstack@placement-api.service[119944]: DEBUG placement.objects.research_context [req-53d190df-b64c-46b5-a795-6e42380997e1 req-713e9589-c12e-4f50-84b0-02a325bbbe9c service placement] getting providers with 1 DISK_GB {{(pid=119944) __init__ /opt/stack/placement/placement/objects/research_context.py:136}}
Aug 27 01:09:20.145942 n-d-850499-7 devstack@placement-api.service[119944]: DEBUG placement.objects.research_context [req-53d190df-b64c-46b5-a795-6e42380997e1 req-713e9589-c12e-4f50-84b0-02a325bbbe9c service placement] getting providers with 1024 MEMORY_MB {{(pid=119944) __init__ /opt/stack/placement/placement/objects/research_context.py:136}}
Aug 27 01:09:20.153703 n-d-850499-7 devstack@placement-api.service[119944]: DEBUG placement.objects.research_context [req-53d190df-b64c-46b5-a795-6e42380997e1 req-713e9589-c12e-4f50-84b0-02a325bbbe9c service placement] getting providers with 1 VCPU {{(pid=119944) __init__ /opt/stack/placement/placement/objects/research_context.py:136}}
Aug 27 01:09:20.176792 n-d-850499-7 devstack@placement-api.service[119944]: DEBUG placement.objects.research_context [req-53d190df-b64c-46b5-a795-6e42380997e1 req-713e9589-c12e-4f50-84b0-02a325bbbe9c service placement] found 2 providers with available 1 DISK_GB {{(pid=119944) get_provider_ids_matching /opt/stack/placement/placement/objects/research_context.py:563}}
Aug 27 01:09:20.181903 n-d-850499-7 devstack@placement-api.service[119944]: DEBUG placement.objects.research_context [req-53d190df-b64c-46b5-a795-6e42380997e1 req-713e9589-c12e-4f50-84b0-02a325bbbe9c service placement] found 2 providers with available 1024 MEMORY_MB {{(pid=119944) get_provider_ids_matching /opt/stack/placement/placement/objects/research_context.py:563}}
Aug 27 01:09:20.182420 n-d-850499-7 devstack@placement-api.service[119944]: DEBUG placement.objects.research_context [req-53d190df-b64c-46b5-a795-6e42380997e1 req-713e9589-c12e-4f50-84b0-02a325bbbe9c service placement] found 2 providers after filtering by previous result {{(pid=119944) get_provider_ids_matching /opt/stack/placement/placement/objects/research_context.py:594}}
Aug 27 01:09:20.183978 n-d-850499-7 devstack@placement-api.service[119944]: DEBUG placement.objects.research_context [req-53d190df-b64c-46b5-a795-6e42380997e1 req-713e9589-c12e-4f50-84b0-02a325bbbe9c service placement] found 2 providers with available 1 VCPU {{(pid=119944) get_provider_ids_matching /opt/stack/placement/placement/objects/research_context.py:563}}
Aug 27 01:09:20.191881 n-d-850499-7 devstack@placement-api.service[119944]: DEBUG placement.objects.research_context [req-53d190df-b64c-46b5-a795-6e42380997e1 req-713e9589-c12e-4f50-84b0-02a325bbbe9c service placement] found 2 providers after filtering by previous result {{(pid=119944) get_provider_ids_matching /opt/stack/placement/placement/objects/research_context.py:594}}
Aug 27 01:09:20.218800 n-d-850499-7 devstack@placement-api.service[119944]: DEBUG placement.objects.allocation_candidate [req-53d190df-b64c-46b5-a795-6e42380997e1 req-713e9589-c12e-4f50-84b0-02a325bbbe9c service placement] RequestGroup(use_same_provider=False, resources={DISK_GB:1, MEMORY_MB:1024, VCPU:1}, traits=(), aggregates=[]) (suffix '') returned 2 matches {{(pid=119944) _get_by_requests /opt/stack/placement/placement/objects/allocation_candidate.py:156}}
Aug 27 01:09:20.219188 n-d-850499-7 devstack@placement-api.service[119944]: DEBUG placement.objects.allocation_candidate [req-53d190df-b64c-46b5-a795-6e42380997e1 req-713e9589-c12e-4f50-84b0-02a325bbbe9c service placement] Merging candidates yields 2 allocation requests and 2 provider summaries {{(pid=119944) _merge_candidates /opt/stack/placement/placement/objects/allocation_candidate.py:809}}
Aug 27 01:09:20.223587 n-d-850499-7 devstack@placement-api.service[119944]: INFO placement.requestlog [req-53d190df-b64c-46b5-a795-6e42380997e1 req-713e9589-c12e-4f50-84b0-02a325bbbe9c service placement] 10.222.0.62 "GET /placement/allocation_candidates?limit=1000&resources=DISK_GB%3A1%2CMEMORY_MB%3A1024%2CVCPU%3A1&root_required=%21COMPUTE_STATUS_DISABLED" status: 200 len: 1309 microversion: 1.36
Aug 27 01:09:20.229430 n-d-850499-7 devstack@placement-api.service[119944]: [pid: 119944|app: 0|req: 746/1471] 10.222.0.62 () {60 vars in 1506 bytes} [Sat Aug 27 01:09:20 2022] GET /placement/allocation_candidates?limit=1000&resources=DISK_GB%3A1%2CMEMORY_MB%3A1024%2CVCPU%3A1&root_required=%21COMPUTE_STATUS_DISABLED => generated 1309 bytes in 228 msecs (HTTP/1.1 200) 8 headers in 297 bytes (1 switches on core 0)
Aug 27 01:09:20.363978 n-d-850499-7 devstack@placement-api.service[119943]: DEBUG placement.requestlog [req-53d190df-b64c-46b5-a795-6e42380997e1 req-9cbaecff-dfe2-4a9a-bbaf-8ac1486fbcc2 None None] Starting request: 10.222.0.62 "GET /placement/allocations/30649ee1-ae9d-4499-b4a9-15f936503ae2" {{(pid=119943) __call__ /opt/stack/placement/placement/requestlog.py:55}}
Aug 27 01:09:20.387045 n-d-850499-7 devstack@placement-api.service[119943]: INFO placement.requestlog [req-53d190df-b64c-46b5-a795-6e42380997e1 req-9cbaecff-dfe2-4a9a-bbaf-8ac1486fbcc2 service placement] 10.222.0.62 "GET /placement/allocations/30649ee1-ae9d-4499-b4a9-15f936503ae2" status: 200 len: 19 microversion: 1.28
Aug 27 01:09:20.391842 n-d-850499-7 devstack@placement-api.service[119943]: [pid: 119943|app: 0|req: 726/1472] 10.222.0.62 () {60 vars in 1380 bytes} [Sat Aug 27 01:09:20 2022] GET /placement/allocations/30649ee1-ae9d-4499-b4a9-15f936503ae2 => generated 19 bytes in 27 msecs (HTTP/1.1 200) 8 headers in 295 bytes (1 switches on core 0)
Aug 27 01:09:20.401345 n-d-850499-7 devstack@placement-api.service[119944]: DEBUG placement.requestlog [req-53d190df-b64c-46b5-a795-6e42380997e1 req-e5442c27-27fe-4498-bf67-77b43e75b61e None None] Starting request: 10.222.0.62 "PUT /placement/allocations/30649ee1-ae9d-4499-b4a9-15f936503ae2" {{(pid=119944) __call__ /opt/stack/placement/placement/requestlog.py:55}}
Aug 27 01:09:20.955097 n-d-850499-7 devstack@placement-api.service[119944]: DEBUG placement.handlers.allocation [req-53d190df-b64c-46b5-a795-6e42380997e1 req-e5442c27-27fe-4498-bf67-77b43e75b61e service placement] Successfully wrote allocations [, , ] {{(pid=119944) _update_consumers_and_create_allocations /opt/stack/placement/placement/handlers/allocation.py:462}}
Aug 27 01:09:21.025651 n-d-850499-7 devstack@placement-api.service[119944]: INFO placement.requestlog [req-53d190df-b64c-46b5-a795-6e42380997e1 req-e5442c27-27fe-4498-bf67-77b43e75b61e service placement] 10.222.0.62 "PUT /placement/allocations/30649ee1-ae9d-4499-b4a9-15f936503ae2" status: 204 len: 0 microversion: 1.36
Aug 27 01:09:21.026322 n-d-850499-7 devstack@placement-api.service[119944]: [pid: 119944|app: 0|req: 747/1473] 10.222.0.62 () {64 vars in 1433 bytes} [Sat Aug 27 01:09:20 2022] PUT /placement/allocations/30649ee1-ae9d-4499-b4a9-15f936503ae2 => generated 0 bytes in 625 msecs (HTTP/1.1 204) 5 headers in 199 bytes (1 switches on core 0)
Aug 27 01:09:22.420036 n-d-850499-7 devstack@placement-api.service[119943]: DEBUG placement.requestlog [req-53d190df-b64c-46b5-a795-6e42380997e1 req-92d43be4-7ef4-4aec-bc08-143af31858b1 None None] Starting request: 10.222.0.91 "GET /placement/allocations/30649ee1-ae9d-4499-b4a9-15f936503ae2" {{(pid=119943) __call__ /opt/stack/placement/placement/requestlog.py:55}}
Aug 27 01:09:22.468084 n-d-850499-7 devstack@placement-api.service[119943]: INFO placement.requestlog [req-53d190df-b64c-46b5-a795-6e42380997e1 req-92d43be4-7ef4-4aec-bc08-143af31858b1 service placement] 10.222.0.91 "GET /placement/allocations/30649ee1-ae9d-4499-b4a9-15f936503ae2" status: 200 len: 259 microversion: 1.28
Aug 27 01:09:22.469914 n-d-850499-7 devstack@placement-api.service[119943]: [pid: 119943|app: 0|req: 727/1474] 10.222.0.91 () {60 vars in 1377 bytes} [Sat Aug 27 01:09:22 2022] GET /placement/allocations/30649ee1-ae9d-4499-b4a9-15f936503ae2 => generated 259 bytes in 55 msecs (HTTP/1.1 200) 8 headers in 296 bytes (1 switches on core 0)
Aug 27 01:09:23.062065 n-d-850499-7 devstack@placement-api.service[119944]: DEBUG placement.requestlog [req-53d190df-b64c-46b5-a795-6e42380997e1 req-63ac6a4e-85dc-4037-aa27-86e373f47ec0 None None] Starting request: 10.222.0.91 "GET /placement/resource_providers/ff4c4122-0093-4240-9eb7-a8ec9902b8ed/allocations" {{(pid=119944) __call__ /opt/stack/placement/placement/requestlog.py:55}}
Aug 27 01:09:23.174169 n-d-850499-7 devstack@placement-api.service[119944]: INFO placement.requestlog [req-53d190df-b64c-46b5-a795-6e42380997e1 req-63ac6a4e-85dc-4037-aa27-86e373f47ec0 service placement] 10.222.0.91 "GET /placement/resource_providers/ff4c4122-0093-4240-9eb7-a8ec9902b8ed/allocations" status: 200 len: 645 microversion: 1.0
Aug 27 01:09:23.174909 n-d-850499-7 devstack@placement-api.service[119944]: [pid: 119944|app: 0|req: 748/1475] 10.222.0.91 () {58 vars in 1390 bytes} [Sat Aug 27 01:09:23 2022] GET /placement/resource_providers/ff4c4122-0093-4240-9eb7-a8ec9902b8ed/allocations => generated 645 bytes in 113 msecs (HTTP/1.1 200) 6 headers in 224 bytes (2 switches on core 0)
Aug 27 01:09:23.183634 n-d-850499-7 devstack@placement-api.service[119943]: DEBUG placement.requestlog [req-53d190df-b64c-46b5-a795-6e42380997e1 req-6fc214d4-b52c-41b9-b28d-abc1491cb71e None None] Starting request: 10.222.0.91 "GET /placement/allocations/15409f7b-fd50-4769-8e78-1b398349b1ad" {{(pid=119943) __call__ /opt/stack/placement/placement/requestlog.py:55}}
Aug 27 01:09:23.257267 n-d-850499-7 devstack@placement-api.service[119943]: INFO placement.requestlog [req-53d190df-b64c-46b5-a795-6e42380997e1 req-6fc214d4-b52c-41b9-b28d-abc1491cb71e service placement] 10.222.0.91 "GET /placement/allocations/15409f7b-fd50-4769-8e78-1b398349b1ad" status: 200 len: 259 microversion: 1.28
Aug 27 01:09:23.267714 n-d-850499-7 devstack@placement-api.service[119943]: [pid: 119943|app: 0|req: 728/1476] 10.222.0.91 () {60 vars in 1377 bytes} [Sat Aug 27 01:09:23 2022] GET /placement/allocations/15409f7b-fd50-4769-8e78-1b398349b1ad => generated 259 bytes in 84 msecs (HTTP/1.1 200) 8 headers in 296 bytes (1 switches on core 0)
Aug 27 01:09:23.268147 n-d-850499-7 devstack@placement-api.service[119944]: DEBUG placement.requestlog [req-53d190df-b64c-46b5-a795-6e42380997e1 req-b5b121eb-dc53-4ef2-960e-f9426afa6bfa None None] Starting request: 10.222.0.91 "GET /placement/allocations/3e063b7a-677a-4141-a83e-d836f21494dd" {{(pid=119944) __call__ /opt/stack/placement/placement/requestlog.py:55}}
Aug 27 01:09:23.308898 n-d-850499-7 devstack@placement-api.service[119944]: INFO placement.requestlog [req-53d190df-b64c-46b5-a795-6e42380997e1 req-b5b121eb-dc53-4ef2-960e-f9426afa6bfa service placement] 10.222.0.91 "GET /placement/allocations/3e063b7a-677a-4141-a83e-d836f21494dd" status: 200 len: 259 microversion: 1.28
Aug 27 01:09:23.316939 n-d-850499-7 devstack@placement-api.service[119943]: DEBUG placement.requestlog [req-53d190df-b64c-46b5-a795-6e42380997e1 req-0b85342f-27d2-45f2-be32-9946fb7d1fe5 None None] Starting request: 10.222.0.91 "GET /placement/allocations/50168a66-98e3-44e1-966c-9429ecd34d1c" {{(pid=119943) __call__ /opt/stack/placement/placement/requestlog.py:55}}
Aug 27 01:09:23.321684 n-d-850499-7 devstack@placement-api.service[119944]: [pid: 119944|app: 0|req: 749/1477] 10.222.0.91 () {60 vars in 1377 bytes} [Sat Aug 27 01:09:23 2022] GET /placement/allocations/3e063b7a-677a-4141-a83e-d836f21494dd => generated 259 bytes in 54 msecs (HTTP/1.1 200) 8 headers in 296 bytes (2 switches on core 0)
Aug 27 01:09:23.392004 n-d-850499-7 devstack@placement-api.service[119943]: INFO placement.requestlog [req-53d190df-b64c-46b5-a795-6e42380997e1 req-0b85342f-27d2-45f2-be32-9946fb7d1fe5 service placement] 10.222.0.91 "GET /placement/allocations/50168a66-98e3-44e1-966c-9429ecd34d1c" status: 200 len: 259 microversion: 1.28
Aug 27 01:09:23.392395 n-d-850499-7 devstack@placement-api.service[119943]: [pid: 119943|app: 0|req: 729/1478] 10.222.0.91 () {60 vars in 1377 bytes} [Sat Aug 27 01:09:23 2022] GET /placement/allocations/50168a66-98e3-44e1-966c-9429ecd34d1c => generated 259 bytes in 76 msecs (HTTP/1.1 200) 8 headers in 296 bytes (1 switches on core 0)
Aug 27 01:09:23.401156 n-d-850499-7 devstack@placement-api.service[119944]: DEBUG placement.requestlog [req-53d190df-b64c-46b5-a795-6e42380997e1 req-2ee83670-df7c-44de-a6ca-6ba8a6448b3f None None] Starting request: 10.222.0.91 "GET /placement/allocations/30649ee1-ae9d-4499-b4a9-15f936503ae2" {{(pid=119944) __call__ /opt/stack/placement/placement/requestlog.py:55}}
Aug 27 01:09:23.434810 n-d-850499-7 devstack@placement-api.service[119944]: INFO placement.requestlog [req-53d190df-b64c-46b5-a795-6e42380997e1 req-2ee83670-df7c-44de-a6ca-6ba8a6448b3f service placement] 10.222.0.91 "GET /placement/allocations/30649ee1-ae9d-4499-b4a9-15f936503ae2" status: 200 len: 259 microversion: 1.28
Aug 27 01:09:23.436922 n-d-850499-7 devstack@placement-api.service[119944]: [pid: 119944|app: 0|req: 750/1479] 10.222.0.91 () {60 vars in 1377 bytes} [Sat Aug 27 01:09:23 2022] GET /placement/allocations/30649ee1-ae9d-4499-b4a9-15f936503ae2 => generated 259 bytes in 36 msecs (HTTP/1.1 200) 8 headers in 296 bytes (1 switches on core 0)
Aug 27 01:09:23.444964 n-d-850499-7 devstack@placement-api.service[119943]: DEBUG placement.requestlog [req-53d190df-b64c-46b5-a795-6e42380997e1 req-65d1602f-6eba-4d34-8988-2b9120255505 None None] Starting request: 10.222.0.91 "GET /placement/allocations/6cbe1174-e162-4d07-a04e-1dc1a8c157a5" {{(pid=119943) __call__ /opt/stack/placement/placement/requestlog.py:55}}
Aug 27 01:09:23.497430 n-d-850499-7 devstack@placement-api.service[119943]: INFO placement.requestlog [req-53d190df-b64c-46b5-a795-6e42380997e1 req-65d1602f-6eba-4d34-8988-2b9120255505 service placement] 10.222.0.91 "GET /placement/allocations/6cbe1174-e162-4d07-a04e-1dc1a8c157a5" status: 200 len: 259 microversion: 1.28
Aug 27 01:09:23.498907 n-d-850499-7 devstack@placement-api.service[119943]: [pid: 119943|app: 0|req: 730/1480] 10.222.0.91 () {60 vars in 1377 bytes} [Sat Aug 27 01:09:23 2022] GET /placement/allocations/6cbe1174-e162-4d07-a04e-1dc1a8c157a5 => generated 259 bytes in 54 msecs (HTTP/1.1 200) 8 headers in 296 bytes (1 switches on core 0)
Aug 27 01:09:23.519332 n-d-850499-7 devstack@placement-api.service[119944]: DEBUG placement.requestlog [req-53d190df-b64c-46b5-a795-6e42380997e1 req-bcd69371-ecbd-4ea3-8078-acef1ae270e3 None None] Starting request: 10.222.0.91 "GET /placement/allocations/91cc30ff-8e5c-49c3-9d01-b7cf4c605938" {{(pid=119944) __call__ /opt/stack/placement/placement/requestlog.py:55}}
Aug 27 01:09:23.569346 n-d-850499-7 devstack@placement-api.service[119944]: INFO placement.requestlog [req-53d190df-b64c-46b5-a795-6e42380997e1 req-bcd69371-ecbd-4ea3-8078-acef1ae270e3 service placement] 10.222.0.91 "GET /placement/allocations/91cc30ff-8e5c-49c3-9d01-b7cf4c605938" status: 200 len: 245 microversion: 1.28
Aug 27 01:09:23.573120 n-d-850499-7 devstack@placement-api.service[119944]: [pid: 119944|app: 0|req: 751/1481] 10.222.0.91 () {60 vars in 1377 bytes} [Sat Aug 27 01:09:23 2022] GET /placement/allocations/91cc30ff-8e5c-49c3-9d01-b7cf4c605938 => generated 245 bytes in 56 msecs (HTTP/1.1 200) 8 headers in 296 bytes (1 switches on core 0)
Aug 27 01:09:24.404160 n-d-850499-7 devstack@placement-api.service[119943]: DEBUG placement.requestlog [req-84cafe90-5068-413f-9cee-7167a872532c req-966f4ec9-5bc2-4f02-a894-96440a9225d3 None None] Starting request: 10.222.0.62 "GET /placement/allocation_candidates?limit=1000&resources=DISK_GB%3A1%2CMEMORY_MB%3A1024%2CVCPU%3A1&root_required=%21COMPUTE_STATUS_DISABLED" {{(pid=119943) __call__ /opt/stack/placement/placement/requestlog.py:55}}
Aug 27 01:09:24.545636 n-d-850499-7 devstack@placement-api.service[119943]: DEBUG placement.objects.research_context [req-84cafe90-5068-413f-9cee-7167a872532c req-966f4ec9-5bc2-4f02-a894-96440a9225d3 service placement] getting providers with 1 DISK_GB {{(pid=119943) __init__ /opt/stack/placement/placement/objects/research_context.py:136}}
Aug 27 01:09:24.555909 n-d-850499-7 devstack@placement-api.service[119943]: DEBUG placement.objects.research_context [req-84cafe90-5068-413f-9cee-7167a872532c req-966f4ec9-5bc2-4f02-a894-96440a9225d3 service placement] getting providers with 1024 MEMORY_MB {{(pid=119943) __init__ /opt/stack/placement/placement/objects/research_context.py:136}}
Aug 27 01:09:24.562074 n-d-850499-7 devstack@placement-api.service[119943]: DEBUG placement.objects.research_context [req-84cafe90-5068-413f-9cee-7167a872532c req-966f4ec9-5bc2-4f02-a894-96440a9225d3 service placement] getting providers with 1 VCPU {{(pid=119943) __init__ /opt/stack/placement/placement/objects/research_context.py:136}}
Aug 27 01:09:24.569041 n-d-850499-7 devstack@placement-api.service[119943]: DEBUG placement.objects.research_context [req-84cafe90-5068-413f-9cee-7167a872532c req-966f4ec9-5bc2-4f02-a894-96440a9225d3 service placement] found 2 providers with available 1 DISK_GB {{(pid=119943) get_provider_ids_matching /opt/stack/placement/placement/objects/research_context.py:563}}
Aug 27 01:09:24.569534 n-d-850499-7 devstack@placement-api.service[119943]: DEBUG placement.objects.research_context [req-84cafe90-5068-413f-9cee-7167a872532c req-966f4ec9-5bc2-4f02-a894-96440a9225d3 service placement] found 2 providers with available 1024 MEMORY_MB {{(pid=119943) get_provider_ids_matching /opt/stack/placement/placement/objects/research_context.py:563}}
Aug 27 01:09:24.569951 n-d-850499-7 devstack@placement-api.service[119943]: DEBUG placement.objects.research_context [req-84cafe90-5068-413f-9cee-7167a872532c req-966f4ec9-5bc2-4f02-a894-96440a9225d3 service placement] found 2 providers after filtering by previous result {{(pid=119943) get_provider_ids_matching /opt/stack/placement/placement/objects/research_context.py:594}}
Aug 27 01:09:24.570365 n-d-850499-7 devstack@placement-api.service[119943]: DEBUG placement.objects.research_context [req-84cafe90-5068-413f-9cee-7167a872532c req-966f4ec9-5bc2-4f02-a894-96440a9225d3 service placement] found 2 providers with available 1 VCPU {{(pid=119943) get_provider_ids_matching /opt/stack/placement/placement/objects/research_context.py:563}}
Aug 27 01:09:24.570781 n-d-850499-7 devstack@placement-api.service[119943]: DEBUG placement.objects.research_context [req-84cafe90-5068-413f-9cee-7167a872532c req-966f4ec9-5bc2-4f02-a894-96440a9225d3 service placement] found 2 providers after filtering by previous result {{(pid=119943) get_provider_ids_matching /opt/stack/placement/placement/objects/research_context.py:594}}
Aug 27 01:09:24.593617 n-d-850499-7 devstack@placement-api.service[119943]: DEBUG placement.objects.allocation_candidate [req-84cafe90-5068-413f-9cee-7167a872532c req-966f4ec9-5bc2-4f02-a894-96440a9225d3 service placement] RequestGroup(use_same_provider=False, resources={DISK_GB:1, MEMORY_MB:1024, VCPU:1}, traits=(), aggregates=[]) (suffix '') returned 2 matches {{(pid=119943) _get_by_requests /opt/stack/placement/placement/objects/allocation_candidate.py:156}}
Aug 27 01:09:24.594262 n-d-850499-7 devstack@placement-api.service[119943]: DEBUG placement.objects.allocation_candidate [req-84cafe90-5068-413f-9cee-7167a872532c req-966f4ec9-5bc2-4f02-a894-96440a9225d3 service placement] Merging candidates yields 2 allocation requests and 2 provider summaries {{(pid=119943) _merge_candidates /opt/stack/placement/placement/objects/allocation_candidate.py:809}}
Aug 27 01:09:24.596212 n-d-850499-7 devstack@placement-api.service[119943]: INFO placement.requestlog [req-84cafe90-5068-413f-9cee-7167a872532c req-966f4ec9-5bc2-4f02-a894-96440a9225d3 service placement] 10.222.0.62 "GET /placement/allocation_candidates?limit=1000&resources=DISK_GB%3A1%2CMEMORY_MB%3A1024%2CVCPU%3A1&root_required=%21COMPUTE_STATUS_DISABLED" status: 200 len: 1309 microversion: 1.36
Aug 27 01:09:24.597149 n-d-850499-7 devstack@placement-api.service[119943]: [pid: 119943|app: 0|req: 731/1482] 10.222.0.62 () {60 vars in 1506 bytes} [Sat Aug 27 01:09:24 2022] GET /placement/allocation_candidates?limit=1000&resources=DISK_GB%3A1%2CMEMORY_MB%3A1024%2CVCPU%3A1&root_required=%21COMPUTE_STATUS_DISABLED => generated 1309 bytes in 193 msecs (HTTP/1.1 200) 8 headers in 297 bytes (1 switches on core 0)
Aug 27 01:09:24.830059 n-d-850499-7 devstack@placement-api.service[119944]: DEBUG placement.requestlog [req-84cafe90-5068-413f-9cee-7167a872532c req-d677542f-9dc5-4fdd-b7e8-bf9b5e80badd None None] Starting request: 10.222.0.62 "GET /placement/allocations/c48c8075-9e46-4326-b97d-a078bcc779fd" {{(pid=119944) __call__ /opt/stack/placement/placement/requestlog.py:55}}
Aug 27 01:09:24.849230 n-d-850499-7 devstack@placement-api.service[119944]: INFO placement.requestlog [req-84cafe90-5068-413f-9cee-7167a872532c req-d677542f-9dc5-4fdd-b7e8-bf9b5e80badd service placement] 10.222.0.62 "GET /placement/allocations/c48c8075-9e46-4326-b97d-a078bcc779fd" status: 200 len: 19 microversion: 1.28
Aug 27 01:09:24.856059 n-d-850499-7 devstack@placement-api.service[119943]: DEBUG placement.requestlog [req-84cafe90-5068-413f-9cee-7167a872532c req-af755b6b-0872-463a-88a3-749e8d26dcf9 None None] Starting request: 10.222.0.62 "PUT /placement/allocations/c48c8075-9e46-4326-b97d-a078bcc779fd" {{(pid=119943) __call__ /opt/stack/placement/placement/requestlog.py:55}}
Aug 27 01:09:24.861377 n-d-850499-7 devstack@placement-api.service[119944]: [pid: 119944|app: 0|req: 752/1483] 10.222.0.62 () {60 vars in 1380 bytes} [Sat Aug 27 01:09:24 2022] GET /placement/allocations/c48c8075-9e46-4326-b97d-a078bcc779fd => generated 19 bytes in 32 msecs (HTTP/1.1 200) 8 headers in 295 bytes (1 switches on core 0)
Aug 27 01:09:25.362967 n-d-850499-7 devstack@placement-api.service[119943]: DEBUG placement.handlers.allocation [req-84cafe90-5068-413f-9cee-7167a872532c req-af755b6b-0872-463a-88a3-749e8d26dcf9 service placement] Successfully wrote allocations [, , ] {{(pid=119943) _update_consumers_and_create_allocations /opt/stack/placement/placement/handlers/allocation.py:462}}
Aug 27 01:09:25.465817 n-d-850499-7 devstack@placement-api.service[119943]: INFO placement.requestlog [req-84cafe90-5068-413f-9cee-7167a872532c req-af755b6b-0872-463a-88a3-749e8d26dcf9 service placement] 10.222.0.62 "PUT /placement/allocations/c48c8075-9e46-4326-b97d-a078bcc779fd" status: 204 len: 0 microversion: 1.36
Aug 27 01:09:25.470364 n-d-850499-7 devstack@placement-api.service[119943]: [pid: 119943|app: 0|req: 732/1484] 10.222.0.62 () {64 vars in 1433 bytes} [Sat Aug 27 01:09:24 2022] PUT /placement/allocations/c48c8075-9e46-4326-b97d-a078bcc779fd => generated 0 bytes in 611 msecs (HTTP/1.1 204) 5 headers in 199 bytes (2 switches on core 0)
Aug 27 01:09:27.212158 n-d-850499-7 devstack@placement-api.service[119944]: DEBUG placement.requestlog [req-84cafe90-5068-413f-9cee-7167a872532c req-53983ba1-c5fc-4eaf-8fc6-2e56797c7a91 None None] Starting request: 10.222.0.91 "GET /placement/allocations/c48c8075-9e46-4326-b97d-a078bcc779fd" {{(pid=119944) __call__ /opt/stack/placement/placement/requestlog.py:55}}
Aug 27 01:09:27.240286 n-d-850499-7 devstack@placement-api.service[119944]: INFO placement.requestlog [req-84cafe90-5068-413f-9cee-7167a872532c req-53983ba1-c5fc-4eaf-8fc6-2e56797c7a91 service placement] 10.222.0.91 "GET /placement/allocations/c48c8075-9e46-4326-b97d-a078bcc779fd" status: 200 len: 259 microversion: 1.28
Aug 27 01:09:27.242356 n-d-850499-7 devstack@placement-api.service[119944]: [pid: 119944|app: 0|req: 753/1485] 10.222.0.91 () {60 vars in 1377 bytes} [Sat Aug 27 01:09:27 2022] GET /placement/allocations/c48c8075-9e46-4326-b97d-a078bcc779fd => generated 259 bytes in 31 msecs (HTTP/1.1 200) 8 headers in 296 bytes (1 switches on core 0)
Aug 27 01:09:27.616923 n-d-850499-7 devstack@placement-api.service[119943]: DEBUG placement.requestlog [req-e2b8ffde-31f3-4d31-9ab2-c375a57d2a1c req-fa7fe464-fa26-45f4-81e2-cfd4fecaef07 None None] Starting request: 10.222.0.62 "GET /placement/allocation_candidates?limit=1000&resources=DISK_GB%3A1%2CMEMORY_MB%3A1024%2CVCPU%3A1&root_required=%21COMPUTE_STATUS_DISABLED" {{(pid=119943) __call__ /opt/stack/placement/placement/requestlog.py:55}}
Aug 27 01:09:27.693824 n-d-850499-7 devstack@placement-api.service[119943]: DEBUG placement.objects.research_context [req-e2b8ffde-31f3-4d31-9ab2-c375a57d2a1c req-fa7fe464-fa26-45f4-81e2-cfd4fecaef07 service placement] getting providers with 1 DISK_GB {{(pid=119943) __init__ /opt/stack/placement/placement/objects/research_context.py:136}}
Aug 27 01:09:27.707095 n-d-850499-7 devstack@placement-api.service[119943]: DEBUG placement.objects.research_context [req-e2b8ffde-31f3-4d31-9ab2-c375a57d2a1c req-fa7fe464-fa26-45f4-81e2-cfd4fecaef07 service placement] getting providers with 1024 MEMORY_MB {{(pid=119943) __init__ /opt/stack/placement/placement/objects/research_context.py:136}}
Aug 27 01:09:27.707095 n-d-850499-7 devstack@placement-api.service[119943]: DEBUG placement.objects.research_context [req-e2b8ffde-31f3-4d31-9ab2-c375a57d2a1c req-fa7fe464-fa26-45f4-81e2-cfd4fecaef07 service placement] getting providers with 1 VCPU {{(pid=119943) __init__ /opt/stack/placement/placement/objects/research_context.py:136}}
Aug 27 01:09:27.712609 n-d-850499-7 devstack@placement-api.service[119944]: DEBUG placement.requestlog [req-84cafe90-5068-413f-9cee-7167a872532c req-0e4d3daa-2a0d-4e8f-bcea-11c19cf7faac None None] Starting request: 10.222.0.91 "GET /placement/resource_providers/ff4c4122-0093-4240-9eb7-a8ec9902b8ed/allocations" {{(pid=119944) __call__ /opt/stack/placement/placement/requestlog.py:55}}
Aug 27 01:09:27.725034 n-d-850499-7 devstack@placement-api.service[119943]: DEBUG placement.objects.research_context [req-e2b8ffde-31f3-4d31-9ab2-c375a57d2a1c req-fa7fe464-fa26-45f4-81e2-cfd4fecaef07 service placement] found 2 providers with available 1 DISK_GB {{(pid=119943) get_provider_ids_matching /opt/stack/placement/placement/objects/research_context.py:563}}
Aug 27 01:09:27.726414 n-d-850499-7 devstack@placement-api.service[119943]: DEBUG placement.objects.research_context [req-e2b8ffde-31f3-4d31-9ab2-c375a57d2a1c req-fa7fe464-fa26-45f4-81e2-cfd4fecaef07 service placement] found 2 providers with available 1024 MEMORY_MB {{(pid=119943) get_provider_ids_matching /opt/stack/placement/placement/objects/research_context.py:563}}
Aug 27 01:09:27.727236 n-d-850499-7 devstack@placement-api.service[119943]: DEBUG placement.objects.research_context [req-e2b8ffde-31f3-4d31-9ab2-c375a57d2a1c req-fa7fe464-fa26-45f4-81e2-cfd4fecaef07 service placement] found 2 providers after filtering by previous result {{(pid=119943) get_provider_ids_matching /opt/stack/placement/placement/objects/research_context.py:594}}
Aug 27 01:09:27.730585 n-d-850499-7 devstack@placement-api.service[119943]: DEBUG placement.objects.research_context [req-e2b8ffde-31f3-4d31-9ab2-c375a57d2a1c req-fa7fe464-fa26-45f4-81e2-cfd4fecaef07 service placement] found 2 providers with available 1 VCPU {{(pid=119943) get_provider_ids_matching /opt/stack/placement/placement/objects/research_context.py:563}}
Aug 27 01:09:27.735303 n-d-850499-7 devstack@placement-api.service[119943]: DEBUG placement.objects.research_context [req-e2b8ffde-31f3-4d31-9ab2-c375a57d2a1c req-fa7fe464-fa26-45f4-81e2-cfd4fecaef07 service placement] found 2 providers after filtering by previous result {{(pid=119943) get_provider_ids_matching /opt/stack/placement/placement/objects/research_context.py:594}}
Aug 27 01:09:27.752626 n-d-850499-7 devstack@placement-api.service[119943]: DEBUG placement.objects.allocation_candidate [req-e2b8ffde-31f3-4d31-9ab2-c375a57d2a1c req-fa7fe464-fa26-45f4-81e2-cfd4fecaef07 service placement] RequestGroup(use_same_provider=False, resources={DISK_GB:1, MEMORY_MB:1024, VCPU:1}, traits=(), aggregates=[]) (suffix '') returned 2 matches {{(pid=119943) _get_by_requests /opt/stack/placement/placement/objects/allocation_candidate.py:156}}
Aug 27 01:09:27.758565 n-d-850499-7 devstack@placement-api.service[119944]: INFO placement.requestlog [req-84cafe90-5068-413f-9cee-7167a872532c req-0e4d3daa-2a0d-4e8f-bcea-11c19cf7faac service placement] 10.222.0.91 "GET /placement/resource_providers/ff4c4122-0093-4240-9eb7-a8ec9902b8ed/allocations" status: 200 len: 746 microversion: 1.0
Aug 27 01:09:27.758565 n-d-850499-7 devstack@placement-api.service[119944]: [pid: 119944|app: 0|req: 754/1486] 10.222.0.91 () {58 vars in 1390 bytes} [Sat Aug 27 01:09:27 2022] GET /placement/resource_providers/ff4c4122-0093-4240-9eb7-a8ec9902b8ed/allocations => generated 746 bytes in 42 msecs (HTTP/1.1 200) 6 headers in 224 bytes (2 switches on core 0)
Aug 27 01:09:27.759087 n-d-850499-7 devstack@placement-api.service[119943]: DEBUG placement.objects.allocation_candidate [req-e2b8ffde-31f3-4d31-9ab2-c375a57d2a1c req-fa7fe464-fa26-45f4-81e2-cfd4fecaef07 service placement] Merging candidates yields 2 allocation requests and 2 provider summaries {{(pid=119943) _merge_candidates /opt/stack/placement/placement/objects/allocation_candidate.py:809}}
Aug 27 01:09:27.759796 n-d-850499-7 devstack@placement-api.service[119943]: INFO placement.requestlog [req-e2b8ffde-31f3-4d31-9ab2-c375a57d2a1c req-fa7fe464-fa26-45f4-81e2-cfd4fecaef07 service placement] 10.222.0.62 "GET /placement/allocation_candidates?limit=1000&resources=DISK_GB%3A1%2CMEMORY_MB%3A1024%2CVCPU%3A1&root_required=%21COMPUTE_STATUS_DISABLED" status: 200 len: 1309 microversion: 1.36
Aug 27 01:09:27.761186 n-d-850499-7 devstack@placement-api.service[119944]: DEBUG placement.requestlog [req-84cafe90-5068-413f-9cee-7167a872532c req-6fe86955-c3f4-4ec7-b7e5-12a72daa370b None None] Starting request: 10.222.0.91 "GET /placement/allocations/15409f7b-fd50-4769-8e78-1b398349b1ad" {{(pid=119944) __call__ /opt/stack/placement/placement/requestlog.py:55}}
Aug 27 01:09:27.763512 n-d-850499-7 devstack@placement-api.service[119943]: [pid: 119943|app: 0|req: 733/1487] 10.222.0.62 () {60 vars in 1506 bytes} [Sat Aug 27 01:09:27 2022] GET /placement/allocation_candidates?limit=1000&resources=DISK_GB%3A1%2CMEMORY_MB%3A1024%2CVCPU%3A1&root_required=%21COMPUTE_STATUS_DISABLED => generated 1309 bytes in 147 msecs (HTTP/1.1 200) 8 headers in 297 bytes (1 switches on core 0)
Aug 27 01:09:27.809440 n-d-850499-7 devstack@placement-api.service[119944]: INFO placement.requestlog [req-84cafe90-5068-413f-9cee-7167a872532c req-6fe86955-c3f4-4ec7-b7e5-12a72daa370b service placement] 10.222.0.91 "GET /placement/allocations/15409f7b-fd50-4769-8e78-1b398349b1ad" status: 200 len: 259 microversion: 1.28
Aug 27 01:09:27.809440 n-d-850499-7 devstack@placement-api.service[119944]: [pid: 119944|app: 0|req: 755/1488] 10.222.0.91 () {60 vars in 1377 bytes} [Sat Aug 27 01:09:27 2022] GET /placement/allocations/15409f7b-fd50-4769-8e78-1b398349b1ad => generated 259 bytes in 45 msecs (HTTP/1.1 200) 8 headers in 296 bytes (2 switches on core 0)
Aug 27 01:09:27.815369 n-d-850499-7 devstack@placement-api.service[119943]: DEBUG placement.requestlog [req-84cafe90-5068-413f-9cee-7167a872532c req-92490562-f07d-46bb-9bd6-d697d6a0c959 None None] Starting request: 10.222.0.91 "GET /placement/allocations/3e063b7a-677a-4141-a83e-d836f21494dd" {{(pid=119943) __call__ /opt/stack/placement/placement/requestlog.py:55}}
Aug 27 01:09:27.831287 n-d-850499-7 devstack@placement-api.service[119943]: DEBUG dbcounter [-] [119943] Writing DB stats placement:SELECT=86,placement:DELETE=6,placement:INSERT=6,placement:UPDATE=2 {{(pid=119943) stat_writer /usr/local/lib/python3.8/dist-packages/dbcounter.py:114}}
Aug 27 01:09:27.835799 n-d-850499-7 devstack@placement-api.service[119943]: INFO placement.requestlog [req-84cafe90-5068-413f-9cee-7167a872532c req-92490562-f07d-46bb-9bd6-d697d6a0c959 service placement] 10.222.0.91 "GET /placement/allocations/3e063b7a-677a-4141-a83e-d836f21494dd" status: 200 len: 259 microversion: 1.28
Aug 27 01:09:27.836828 n-d-850499-7 devstack@placement-api.service[119943]: [pid: 119943|app: 0|req: 734/1489] 10.222.0.91 () {60 vars in 1377 bytes} [Sat Aug 27 01:09:27 2022] GET /placement/allocations/3e063b7a-677a-4141-a83e-d836f21494dd => generated 259 bytes in 23 msecs (HTTP/1.1 200) 8 headers in 296 bytes (1 switches on core 0)
Aug 27 01:09:27.844951 n-d-850499-7 devstack@placement-api.service[119944]: DEBUG placement.requestlog [req-84cafe90-5068-413f-9cee-7167a872532c req-7e295a1d-cc58-431c-9e82-6d5c355d7976 None None] Starting request: 10.222.0.91 "GET /placement/allocations/50168a66-98e3-44e1-966c-9429ecd34d1c" {{(pid=119944) __call__ /opt/stack/placement/placement/requestlog.py:55}}
Aug 27 01:09:27.868612 n-d-850499-7 devstack@placement-api.service[119943]: DEBUG placement.requestlog [req-e2b8ffde-31f3-4d31-9ab2-c375a57d2a1c req-b7226f3d-7b57-4ec0-8529-44e2faaae751 None None] Starting request: 10.222.0.62 "GET /placement/allocations/70502c83-1fed-41a0-b3f0-a8eede898d8f" {{(pid=119943) __call__ /opt/stack/placement/placement/requestlog.py:55}}
Aug 27 01:09:27.879900 n-d-850499-7 devstack@placement-api.service[119944]: INFO placement.requestlog [req-84cafe90-5068-413f-9cee-7167a872532c req-7e295a1d-cc58-431c-9e82-6d5c355d7976 service placement] 10.222.0.91 "GET /placement/allocations/50168a66-98e3-44e1-966c-9429ecd34d1c" status: 200 len: 259 microversion: 1.28
Aug 27 01:09:27.882425 n-d-850499-7 devstack@placement-api.service[119944]: [pid: 119944|app: 0|req: 756/1490] 10.222.0.91 () {60 vars in 1377 bytes} [Sat Aug 27 01:09:27 2022] GET /placement/allocations/50168a66-98e3-44e1-966c-9429ecd34d1c => generated 259 bytes in 38 msecs (HTTP/1.1 200) 8 headers in 296 bytes (2 switches on core 0)
Aug 27 01:09:27.885741 n-d-850499-7 devstack@placement-api.service[119943]: INFO placement.requestlog [req-e2b8ffde-31f3-4d31-9ab2-c375a57d2a1c req-b7226f3d-7b57-4ec0-8529-44e2faaae751 service placement] 10.222.0.62 "GET /placement/allocations/70502c83-1fed-41a0-b3f0-a8eede898d8f" status: 200 len: 19 microversion: 1.28
Aug 27 01:09:27.888370 n-d-850499-7 devstack@placement-api.service[119944]: DEBUG placement.requestlog [req-84cafe90-5068-413f-9cee-7167a872532c req-3157c07d-4787-4961-8ab3-585194f4169b None None] Starting request: 10.222.0.91 "GET /placement/allocations/30649ee1-ae9d-4499-b4a9-15f936503ae2" {{(pid=119944) __call__ /opt/stack/placement/placement/requestlog.py:55}}
Aug 27 01:09:27.892688 n-d-850499-7 devstack@placement-api.service[119943]: [pid: 119943|app: 0|req: 735/1491] 10.222.0.62 () {60 vars in 1380 bytes} [Sat Aug 27 01:09:27 2022] GET /placement/allocations/70502c83-1fed-41a0-b3f0-a8eede898d8f => generated 19 bytes in 30 msecs (HTTP/1.1 200) 8 headers in 295 bytes (2 switches on core 0)
Aug 27 01:09:27.894190 n-d-850499-7 devstack@placement-api.service[119943]: DEBUG placement.requestlog [req-e2b8ffde-31f3-4d31-9ab2-c375a57d2a1c req-8fca32a2-b4aa-4559-83f4-22fb95c1f681 None None] Starting request: 10.222.0.62 "PUT /placement/allocations/70502c83-1fed-41a0-b3f0-a8eede898d8f" {{(pid=119943) __call__ /opt/stack/placement/placement/requestlog.py:55}}
Aug 27 01:09:27.921514 n-d-850499-7 devstack@placement-api.service[119944]: INFO placement.requestlog [req-84cafe90-5068-413f-9cee-7167a872532c req-3157c07d-4787-4961-8ab3-585194f4169b service placement] 10.222.0.91 "GET /placement/allocations/30649ee1-ae9d-4499-b4a9-15f936503ae2" status: 200 len: 259 microversion: 1.28
Aug 27 01:09:27.923269 n-d-850499-7 devstack@placement-api.service[119944]: [pid: 119944|app: 0|req: 757/1492] 10.222.0.91 () {60 vars in 1377 bytes} [Sat Aug 27 01:09:27 2022] GET /placement/allocations/30649ee1-ae9d-4499-b4a9-15f936503ae2 => generated 259 bytes in 35 msecs (HTTP/1.1 200) 8 headers in 296 bytes (2 switches on core 0)
Aug 27 01:09:27.936419 n-d-850499-7 devstack@placement-api.service[119944]: DEBUG placement.requestlog [req-84cafe90-5068-413f-9cee-7167a872532c req-c3b8e3ea-87ad-4e9a-853f-43e6e0fcdeef None None] Starting request: 10.222.0.91 "GET /placement/allocations/6cbe1174-e162-4d07-a04e-1dc1a8c157a5" {{(pid=119944) __call__ /opt/stack/placement/placement/requestlog.py:55}}
Aug 27 01:09:27.957440 n-d-850499-7 devstack@placement-api.service[119944]: DEBUG dbcounter [-] [119944] Writing DB stats placement:SELECT=90,placement:INSERT=6,placement:DELETE=2,placement:UPDATE=2 {{(pid=119944) stat_writer /usr/local/lib/python3.8/dist-packages/dbcounter.py:114}}
Aug 27 01:09:27.977542 n-d-850499-7 devstack@placement-api.service[119944]: INFO placement.requestlog [req-84cafe90-5068-413f-9cee-7167a872532c req-c3b8e3ea-87ad-4e9a-853f-43e6e0fcdeef service placement] 10.222.0.91 "GET /placement/allocations/6cbe1174-e162-4d07-a04e-1dc1a8c157a5" status: 200 len: 259 microversion: 1.28
Aug 27 01:09:27.978489 n-d-850499-7 devstack@placement-api.service[119944]: [pid: 119944|app: 0|req: 758/1493] 10.222.0.91 () {60 vars in 1377 bytes} [Sat Aug 27 01:09:27 2022] GET /placement/allocations/6cbe1174-e162-4d07-a04e-1dc1a8c157a5 => generated 259 bytes in 47 msecs (HTTP/1.1 200) 8 headers in 296 bytes (1 switches on core 0)
Aug 27 01:09:28.017876 n-d-850499-7 devstack@placement-api.service[119944]: DEBUG placement.requestlog [req-84cafe90-5068-413f-9cee-7167a872532c req-fb97de68-8b1c-47ca-a4be-2257e01eea05 None None] Starting request: 10.222.0.91 "GET /placement/allocations/c48c8075-9e46-4326-b97d-a078bcc779fd" {{(pid=119944) __call__ /opt/stack/placement/placement/requestlog.py:55}}
Aug 27 01:09:28.103666 n-d-850499-7 devstack@placement-api.service[119944]: INFO placement.requestlog [req-84cafe90-5068-413f-9cee-7167a872532c req-fb97de68-8b1c-47ca-a4be-2257e01eea05 service placement] 10.222.0.91 "GET /placement/allocations/c48c8075-9e46-4326-b97d-a078bcc779fd" status: 200 len: 259 microversion: 1.28
Aug 27 01:09:28.103666 n-d-850499-7 devstack@placement-api.service[119944]: [pid: 119944|app: 0|req: 759/1494] 10.222.0.91 () {60 vars in 1377 bytes} [Sat Aug 27 01:09:27 2022] GET /placement/allocations/c48c8075-9e46-4326-b97d-a078bcc779fd => generated 259 bytes in 110 msecs (HTTP/1.1 200) 8 headers in 296 bytes (1 switches on core 0)
Aug 27 01:09:28.106092 n-d-850499-7 devstack@placement-api.service[119944]: DEBUG placement.requestlog [req-84cafe90-5068-413f-9cee-7167a872532c req-80a68e2b-02a5-40f9-b48c-b8ff5d35ba30 None None] Starting request: 10.222.0.91 "GET /placement/allocations/91cc30ff-8e5c-49c3-9d01-b7cf4c605938" {{(pid=119944) __call__ /opt/stack/placement/placement/requestlog.py:55}}
Aug 27 01:09:28.145530 n-d-850499-7 devstack@placement-api.service[119944]: INFO placement.requestlog [req-84cafe90-5068-413f-9cee-7167a872532c req-80a68e2b-02a5-40f9-b48c-b8ff5d35ba30 service placement] 10.222.0.91 "GET /placement/allocations/91cc30ff-8e5c-49c3-9d01-b7cf4c605938" status: 200 len: 245 microversion: 1.28
Aug 27 01:09:28.147201 n-d-850499-7 devstack@placement-api.service[119944]: [pid: 119944|app: 0|req: 760/1495] 10.222.0.91 () {60 vars in 1377 bytes} [Sat Aug 27 01:09:28 2022] GET /placement/allocations/91cc30ff-8e5c-49c3-9d01-b7cf4c605938 => generated 245 bytes in 42 msecs (HTTP/1.1 200) 8 headers in 296 bytes (2 switches on core 0)
Aug 27 01:09:28.251393 n-d-850499-7 devstack@placement-api.service[119943]: DEBUG placement.handlers.allocation [req-e2b8ffde-31f3-4d31-9ab2-c375a57d2a1c req-8fca32a2-b4aa-4559-83f4-22fb95c1f681 service placement] Successfully wrote allocations [, , ] {{(pid=119943) _update_consumers_and_create_allocations /opt/stack/placement/placement/handlers/allocation.py:462}}
Aug 27 01:09:28.300646 n-d-850499-7 devstack@placement-api.service[119943]: INFO placement.requestlog [req-e2b8ffde-31f3-4d31-9ab2-c375a57d2a1c req-8fca32a2-b4aa-4559-83f4-22fb95c1f681 service placement] 10.222.0.62 "PUT /placement/allocations/70502c83-1fed-41a0-b3f0-a8eede898d8f" status: 204 len: 0 microversion: 1.36
Aug 27 01:09:28.301375 n-d-850499-7 devstack@placement-api.service[119943]: [pid: 119943|app: 0|req: 736/1496] 10.222.0.62 () {64 vars in 1433 bytes} [Sat Aug 27 01:09:27 2022] PUT /placement/allocations/70502c83-1fed-41a0-b3f0-a8eede898d8f => generated 0 bytes in 408 msecs (HTTP/1.1 204) 5 headers in 199 bytes (2 switches on core 0)
Aug 27 01:09:29.127273 n-d-850499-7 devstack@placement-api.service[119944]: DEBUG placement.requestlog [req-122b1a24-f9a2-4943-a8d3-a8e0eb351c0d req-1d84bcdd-44cf-4cb0-8936-b8fc8a4220bf None None] Starting request: 10.222.0.75 "GET /placement/resource_providers/215b8737-6327-421e-aff6-5275fb783a5b/allocations" {{(pid=119944) __call__ /opt/stack/placement/placement/requestlog.py:55}}
Aug 27 01:09:29.197712 n-d-850499-7 devstack@placement-api.service[119944]: INFO placement.requestlog [req-122b1a24-f9a2-4943-a8d3-a8e0eb351c0d req-1d84bcdd-44cf-4cb0-8936-b8fc8a4220bf service placement] 10.222.0.75 "GET /placement/resource_providers/215b8737-6327-421e-aff6-5275fb783a5b/allocations" status: 200 len: 154 microversion: 1.0
Aug 27 01:09:29.198774 n-d-850499-7 devstack@placement-api.service[119944]: [pid: 119944|app: 0|req: 761/1497] 10.222.0.75 () {58 vars in 1390 bytes} [Sat Aug 27 01:09:29 2022] GET /placement/resource_providers/215b8737-6327-421e-aff6-5275fb783a5b/allocations => generated 154 bytes in 72 msecs (HTTP/1.1 200) 6 headers in 224 bytes (1 switches on core 0)
Aug 27 01:09:29.427854 n-d-850499-7 devstack@placement-api.service[119943]: DEBUG placement.requestlog [req-122b1a24-f9a2-4943-a8d3-a8e0eb351c0d req-96d0adf6-bbb7-49b9-b946-48322f41b2d6 None None] Starting request: 10.222.0.75 "GET /placement/resource_providers/215b8737-6327-421e-aff6-5275fb783a5b/allocations" {{(pid=119943) __call__ /opt/stack/placement/placement/requestlog.py:55}}
Aug 27 01:09:29.463586 n-d-850499-7 devstack@placement-api.service[119943]: INFO placement.requestlog [req-122b1a24-f9a2-4943-a8d3-a8e0eb351c0d req-96d0adf6-bbb7-49b9-b946-48322f41b2d6 service placement] 10.222.0.75 "GET /placement/resource_providers/215b8737-6327-421e-aff6-5275fb783a5b/allocations" status: 200 len: 154 microversion: 1.0
Aug 27 01:09:29.463586 n-d-850499-7 devstack@placement-api.service[119943]: [pid: 119943|app: 0|req: 737/1498] 10.222.0.75 () {58 vars in 1390 bytes} [Sat Aug 27 01:09:29 2022] GET /placement/resource_providers/215b8737-6327-421e-aff6-5275fb783a5b/allocations => generated 154 bytes in 34 msecs (HTTP/1.1 200) 6 headers in 224 bytes (1 switches on core 0)
Aug 27 01:09:29.467494 n-d-850499-7 devstack@placement-api.service[119944]: DEBUG placement.requestlog [req-122b1a24-f9a2-4943-a8d3-a8e0eb351c0d req-d42c9f2b-f57b-42b9-8431-a187674990d7 None None] Starting request: 10.222.0.75 "GET /placement/allocations/98577473-70b5-48eb-998e-9ee353e93fab" {{(pid=119944) __call__ /opt/stack/placement/placement/requestlog.py:55}}
Aug 27 01:09:29.491985 n-d-850499-7 devstack@placement-api.service[119944]: INFO placement.requestlog [req-122b1a24-f9a2-4943-a8d3-a8e0eb351c0d req-d42c9f2b-f57b-42b9-8431-a187674990d7 service placement] 10.222.0.75 "GET /placement/allocations/98577473-70b5-48eb-998e-9ee353e93fab" status: 200 len: 259 microversion: 1.28
Aug 27 01:09:29.493022 n-d-850499-7 devstack@placement-api.service[119944]: [pid: 119944|app: 0|req: 762/1499] 10.222.0.75 () {60 vars in 1377 bytes} [Sat Aug 27 01:09:29 2022] GET /placement/allocations/98577473-70b5-48eb-998e-9ee353e93fab => generated 259 bytes in 26 msecs (HTTP/1.1 200) 8 headers in 296 bytes (1 switches on core 0)
Aug 27 01:09:30.091804 n-d-850499-7 devstack@placement-api.service[119943]: DEBUG placement.requestlog [req-c4f2f052-ca13-4112-9655-96ea7b7406fd req-67cf032d-61cb-4ed3-a962-e6aa34c7e433 None None] Starting request: 10.222.0.91 "GET /placement/resource_providers/ff4c4122-0093-4240-9eb7-a8ec9902b8ed/allocations" {{(pid=119943) __call__ /opt/stack/placement/placement/requestlog.py:55}}
Aug 27 01:09:30.140007 n-d-850499-7 devstack@placement-api.service[119944]: DEBUG placement.requestlog [req-e2b8ffde-31f3-4d31-9ab2-c375a57d2a1c req-648fed4f-ccd8-43dc-926d-2461e86d2d28 None None] Starting request: 10.222.0.91 "GET /placement/allocations/70502c83-1fed-41a0-b3f0-a8eede898d8f" {{(pid=119944) __call__ /opt/stack/placement/placement/requestlog.py:55}}
Aug 27 01:09:30.141104 n-d-850499-7 devstack@placement-api.service[119943]: INFO placement.requestlog [req-c4f2f052-ca13-4112-9655-96ea7b7406fd req-67cf032d-61cb-4ed3-a962-e6aa34c7e433 service placement] 10.222.0.91 "GET /placement/resource_providers/ff4c4122-0093-4240-9eb7-a8ec9902b8ed/allocations" status: 200 len: 847 microversion: 1.0
Aug 27 01:09:30.141498 n-d-850499-7 devstack@placement-api.service[119943]: [pid: 119943|app: 0|req: 738/1500] 10.222.0.91 () {58 vars in 1390 bytes} [Sat Aug 27 01:09:30 2022] GET /placement/resource_providers/ff4c4122-0093-4240-9eb7-a8ec9902b8ed/allocations => generated 847 bytes in 50 msecs (HTTP/1.1 200) 6 headers in 224 bytes (2 switches on core 0)
Aug 27 01:09:30.169073 n-d-850499-7 devstack@placement-api.service[119944]: INFO placement.requestlog [req-e2b8ffde-31f3-4d31-9ab2-c375a57d2a1c req-648fed4f-ccd8-43dc-926d-2461e86d2d28 service placement] 10.222.0.91 "GET /placement/allocations/70502c83-1fed-41a0-b3f0-a8eede898d8f" status: 200 len: 259 microversion: 1.28
Aug 27 01:09:30.170011 n-d-850499-7 devstack@placement-api.service[119944]: [pid: 119944|app: 0|req: 763/1501] 10.222.0.91 () {60 vars in 1377 bytes} [Sat Aug 27 01:09:30 2022] GET /placement/allocations/70502c83-1fed-41a0-b3f0-a8eede898d8f => generated 259 bytes in 30 msecs (HTTP/1.1 200) 8 headers in 296 bytes (2 switches on core 0)
Aug 27 01:09:30.603588 n-d-850499-7 devstack@placement-api.service[119943]: DEBUG placement.requestlog [req-c4f2f052-ca13-4112-9655-96ea7b7406fd req-f4820422-7f9f-40fd-b285-3858dcf6de05 None None] Starting request: 10.222.0.91 "GET /placement/resource_providers/ff4c4122-0093-4240-9eb7-a8ec9902b8ed/allocations" {{(pid=119943) __call__ /opt/stack/placement/placement/requestlog.py:55}}
