Aug 27 01:00:55.950644 n-d-850499-7 devstack@placement-api.service[119943]: DEBUG placement.objects.allocation_candidate [req-f724fb8f-1e4b-47aa-9743-532302fc734c req-ee851c95-93a1-45bd-8376-d25c1c44eacc service placement] RequestGroup(use_same_provider=False, resources={DISK_GB:1, MEMORY_MB:1024, VCPU:1}, traits=(), aggregates=[]) (suffix '') returned 2 matches {{(pid=119943) _get_by_requests /opt/stack/placement/placement/objects/allocation_candidate.py:156}}
Aug 27 01:00:55.951167 n-d-850499-7 devstack@placement-api.service[119943]: DEBUG placement.objects.allocation_candidate [req-f724fb8f-1e4b-47aa-9743-532302fc734c req-ee851c95-93a1-45bd-8376-d25c1c44eacc service placement] Merging candidates yields 2 allocation requests and 2 provider summaries {{(pid=119943) _merge_candidates /opt/stack/placement/placement/objects/allocation_candidate.py:809}}
Aug 27 01:00:55.953415 n-d-850499-7 devstack@placement-api.service[119943]: INFO placement.requestlog [req-f724fb8f-1e4b-47aa-9743-532302fc734c req-ee851c95-93a1-45bd-8376-d25c1c44eacc service placement] 10.222.0.62 "GET /placement/allocation_candidates?limit=1000&resources=DISK_GB%3A1%2CMEMORY_MB%3A1024%2CVCPU%3A1&root_required=%21COMPUTE_STATUS_DISABLED" status: 200 len: 1309 microversion: 1.36
Aug 27 01:00:55.953864 n-d-850499-7 devstack@placement-api.service[119943]: [pid: 119943|app: 0|req: 118/246] 10.222.0.62 () {60 vars in 1506 bytes} [Sat Aug 27 01:00:55 2022] GET /placement/allocation_candidates?limit=1000&resources=DISK_GB%3A1%2CMEMORY_MB%3A1024%2CVCPU%3A1&root_required=%21COMPUTE_STATUS_DISABLED => generated 1309 bytes in 114 msecs (HTTP/1.1 200) 8 headers in 297 bytes (1 switches on core 0)
Aug 27 01:00:56.054142 n-d-850499-7 devstack@placement-api.service[119944]: DEBUG placement.requestlog [req-f724fb8f-1e4b-47aa-9743-532302fc734c req-fad79b2c-1587-419f-908b-c2eb0e988978 None None] Starting request: 10.222.0.62 "GET /placement/allocations/daa5c484-4a37-4e58-b2fd-9d142474bb14" {{(pid=119944) __call__ /opt/stack/placement/placement/requestlog.py:55}}
Aug 27 01:00:56.078643 n-d-850499-7 devstack@placement-api.service[119944]: INFO placement.requestlog [req-f724fb8f-1e4b-47aa-9743-532302fc734c req-fad79b2c-1587-419f-908b-c2eb0e988978 service placement] 10.222.0.62 "GET /placement/allocations/daa5c484-4a37-4e58-b2fd-9d142474bb14" status: 200 len: 19 microversion: 1.28
Aug 27 01:00:56.079732 n-d-850499-7 devstack@placement-api.service[119944]: [pid: 119944|app: 0|req: 129/247] 10.222.0.62 () {60 vars in 1380 bytes} [Sat Aug 27 01:00:56 2022] GET /placement/allocations/daa5c484-4a37-4e58-b2fd-9d142474bb14 => generated 19 bytes in 26 msecs (HTTP/1.1 200) 8 headers in 295 bytes (1 switches on core 0)
Aug 27 01:00:56.085698 n-d-850499-7 devstack@placement-api.service[119943]: DEBUG placement.requestlog [req-f724fb8f-1e4b-47aa-9743-532302fc734c req-f3edd703-6c7e-426d-94bf-c9b85b1bae58 None None] Starting request: 10.222.0.62 "PUT /placement/allocations/daa5c484-4a37-4e58-b2fd-9d142474bb14" {{(pid=119943) __call__ /opt/stack/placement/placement/requestlog.py:55}}
Aug 27 01:00:56.289910 n-d-850499-7 devstack@placement-api.service[119943]: DEBUG placement.handlers.allocation [req-f724fb8f-1e4b-47aa-9743-532302fc734c req-f3edd703-6c7e-426d-94bf-c9b85b1bae58 service placement] Successfully wrote allocations [, , ] {{(pid=119943) _update_consumers_and_create_allocations /opt/stack/placement/placement/handlers/allocation.py:462}}
Aug 27 01:00:56.371635 n-d-850499-7 devstack@placement-api.service[119943]: INFO placement.requestlog [req-f724fb8f-1e4b-47aa-9743-532302fc734c req-f3edd703-6c7e-426d-94bf-c9b85b1bae58 service placement] 10.222.0.62 "PUT /placement/allocations/daa5c484-4a37-4e58-b2fd-9d142474bb14" status: 204 len: 0 microversion: 1.36
Aug 27 01:00:56.373037 n-d-850499-7 devstack@placement-api.service[119943]: [pid: 119943|app: 0|req: 119/248] 10.222.0.62 () {64 vars in 1433 bytes} [Sat Aug 27 01:00:56 2022] PUT /placement/allocations/daa5c484-4a37-4e58-b2fd-9d142474bb14 => generated 0 bytes in 288 msecs (HTTP/1.1 204) 5 headers in 199 bytes (1 switches on core 0)
Aug 27 01:00:56.661036 n-d-850499-7 devstack@placement-api.service[119944]: DEBUG placement.requestlog [req-46207d6e-426c-452f-a144-1a1ea3d6ea3d req-aeaab83b-20ba-449e-8b2d-9f0beed2d442 None None] Starting request: 10.222.0.91 "GET /placement/resource_providers/ff4c4122-0093-4240-9eb7-a8ec9902b8ed/allocations" {{(pid=119944) __call__ /opt/stack/placement/placement/requestlog.py:55}}
Aug 27 01:00:56.699113 n-d-850499-7 devstack@placement-api.service[119944]: INFO placement.requestlog [req-46207d6e-426c-452f-a144-1a1ea3d6ea3d req-aeaab83b-20ba-449e-8b2d-9f0beed2d442 service placement] 10.222.0.91 "GET /placement/resource_providers/ff4c4122-0093-4240-9eb7-a8ec9902b8ed/allocations" status: 200 len: 558 microversion: 1.0
Aug 27 01:00:56.700515 n-d-850499-7 devstack@placement-api.service[119944]: [pid: 119944|app: 0|req: 130/249] 10.222.0.91 () {58 vars in 1390 bytes} [Sat Aug 27 01:00:56 2022] GET /placement/resource_providers/ff4c4122-0093-4240-9eb7-a8ec9902b8ed/allocations => generated 558 bytes in 40 msecs (HTTP/1.1 200) 6 headers in 224 bytes (1 switches on core 0)
Aug 27 01:00:56.887832 n-d-850499-7 devstack@placement-api.service[119943]: DEBUG placement.requestlog [req-46207d6e-426c-452f-a144-1a1ea3d6ea3d req-7348b217-0b0b-4a7a-a168-8309c2c65ee3 None None] Starting request: 10.222.0.91 "GET /placement/resource_providers/ff4c4122-0093-4240-9eb7-a8ec9902b8ed/allocations" {{(pid=119943) __call__ /opt/stack/placement/placement/requestlog.py:55}}
Aug 27 01:00:56.917586 n-d-850499-7 devstack@placement-api.service[119944]: DEBUG placement.requestlog [req-0f6878da-f710-44b0-997f-de65b888c227 req-fef9623a-df36-435a-bca1-c6c6f8243c33 None None] Starting request: 10.222.0.75 "GET /placement/resource_providers/215b8737-6327-421e-aff6-5275fb783a5b/allocations" {{(pid=119944) __call__ /opt/stack/placement/placement/requestlog.py:55}}
Aug 27 01:00:56.934436 n-d-850499-7 devstack@placement-api.service[119943]: DEBUG dbcounter [-] [119943] Writing DB stats placement:SELECT=84,placement:INSERT=8,placement:DELETE=4,placement:UPDATE=4 {{(pid=119943) stat_writer /usr/local/lib/python3.8/dist-packages/dbcounter.py:114}}
Aug 27 01:00:56.950883 n-d-850499-7 devstack@placement-api.service[119943]: INFO placement.requestlog [req-46207d6e-426c-452f-a144-1a1ea3d6ea3d req-7348b217-0b0b-4a7a-a168-8309c2c65ee3 service placement] 10.222.0.91 "GET /placement/resource_providers/ff4c4122-0093-4240-9eb7-a8ec9902b8ed/allocations" status: 200 len: 558 microversion: 1.0
Aug 27 01:00:56.953084 n-d-850499-7 devstack@placement-api.service[119943]: [pid: 119943|app: 0|req: 120/250] 10.222.0.91 () {58 vars in 1390 bytes} [Sat Aug 27 01:00:56 2022] GET /placement/resource_providers/ff4c4122-0093-4240-9eb7-a8ec9902b8ed/allocations => generated 558 bytes in 65 msecs (HTTP/1.1 200) 6 headers in 224 bytes (1 switches on core 0)
Aug 27 01:00:56.956824 n-d-850499-7 devstack@placement-api.service[119944]: INFO placement.requestlog [req-0f6878da-f710-44b0-997f-de65b888c227 req-fef9623a-df36-435a-bca1-c6c6f8243c33 service placement] 10.222.0.75 "GET /placement/resource_providers/215b8737-6327-421e-aff6-5275fb783a5b/allocations" status: 200 len: 659 microversion: 1.0
Aug 27 01:00:56.957398 n-d-850499-7 devstack@placement-api.service[119944]: [pid: 119944|app: 0|req: 131/251] 10.222.0.75 () {58 vars in 1390 bytes} [Sat Aug 27 01:00:56 2022] GET /placement/resource_providers/215b8737-6327-421e-aff6-5275fb783a5b/allocations => generated 659 bytes in 40 msecs (HTTP/1.1 200) 6 headers in 224 bytes (2 switches on core 0)
Aug 27 01:00:56.960152 n-d-850499-7 devstack@placement-api.service[119943]: DEBUG placement.requestlog [req-46207d6e-426c-452f-a144-1a1ea3d6ea3d req-db21ae5b-74dd-48df-aa16-b79ddde9a41d None None] Starting request: 10.222.0.91 "GET /placement/allocations/c703b076-fcf6-4449-8fef-71bcf0e020b7" {{(pid=119943) __call__ /opt/stack/placement/placement/requestlog.py:55}}
Aug 27 01:00:56.965457 n-d-850499-7 devstack@placement-api.service[119944]: DEBUG placement.requestlog [req-0f6878da-f710-44b0-997f-de65b888c227 req-c1872b99-a73c-4b75-ba42-7cb4489f5e92 None None] Starting request: 10.222.0.75 "GET /placement/allocations/daa5c484-4a37-4e58-b2fd-9d142474bb14" {{(pid=119944) __call__ /opt/stack/placement/placement/requestlog.py:55}}
Aug 27 01:00:57.004870 n-d-850499-7 devstack@placement-api.service[119943]: INFO placement.requestlog [req-46207d6e-426c-452f-a144-1a1ea3d6ea3d req-db21ae5b-74dd-48df-aa16-b79ddde9a41d service placement] 10.222.0.91 "GET /placement/allocations/c703b076-fcf6-4449-8fef-71bcf0e020b7" status: 200 len: 259 microversion: 1.28
Aug 27 01:00:57.005560 n-d-850499-7 devstack@placement-api.service[119943]: [pid: 119943|app: 0|req: 121/252] 10.222.0.91 () {60 vars in 1377 bytes} [Sat Aug 27 01:00:56 2022] GET /placement/allocations/c703b076-fcf6-4449-8fef-71bcf0e020b7 => generated 259 bytes in 46 msecs (HTTP/1.1 200) 8 headers in 296 bytes (1 switches on core 0)
Aug 27 01:00:57.011358 n-d-850499-7 devstack@placement-api.service[119944]: INFO placement.requestlog [req-0f6878da-f710-44b0-997f-de65b888c227 req-c1872b99-a73c-4b75-ba42-7cb4489f5e92 service placement] 10.222.0.75 "GET /placement/allocations/daa5c484-4a37-4e58-b2fd-9d142474bb14" status: 200 len: 259 microversion: 1.28
Aug 27 01:00:57.012199 n-d-850499-7 devstack@placement-api.service[119944]: [pid: 119944|app: 0|req: 132/253] 10.222.0.75 () {60 vars in 1377 bytes} [Sat Aug 27 01:00:56 2022] GET /placement/allocations/daa5c484-4a37-4e58-b2fd-9d142474bb14 => generated 259 bytes in 47 msecs (HTTP/1.1 200) 8 headers in 296 bytes (1 switches on core 0)
Aug 27 01:00:57.015452 n-d-850499-7 devstack@placement-api.service[119943]: DEBUG placement.requestlog [req-46207d6e-426c-452f-a144-1a1ea3d6ea3d req-25eb48b9-e8fa-40d2-b294-355e5e4f5ff5 None None] Starting request: 10.222.0.91 "GET /placement/allocations/7864b1a6-b4a5-4295-944e-919475d18637" {{(pid=119943) __call__ /opt/stack/placement/placement/requestlog.py:55}}
Aug 27 01:00:57.029198 n-d-850499-7 devstack@placement-api.service[119944]: DEBUG placement.requestlog [req-0f6878da-f710-44b0-997f-de65b888c227 req-3e279eff-4159-4ca3-ace5-9b632b7ab62b None None] Starting request: 10.222.0.75 "GET /placement/allocations/98577473-70b5-48eb-998e-9ee353e93fab" {{(pid=119944) __call__ /opt/stack/placement/placement/requestlog.py:55}}
Aug 27 01:00:57.044228 n-d-850499-7 devstack@placement-api.service[119943]: INFO placement.requestlog [req-46207d6e-426c-452f-a144-1a1ea3d6ea3d req-25eb48b9-e8fa-40d2-b294-355e5e4f5ff5 service placement] 10.222.0.91 "GET /placement/allocations/7864b1a6-b4a5-4295-944e-919475d18637" status: 200 len: 259 microversion: 1.28
Aug 27 01:00:57.044915 n-d-850499-7 devstack@placement-api.service[119943]: [pid: 119943|app: 0|req: 122/254] 10.222.0.91 () {60 vars in 1377 bytes} [Sat Aug 27 01:00:57 2022] GET /placement/allocations/7864b1a6-b4a5-4295-944e-919475d18637 => generated 259 bytes in 30 msecs (HTTP/1.1 200) 8 headers in 296 bytes (1 switches on core 0)
Aug 27 01:00:57.053664 n-d-850499-7 devstack@placement-api.service[119943]: DEBUG placement.requestlog [req-46207d6e-426c-452f-a144-1a1ea3d6ea3d req-a82c3dea-fc64-49f2-9f98-fb837a49427a None None] Starting request: 10.222.0.91 "GET /placement/allocations/8dfac51a-dc26-48cf-8d4c-0f350b6cf2d8" {{(pid=119943) __call__ /opt/stack/placement/placement/requestlog.py:55}}
Aug 27 01:00:57.076097 n-d-850499-7 devstack@placement-api.service[119943]: INFO placement.requestlog [req-46207d6e-426c-452f-a144-1a1ea3d6ea3d req-a82c3dea-fc64-49f2-9f98-fb837a49427a service placement] 10.222.0.91 "GET /placement/allocations/8dfac51a-dc26-48cf-8d4c-0f350b6cf2d8" status: 200 len: 259 microversion: 1.28
Aug 27 01:00:57.077765 n-d-850499-7 devstack@placement-api.service[119943]: [pid: 119943|app: 0|req: 123/255] 10.222.0.91 () {60 vars in 1377 bytes} [Sat Aug 27 01:00:57 2022] GET /placement/allocations/8dfac51a-dc26-48cf-8d4c-0f350b6cf2d8 => generated 259 bytes in 23 msecs (HTTP/1.1 200) 8 headers in 296 bytes (1 switches on core 0)
Aug 27 01:00:57.088708 n-d-850499-7 devstack@placement-api.service[119944]: INFO placement.requestlog [req-0f6878da-f710-44b0-997f-de65b888c227 req-3e279eff-4159-4ca3-ace5-9b632b7ab62b service placement] 10.222.0.75 "GET /placement/allocations/98577473-70b5-48eb-998e-9ee353e93fab" status: 200 len: 259 microversion: 1.28
Aug 27 01:00:57.090366 n-d-850499-7 devstack@placement-api.service[119943]: DEBUG placement.requestlog [req-46207d6e-426c-452f-a144-1a1ea3d6ea3d req-1ab8c5e9-7773-42c0-a467-43f16eb99c00 None None] Starting request: 10.222.0.91 "GET /placement/allocations/22bdf49c-223d-4de2-85d8-69187edc7feb" {{(pid=119943) __call__ /opt/stack/placement/placement/requestlog.py:55}}
Aug 27 01:00:57.090775 n-d-850499-7 devstack@placement-api.service[119944]: [pid: 119944|app: 0|req: 133/256] 10.222.0.75 () {60 vars in 1377 bytes} [Sat Aug 27 01:00:57 2022] GET /placement/allocations/98577473-70b5-48eb-998e-9ee353e93fab => generated 259 bytes in 67 msecs (HTTP/1.1 200) 8 headers in 296 bytes (1 switches on core 0)
Aug 27 01:00:57.096071 n-d-850499-7 devstack@placement-api.service[119944]: DEBUG placement.requestlog [req-0f6878da-f710-44b0-997f-de65b888c227 req-6e2f278f-cb62-42ea-add1-25db54f12ea6 None None] Starting request: 10.222.0.75 "GET /placement/allocations/ef91caa1-e991-4b4f-a829-d069ef1550b2" {{(pid=119944) __call__ /opt/stack/placement/placement/requestlog.py:55}}
Aug 27 01:00:57.127441 n-d-850499-7 devstack@placement-api.service[119943]: INFO placement.requestlog [req-46207d6e-426c-452f-a144-1a1ea3d6ea3d req-1ab8c5e9-7773-42c0-a467-43f16eb99c00 service placement] 10.222.0.91 "GET /placement/allocations/22bdf49c-223d-4de2-85d8-69187edc7feb" status: 200 len: 259 microversion: 1.28
Aug 27 01:00:57.128014 n-d-850499-7 devstack@placement-api.service[119944]: INFO placement.requestlog [req-0f6878da-f710-44b0-997f-de65b888c227 req-6e2f278f-cb62-42ea-add1-25db54f12ea6 service placement] 10.222.0.75 "GET /placement/allocations/ef91caa1-e991-4b4f-a829-d069ef1550b2" status: 200 len: 259 microversion: 1.28
Aug 27 01:00:57.129219 n-d-850499-7 devstack@placement-api.service[119943]: [pid: 119943|app: 0|req: 124/257] 10.222.0.91 () {60 vars in 1377 bytes} [Sat Aug 27 01:00:57 2022] GET /placement/allocations/22bdf49c-223d-4de2-85d8-69187edc7feb => generated 259 bytes in 38 msecs (HTTP/1.1 200) 8 headers in 296 bytes (1 switches on core 0)
Aug 27 01:00:57.129424 n-d-850499-7 devstack@placement-api.service[119944]: [pid: 119944|app: 0|req: 134/258] 10.222.0.75 () {60 vars in 1377 bytes} [Sat Aug 27 01:00:57 2022] GET /placement/allocations/ef91caa1-e991-4b4f-a829-d069ef1550b2 => generated 259 bytes in 33 msecs (HTTP/1.1 200) 8 headers in 296 bytes (1 switches on core 0)
Aug 27 01:00:57.135123 n-d-850499-7 devstack@placement-api.service[119943]: DEBUG placement.requestlog [req-46207d6e-426c-452f-a144-1a1ea3d6ea3d req-2ca62666-1669-4407-9df3-71d4657ba87e None None] Starting request: 10.222.0.91 "GET /placement/allocations/3d98ff34-e63a-468a-97fc-1656633b1716" {{(pid=119943) __call__ /opt/stack/placement/placement/requestlog.py:55}}
Aug 27 01:00:57.140187 n-d-850499-7 devstack@placement-api.service[119944]: DEBUG placement.requestlog [req-0f6878da-f710-44b0-997f-de65b888c227 req-c3cb3e44-5dfd-473a-a647-2521b764fe66 None None] Starting request: 10.222.0.75 "GET /placement/allocations/ec53df41-7123-45f2-81fd-d56dc7846899" {{(pid=119944) __call__ /opt/stack/placement/placement/requestlog.py:55}}
Aug 27 01:00:57.177320 n-d-850499-7 devstack@placement-api.service[119943]: INFO placement.requestlog [req-46207d6e-426c-452f-a144-1a1ea3d6ea3d req-2ca62666-1669-4407-9df3-71d4657ba87e service placement] 10.222.0.91 "GET /placement/allocations/3d98ff34-e63a-468a-97fc-1656633b1716" status: 200 len: 259 microversion: 1.28
Aug 27 01:00:57.178816 n-d-850499-7 devstack@placement-api.service[119943]: [pid: 119943|app: 0|req: 125/259] 10.222.0.91 () {60 vars in 1377 bytes} [Sat Aug 27 01:00:57 2022] GET /placement/allocations/3d98ff34-e63a-468a-97fc-1656633b1716 => generated 259 bytes in 44 msecs (HTTP/1.1 200) 8 headers in 296 bytes (1 switches on core 0)
Aug 27 01:00:57.179025 n-d-850499-7 devstack@placement-api.service[119944]: INFO placement.requestlog [req-0f6878da-f710-44b0-997f-de65b888c227 req-c3cb3e44-5dfd-473a-a647-2521b764fe66 service placement] 10.222.0.75 "GET /placement/allocations/ec53df41-7123-45f2-81fd-d56dc7846899" status: 200 len: 259 microversion: 1.28
Aug 27 01:00:57.180037 n-d-850499-7 devstack@placement-api.service[119944]: [pid: 119944|app: 0|req: 135/260] 10.222.0.75 () {60 vars in 1377 bytes} [Sat Aug 27 01:00:57 2022] GET /placement/allocations/ec53df41-7123-45f2-81fd-d56dc7846899 => generated 259 bytes in 40 msecs (HTTP/1.1 200) 8 headers in 296 bytes (1 switches on core 0)
Aug 27 01:00:57.187630 n-d-850499-7 devstack@placement-api.service[119943]: DEBUG placement.requestlog [req-0f6878da-f710-44b0-997f-de65b888c227 req-389d1ed0-37c2-42e1-a099-a3ff0c38777b None None] Starting request: 10.222.0.75 "GET /placement/allocations/aa47b6e4-11a9-42fa-a8d1-a5fc8add2cc9" {{(pid=119943) __call__ /opt/stack/placement/placement/requestlog.py:55}}
Aug 27 01:00:57.220287 n-d-850499-7 devstack@placement-api.service[119943]: INFO placement.requestlog [req-0f6878da-f710-44b0-997f-de65b888c227 req-389d1ed0-37c2-42e1-a099-a3ff0c38777b service placement] 10.222.0.75 "GET /placement/allocations/aa47b6e4-11a9-42fa-a8d1-a5fc8add2cc9" status: 200 len: 259 microversion: 1.28
Aug 27 01:00:57.221397 n-d-850499-7 devstack@placement-api.service[119943]: [pid: 119943|app: 0|req: 126/261] 10.222.0.75 () {60 vars in 1377 bytes} [Sat Aug 27 01:00:57 2022] GET /placement/allocations/aa47b6e4-11a9-42fa-a8d1-a5fc8add2cc9 => generated 259 bytes in 35 msecs (HTTP/1.1 200) 8 headers in 296 bytes (1 switches on core 0)
Aug 27 01:00:57.229395 n-d-850499-7 devstack@placement-api.service[119944]: DEBUG placement.requestlog [req-0f6878da-f710-44b0-997f-de65b888c227 req-38b7418a-587e-450b-afcb-57010a75360c None None] Starting request: 10.222.0.75 "GET /placement/allocations/062dfb2f-31f8-4b21-b33c-5501a75200e5" {{(pid=119944) __call__ /opt/stack/placement/placement/requestlog.py:55}}
Aug 27 01:00:57.249934 n-d-850499-7 devstack@placement-api.service[119944]: INFO placement.requestlog [req-0f6878da-f710-44b0-997f-de65b888c227 req-38b7418a-587e-450b-afcb-57010a75360c service placement] 10.222.0.75 "GET /placement/allocations/062dfb2f-31f8-4b21-b33c-5501a75200e5" status: 200 len: 259 microversion: 1.28
Aug 27 01:00:57.250379 n-d-850499-7 devstack@placement-api.service[119944]: [pid: 119944|app: 0|req: 136/262] 10.222.0.75 () {60 vars in 1377 bytes} [Sat Aug 27 01:00:57 2022] GET /placement/allocations/062dfb2f-31f8-4b21-b33c-5501a75200e5 => generated 259 bytes in 22 msecs (HTTP/1.1 200) 8 headers in 296 bytes (2 switches on core 0)
Aug 27 01:00:57.535965 n-d-850499-7 devstack@placement-api.service[119943]: DEBUG placement.requestlog [req-0f6878da-f710-44b0-997f-de65b888c227 req-97b06579-a5ec-4c5f-866e-bd5880e665e0 None None] Starting request: 10.222.0.75 "DELETE /placement/allocations/062dfb2f-31f8-4b21-b33c-5501a75200e5" {{(pid=119943) __call__ /opt/stack/placement/placement/requestlog.py:55}}
Aug 27 01:00:57.582545 n-d-850499-7 devstack@placement-api.service[119944]: DEBUG placement.requestlog [req-46207d6e-426c-452f-a144-1a1ea3d6ea3d req-cded003f-df9c-4b44-a370-bff5362f88f4 None None] Starting request: 10.222.0.91 "GET /placement/allocations/7864b1a6-b4a5-4295-944e-919475d18637" {{(pid=119944) __call__ /opt/stack/placement/placement/requestlog.py:55}}
Aug 27 01:00:57.637135 n-d-850499-7 devstack@placement-api.service[119944]: INFO placement.requestlog [req-46207d6e-426c-452f-a144-1a1ea3d6ea3d req-cded003f-df9c-4b44-a370-bff5362f88f4 service placement] 10.222.0.91 "GET /placement/allocations/7864b1a6-b4a5-4295-944e-919475d18637" status: 200 len: 259 microversion: 1.28
Aug 27 01:00:57.637972 n-d-850499-7 devstack@placement-api.service[119944]: [pid: 119944|app: 0|req: 137/263] 10.222.0.91 () {60 vars in 1377 bytes} [Sat Aug 27 01:00:57 2022] GET /placement/allocations/7864b1a6-b4a5-4295-944e-919475d18637 => generated 259 bytes in 56 msecs (HTTP/1.1 200) 8 headers in 296 bytes (1 switches on core 0)
Aug 27 01:00:57.647377 n-d-850499-7 devstack@placement-api.service[119944]: DEBUG placement.requestlog [req-46207d6e-426c-452f-a144-1a1ea3d6ea3d req-5eb71fe3-6cc5-45dc-9e7d-ad4f21849aa3 None None] Starting request: 10.222.0.91 "PUT /placement/allocations/7864b1a6-b4a5-4295-944e-919475d18637" {{(pid=119944) __call__ /opt/stack/placement/placement/requestlog.py:55}}
Aug 27 01:00:57.710419 n-d-850499-7 devstack@placement-api.service[119944]: DEBUG placement.handlers.allocation [req-46207d6e-426c-452f-a144-1a1ea3d6ea3d req-5eb71fe3-6cc5-45dc-9e7d-ad4f21849aa3 service placement] Successfully wrote allocations [, , ] {{(pid=119944) _update_consumers_and_create_allocations /opt/stack/placement/placement/handlers/allocation.py:462}}
Aug 27 01:00:57.769384 n-d-850499-7 devstack@placement-api.service[119943]: DEBUG placement.handlers.allocation [req-0f6878da-f710-44b0-997f-de65b888c227 req-97b06579-a5ec-4c5f-866e-bd5880e665e0 service placement] Successfully deleted allocations [, , ] {{(pid=119943) delete_allocations /opt/stack/placement/placement/handlers/allocation.py:627}}
Aug 27 01:00:57.770324 n-d-850499-7 devstack@placement-api.service[119943]: INFO placement.requestlog [req-0f6878da-f710-44b0-997f-de65b888c227 req-97b06579-a5ec-4c5f-866e-bd5880e665e0 service placement] 10.222.0.75 "DELETE /placement/allocations/062dfb2f-31f8-4b21-b33c-5501a75200e5" status: 204 len: 0 microversion: 1.0
Aug 27 01:00:57.771103 n-d-850499-7 devstack@placement-api.service[119943]: [pid: 119943|app: 0|req: 127/264] 10.222.0.75 () {60 vars in 1355 bytes} [Sat Aug 27 01:00:57 2022] DELETE /placement/allocations/062dfb2f-31f8-4b21-b33c-5501a75200e5 => generated 0 bytes in 236 msecs (HTTP/1.1 204) 5 headers in 198 bytes (2 switches on core 0)
Aug 27 01:00:57.795676 n-d-850499-7 devstack@placement-api.service[119944]: INFO placement.requestlog [req-46207d6e-426c-452f-a144-1a1ea3d6ea3d req-5eb71fe3-6cc5-45dc-9e7d-ad4f21849aa3 service placement] 10.222.0.91 "PUT /placement/allocations/7864b1a6-b4a5-4295-944e-919475d18637" status: 204 len: 0 microversion: 1.28
Aug 27 01:00:57.797247 n-d-850499-7 devstack@placement-api.service[119944]: [pid: 119944|app: 0|req: 138/265] 10.222.0.91 () {64 vars in 1430 bytes} [Sat Aug 27 01:00:57 2022] PUT /placement/allocations/7864b1a6-b4a5-4295-944e-919475d18637 => generated 0 bytes in 150 msecs (HTTP/1.1 204) 5 headers in 199 bytes (1 switches on core 0)
Aug 27 01:00:57.822013 n-d-850499-7 devstack@placement-api.service[119943]: DEBUG placement.requestlog [req-f724fb8f-1e4b-47aa-9743-532302fc734c req-731eb136-5933-4b8f-a158-4b2d842ee817 None None] Starting request: 10.222.0.75 "GET /placement/allocations/daa5c484-4a37-4e58-b2fd-9d142474bb14" {{(pid=119943) __call__ /opt/stack/placement/placement/requestlog.py:55}}
Aug 27 01:00:57.856881 n-d-850499-7 devstack@placement-api.service[119943]: INFO placement.requestlog [req-f724fb8f-1e4b-47aa-9743-532302fc734c req-731eb136-5933-4b8f-a158-4b2d842ee817 service placement] 10.222.0.75 "GET /placement/allocations/daa5c484-4a37-4e58-b2fd-9d142474bb14" status: 200 len: 259 microversion: 1.28
Aug 27 01:00:57.857914 n-d-850499-7 devstack@placement-api.service[119943]: [pid: 119943|app: 0|req: 128/266] 10.222.0.75 () {60 vars in 1377 bytes} [Sat Aug 27 01:00:57 2022] GET /placement/allocations/daa5c484-4a37-4e58-b2fd-9d142474bb14 => generated 259 bytes in 36 msecs (HTTP/1.1 200) 8 headers in 296 bytes (1 switches on core 0)
Aug 27 01:00:58.397957 n-d-850499-7 devstack@placement-api.service[119944]: DEBUG placement.requestlog [req-f724fb8f-1e4b-47aa-9743-532302fc734c req-4a3016eb-8749-45b8-b8d2-19ef6d0846c4 None None] Starting request: 10.222.0.75 "GET /placement/resource_providers/215b8737-6327-421e-aff6-5275fb783a5b/allocations" {{(pid=119944) __call__ /opt/stack/placement/placement/requestlog.py:55}}
Aug 27 01:00:58.425007 n-d-850499-7 devstack@placement-api.service[119944]: INFO placement.requestlog [req-f724fb8f-1e4b-47aa-9743-532302fc734c req-4a3016eb-8749-45b8-b8d2-19ef6d0846c4 service placement] 10.222.0.75 "GET /placement/resource_providers/215b8737-6327-421e-aff6-5275fb783a5b/allocations" status: 200 len: 558 microversion: 1.0
Aug 27 01:00:58.425778 n-d-850499-7 devstack@placement-api.service[119944]: [pid: 119944|app: 0|req: 139/267] 10.222.0.75 () {58 vars in 1390 bytes} [Sat Aug 27 01:00:58 2022] GET /placement/resource_providers/215b8737-6327-421e-aff6-5275fb783a5b/allocations => generated 558 bytes in 28 msecs (HTTP/1.1 200) 6 headers in 224 bytes (1 switches on core 0)
Aug 27 01:00:58.434067 n-d-850499-7 devstack@placement-api.service[119943]: DEBUG placement.requestlog [req-f724fb8f-1e4b-47aa-9743-532302fc734c req-e0d2dd01-b0b1-4816-9792-7b8060f5a7e1 None None] Starting request: 10.222.0.75 "GET /placement/allocations/daa5c484-4a37-4e58-b2fd-9d142474bb14" {{(pid=119943) __call__ /opt/stack/placement/placement/requestlog.py:55}}
Aug 27 01:00:58.456969 n-d-850499-7 devstack@placement-api.service[119943]: INFO placement.requestlog [req-f724fb8f-1e4b-47aa-9743-532302fc734c req-e0d2dd01-b0b1-4816-9792-7b8060f5a7e1 service placement] 10.222.0.75 "GET /placement/allocations/daa5c484-4a37-4e58-b2fd-9d142474bb14" status: 200 len: 259 microversion: 1.28
Aug 27 01:00:58.457709 n-d-850499-7 devstack@placement-api.service[119943]: [pid: 119943|app: 0|req: 129/268] 10.222.0.75 () {60 vars in 1377 bytes} [Sat Aug 27 01:00:58 2022] GET /placement/allocations/daa5c484-4a37-4e58-b2fd-9d142474bb14 => generated 259 bytes in 25 msecs (HTTP/1.1 200) 8 headers in 296 bytes (1 switches on core 0)
Aug 27 01:00:58.465970 n-d-850499-7 devstack@placement-api.service[119944]: DEBUG placement.requestlog [req-f724fb8f-1e4b-47aa-9743-532302fc734c req-0f1d3cc4-4128-41b5-8639-26ca54fd2b18 None None] Starting request: 10.222.0.75 "GET /placement/allocations/98577473-70b5-48eb-998e-9ee353e93fab" {{(pid=119944) __call__ /opt/stack/placement/placement/requestlog.py:55}}
Aug 27 01:00:58.482622 n-d-850499-7 devstack@placement-api.service[119944]: INFO placement.requestlog [req-f724fb8f-1e4b-47aa-9743-532302fc734c req-0f1d3cc4-4128-41b5-8639-26ca54fd2b18 service placement] 10.222.0.75 "GET /placement/allocations/98577473-70b5-48eb-998e-9ee353e93fab" status: 200 len: 259 microversion: 1.28
Aug 27 01:00:58.483944 n-d-850499-7 devstack@placement-api.service[119944]: [pid: 119944|app: 0|req: 140/269] 10.222.0.75 () {60 vars in 1377 bytes} [Sat Aug 27 01:00:58 2022] GET /placement/allocations/98577473-70b5-48eb-998e-9ee353e93fab => generated 259 bytes in 19 msecs (HTTP/1.1 200) 8 headers in 296 bytes (1 switches on core 0)
Aug 27 01:00:58.491078 n-d-850499-7 devstack@placement-api.service[119943]: DEBUG placement.requestlog [req-f724fb8f-1e4b-47aa-9743-532302fc734c req-c80f8491-e08f-4c14-8925-373de0ae7916 None None] Starting request: 10.222.0.75 "GET /placement/allocations/ef91caa1-e991-4b4f-a829-d069ef1550b2" {{(pid=119943) __call__ /opt/stack/placement/placement/requestlog.py:55}}
Aug 27 01:00:58.510348 n-d-850499-7 devstack@placement-api.service[119943]: INFO placement.requestlog [req-f724fb8f-1e4b-47aa-9743-532302fc734c req-c80f8491-e08f-4c14-8925-373de0ae7916 service placement] 10.222.0.75 "GET /placement/allocations/ef91caa1-e991-4b4f-a829-d069ef1550b2" status: 200 len: 259 microversion: 1.28
Aug 27 01:00:58.511308 n-d-850499-7 devstack@placement-api.service[119943]: [pid: 119943|app: 0|req: 130/270] 10.222.0.75 () {60 vars in 1377 bytes} [Sat Aug 27 01:00:58 2022] GET /placement/allocations/ef91caa1-e991-4b4f-a829-d069ef1550b2 => generated 259 bytes in 21 msecs (HTTP/1.1 200) 8 headers in 296 bytes (2 switches on core 0)
Aug 27 01:00:58.529969 n-d-850499-7 devstack@placement-api.service[119944]: DEBUG placement.requestlog [req-f724fb8f-1e4b-47aa-9743-532302fc734c req-d9f8baed-1d3b-4e63-84c5-c82ca8a3bfcc None None] Starting request: 10.222.0.75 "GET /placement/allocations/ec53df41-7123-45f2-81fd-d56dc7846899" {{(pid=119944) __call__ /opt/stack/placement/placement/requestlog.py:55}}
Aug 27 01:00:58.553057 n-d-850499-7 devstack@placement-api.service[119944]: DEBUG dbcounter [-] [119944] Writing DB stats placement:SELECT=94,placement:DELETE=4,placement:UPDATE=2 {{(pid=119944) stat_writer /usr/local/lib/python3.8/dist-packages/dbcounter.py:114}}
Aug 27 01:00:58.561359 n-d-850499-7 devstack@placement-api.service[119944]: INFO placement.requestlog [req-f724fb8f-1e4b-47aa-9743-532302fc734c req-d9f8baed-1d3b-4e63-84c5-c82ca8a3bfcc service placement] 10.222.0.75 "GET /placement/allocations/ec53df41-7123-45f2-81fd-d56dc7846899" status: 200 len: 259 microversion: 1.28
Aug 27 01:00:58.563067 n-d-850499-7 devstack@placement-api.service[119944]: [pid: 119944|app: 0|req: 141/271] 10.222.0.75 () {60 vars in 1377 bytes} [Sat Aug 27 01:00:58 2022] GET /placement/allocations/ec53df41-7123-45f2-81fd-d56dc7846899 => generated 259 bytes in 33 msecs (HTTP/1.1 200) 8 headers in 296 bytes (1 switches on core 0)
Aug 27 01:00:58.570834 n-d-850499-7 devstack@placement-api.service[119943]: DEBUG placement.requestlog [req-f724fb8f-1e4b-47aa-9743-532302fc734c req-e9003869-d311-4058-91df-b59efad8a656 None None] Starting request: 10.222.0.75 "GET /placement/allocations/aa47b6e4-11a9-42fa-a8d1-a5fc8add2cc9" {{(pid=119943) __call__ /opt/stack/placement/placement/requestlog.py:55}}
Aug 27 01:00:58.602724 n-d-850499-7 devstack@placement-api.service[119943]: INFO placement.requestlog [req-f724fb8f-1e4b-47aa-9743-532302fc734c req-e9003869-d311-4058-91df-b59efad8a656 service placement] 10.222.0.75 "GET /placement/allocations/aa47b6e4-11a9-42fa-a8d1-a5fc8add2cc9" status: 200 len: 259 microversion: 1.28
Aug 27 01:00:58.603118 n-d-850499-7 devstack@placement-api.service[119943]: [pid: 119943|app: 0|req: 131/272] 10.222.0.75 () {60 vars in 1377 bytes} [Sat Aug 27 01:00:58 2022] GET /placement/allocations/aa47b6e4-11a9-42fa-a8d1-a5fc8add2cc9 => generated 259 bytes in 33 msecs (HTTP/1.1 200) 8 headers in 296 bytes (1 switches on core 0)
Aug 27 01:01:01.821212 n-d-850499-7 devstack@placement-api.service[119944]: DEBUG placement.requestlog [req-03f90aab-bdde-4a6a-9acb-9b8213eb873d req-d25e052f-ba3c-437b-94de-8516c741b462 None None] Starting request: 10.222.0.62 "GET /placement/allocation_candidates?limit=1000&resources=DISK_GB%3A1%2CMEMORY_MB%3A1024%2CVCPU%3A1&root_required=%21COMPUTE_STATUS_DISABLED" {{(pid=119944) __call__ /opt/stack/placement/placement/requestlog.py:55}}
Aug 27 01:01:01.868805 n-d-850499-7 devstack@placement-api.service[119944]: DEBUG placement.objects.research_context [req-03f90aab-bdde-4a6a-9acb-9b8213eb873d req-d25e052f-ba3c-437b-94de-8516c741b462 service placement] getting providers with 1 DISK_GB {{(pid=119944) __init__ /opt/stack/placement/placement/objects/research_context.py:136}}
Aug 27 01:01:01.875862 n-d-850499-7 devstack@placement-api.service[119944]: DEBUG placement.objects.research_context [req-03f90aab-bdde-4a6a-9acb-9b8213eb873d req-d25e052f-ba3c-437b-94de-8516c741b462 service placement] getting providers with 1024 MEMORY_MB {{(pid=119944) __init__ /opt/stack/placement/placement/objects/research_context.py:136}}
Aug 27 01:01:01.881646 n-d-850499-7 devstack@placement-api.service[119944]: DEBUG placement.objects.research_context [req-03f90aab-bdde-4a6a-9acb-9b8213eb873d req-d25e052f-ba3c-437b-94de-8516c741b462 service placement] getting providers with 1 VCPU {{(pid=119944) __init__ /opt/stack/placement/placement/objects/research_context.py:136}}
Aug 27 01:01:01.888530 n-d-850499-7 devstack@placement-api.service[119944]: DEBUG placement.objects.research_context [req-03f90aab-bdde-4a6a-9acb-9b8213eb873d req-d25e052f-ba3c-437b-94de-8516c741b462 service placement] found 2 providers with available 1 DISK_GB {{(pid=119944) get_provider_ids_matching /opt/stack/placement/placement/objects/research_context.py:563}}
Aug 27 01:01:01.888878 n-d-850499-7 devstack@placement-api.service[119944]: DEBUG placement.objects.research_context [req-03f90aab-bdde-4a6a-9acb-9b8213eb873d req-d25e052f-ba3c-437b-94de-8516c741b462 service placement] found 2 providers with available 1024 MEMORY_MB {{(pid=119944) get_provider_ids_matching /opt/stack/placement/placement/objects/research_context.py:563}}
Aug 27 01:01:01.889146 n-d-850499-7 devstack@placement-api.service[119944]: DEBUG placement.objects.research_context [req-03f90aab-bdde-4a6a-9acb-9b8213eb873d req-d25e052f-ba3c-437b-94de-8516c741b462 service placement] found 2 providers after filtering by previous result {{(pid=119944) get_provider_ids_matching /opt/stack/placement/placement/objects/research_context.py:594}}
Aug 27 01:01:01.889433 n-d-850499-7 devstack@placement-api.service[119944]: DEBUG placement.objects.research_context [req-03f90aab-bdde-4a6a-9acb-9b8213eb873d req-d25e052f-ba3c-437b-94de-8516c741b462 service placement] found 2 providers with available 1 VCPU {{(pid=119944) get_provider_ids_matching /opt/stack/placement/placement/objects/research_context.py:563}}
Aug 27 01:01:01.889912 n-d-850499-7 devstack@placement-api.service[119944]: DEBUG placement.objects.research_context [req-03f90aab-bdde-4a6a-9acb-9b8213eb873d req-d25e052f-ba3c-437b-94de-8516c741b462 service placement] found 2 providers after filtering by previous result {{(pid=119944) get_provider_ids_matching /opt/stack/placement/placement/objects/research_context.py:594}}
Aug 27 01:01:01.902095 n-d-850499-7 devstack@placement-api.service[119944]: DEBUG placement.objects.allocation_candidate [req-03f90aab-bdde-4a6a-9acb-9b8213eb873d req-d25e052f-ba3c-437b-94de-8516c741b462 service placement] RequestGroup(use_same_provider=False, resources={DISK_GB:1, MEMORY_MB:1024, VCPU:1}, traits=(), aggregates=[]) (suffix '') returned 2 matches {{(pid=119944) _get_by_requests /opt/stack/placement/placement/objects/allocation_candidate.py:156}}
Aug 27 01:01:01.902469 n-d-850499-7 devstack@placement-api.service[119944]: DEBUG placement.objects.allocation_candidate [req-03f90aab-bdde-4a6a-9acb-9b8213eb873d req-d25e052f-ba3c-437b-94de-8516c741b462 service placement] Merging candidates yields 2 allocation requests and 2 provider summaries {{(pid=119944) _merge_candidates /opt/stack/placement/placement/objects/allocation_candidate.py:809}}
Aug 27 01:01:01.904385 n-d-850499-7 devstack@placement-api.service[119944]: INFO placement.requestlog [req-03f90aab-bdde-4a6a-9acb-9b8213eb873d req-d25e052f-ba3c-437b-94de-8516c741b462 service placement] 10.222.0.62 "GET /placement/allocation_candidates?limit=1000&resources=DISK_GB%3A1%2CMEMORY_MB%3A1024%2CVCPU%3A1&root_required=%21COMPUTE_STATUS_DISABLED" status: 200 len: 1309 microversion: 1.36
Aug 27 01:01:01.905675 n-d-850499-7 devstack@placement-api.service[119944]: [pid: 119944|app: 0|req: 142/273] 10.222.0.62 () {60 vars in 1506 bytes} [Sat Aug 27 01:01:01 2022] GET /placement/allocation_candidates?limit=1000&resources=DISK_GB%3A1%2CMEMORY_MB%3A1024%2CVCPU%3A1&root_required=%21COMPUTE_STATUS_DISABLED => generated 1309 bytes in 85 msecs (HTTP/1.1 200) 8 headers in 297 bytes (1 switches on core 0)
Aug 27 01:01:01.978222 n-d-850499-7 devstack@placement-api.service[119943]: DEBUG placement.requestlog [req-03f90aab-bdde-4a6a-9acb-9b8213eb873d req-337b9457-b480-46d8-937b-c4ccc2d567d9 None None] Starting request: 10.222.0.62 "GET /placement/allocations/5dd1b404-9f78-42df-ab46-8f130f8666c8" {{(pid=119943) __call__ /opt/stack/placement/placement/requestlog.py:55}}
Aug 27 01:01:01.995345 n-d-850499-7 devstack@placement-api.service[119943]: INFO placement.requestlog [req-03f90aab-bdde-4a6a-9acb-9b8213eb873d req-337b9457-b480-46d8-937b-c4ccc2d567d9 service placement] 10.222.0.62 "GET /placement/allocations/5dd1b404-9f78-42df-ab46-8f130f8666c8" status: 200 len: 19 microversion: 1.28
Aug 27 01:01:01.995988 n-d-850499-7 devstack@placement-api.service[119943]: [pid: 119943|app: 0|req: 132/274] 10.222.0.62 () {60 vars in 1380 bytes} [Sat Aug 27 01:01:01 2022] GET /placement/allocations/5dd1b404-9f78-42df-ab46-8f130f8666c8 => generated 19 bytes in 18 msecs (HTTP/1.1 200) 8 headers in 295 bytes (1 switches on core 0)
Aug 27 01:01:02.004813 n-d-850499-7 devstack@placement-api.service[119944]: DEBUG placement.requestlog [req-03f90aab-bdde-4a6a-9acb-9b8213eb873d req-fd4fc690-3d94-4854-952d-ac8aae449fac None None] Starting request: 10.222.0.62 "PUT /placement/allocations/5dd1b404-9f78-42df-ab46-8f130f8666c8" {{(pid=119944) __call__ /opt/stack/placement/placement/requestlog.py:55}}
Aug 27 01:01:02.206624 n-d-850499-7 devstack@placement-api.service[119944]: DEBUG placement.handlers.allocation [req-03f90aab-bdde-4a6a-9acb-9b8213eb873d req-fd4fc690-3d94-4854-952d-ac8aae449fac service placement] Successfully wrote allocations [, , ] {{(pid=119944) _update_consumers_and_create_allocations /opt/stack/placement/placement/handlers/allocation.py:462}}
Aug 27 01:01:02.291921 n-d-850499-7 devstack@placement-api.service[119944]: INFO placement.requestlog [req-03f90aab-bdde-4a6a-9acb-9b8213eb873d req-fd4fc690-3d94-4854-952d-ac8aae449fac service placement] 10.222.0.62 "PUT /placement/allocations/5dd1b404-9f78-42df-ab46-8f130f8666c8" status: 204 len: 0 microversion: 1.36
Aug 27 01:01:02.295459 n-d-850499-7 devstack@placement-api.service[119944]: [pid: 119944|app: 0|req: 143/275] 10.222.0.62 () {64 vars in 1433 bytes} [Sat Aug 27 01:01:02 2022] PUT /placement/allocations/5dd1b404-9f78-42df-ab46-8f130f8666c8 => generated 0 bytes in 288 msecs (HTTP/1.1 204) 5 headers in 199 bytes (1 switches on core 0)
Aug 27 01:01:03.751300 n-d-850499-7 devstack@placement-api.service[119943]: DEBUG placement.requestlog [req-03f90aab-bdde-4a6a-9acb-9b8213eb873d req-8b71e089-0342-4c68-a274-89aeb5f20224 None None] Starting request: 10.222.0.91 "GET /placement/allocations/5dd1b404-9f78-42df-ab46-8f130f8666c8" {{(pid=119943) __call__ /opt/stack/placement/placement/requestlog.py:55}}
Aug 27 01:01:03.780955 n-d-850499-7 devstack@placement-api.service[119943]: INFO placement.requestlog [req-03f90aab-bdde-4a6a-9acb-9b8213eb873d req-8b71e089-0342-4c68-a274-89aeb5f20224 service placement] 10.222.0.91 "GET /placement/allocations/5dd1b404-9f78-42df-ab46-8f130f8666c8" status: 200 len: 259 microversion: 1.28
Aug 27 01:01:03.782217 n-d-850499-7 devstack@placement-api.service[119943]: [pid: 119943|app: 0|req: 133/276] 10.222.0.91 () {60 vars in 1377 bytes} [Sat Aug 27 01:01:03 2022] GET /placement/allocations/5dd1b404-9f78-42df-ab46-8f130f8666c8 => generated 259 bytes in 31 msecs (HTTP/1.1 200) 8 headers in 296 bytes (1 switches on core 0)
Aug 27 01:01:04.362356 n-d-850499-7 devstack@placement-api.service[119944]: DEBUG placement.requestlog [req-03f90aab-bdde-4a6a-9acb-9b8213eb873d req-d456ff34-fc27-4bb9-95d2-383a82422cc7 None None] Starting request: 10.222.0.91 "GET /placement/resource_providers/ff4c4122-0093-4240-9eb7-a8ec9902b8ed/allocations" {{(pid=119944) __call__ /opt/stack/placement/placement/requestlog.py:55}}
Aug 27 01:01:04.408246 n-d-850499-7 devstack@placement-api.service[119944]: INFO placement.requestlog [req-03f90aab-bdde-4a6a-9acb-9b8213eb873d req-d456ff34-fc27-4bb9-95d2-383a82422cc7 service placement] 10.222.0.91 "GET /placement/resource_providers/ff4c4122-0093-4240-9eb7-a8ec9902b8ed/allocations" status: 200 len: 558 microversion: 1.0
Aug 27 01:01:04.409090 n-d-850499-7 devstack@placement-api.service[119944]: [pid: 119944|app: 0|req: 144/277] 10.222.0.91 () {58 vars in 1390 bytes} [Sat Aug 27 01:01:04 2022] GET /placement/resource_providers/ff4c4122-0093-4240-9eb7-a8ec9902b8ed/allocations => generated 558 bytes in 47 msecs (HTTP/1.1 200) 6 headers in 224 bytes (1 switches on core 0)
Aug 27 01:01:04.434417 n-d-850499-7 devstack@placement-api.service[119943]: DEBUG placement.requestlog [req-03f90aab-bdde-4a6a-9acb-9b8213eb873d req-a61262bc-5819-4ce5-8a68-ee84b9e15445 None None] Starting request: 10.222.0.91 "GET /placement/allocations/c703b076-fcf6-4449-8fef-71bcf0e020b7" {{(pid=119943) __call__ /opt/stack/placement/placement/requestlog.py:55}}
Aug 27 01:01:04.475843 n-d-850499-7 devstack@placement-api.service[119943]: INFO placement.requestlog [req-03f90aab-bdde-4a6a-9acb-9b8213eb873d req-a61262bc-5819-4ce5-8a68-ee84b9e15445 service placement] 10.222.0.91 "GET /placement/allocations/c703b076-fcf6-4449-8fef-71bcf0e020b7" status: 200 len: 259 microversion: 1.28
Aug 27 01:01:04.475843 n-d-850499-7 devstack@placement-api.service[119943]: [pid: 119943|app: 0|req: 134/278] 10.222.0.91 () {60 vars in 1377 bytes} [Sat Aug 27 01:01:04 2022] GET /placement/allocations/c703b076-fcf6-4449-8fef-71bcf0e020b7 => generated 259 bytes in 36 msecs (HTTP/1.1 200) 8 headers in 296 bytes (1 switches on core 0)
Aug 27 01:01:04.485955 n-d-850499-7 devstack@placement-api.service[119944]: DEBUG placement.requestlog [req-03f90aab-bdde-4a6a-9acb-9b8213eb873d req-16c69fd9-d83c-4967-8d83-e243d4fa0a04 None None] Starting request: 10.222.0.91 "GET /placement/allocations/8dfac51a-dc26-48cf-8d4c-0f350b6cf2d8" {{(pid=119944) __call__ /opt/stack/placement/placement/requestlog.py:55}}
Aug 27 01:01:04.525530 n-d-850499-7 devstack@placement-api.service[119944]: INFO placement.requestlog [req-03f90aab-bdde-4a6a-9acb-9b8213eb873d req-16c69fd9-d83c-4967-8d83-e243d4fa0a04 service placement] 10.222.0.91 "GET /placement/allocations/8dfac51a-dc26-48cf-8d4c-0f350b6cf2d8" status: 200 len: 259 microversion: 1.28
Aug 27 01:01:04.525530 n-d-850499-7 devstack@placement-api.service[119944]: [pid: 119944|app: 0|req: 145/279] 10.222.0.91 () {60 vars in 1377 bytes} [Sat Aug 27 01:01:04 2022] GET /placement/allocations/8dfac51a-dc26-48cf-8d4c-0f350b6cf2d8 => generated 259 bytes in 47 msecs (HTTP/1.1 200) 8 headers in 296 bytes (1 switches on core 0)
Aug 27 01:01:04.549712 n-d-850499-7 devstack@placement-api.service[119943]: DEBUG placement.requestlog [req-03f90aab-bdde-4a6a-9acb-9b8213eb873d req-ea8100ea-c133-4d94-8296-6491de653672 None None] Starting request: 10.222.0.91 "GET /placement/allocations/5dd1b404-9f78-42df-ab46-8f130f8666c8" {{(pid=119943) __call__ /opt/stack/placement/placement/requestlog.py:55}}
Aug 27 01:01:04.588940 n-d-850499-7 devstack@placement-api.service[119943]: INFO placement.requestlog [req-03f90aab-bdde-4a6a-9acb-9b8213eb873d req-ea8100ea-c133-4d94-8296-6491de653672 service placement] 10.222.0.91 "GET /placement/allocations/5dd1b404-9f78-42df-ab46-8f130f8666c8" status: 200 len: 259 microversion: 1.28
Aug 27 01:01:04.589658 n-d-850499-7 devstack@placement-api.service[119943]: [pid: 119943|app: 0|req: 135/280] 10.222.0.91 () {60 vars in 1377 bytes} [Sat Aug 27 01:01:04 2022] GET /placement/allocations/5dd1b404-9f78-42df-ab46-8f130f8666c8 => generated 259 bytes in 40 msecs (HTTP/1.1 200) 8 headers in 296 bytes (1 switches on core 0)
Aug 27 01:01:04.597039 n-d-850499-7 devstack@placement-api.service[119944]: DEBUG placement.requestlog [req-03f90aab-bdde-4a6a-9acb-9b8213eb873d req-75a94ab3-f614-4e26-9999-a085a7170b66 None None] Starting request: 10.222.0.91 "GET /placement/allocations/22bdf49c-223d-4de2-85d8-69187edc7feb" {{(pid=119944) __call__ /opt/stack/placement/placement/requestlog.py:55}}
Aug 27 01:01:04.624345 n-d-850499-7 devstack@placement-api.service[119944]: INFO placement.requestlog [req-03f90aab-bdde-4a6a-9acb-9b8213eb873d req-75a94ab3-f614-4e26-9999-a085a7170b66 service placement] 10.222.0.91 "GET /placement/allocations/22bdf49c-223d-4de2-85d8-69187edc7feb" status: 200 len: 259 microversion: 1.28
Aug 27 01:01:04.625015 n-d-850499-7 devstack@placement-api.service[119944]: [pid: 119944|app: 0|req: 146/281] 10.222.0.91 () {60 vars in 1377 bytes} [Sat Aug 27 01:01:04 2022] GET /placement/allocations/22bdf49c-223d-4de2-85d8-69187edc7feb => generated 259 bytes in 28 msecs (HTTP/1.1 200) 8 headers in 296 bytes (2 switches on core 0)
Aug 27 01:01:04.633016 n-d-850499-7 devstack@placement-api.service[119943]: DEBUG placement.requestlog [req-03f90aab-bdde-4a6a-9acb-9b8213eb873d req-68042258-5f74-4194-a1ba-e174310837e4 None None] Starting request: 10.222.0.91 "GET /placement/allocations/3d98ff34-e63a-468a-97fc-1656633b1716" {{(pid=119943) __call__ /opt/stack/placement/placement/requestlog.py:55}}
Aug 27 01:01:04.655115 n-d-850499-7 devstack@placement-api.service[119943]: INFO placement.requestlog [req-03f90aab-bdde-4a6a-9acb-9b8213eb873d req-68042258-5f74-4194-a1ba-e174310837e4 service placement] 10.222.0.91 "GET /placement/allocations/3d98ff34-e63a-468a-97fc-1656633b1716" status: 200 len: 259 microversion: 1.28
Aug 27 01:01:04.655935 n-d-850499-7 devstack@placement-api.service[119943]: [pid: 119943|app: 0|req: 136/282] 10.222.0.91 () {60 vars in 1377 bytes} [Sat Aug 27 01:01:04 2022] GET /placement/allocations/3d98ff34-e63a-468a-97fc-1656633b1716 => generated 259 bytes in 23 msecs (HTTP/1.1 200) 8 headers in 296 bytes (2 switches on core 0)
Aug 27 01:01:07.713259 n-d-850499-7 devstack@placement-api.service[119944]: DEBUG placement.requestlog [req-8d278e7a-57e1-4624-bbf1-b9908725136f req-723dd69c-4b62-41da-aeaa-318082ca9d5d None None] Starting request: 10.222.0.62 "GET /placement/allocation_candidates?limit=1000&resources=DISK_GB%3A1%2CMEMORY_MB%3A1024%2CVCPU%3A1&root_required=%21COMPUTE_STATUS_DISABLED" {{(pid=119944) __call__ /opt/stack/placement/placement/requestlog.py:55}}
Aug 27 01:01:07.913725 n-d-850499-7 devstack@placement-api.service[119944]: DEBUG placement.objects.research_context [req-8d278e7a-57e1-4624-bbf1-b9908725136f req-723dd69c-4b62-41da-aeaa-318082ca9d5d service placement] getting providers with 1 DISK_GB {{(pid=119944) __init__ /opt/stack/placement/placement/objects/research_context.py:136}}
Aug 27 01:01:07.922943 n-d-850499-7 devstack@placement-api.service[119944]: DEBUG placement.objects.research_context [req-8d278e7a-57e1-4624-bbf1-b9908725136f req-723dd69c-4b62-41da-aeaa-318082ca9d5d service placement] getting providers with 1024 MEMORY_MB {{(pid=119944) __init__ /opt/stack/placement/placement/objects/research_context.py:136}}
Aug 27 01:01:07.933232 n-d-850499-7 devstack@placement-api.service[119944]: DEBUG placement.objects.research_context [req-8d278e7a-57e1-4624-bbf1-b9908725136f req-723dd69c-4b62-41da-aeaa-318082ca9d5d service placement] getting providers with 1 VCPU {{(pid=119944) __init__ /opt/stack/placement/placement/objects/research_context.py:136}}
Aug 27 01:01:07.950792 n-d-850499-7 devstack@placement-api.service[119944]: DEBUG placement.objects.research_context [req-8d278e7a-57e1-4624-bbf1-b9908725136f req-723dd69c-4b62-41da-aeaa-318082ca9d5d service placement] found 2 providers with available 1 DISK_GB {{(pid=119944) get_provider_ids_matching /opt/stack/placement/placement/objects/research_context.py:563}}
Aug 27 01:01:07.951083 n-d-850499-7 devstack@placement-api.service[119944]: DEBUG placement.objects.research_context [req-8d278e7a-57e1-4624-bbf1-b9908725136f req-723dd69c-4b62-41da-aeaa-318082ca9d5d service placement] found 2 providers with available 1024 MEMORY_MB {{(pid=119944) get_provider_ids_matching /opt/stack/placement/placement/objects/research_context.py:563}}
Aug 27 01:01:07.951345 n-d-850499-7 devstack@placement-api.service[119944]: DEBUG placement.objects.research_context [req-8d278e7a-57e1-4624-bbf1-b9908725136f req-723dd69c-4b62-41da-aeaa-318082ca9d5d service placement] found 2 providers after filtering by previous result {{(pid=119944) get_provider_ids_matching /opt/stack/placement/placement/objects/research_context.py:594}}
Aug 27 01:01:07.951665 n-d-850499-7 devstack@placement-api.service[119944]: DEBUG placement.objects.research_context [req-8d278e7a-57e1-4624-bbf1-b9908725136f req-723dd69c-4b62-41da-aeaa-318082ca9d5d service placement] found 2 providers with available 1 VCPU {{(pid=119944) get_provider_ids_matching /opt/stack/placement/placement/objects/research_context.py:563}}
Aug 27 01:01:07.951957 n-d-850499-7 devstack@placement-api.service[119944]: DEBUG placement.objects.research_context [req-8d278e7a-57e1-4624-bbf1-b9908725136f req-723dd69c-4b62-41da-aeaa-318082ca9d5d service placement] found 2 providers after filtering by previous result {{(pid=119944) get_provider_ids_matching /opt/stack/placement/placement/objects/research_context.py:594}}
Aug 27 01:01:07.982373 n-d-850499-7 devstack@placement-api.service[119944]: DEBUG placement.objects.allocation_candidate [req-8d278e7a-57e1-4624-bbf1-b9908725136f req-723dd69c-4b62-41da-aeaa-318082ca9d5d service placement] RequestGroup(use_same_provider=False, resources={DISK_GB:1, MEMORY_MB:1024, VCPU:1}, traits=(), aggregates=[]) (suffix '') returned 2 matches {{(pid=119944) _get_by_requests /opt/stack/placement/placement/objects/allocation_candidate.py:156}}
Aug 27 01:01:07.999186 n-d-850499-7 devstack@placement-api.service[119944]: DEBUG placement.objects.allocation_candidate [req-8d278e7a-57e1-4624-bbf1-b9908725136f req-723dd69c-4b62-41da-aeaa-318082ca9d5d service placement] Merging candidates yields 2 allocation requests and 2 provider summaries {{(pid=119944) _merge_candidates /opt/stack/placement/placement/objects/allocation_candidate.py:809}}
Aug 27 01:01:07.999186 n-d-850499-7 devstack@placement-api.service[119944]: INFO placement.requestlog [req-8d278e7a-57e1-4624-bbf1-b9908725136f req-723dd69c-4b62-41da-aeaa-318082ca9d5d service placement] 10.222.0.62 "GET /placement/allocation_candidates?limit=1000&resources=DISK_GB%3A1%2CMEMORY_MB%3A1024%2CVCPU%3A1&root_required=%21COMPUTE_STATUS_DISABLED" status: 200 len: 1309 microversion: 1.36
Aug 27 01:01:07.999186 n-d-850499-7 devstack@placement-api.service[119944]: [pid: 119944|app: 0|req: 147/283] 10.222.0.62 () {60 vars in 1506 bytes} [Sat Aug 27 01:01:07 2022] GET /placement/allocation_candidates?limit=1000&resources=DISK_GB%3A1%2CMEMORY_MB%3A1024%2CVCPU%3A1&root_required=%21COMPUTE_STATUS_DISABLED => generated 1309 bytes in 279 msecs (HTTP/1.1 200) 8 headers in 297 bytes (2 switches on core 0)
