Aug 27 01:07:27.741243 n-d-850499-7 devstack@placement-api.service[119944]: DEBUG placement.requestlog [req-354abf5f-0edd-41f1-a182-d241613c9d48 req-e5feaf06-c2ca-4211-b768-8b038ad724dc None None] Starting request: 10.222.0.75 "GET /placement/allocations/5dd1b404-9f78-42df-ab46-8f130f8666c8" {{(pid=119944) __call__ /opt/stack/placement/placement/requestlog.py:55}}
Aug 27 01:07:27.778199 n-d-850499-7 devstack@placement-api.service[119944]: INFO placement.requestlog [req-354abf5f-0edd-41f1-a182-d241613c9d48 req-e5feaf06-c2ca-4211-b768-8b038ad724dc service placement] 10.222.0.75 "GET /placement/allocations/5dd1b404-9f78-42df-ab46-8f130f8666c8" status: 200 len: 259 microversion: 1.28
Aug 27 01:07:27.779104 n-d-850499-7 devstack@placement-api.service[119944]: [pid: 119944|app: 0|req: 637/1256] 10.222.0.75 () {60 vars in 1377 bytes} [Sat Aug 27 01:07:27 2022] GET /placement/allocations/5dd1b404-9f78-42df-ab46-8f130f8666c8 => generated 259 bytes in 40 msecs (HTTP/1.1 200) 8 headers in 296 bytes (1 switches on core 0)
Aug 27 01:07:28.524525 n-d-850499-7 devstack@placement-api.service[119943]: DEBUG placement.requestlog [req-c08e250b-17a7-427a-8a44-1f20cfdb4cb5 req-eb9f8793-3283-4007-a986-5f8df81129f0 None None] Starting request: 10.222.0.62 "GET /placement/allocation_candidates?limit=1000&resources=MEMORY_MB%3A1024%2CVCPU%3A1&root_required=%21COMPUTE_STATUS_DISABLED" {{(pid=119943) __call__ /opt/stack/placement/placement/requestlog.py:55}}
Aug 27 01:07:28.607520 n-d-850499-7 devstack@placement-api.service[119943]: DEBUG placement.objects.research_context [req-c08e250b-17a7-427a-8a44-1f20cfdb4cb5 req-eb9f8793-3283-4007-a986-5f8df81129f0 service placement] getting providers with 1024 MEMORY_MB {{(pid=119943) __init__ /opt/stack/placement/placement/objects/research_context.py:136}}
Aug 27 01:07:28.628725 n-d-850499-7 devstack@placement-api.service[119943]: DEBUG placement.objects.research_context [req-c08e250b-17a7-427a-8a44-1f20cfdb4cb5 req-eb9f8793-3283-4007-a986-5f8df81129f0 service placement] getting providers with 1 VCPU {{(pid=119943) __init__ /opt/stack/placement/placement/objects/research_context.py:136}}
Aug 27 01:07:28.648961 n-d-850499-7 devstack@placement-api.service[119943]: DEBUG placement.objects.research_context [req-c08e250b-17a7-427a-8a44-1f20cfdb4cb5 req-eb9f8793-3283-4007-a986-5f8df81129f0 service placement] found 2 providers with available 1024 MEMORY_MB {{(pid=119943) get_provider_ids_matching /opt/stack/placement/placement/objects/research_context.py:563}}
Aug 27 01:07:28.649254 n-d-850499-7 devstack@placement-api.service[119943]: DEBUG placement.objects.research_context [req-c08e250b-17a7-427a-8a44-1f20cfdb4cb5 req-eb9f8793-3283-4007-a986-5f8df81129f0 service placement] found 2 providers with available 1 VCPU {{(pid=119943) get_provider_ids_matching /opt/stack/placement/placement/objects/research_context.py:563}}
Aug 27 01:07:28.649539 n-d-850499-7 devstack@placement-api.service[119943]: DEBUG placement.objects.research_context [req-c08e250b-17a7-427a-8a44-1f20cfdb4cb5 req-eb9f8793-3283-4007-a986-5f8df81129f0 service placement] found 2 providers after filtering by previous result {{(pid=119943) get_provider_ids_matching /opt/stack/placement/placement/objects/research_context.py:594}}
Aug 27 01:07:28.675022 n-d-850499-7 devstack@placement-api.service[119943]: DEBUG placement.objects.allocation_candidate [req-c08e250b-17a7-427a-8a44-1f20cfdb4cb5 req-eb9f8793-3283-4007-a986-5f8df81129f0 service placement] RequestGroup(use_same_provider=False, resources={MEMORY_MB:1024, VCPU:1}, traits=(), aggregates=[]) (suffix '') returned 2 matches {{(pid=119943) _get_by_requests /opt/stack/placement/placement/objects/allocation_candidate.py:156}}
Aug 27 01:07:28.675678 n-d-850499-7 devstack@placement-api.service[119943]: DEBUG placement.objects.allocation_candidate [req-c08e250b-17a7-427a-8a44-1f20cfdb4cb5 req-eb9f8793-3283-4007-a986-5f8df81129f0 service placement] Merging candidates yields 2 allocation requests and 2 provider summaries {{(pid=119943) _merge_candidates /opt/stack/placement/placement/objects/allocation_candidate.py:809}}
Aug 27 01:07:28.677517 n-d-850499-7 devstack@placement-api.service[119943]: INFO placement.requestlog [req-c08e250b-17a7-427a-8a44-1f20cfdb4cb5 req-eb9f8793-3283-4007-a986-5f8df81129f0 service placement] 10.222.0.62 "GET /placement/allocation_candidates?limit=1000&resources=MEMORY_MB%3A1024%2CVCPU%3A1&root_required=%21COMPUTE_STATUS_DISABLED" status: 200 len: 1281 microversion: 1.36
Aug 27 01:07:28.677897 n-d-850499-7 devstack@placement-api.service[119943]: [pid: 119943|app: 0|req: 620/1257] 10.222.0.62 () {60 vars in 1478 bytes} [Sat Aug 27 01:07:28 2022] GET /placement/allocation_candidates?limit=1000&resources=MEMORY_MB%3A1024%2CVCPU%3A1&root_required=%21COMPUTE_STATUS_DISABLED => generated 1281 bytes in 154 msecs (HTTP/1.1 200) 8 headers in 297 bytes (1 switches on core 0)
Aug 27 01:07:28.837453 n-d-850499-7 devstack@placement-api.service[119944]: DEBUG placement.requestlog [req-c08e250b-17a7-427a-8a44-1f20cfdb4cb5 req-47168874-607b-46d6-a252-7b8d082d55c8 None None] Starting request: 10.222.0.62 "GET /placement/allocations/34abbfa8-3d1b-43b4-839e-247bf07d7067" {{(pid=119944) __call__ /opt/stack/placement/placement/requestlog.py:55}}
Aug 27 01:07:28.858973 n-d-850499-7 devstack@placement-api.service[119944]: INFO placement.requestlog [req-c08e250b-17a7-427a-8a44-1f20cfdb4cb5 req-47168874-607b-46d6-a252-7b8d082d55c8 service placement] 10.222.0.62 "GET /placement/allocations/34abbfa8-3d1b-43b4-839e-247bf07d7067" status: 200 len: 19 microversion: 1.28
Aug 27 01:07:28.859360 n-d-850499-7 devstack@placement-api.service[119944]: [pid: 119944|app: 0|req: 638/1258] 10.222.0.62 () {60 vars in 1380 bytes} [Sat Aug 27 01:07:28 2022] GET /placement/allocations/34abbfa8-3d1b-43b4-839e-247bf07d7067 => generated 19 bytes in 22 msecs (HTTP/1.1 200) 8 headers in 295 bytes (1 switches on core 0)
Aug 27 01:07:28.871512 n-d-850499-7 devstack@placement-api.service[119943]: DEBUG placement.requestlog [req-c08e250b-17a7-427a-8a44-1f20cfdb4cb5 req-2edfe68d-1dbc-4fdc-b018-0b40b7f8f1b1 None None] Starting request: 10.222.0.62 "PUT /placement/allocations/34abbfa8-3d1b-43b4-839e-247bf07d7067" {{(pid=119943) __call__ /opt/stack/placement/placement/requestlog.py:55}}
Aug 27 01:07:29.098488 n-d-850499-7 devstack@placement-api.service[119944]: DEBUG placement.requestlog [req-acbb7218-6fb2-4ff5-abef-ccef4ffb0c85 req-7905ec52-5da9-4080-8eab-78d97af4f0ae None None] Starting request: 10.222.0.91 "GET /placement/resource_providers/ff4c4122-0093-4240-9eb7-a8ec9902b8ed/allocations" {{(pid=119944) __call__ /opt/stack/placement/placement/requestlog.py:55}}
Aug 27 01:07:29.180991 n-d-850499-7 devstack@placement-api.service[119944]: INFO placement.requestlog [req-acbb7218-6fb2-4ff5-abef-ccef4ffb0c85 req-7905ec52-5da9-4080-8eab-78d97af4f0ae service placement] 10.222.0.91 "GET /placement/resource_providers/ff4c4122-0093-4240-9eb7-a8ec9902b8ed/allocations" status: 200 len: 760 microversion: 1.0
Aug 27 01:07:29.182062 n-d-850499-7 devstack@placement-api.service[119944]: [pid: 119944|app: 0|req: 639/1259] 10.222.0.91 () {58 vars in 1390 bytes} [Sat Aug 27 01:07:29 2022] GET /placement/resource_providers/ff4c4122-0093-4240-9eb7-a8ec9902b8ed/allocations => generated 760 bytes in 84 msecs (HTTP/1.1 200) 6 headers in 224 bytes (1 switches on core 0)
Aug 27 01:07:29.183085 n-d-850499-7 devstack@placement-api.service[119944]: DEBUG placement.requestlog [req-d8b9291d-5c0c-49dc-be96-7e9dcfd991ee req-704acfd7-fb93-49bf-a450-b08dc893d4a5 None None] Starting request: 10.222.0.75 "GET /placement/resource_providers/215b8737-6327-421e-aff6-5275fb783a5b/allocations" {{(pid=119944) __call__ /opt/stack/placement/placement/requestlog.py:55}}
Aug 27 01:07:29.201399 n-d-850499-7 devstack@placement-api.service[119943]: DEBUG placement.handlers.allocation [req-c08e250b-17a7-427a-8a44-1f20cfdb4cb5 req-2edfe68d-1dbc-4fdc-b018-0b40b7f8f1b1 service placement] Successfully wrote allocations [, ] {{(pid=119943) _update_consumers_and_create_allocations /opt/stack/placement/placement/handlers/allocation.py:462}}
Aug 27 01:07:29.267396 n-d-850499-7 devstack@placement-api.service[119944]: INFO placement.requestlog [req-d8b9291d-5c0c-49dc-be96-7e9dcfd991ee req-704acfd7-fb93-49bf-a450-b08dc893d4a5 service placement] 10.222.0.75 "GET /placement/resource_providers/215b8737-6327-421e-aff6-5275fb783a5b/allocations" status: 200 len: 530 microversion: 1.0
Aug 27 01:07:29.270817 n-d-850499-7 devstack@placement-api.service[119944]: [pid: 119944|app: 0|req: 640/1260] 10.222.0.75 () {58 vars in 1390 bytes} [Sat Aug 27 01:07:29 2022] GET /placement/resource_providers/215b8737-6327-421e-aff6-5275fb783a5b/allocations => generated 530 bytes in 88 msecs (HTTP/1.1 200) 6 headers in 224 bytes (1 switches on core 0)
Aug 27 01:07:29.276036 n-d-850499-7 devstack@placement-api.service[119944]: DEBUG placement.requestlog [req-acbb7218-6fb2-4ff5-abef-ccef4ffb0c85 req-8114b2ce-72ba-4d9f-8434-70fa92448245 None None] Starting request: 10.222.0.91 "GET /placement/allocations/986a18d2-deb1-458e-b43a-872e4897ed58" {{(pid=119944) __call__ /opt/stack/placement/placement/requestlog.py:55}}
Aug 27 01:07:29.290327 n-d-850499-7 devstack@placement-api.service[119943]: INFO placement.requestlog [req-c08e250b-17a7-427a-8a44-1f20cfdb4cb5 req-2edfe68d-1dbc-4fdc-b018-0b40b7f8f1b1 service placement] 10.222.0.62 "PUT /placement/allocations/34abbfa8-3d1b-43b4-839e-247bf07d7067" status: 204 len: 0 microversion: 1.36
Aug 27 01:07:29.291901 n-d-850499-7 devstack@placement-api.service[119943]: [pid: 119943|app: 0|req: 621/1261] 10.222.0.62 () {64 vars in 1433 bytes} [Sat Aug 27 01:07:28 2022] PUT /placement/allocations/34abbfa8-3d1b-43b4-839e-247bf07d7067 => generated 0 bytes in 425 msecs (HTTP/1.1 204) 5 headers in 199 bytes (1 switches on core 0)
Aug 27 01:07:29.293276 n-d-850499-7 devstack@placement-api.service[119943]: DEBUG placement.requestlog [req-d8b9291d-5c0c-49dc-be96-7e9dcfd991ee req-542e328d-42a6-418a-bd47-9020378b2615 None None] Starting request: 10.222.0.75 "GET /placement/allocations/98a130ca-7aa2-4440-9a10-aef7c15e96c6" {{(pid=119943) __call__ /opt/stack/placement/placement/requestlog.py:55}}
Aug 27 01:07:29.331273 n-d-850499-7 devstack@placement-api.service[119944]: INFO placement.requestlog [req-acbb7218-6fb2-4ff5-abef-ccef4ffb0c85 req-8114b2ce-72ba-4d9f-8434-70fa92448245 service placement] 10.222.0.91 "GET /placement/allocations/986a18d2-deb1-458e-b43a-872e4897ed58" status: 200 len: 259 microversion: 1.28
Aug 27 01:07:29.332271 n-d-850499-7 devstack@placement-api.service[119944]: [pid: 119944|app: 0|req: 641/1262] 10.222.0.91 () {60 vars in 1377 bytes} [Sat Aug 27 01:07:29 2022] GET /placement/allocations/986a18d2-deb1-458e-b43a-872e4897ed58 => generated 259 bytes in 57 msecs (HTTP/1.1 200) 8 headers in 296 bytes (1 switches on core 0)
Aug 27 01:07:29.356273 n-d-850499-7 devstack@placement-api.service[119944]: DEBUG placement.requestlog [req-acbb7218-6fb2-4ff5-abef-ccef4ffb0c85 req-95ec83a1-07a8-4a3a-ba62-219f1f65f66f None None] Starting request: 10.222.0.91 "GET /placement/allocations/c703b076-fcf6-4449-8fef-71bcf0e020b7" {{(pid=119944) __call__ /opt/stack/placement/placement/requestlog.py:55}}
Aug 27 01:07:29.375302 n-d-850499-7 devstack@placement-api.service[119943]: INFO placement.requestlog [req-d8b9291d-5c0c-49dc-be96-7e9dcfd991ee req-542e328d-42a6-418a-bd47-9020378b2615 service placement] 10.222.0.75 "GET /placement/allocations/98a130ca-7aa2-4440-9a10-aef7c15e96c6" status: 200 len: 245 microversion: 1.28
Aug 27 01:07:29.392635 n-d-850499-7 devstack@placement-api.service[119943]: [pid: 119943|app: 0|req: 622/1263] 10.222.0.75 () {60 vars in 1377 bytes} [Sat Aug 27 01:07:29 2022] GET /placement/allocations/98a130ca-7aa2-4440-9a10-aef7c15e96c6 => generated 245 bytes in 100 msecs (HTTP/1.1 200) 8 headers in 296 bytes (1 switches on core 0)
Aug 27 01:07:29.393391 n-d-850499-7 devstack@placement-api.service[119943]: DEBUG placement.requestlog [req-d8b9291d-5c0c-49dc-be96-7e9dcfd991ee req-32a30afb-eaa7-4c53-b591-b67a49ba5da3 None None] Starting request: 10.222.0.75 "GET /placement/allocations/98577473-70b5-48eb-998e-9ee353e93fab" {{(pid=119943) __call__ /opt/stack/placement/placement/requestlog.py:55}}
Aug 27 01:07:29.435180 n-d-850499-7 devstack@placement-api.service[119944]: INFO placement.requestlog [req-acbb7218-6fb2-4ff5-abef-ccef4ffb0c85 req-95ec83a1-07a8-4a3a-ba62-219f1f65f66f service placement] 10.222.0.91 "GET /placement/allocations/c703b076-fcf6-4449-8fef-71bcf0e020b7" status: 200 len: 259 microversion: 1.28
Aug 27 01:07:29.441651 n-d-850499-7 devstack@placement-api.service[119944]: [pid: 119944|app: 0|req: 642/1264] 10.222.0.91 () {60 vars in 1377 bytes} [Sat Aug 27 01:07:29 2022] GET /placement/allocations/c703b076-fcf6-4449-8fef-71bcf0e020b7 => generated 259 bytes in 86 msecs (HTTP/1.1 200) 8 headers in 296 bytes (1 switches on core 0)
Aug 27 01:07:29.456758 n-d-850499-7 devstack@placement-api.service[119944]: DEBUG placement.requestlog [req-acbb7218-6fb2-4ff5-abef-ccef4ffb0c85 req-0acdafdc-8131-4298-a80d-c2b1189ac0d8 None None] Starting request: 10.222.0.91 "GET /placement/allocations/50168a66-98e3-44e1-966c-9429ecd34d1c" {{(pid=119944) __call__ /opt/stack/placement/placement/requestlog.py:55}}
Aug 27 01:07:29.476187 n-d-850499-7 devstack@placement-api.service[119943]: INFO placement.requestlog [req-d8b9291d-5c0c-49dc-be96-7e9dcfd991ee req-32a30afb-eaa7-4c53-b591-b67a49ba5da3 service placement] 10.222.0.75 "GET /placement/allocations/98577473-70b5-48eb-998e-9ee353e93fab" status: 200 len: 259 microversion: 1.28
Aug 27 01:07:29.486417 n-d-850499-7 devstack@placement-api.service[119943]: [pid: 119943|app: 0|req: 623/1265] 10.222.0.75 () {60 vars in 1377 bytes} [Sat Aug 27 01:07:29 2022] GET /placement/allocations/98577473-70b5-48eb-998e-9ee353e93fab => generated 259 bytes in 91 msecs (HTTP/1.1 200) 8 headers in 296 bytes (1 switches on core 0)
Aug 27 01:07:29.487755 n-d-850499-7 devstack@placement-api.service[119943]: DEBUG placement.requestlog [req-d8b9291d-5c0c-49dc-be96-7e9dcfd991ee req-f16e8c55-3842-43a6-b09d-1b760e549d56 None None] Starting request: 10.222.0.75 "GET /placement/allocations/ef91caa1-e991-4b4f-a829-d069ef1550b2" {{(pid=119943) __call__ /opt/stack/placement/placement/requestlog.py:55}}
Aug 27 01:07:29.495558 n-d-850499-7 devstack@placement-api.service[119944]: DEBUG dbcounter [-] [119944] Writing DB stats placement:SELECT=90,placement:INSERT=6,placement:DELETE=2,placement:UPDATE=2 {{(pid=119944) stat_writer /usr/local/lib/python3.8/dist-packages/dbcounter.py:114}}
Aug 27 01:07:29.523142 n-d-850499-7 devstack@placement-api.service[119944]: INFO placement.requestlog [req-acbb7218-6fb2-4ff5-abef-ccef4ffb0c85 req-0acdafdc-8131-4298-a80d-c2b1189ac0d8 service placement] 10.222.0.91 "GET /placement/allocations/50168a66-98e3-44e1-966c-9429ecd34d1c" status: 200 len: 259 microversion: 1.28
Aug 27 01:07:29.526694 n-d-850499-7 devstack@placement-api.service[119944]: [pid: 119944|app: 0|req: 643/1266] 10.222.0.91 () {60 vars in 1377 bytes} [Sat Aug 27 01:07:29 2022] GET /placement/allocations/50168a66-98e3-44e1-966c-9429ecd34d1c => generated 259 bytes in 67 msecs (HTTP/1.1 200) 8 headers in 296 bytes (1 switches on core 0)
Aug 27 01:07:29.548330 n-d-850499-7 devstack@placement-api.service[119943]: DEBUG dbcounter [-] [119943] Writing DB stats placement:SELECT=89,placement:DELETE=4,placement:UPDATE=4,placement:INSERT=3 {{(pid=119943) stat_writer /usr/local/lib/python3.8/dist-packages/dbcounter.py:114}}
Aug 27 01:07:29.555898 n-d-850499-7 devstack@placement-api.service[119944]: DEBUG placement.requestlog [req-acbb7218-6fb2-4ff5-abef-ccef4ffb0c85 req-53de8341-6b67-43a5-b680-8c8fb172d07c None None] Starting request: 10.222.0.91 "GET /placement/allocations/15409f7b-fd50-4769-8e78-1b398349b1ad" {{(pid=119944) __call__ /opt/stack/placement/placement/requestlog.py:55}}
Aug 27 01:07:29.559991 n-d-850499-7 devstack@placement-api.service[119943]: INFO placement.requestlog [req-d8b9291d-5c0c-49dc-be96-7e9dcfd991ee req-f16e8c55-3842-43a6-b09d-1b760e549d56 service placement] 10.222.0.75 "GET /placement/allocations/ef91caa1-e991-4b4f-a829-d069ef1550b2" status: 200 len: 259 microversion: 1.28
Aug 27 01:07:29.562572 n-d-850499-7 devstack@placement-api.service[119943]: [pid: 119943|app: 0|req: 624/1267] 10.222.0.75 () {60 vars in 1377 bytes} [Sat Aug 27 01:07:29 2022] GET /placement/allocations/ef91caa1-e991-4b4f-a829-d069ef1550b2 => generated 259 bytes in 76 msecs (HTTP/1.1 200) 8 headers in 296 bytes (1 switches on core 0)
Aug 27 01:07:29.568261 n-d-850499-7 devstack@placement-api.service[119943]: DEBUG placement.requestlog [req-d8b9291d-5c0c-49dc-be96-7e9dcfd991ee req-1e827605-8bb4-42b4-9a3b-91577742bcdd None None] Starting request: 10.222.0.75 "GET /placement/allocations/2507db58-428d-4144-8d6d-4b5b12a55ac1" {{(pid=119943) __call__ /opt/stack/placement/placement/requestlog.py:55}}
Aug 27 01:07:29.588164 n-d-850499-7 devstack@placement-api.service[119944]: INFO placement.requestlog [req-acbb7218-6fb2-4ff5-abef-ccef4ffb0c85 req-53de8341-6b67-43a5-b680-8c8fb172d07c service placement] 10.222.0.91 "GET /placement/allocations/15409f7b-fd50-4769-8e78-1b398349b1ad" status: 200 len: 259 microversion: 1.28
Aug 27 01:07:29.591293 n-d-850499-7 devstack@placement-api.service[119944]: [pid: 119944|app: 0|req: 644/1268] 10.222.0.91 () {60 vars in 1377 bytes} [Sat Aug 27 01:07:29 2022] GET /placement/allocations/15409f7b-fd50-4769-8e78-1b398349b1ad => generated 259 bytes in 34 msecs (HTTP/1.1 200) 8 headers in 296 bytes (2 switches on core 0)
Aug 27 01:07:29.597673 n-d-850499-7 devstack@placement-api.service[119944]: DEBUG placement.requestlog [req-acbb7218-6fb2-4ff5-abef-ccef4ffb0c85 req-e8a883a5-6a4d-4ff0-98fa-7391bdd58485 None None] Starting request: 10.222.0.91 "GET /placement/allocations/ec99a83c-d106-42fc-920c-cc3cc3dd8cc6" {{(pid=119944) __call__ /opt/stack/placement/placement/requestlog.py:55}}
Aug 27 01:07:29.608515 n-d-850499-7 devstack@placement-api.service[119943]: INFO placement.requestlog [req-d8b9291d-5c0c-49dc-be96-7e9dcfd991ee req-1e827605-8bb4-42b4-9a3b-91577742bcdd service placement] 10.222.0.75 "GET /placement/allocations/2507db58-428d-4144-8d6d-4b5b12a55ac1" status: 200 len: 245 microversion: 1.28
Aug 27 01:07:29.609627 n-d-850499-7 devstack@placement-api.service[119943]: [pid: 119943|app: 0|req: 625/1269] 10.222.0.75 () {60 vars in 1377 bytes} [Sat Aug 27 01:07:29 2022] GET /placement/allocations/2507db58-428d-4144-8d6d-4b5b12a55ac1 => generated 245 bytes in 41 msecs (HTTP/1.1 200) 8 headers in 296 bytes (1 switches on core 0)
Aug 27 01:07:29.616474 n-d-850499-7 devstack@placement-api.service[119943]: DEBUG placement.requestlog [req-d8b9291d-5c0c-49dc-be96-7e9dcfd991ee req-22c873bd-ff53-42ce-80ac-79247476bbc9 None None] Starting request: 10.222.0.75 "GET /placement/allocations/5dd1b404-9f78-42df-ab46-8f130f8666c8" {{(pid=119943) __call__ /opt/stack/placement/placement/requestlog.py:55}}
Aug 27 01:07:29.631328 n-d-850499-7 devstack@placement-api.service[119944]: INFO placement.requestlog [req-acbb7218-6fb2-4ff5-abef-ccef4ffb0c85 req-e8a883a5-6a4d-4ff0-98fa-7391bdd58485 service placement] 10.222.0.91 "GET /placement/allocations/ec99a83c-d106-42fc-920c-cc3cc3dd8cc6" status: 200 len: 259 microversion: 1.28
Aug 27 01:07:29.633070 n-d-850499-7 devstack@placement-api.service[119944]: [pid: 119944|app: 0|req: 645/1270] 10.222.0.91 () {60 vars in 1377 bytes} [Sat Aug 27 01:07:29 2022] GET /placement/allocations/ec99a83c-d106-42fc-920c-cc3cc3dd8cc6 => generated 259 bytes in 36 msecs (HTTP/1.1 200) 8 headers in 296 bytes (2 switches on core 0)
Aug 27 01:07:29.640963 n-d-850499-7 devstack@placement-api.service[119944]: DEBUG placement.requestlog [req-acbb7218-6fb2-4ff5-abef-ccef4ffb0c85 req-774dafc9-d301-493f-bec0-fc69d5d5652e None None] Starting request: 10.222.0.91 "GET /placement/allocations/aa8b3c67-d35a-4936-8cb3-9e6d16308130" {{(pid=119944) __call__ /opt/stack/placement/placement/requestlog.py:55}}
Aug 27 01:07:29.653458 n-d-850499-7 devstack@placement-api.service[119943]: INFO placement.requestlog [req-d8b9291d-5c0c-49dc-be96-7e9dcfd991ee req-22c873bd-ff53-42ce-80ac-79247476bbc9 service placement] 10.222.0.75 "GET /placement/allocations/5dd1b404-9f78-42df-ab46-8f130f8666c8" status: 200 len: 259 microversion: 1.28
Aug 27 01:07:29.654695 n-d-850499-7 devstack@placement-api.service[119943]: [pid: 119943|app: 0|req: 626/1271] 10.222.0.75 () {60 vars in 1377 bytes} [Sat Aug 27 01:07:29 2022] GET /placement/allocations/5dd1b404-9f78-42df-ab46-8f130f8666c8 => generated 259 bytes in 38 msecs (HTTP/1.1 200) 8 headers in 296 bytes (2 switches on core 0)
Aug 27 01:07:29.703550 n-d-850499-7 devstack@placement-api.service[119944]: INFO placement.requestlog [req-acbb7218-6fb2-4ff5-abef-ccef4ffb0c85 req-774dafc9-d301-493f-bec0-fc69d5d5652e service placement] 10.222.0.91 "GET /placement/allocations/aa8b3c67-d35a-4936-8cb3-9e6d16308130" status: 200 len: 259 microversion: 1.28
Aug 27 01:07:29.704940 n-d-850499-7 devstack@placement-api.service[119944]: [pid: 119944|app: 0|req: 646/1272] 10.222.0.91 () {60 vars in 1377 bytes} [Sat Aug 27 01:07:29 2022] GET /placement/allocations/aa8b3c67-d35a-4936-8cb3-9e6d16308130 => generated 259 bytes in 64 msecs (HTTP/1.1 200) 8 headers in 296 bytes (1 switches on core 0)
Aug 27 01:07:29.715325 n-d-850499-7 devstack@placement-api.service[119943]: DEBUG placement.requestlog [req-acbb7218-6fb2-4ff5-abef-ccef4ffb0c85 req-6b8f2a8e-da0a-4ae2-baf8-9a43b50bc29f None None] Starting request: 10.222.0.91 "GET /placement/allocations/41c8d533-6526-4a23-9332-c6b2915e520b" {{(pid=119943) __call__ /opt/stack/placement/placement/requestlog.py:55}}
Aug 27 01:07:29.750555 n-d-850499-7 devstack@placement-api.service[119943]: INFO placement.requestlog [req-acbb7218-6fb2-4ff5-abef-ccef4ffb0c85 req-6b8f2a8e-da0a-4ae2-baf8-9a43b50bc29f service placement] 10.222.0.91 "GET /placement/allocations/41c8d533-6526-4a23-9332-c6b2915e520b" status: 200 len: 259 microversion: 1.28
Aug 27 01:07:29.752095 n-d-850499-7 devstack@placement-api.service[119943]: [pid: 119943|app: 0|req: 627/1273] 10.222.0.91 () {60 vars in 1377 bytes} [Sat Aug 27 01:07:29 2022] GET /placement/allocations/41c8d533-6526-4a23-9332-c6b2915e520b => generated 259 bytes in 39 msecs (HTTP/1.1 200) 8 headers in 296 bytes (1 switches on core 0)
Aug 27 01:07:29.916292 n-d-850499-7 devstack@placement-api.service[119944]: DEBUG placement.requestlog [req-d8b9291d-5c0c-49dc-be96-7e9dcfd991ee req-f60342f2-0bc3-4b7d-9612-426135e893b1 None None] Starting request: 10.222.0.75 "DELETE /placement/allocations/2507db58-428d-4144-8d6d-4b5b12a55ac1" {{(pid=119944) __call__ /opt/stack/placement/placement/requestlog.py:55}}
Aug 27 01:07:30.234984 n-d-850499-7 devstack@placement-api.service[119944]: DEBUG placement.handlers.allocation [req-d8b9291d-5c0c-49dc-be96-7e9dcfd991ee req-f60342f2-0bc3-4b7d-9612-426135e893b1 service placement] Successfully deleted allocations [, ] {{(pid=119944) delete_allocations /opt/stack/placement/placement/handlers/allocation.py:627}}
Aug 27 01:07:30.235729 n-d-850499-7 devstack@placement-api.service[119944]: INFO placement.requestlog [req-d8b9291d-5c0c-49dc-be96-7e9dcfd991ee req-f60342f2-0bc3-4b7d-9612-426135e893b1 service placement] 10.222.0.75 "DELETE /placement/allocations/2507db58-428d-4144-8d6d-4b5b12a55ac1" status: 204 len: 0 microversion: 1.0
Aug 27 01:07:30.238570 n-d-850499-7 devstack@placement-api.service[119944]: [pid: 119944|app: 0|req: 647/1274] 10.222.0.75 () {60 vars in 1355 bytes} [Sat Aug 27 01:07:29 2022] DELETE /placement/allocations/2507db58-428d-4144-8d6d-4b5b12a55ac1 => generated 0 bytes in 330 msecs (HTTP/1.1 204) 5 headers in 198 bytes (1 switches on core 0)
Aug 27 01:07:30.250679 n-d-850499-7 devstack@placement-api.service[119943]: DEBUG placement.requestlog [req-2632f2d9-c2bf-4435-90b3-3c7c8f562932 req-ff578e8c-17b8-4198-9696-f0b0bedafc56 None None] Starting request: 10.222.0.91 "GET /placement/resource_providers/ff4c4122-0093-4240-9eb7-a8ec9902b8ed/allocations" {{(pid=119943) __call__ /opt/stack/placement/placement/requestlog.py:55}}
Aug 27 01:07:30.303588 n-d-850499-7 devstack@placement-api.service[119943]: INFO placement.requestlog [req-2632f2d9-c2bf-4435-90b3-3c7c8f562932 req-ff578e8c-17b8-4198-9696-f0b0bedafc56 service placement] 10.222.0.91 "GET /placement/resource_providers/ff4c4122-0093-4240-9eb7-a8ec9902b8ed/allocations" status: 200 len: 847 microversion: 1.0
Aug 27 01:07:30.304520 n-d-850499-7 devstack@placement-api.service[119943]: [pid: 119943|app: 0|req: 628/1275] 10.222.0.91 () {58 vars in 1390 bytes} [Sat Aug 27 01:07:30 2022] GET /placement/resource_providers/ff4c4122-0093-4240-9eb7-a8ec9902b8ed/allocations => generated 847 bytes in 54 msecs (HTTP/1.1 200) 6 headers in 224 bytes (1 switches on core 0)
Aug 27 01:07:30.312997 n-d-850499-7 devstack@placement-api.service[119944]: DEBUG placement.requestlog [req-2632f2d9-c2bf-4435-90b3-3c7c8f562932 req-ab89f66f-c003-4b0f-83ef-33a160f532c4 None None] Starting request: 10.222.0.91 "GET /placement/allocations/15409f7b-fd50-4769-8e78-1b398349b1ad" {{(pid=119944) __call__ /opt/stack/placement/placement/requestlog.py:55}}
Aug 27 01:07:30.338351 n-d-850499-7 devstack@placement-api.service[119944]: INFO placement.requestlog [req-2632f2d9-c2bf-4435-90b3-3c7c8f562932 req-ab89f66f-c003-4b0f-83ef-33a160f532c4 service placement] 10.222.0.91 "GET /placement/allocations/15409f7b-fd50-4769-8e78-1b398349b1ad" status: 200 len: 259 microversion: 1.28
Aug 27 01:07:30.339341 n-d-850499-7 devstack@placement-api.service[119944]: [pid: 119944|app: 0|req: 648/1276] 10.222.0.91 () {60 vars in 1377 bytes} [Sat Aug 27 01:07:30 2022] GET /placement/allocations/15409f7b-fd50-4769-8e78-1b398349b1ad => generated 259 bytes in 27 msecs (HTTP/1.1 200) 8 headers in 296 bytes (1 switches on core 0)
Aug 27 01:07:30.353745 n-d-850499-7 devstack@placement-api.service[119943]: DEBUG placement.requestlog [req-2632f2d9-c2bf-4435-90b3-3c7c8f562932 req-ee0936f7-3116-4c37-9bc5-1d32a73dd173 None None] Starting request: 10.222.0.91 "GET /placement/allocations/50168a66-98e3-44e1-966c-9429ecd34d1c" {{(pid=119943) __call__ /opt/stack/placement/placement/requestlog.py:55}}
Aug 27 01:07:30.401408 n-d-850499-7 devstack@placement-api.service[119943]: INFO placement.requestlog [req-2632f2d9-c2bf-4435-90b3-3c7c8f562932 req-ee0936f7-3116-4c37-9bc5-1d32a73dd173 service placement] 10.222.0.91 "GET /placement/allocations/50168a66-98e3-44e1-966c-9429ecd34d1c" status: 200 len: 259 microversion: 1.28
Aug 27 01:07:30.402355 n-d-850499-7 devstack@placement-api.service[119943]: [pid: 119943|app: 0|req: 629/1277] 10.222.0.91 () {60 vars in 1377 bytes} [Sat Aug 27 01:07:30 2022] GET /placement/allocations/50168a66-98e3-44e1-966c-9429ecd34d1c => generated 259 bytes in 50 msecs (HTTP/1.1 200) 8 headers in 296 bytes (1 switches on core 0)
Aug 27 01:07:30.418367 n-d-850499-7 devstack@placement-api.service[119944]: DEBUG placement.requestlog [req-2632f2d9-c2bf-4435-90b3-3c7c8f562932 req-9b00bdd5-aeee-4889-9f78-e41ffb6199db None None] Starting request: 10.222.0.91 "GET /placement/allocations/34abbfa8-3d1b-43b4-839e-247bf07d7067" {{(pid=119944) __call__ /opt/stack/placement/placement/requestlog.py:55}}
Aug 27 01:07:30.446298 n-d-850499-7 devstack@placement-api.service[119944]: INFO placement.requestlog [req-2632f2d9-c2bf-4435-90b3-3c7c8f562932 req-9b00bdd5-aeee-4889-9f78-e41ffb6199db service placement] 10.222.0.91 "GET /placement/allocations/34abbfa8-3d1b-43b4-839e-247bf07d7067" status: 200 len: 245 microversion: 1.28
Aug 27 01:07:30.450404 n-d-850499-7 devstack@placement-api.service[119944]: [pid: 119944|app: 0|req: 649/1278] 10.222.0.91 () {60 vars in 1377 bytes} [Sat Aug 27 01:07:30 2022] GET /placement/allocations/34abbfa8-3d1b-43b4-839e-247bf07d7067 => generated 245 bytes in 32 msecs (HTTP/1.1 200) 8 headers in 296 bytes (1 switches on core 0)
Aug 27 01:07:30.457452 n-d-850499-7 devstack@placement-api.service[119943]: DEBUG placement.requestlog [req-2632f2d9-c2bf-4435-90b3-3c7c8f562932 req-fde09fc3-4aa1-4db4-a051-af9ea1dc05d4 None None] Starting request: 10.222.0.91 "GET /placement/allocations/41c8d533-6526-4a23-9332-c6b2915e520b" {{(pid=119943) __call__ /opt/stack/placement/placement/requestlog.py:55}}
Aug 27 01:07:30.512743 n-d-850499-7 devstack@placement-api.service[119943]: INFO placement.requestlog [req-2632f2d9-c2bf-4435-90b3-3c7c8f562932 req-fde09fc3-4aa1-4db4-a051-af9ea1dc05d4 service placement] 10.222.0.91 "GET /placement/allocations/41c8d533-6526-4a23-9332-c6b2915e520b" status: 200 len: 259 microversion: 1.28
Aug 27 01:07:30.514257 n-d-850499-7 devstack@placement-api.service[119943]: [pid: 119943|app: 0|req: 630/1279] 10.222.0.91 () {60 vars in 1377 bytes} [Sat Aug 27 01:07:30 2022] GET /placement/allocations/41c8d533-6526-4a23-9332-c6b2915e520b => generated 259 bytes in 56 msecs (HTTP/1.1 200) 8 headers in 296 bytes (1 switches on core 0)
Aug 27 01:07:30.520357 n-d-850499-7 devstack@placement-api.service[119944]: DEBUG placement.requestlog [req-2632f2d9-c2bf-4435-90b3-3c7c8f562932 req-cbc18c06-d480-4a26-b22b-1501091738f7 None None] Starting request: 10.222.0.91 "GET /placement/allocations/986a18d2-deb1-458e-b43a-872e4897ed58" {{(pid=119944) __call__ /opt/stack/placement/placement/requestlog.py:55}}
Aug 27 01:07:30.564763 n-d-850499-7 devstack@placement-api.service[119944]: INFO placement.requestlog [req-2632f2d9-c2bf-4435-90b3-3c7c8f562932 req-cbc18c06-d480-4a26-b22b-1501091738f7 service placement] 10.222.0.91 "GET /placement/allocations/986a18d2-deb1-458e-b43a-872e4897ed58" status: 200 len: 259 microversion: 1.28
Aug 27 01:07:30.567659 n-d-850499-7 devstack@placement-api.service[119944]: [pid: 119944|app: 0|req: 650/1280] 10.222.0.91 () {60 vars in 1377 bytes} [Sat Aug 27 01:07:30 2022] GET /placement/allocations/986a18d2-deb1-458e-b43a-872e4897ed58 => generated 259 bytes in 47 msecs (HTTP/1.1 200) 8 headers in 296 bytes (1 switches on core 0)
Aug 27 01:07:30.575052 n-d-850499-7 devstack@placement-api.service[119943]: DEBUG placement.requestlog [req-2632f2d9-c2bf-4435-90b3-3c7c8f562932 req-60281841-0858-4dc4-8816-ae1185afacfd None None] Starting request: 10.222.0.91 "GET /placement/allocations/c703b076-fcf6-4449-8fef-71bcf0e020b7" {{(pid=119943) __call__ /opt/stack/placement/placement/requestlog.py:55}}
Aug 27 01:07:30.599629 n-d-850499-7 devstack@placement-api.service[119943]: INFO placement.requestlog [req-2632f2d9-c2bf-4435-90b3-3c7c8f562932 req-60281841-0858-4dc4-8816-ae1185afacfd service placement] 10.222.0.91 "GET /placement/allocations/c703b076-fcf6-4449-8fef-71bcf0e020b7" status: 200 len: 259 microversion: 1.28
Aug 27 01:07:30.604399 n-d-850499-7 devstack@placement-api.service[119943]: [pid: 119943|app: 0|req: 631/1281] 10.222.0.91 () {60 vars in 1377 bytes} [Sat Aug 27 01:07:30 2022] GET /placement/allocations/c703b076-fcf6-4449-8fef-71bcf0e020b7 => generated 259 bytes in 30 msecs (HTTP/1.1 200) 8 headers in 296 bytes (1 switches on core 0)
Aug 27 01:07:30.610313 n-d-850499-7 devstack@placement-api.service[119944]: DEBUG placement.requestlog [req-2632f2d9-c2bf-4435-90b3-3c7c8f562932 req-90a1aa39-9881-4a10-8d3a-b1fad8290079 None None] Starting request: 10.222.0.91 "GET /placement/allocations/ec99a83c-d106-42fc-920c-cc3cc3dd8cc6" {{(pid=119944) __call__ /opt/stack/placement/placement/requestlog.py:55}}
Aug 27 01:07:30.636153 n-d-850499-7 devstack@placement-api.service[119944]: INFO placement.requestlog [req-2632f2d9-c2bf-4435-90b3-3c7c8f562932 req-90a1aa39-9881-4a10-8d3a-b1fad8290079 service placement] 10.222.0.91 "GET /placement/allocations/ec99a83c-d106-42fc-920c-cc3cc3dd8cc6" status: 200 len: 259 microversion: 1.28
Aug 27 01:07:30.637860 n-d-850499-7 devstack@placement-api.service[119944]: [pid: 119944|app: 0|req: 651/1282] 10.222.0.91 () {60 vars in 1377 bytes} [Sat Aug 27 01:07:30 2022] GET /placement/allocations/ec99a83c-d106-42fc-920c-cc3cc3dd8cc6 => generated 259 bytes in 28 msecs (HTTP/1.1 200) 8 headers in 296 bytes (1 switches on core 0)
Aug 27 01:07:30.652577 n-d-850499-7 devstack@placement-api.service[119943]: DEBUG placement.requestlog [req-2632f2d9-c2bf-4435-90b3-3c7c8f562932 req-0fbb1385-3267-44a1-ad78-f7d64defc599 None None] Starting request: 10.222.0.91 "GET /placement/allocations/aa8b3c67-d35a-4936-8cb3-9e6d16308130" {{(pid=119943) __call__ /opt/stack/placement/placement/requestlog.py:55}}
Aug 27 01:07:30.714213 n-d-850499-7 devstack@placement-api.service[119943]: INFO placement.requestlog [req-2632f2d9-c2bf-4435-90b3-3c7c8f562932 req-0fbb1385-3267-44a1-ad78-f7d64defc599 service placement] 10.222.0.91 "GET /placement/allocations/aa8b3c67-d35a-4936-8cb3-9e6d16308130" status: 200 len: 259 microversion: 1.28
Aug 27 01:07:30.715687 n-d-850499-7 devstack@placement-api.service[119943]: [pid: 119943|app: 0|req: 632/1283] 10.222.0.91 () {60 vars in 1377 bytes} [Sat Aug 27 01:07:30 2022] GET /placement/allocations/aa8b3c67-d35a-4936-8cb3-9e6d16308130 => generated 259 bytes in 65 msecs (HTTP/1.1 200) 8 headers in 296 bytes (2 switches on core 0)
Aug 27 01:07:30.987342 n-d-850499-7 devstack@placement-api.service[119944]: DEBUG placement.requestlog [req-2632f2d9-c2bf-4435-90b3-3c7c8f562932 req-95fb29f7-dedb-48c7-a46a-32a30b5fa26e None None] Starting request: 10.222.0.91 "DELETE /placement/allocations/986a18d2-deb1-458e-b43a-872e4897ed58" {{(pid=119944) __call__ /opt/stack/placement/placement/requestlog.py:55}}
Aug 27 01:07:31.078607 n-d-850499-7 devstack@placement-api.service[119943]: DEBUG placement.requestlog [req-c08e250b-17a7-427a-8a44-1f20cfdb4cb5 req-2789a335-352e-48f5-ace6-24ba0b2bc180 None None] Starting request: 10.222.0.91 "GET /placement/allocations/34abbfa8-3d1b-43b4-839e-247bf07d7067" {{(pid=119943) __call__ /opt/stack/placement/placement/requestlog.py:55}}
Aug 27 01:07:31.110949 n-d-850499-7 devstack@placement-api.service[119943]: INFO placement.requestlog [req-c08e250b-17a7-427a-8a44-1f20cfdb4cb5 req-2789a335-352e-48f5-ace6-24ba0b2bc180 service placement] 10.222.0.91 "GET /placement/allocations/34abbfa8-3d1b-43b4-839e-247bf07d7067" status: 200 len: 245 microversion: 1.28
Aug 27 01:07:31.111940 n-d-850499-7 devstack@placement-api.service[119943]: [pid: 119943|app: 0|req: 633/1284] 10.222.0.91 () {60 vars in 1377 bytes} [Sat Aug 27 01:07:31 2022] GET /placement/allocations/34abbfa8-3d1b-43b4-839e-247bf07d7067 => generated 245 bytes in 34 msecs (HTTP/1.1 200) 8 headers in 296 bytes (2 switches on core 0)
Aug 27 01:07:31.246358 n-d-850499-7 devstack@placement-api.service[119944]: DEBUG placement.handlers.allocation [req-2632f2d9-c2bf-4435-90b3-3c7c8f562932 req-95fb29f7-dedb-48c7-a46a-32a30b5fa26e service placement] Successfully deleted allocations [, , ] {{(pid=119944) delete_allocations /opt/stack/placement/placement/handlers/allocation.py:627}}
Aug 27 01:07:31.247299 n-d-850499-7 devstack@placement-api.service[119944]: INFO placement.requestlog [req-2632f2d9-c2bf-4435-90b3-3c7c8f562932 req-95fb29f7-dedb-48c7-a46a-32a30b5fa26e service placement] 10.222.0.91 "DELETE /placement/allocations/986a18d2-deb1-458e-b43a-872e4897ed58" status: 204 len: 0 microversion: 1.0
Aug 27 01:07:31.248247 n-d-850499-7 devstack@placement-api.service[119944]: [pid: 119944|app: 0|req: 652/1285] 10.222.0.91 () {60 vars in 1355 bytes} [Sat Aug 27 01:07:30 2022] DELETE /placement/allocations/986a18d2-deb1-458e-b43a-872e4897ed58 => generated 0 bytes in 261 msecs (HTTP/1.1 204) 5 headers in 198 bytes (1 switches on core 0)
Aug 27 01:07:32.192542 n-d-850499-7 devstack@placement-api.service[119943]: DEBUG placement.requestlog [req-c08e250b-17a7-427a-8a44-1f20cfdb4cb5 req-58cd1be4-cdb6-42d4-b904-ae97b91f0de8 None None] Starting request: 10.222.0.91 "GET /placement/resource_providers/ff4c4122-0093-4240-9eb7-a8ec9902b8ed/allocations" {{(pid=119943) __call__ /opt/stack/placement/placement/requestlog.py:55}}
Aug 27 01:07:32.230296 n-d-850499-7 devstack@placement-api.service[119943]: INFO placement.requestlog [req-c08e250b-17a7-427a-8a44-1f20cfdb4cb5 req-58cd1be4-cdb6-42d4-b904-ae97b91f0de8 service placement] 10.222.0.91 "GET /placement/resource_providers/ff4c4122-0093-4240-9eb7-a8ec9902b8ed/allocations" status: 200 len: 746 microversion: 1.0
Aug 27 01:07:32.232616 n-d-850499-7 devstack@placement-api.service[119943]: [pid: 119943|app: 0|req: 634/1286] 10.222.0.91 () {58 vars in 1390 bytes} [Sat Aug 27 01:07:32 2022] GET /placement/resource_providers/ff4c4122-0093-4240-9eb7-a8ec9902b8ed/allocations => generated 746 bytes in 45 msecs (HTTP/1.1 200) 6 headers in 224 bytes (1 switches on core 0)
Aug 27 01:07:32.239458 n-d-850499-7 devstack@placement-api.service[119944]: DEBUG placement.requestlog [req-c08e250b-17a7-427a-8a44-1f20cfdb4cb5 req-01895655-beb8-4709-9ba3-39791b26974e None None] Starting request: 10.222.0.91 "GET /placement/allocations/15409f7b-fd50-4769-8e78-1b398349b1ad" {{(pid=119944) __call__ /opt/stack/placement/placement/requestlog.py:55}}
Aug 27 01:07:32.277348 n-d-850499-7 devstack@placement-api.service[119944]: INFO placement.requestlog [req-c08e250b-17a7-427a-8a44-1f20cfdb4cb5 req-01895655-beb8-4709-9ba3-39791b26974e service placement] 10.222.0.91 "GET /placement/allocations/15409f7b-fd50-4769-8e78-1b398349b1ad" status: 200 len: 259 microversion: 1.28
Aug 27 01:07:32.279187 n-d-850499-7 devstack@placement-api.service[119944]: [pid: 119944|app: 0|req: 653/1287] 10.222.0.91 () {60 vars in 1377 bytes} [Sat Aug 27 01:07:32 2022] GET /placement/allocations/15409f7b-fd50-4769-8e78-1b398349b1ad => generated 259 bytes in 40 msecs (HTTP/1.1 200) 8 headers in 296 bytes (1 switches on core 0)
Aug 27 01:07:32.287641 n-d-850499-7 devstack@placement-api.service[119943]: DEBUG placement.requestlog [req-c08e250b-17a7-427a-8a44-1f20cfdb4cb5 req-bf1dd609-d258-4754-8266-768eddac028d None None] Starting request: 10.222.0.91 "GET /placement/allocations/c703b076-fcf6-4449-8fef-71bcf0e020b7" {{(pid=119943) __call__ /opt/stack/placement/placement/requestlog.py:55}}
Aug 27 01:07:32.349063 n-d-850499-7 devstack@placement-api.service[119943]: INFO placement.requestlog [req-c08e250b-17a7-427a-8a44-1f20cfdb4cb5 req-bf1dd609-d258-4754-8266-768eddac028d service placement] 10.222.0.91 "GET /placement/allocations/c703b076-fcf6-4449-8fef-71bcf0e020b7" status: 200 len: 259 microversion: 1.28
Aug 27 01:07:32.350190 n-d-850499-7 devstack@placement-api.service[119943]: [pid: 119943|app: 0|req: 635/1288] 10.222.0.91 () {60 vars in 1377 bytes} [Sat Aug 27 01:07:32 2022] GET /placement/allocations/c703b076-fcf6-4449-8fef-71bcf0e020b7 => generated 259 bytes in 63 msecs (HTTP/1.1 200) 8 headers in 296 bytes (1 switches on core 0)
Aug 27 01:07:32.359163 n-d-850499-7 devstack@placement-api.service[119944]: DEBUG placement.requestlog [req-c08e250b-17a7-427a-8a44-1f20cfdb4cb5 req-01e4f908-4192-47d0-91ba-8300a1607f9d None None] Starting request: 10.222.0.91 "GET /placement/allocations/50168a66-98e3-44e1-966c-9429ecd34d1c" {{(pid=119944) __call__ /opt/stack/placement/placement/requestlog.py:55}}
Aug 27 01:07:32.399182 n-d-850499-7 devstack@placement-api.service[119944]: INFO placement.requestlog [req-c08e250b-17a7-427a-8a44-1f20cfdb4cb5 req-01e4f908-4192-47d0-91ba-8300a1607f9d service placement] 10.222.0.91 "GET /placement/allocations/50168a66-98e3-44e1-966c-9429ecd34d1c" status: 200 len: 259 microversion: 1.28
Aug 27 01:07:32.400856 n-d-850499-7 devstack@placement-api.service[119944]: [pid: 119944|app: 0|req: 654/1289] 10.222.0.91 () {60 vars in 1377 bytes} [Sat Aug 27 01:07:32 2022] GET /placement/allocations/50168a66-98e3-44e1-966c-9429ecd34d1c => generated 259 bytes in 42 msecs (HTTP/1.1 200) 8 headers in 296 bytes (1 switches on core 0)
Aug 27 01:07:32.412173 n-d-850499-7 devstack@placement-api.service[119943]: DEBUG placement.requestlog [req-c08e250b-17a7-427a-8a44-1f20cfdb4cb5 req-83114068-dcda-4d30-aa57-8ef07eb3a63b None None] Starting request: 10.222.0.91 "GET /placement/allocations/ec99a83c-d106-42fc-920c-cc3cc3dd8cc6" {{(pid=119943) __call__ /opt/stack/placement/placement/requestlog.py:55}}
Aug 27 01:07:32.445015 n-d-850499-7 devstack@placement-api.service[119943]: INFO placement.requestlog [req-c08e250b-17a7-427a-8a44-1f20cfdb4cb5 req-83114068-dcda-4d30-aa57-8ef07eb3a63b service placement] 10.222.0.91 "GET /placement/allocations/ec99a83c-d106-42fc-920c-cc3cc3dd8cc6" status: 200 len: 259 microversion: 1.28
Aug 27 01:07:32.445967 n-d-850499-7 devstack@placement-api.service[119943]: [pid: 119943|app: 0|req: 636/1290] 10.222.0.91 () {60 vars in 1377 bytes} [Sat Aug 27 01:07:32 2022] GET /placement/allocations/ec99a83c-d106-42fc-920c-cc3cc3dd8cc6 => generated 259 bytes in 34 msecs (HTTP/1.1 200) 8 headers in 296 bytes (1 switches on core 0)
Aug 27 01:07:32.515667 n-d-850499-7 devstack@placement-api.service[119944]: DEBUG placement.requestlog [req-c08e250b-17a7-427a-8a44-1f20cfdb4cb5 req-3d9f9d4f-ee47-4d7a-b8c4-f9d26429b170 None None] Starting request: 10.222.0.91 "GET /placement/allocations/34abbfa8-3d1b-43b4-839e-247bf07d7067" {{(pid=119944) __call__ /opt/stack/placement/placement/requestlog.py:55}}
Aug 27 01:07:32.560727 n-d-850499-7 devstack@placement-api.service[119944]: INFO placement.requestlog [req-c08e250b-17a7-427a-8a44-1f20cfdb4cb5 req-3d9f9d4f-ee47-4d7a-b8c4-f9d26429b170 service placement] 10.222.0.91 "GET /placement/allocations/34abbfa8-3d1b-43b4-839e-247bf07d7067" status: 200 len: 245 microversion: 1.28
Aug 27 01:07:32.568560 n-d-850499-7 devstack@placement-api.service[119944]: [pid: 119944|app: 0|req: 655/1291] 10.222.0.91 () {60 vars in 1377 bytes} [Sat Aug 27 01:07:32 2022] GET /placement/allocations/34abbfa8-3d1b-43b4-839e-247bf07d7067 => generated 245 bytes in 46 msecs (HTTP/1.1 200) 8 headers in 296 bytes (1 switches on core 0)
Aug 27 01:07:32.578749 n-d-850499-7 devstack@placement-api.service[119943]: DEBUG placement.requestlog [req-c08e250b-17a7-427a-8a44-1f20cfdb4cb5 req-481490a0-f433-459f-b83d-cad217e17a11 None None] Starting request: 10.222.0.91 "GET /placement/allocations/aa8b3c67-d35a-4936-8cb3-9e6d16308130" {{(pid=119943) __call__ /opt/stack/placement/placement/requestlog.py:55}}
Aug 27 01:07:32.625237 n-d-850499-7 devstack@placement-api.service[119943]: INFO placement.requestlog [req-c08e250b-17a7-427a-8a44-1f20cfdb4cb5 req-481490a0-f433-459f-b83d-cad217e17a11 service placement] 10.222.0.91 "GET /placement/allocations/aa8b3c67-d35a-4936-8cb3-9e6d16308130" status: 200 len: 259 microversion: 1.28
Aug 27 01:07:32.626303 n-d-850499-7 devstack@placement-api.service[119943]: [pid: 119943|app: 0|req: 637/1292] 10.222.0.91 () {60 vars in 1377 bytes} [Sat Aug 27 01:07:32 2022] GET /placement/allocations/aa8b3c67-d35a-4936-8cb3-9e6d16308130 => generated 259 bytes in 48 msecs (HTTP/1.1 200) 8 headers in 296 bytes (1 switches on core 0)
Aug 27 01:07:32.642221 n-d-850499-7 devstack@placement-api.service[119944]: DEBUG placement.requestlog [req-c08e250b-17a7-427a-8a44-1f20cfdb4cb5 req-9426cd27-f7c9-4743-8cd9-f93bea570c31 None None] Starting request: 10.222.0.91 "GET /placement/allocations/41c8d533-6526-4a23-9332-c6b2915e520b" {{(pid=119944) __call__ /opt/stack/placement/placement/requestlog.py:55}}
Aug 27 01:07:32.685787 n-d-850499-7 devstack@placement-api.service[119944]: INFO placement.requestlog [req-c08e250b-17a7-427a-8a44-1f20cfdb4cb5 req-9426cd27-f7c9-4743-8cd9-f93bea570c31 service placement] 10.222.0.91 "GET /placement/allocations/41c8d533-6526-4a23-9332-c6b2915e520b" status: 200 len: 259 microversion: 1.28
Aug 27 01:07:32.689879 n-d-850499-7 devstack@placement-api.service[119944]: [pid: 119944|app: 0|req: 656/1293] 10.222.0.91 () {60 vars in 1377 bytes} [Sat Aug 27 01:07:32 2022] GET /placement/allocations/41c8d533-6526-4a23-9332-c6b2915e520b => generated 259 bytes in 48 msecs (HTTP/1.1 200) 8 headers in 296 bytes (1 switches on core 0)
Aug 27 01:07:33.504044 n-d-850499-7 devstack@placement-api.service[119943]: DEBUG placement.requestlog [req-30d897ae-34f2-4b6f-be21-58c9253af207 req-97a08162-5079-4811-af33-d8fa9b34ebed None None] Starting request: 10.222.0.91 "GET /placement/resource_providers/ff4c4122-0093-4240-9eb7-a8ec9902b8ed/allocations" {{(pid=119943) __call__ /opt/stack/placement/placement/requestlog.py:55}}
Aug 27 01:07:33.552177 n-d-850499-7 devstack@placement-api.service[119943]: INFO placement.requestlog [req-30d897ae-34f2-4b6f-be21-58c9253af207 req-97a08162-5079-4811-af33-d8fa9b34ebed service placement] 10.222.0.91 "GET /placement/resource_providers/ff4c4122-0093-4240-9eb7-a8ec9902b8ed/allocations" status: 200 len: 746 microversion: 1.0
Aug 27 01:07:33.553000 n-d-850499-7 devstack@placement-api.service[119943]: [pid: 119943|app: 0|req: 638/1294] 10.222.0.91 () {58 vars in 1390 bytes} [Sat Aug 27 01:07:33 2022] GET /placement/resource_providers/ff4c4122-0093-4240-9eb7-a8ec9902b8ed/allocations => generated 746 bytes in 51 msecs (HTTP/1.1 200) 6 headers in 224 bytes (1 switches on core 0)
Aug 27 01:07:33.793406 n-d-850499-7 devstack@placement-api.service[119944]: DEBUG placement.requestlog [req-30d897ae-34f2-4b6f-be21-58c9253af207 req-6e784649-07d2-427d-990a-b06c3a97d4f8 None None] Starting request: 10.222.0.91 "GET /placement/resource_providers/ff4c4122-0093-4240-9eb7-a8ec9902b8ed/allocations" {{(pid=119944) __call__ /opt/stack/placement/placement/requestlog.py:55}}
Aug 27 01:07:33.890942 n-d-850499-7 devstack@placement-api.service[119944]: INFO placement.requestlog [req-30d897ae-34f2-4b6f-be21-58c9253af207 req-6e784649-07d2-427d-990a-b06c3a97d4f8 service placement] 10.222.0.91 "GET /placement/resource_providers/ff4c4122-0093-4240-9eb7-a8ec9902b8ed/allocations" status: 200 len: 746 microversion: 1.0
Aug 27 01:07:33.895994 n-d-850499-7 devstack@placement-api.service[119944]: [pid: 119944|app: 0|req: 657/1295] 10.222.0.91 () {58 vars in 1390 bytes} [Sat Aug 27 01:07:33 2022] GET /placement/resource_providers/ff4c4122-0093-4240-9eb7-a8ec9902b8ed/allocations => generated 746 bytes in 103 msecs (HTTP/1.1 200) 6 headers in 224 bytes (1 switches on core 0)
Aug 27 01:07:33.902483 n-d-850499-7 devstack@placement-api.service[119943]: DEBUG placement.requestlog [req-30d897ae-34f2-4b6f-be21-58c9253af207 req-9857423b-29f5-4138-b057-0bbb1d41fae2 None None] Starting request: 10.222.0.91 "GET /placement/allocations/15409f7b-fd50-4769-8e78-1b398349b1ad" {{(pid=119943) __call__ /opt/stack/placement/placement/requestlog.py:55}}
Aug 27 01:07:33.961314 n-d-850499-7 devstack@placement-api.service[119943]: INFO placement.requestlog [req-30d897ae-34f2-4b6f-be21-58c9253af207 req-9857423b-29f5-4138-b057-0bbb1d41fae2 service placement] 10.222.0.91 "GET /placement/allocations/15409f7b-fd50-4769-8e78-1b398349b1ad" status: 200 len: 259 microversion: 1.28
Aug 27 01:07:33.961857 n-d-850499-7 devstack@placement-api.service[119943]: [pid: 119943|app: 0|req: 639/1296] 10.222.0.91 () {60 vars in 1377 bytes} [Sat Aug 27 01:07:33 2022] GET /placement/allocations/15409f7b-fd50-4769-8e78-1b398349b1ad => generated 259 bytes in 60 msecs (HTTP/1.1 200) 8 headers in 296 bytes (1 switches on core 0)
Aug 27 01:07:33.969318 n-d-850499-7 devstack@placement-api.service[119944]: DEBUG placement.requestlog [req-30d897ae-34f2-4b6f-be21-58c9253af207 req-9d30eadc-08d2-4214-945d-d5365486a445 None None] Starting request: 10.222.0.91 "GET /placement/allocations/c703b076-fcf6-4449-8fef-71bcf0e020b7" {{(pid=119944) __call__ /opt/stack/placement/placement/requestlog.py:55}}
Aug 27 01:07:34.005623 n-d-850499-7 devstack@placement-api.service[119944]: INFO placement.requestlog [req-30d897ae-34f2-4b6f-be21-58c9253af207 req-9d30eadc-08d2-4214-945d-d5365486a445 service placement] 10.222.0.91 "GET /placement/allocations/c703b076-fcf6-4449-8fef-71bcf0e020b7" status: 200 len: 259 microversion: 1.28
Aug 27 01:07:34.006721 n-d-850499-7 devstack@placement-api.service[119944]: [pid: 119944|app: 0|req: 658/1297] 10.222.0.91 () {60 vars in 1377 bytes} [Sat Aug 27 01:07:33 2022] GET /placement/allocations/c703b076-fcf6-4449-8fef-71bcf0e020b7 => generated 259 bytes in 38 msecs (HTTP/1.1 200) 8 headers in 296 bytes (1 switches on core 0)
Aug 27 01:07:34.028719 n-d-850499-7 devstack@placement-api.service[119943]: DEBUG placement.requestlog [req-30d897ae-34f2-4b6f-be21-58c9253af207 req-2efb78ec-c533-4ad6-8bf0-8f140cd50a09 None None] Starting request: 10.222.0.91 "GET /placement/allocations/50168a66-98e3-44e1-966c-9429ecd34d1c" {{(pid=119943) __call__ /opt/stack/placement/placement/requestlog.py:55}}
Aug 27 01:07:34.070831 n-d-850499-7 devstack@placement-api.service[119943]: INFO placement.requestlog [req-30d897ae-34f2-4b6f-be21-58c9253af207 req-2efb78ec-c533-4ad6-8bf0-8f140cd50a09 service placement] 10.222.0.91 "GET /placement/allocations/50168a66-98e3-44e1-966c-9429ecd34d1c" status: 200 len: 259 microversion: 1.28
Aug 27 01:07:34.073668 n-d-850499-7 devstack@placement-api.service[119943]: [pid: 119943|app: 0|req: 640/1298] 10.222.0.91 () {60 vars in 1377 bytes} [Sat Aug 27 01:07:34 2022] GET /placement/allocations/50168a66-98e3-44e1-966c-9429ecd34d1c => generated 259 bytes in 45 msecs (HTTP/1.1 200) 8 headers in 296 bytes (1 switches on core 0)
Aug 27 01:07:34.081879 n-d-850499-7 devstack@placement-api.service[119944]: DEBUG placement.requestlog [req-30d897ae-34f2-4b6f-be21-58c9253af207 req-6795ec6d-2c6b-4dc2-950f-2a4b8d4f7873 None None] Starting request: 10.222.0.91 "GET /placement/allocations/ec99a83c-d106-42fc-920c-cc3cc3dd8cc6" {{(pid=119944) __call__ /opt/stack/placement/placement/requestlog.py:55}}
Aug 27 01:07:34.116946 n-d-850499-7 devstack@placement-api.service[119944]: INFO placement.requestlog [req-30d897ae-34f2-4b6f-be21-58c9253af207 req-6795ec6d-2c6b-4dc2-950f-2a4b8d4f7873 service placement] 10.222.0.91 "GET /placement/allocations/ec99a83c-d106-42fc-920c-cc3cc3dd8cc6" status: 200 len: 259 microversion: 1.28
Aug 27 01:07:34.120724 n-d-850499-7 devstack@placement-api.service[119944]: [pid: 119944|app: 0|req: 659/1299] 10.222.0.91 () {60 vars in 1377 bytes} [Sat Aug 27 01:07:34 2022] GET /placement/allocations/ec99a83c-d106-42fc-920c-cc3cc3dd8cc6 => generated 259 bytes in 38 msecs (HTTP/1.1 200) 8 headers in 296 bytes (1 switches on core 0)
