Aug 27 00:59:12.709319 n-d-850499-7 devstack@placement-api.service[119944]: INFO placement.requestlog [req-d54dd77e-269f-4568-af75-e4661c5726bc req-2ade9950-6572-45e1-87d0-6f0ef4bc3fde service placement] 10.222.0.75 "GET /placement/allocations/59a8da63-e5ae-436b-8f09-97b433b5e4be" status: 200 len: 258 microversion: 1.28
Aug 27 00:59:12.710262 n-d-850499-7 devstack@placement-api.service[119944]: [pid: 119944|app: 0|req: 34/64] 10.222.0.75 () {60 vars in 1377 bytes} [Sat Aug 27 00:59:12 2022] GET /placement/allocations/59a8da63-e5ae-436b-8f09-97b433b5e4be => generated 258 bytes in 33 msecs (HTTP/1.1 200) 8 headers in 296 bytes (1 switches on core 0)
Aug 27 00:59:12.959682 n-d-850499-7 devstack@placement-api.service[119944]: DEBUG placement.requestlog [req-d54dd77e-269f-4568-af75-e4661c5726bc req-21b76813-5694-4bfb-9795-d8c8c4ea721a None None] Starting request: 10.222.0.75 "DELETE /placement/allocations/dacdc1f8-d3dc-4d02-aa7d-4cfbbb6b78ab" {{(pid=119944) __call__ /opt/stack/placement/placement/requestlog.py:55}}
Aug 27 00:59:12.990018 n-d-850499-7 devstack@placement-api.service[119943]: DEBUG placement.handlers.allocation [req-6223fcc1-6b05-4156-a2d7-42bbd3fab33b req-bf425c6b-249a-4db7-8780-79009cffef8b service placement] Successfully deleted allocations [, , ] {{(pid=119943) delete_allocations /opt/stack/placement/placement/handlers/allocation.py:627}}
Aug 27 00:59:12.990511 n-d-850499-7 devstack@placement-api.service[119943]: INFO placement.requestlog [req-6223fcc1-6b05-4156-a2d7-42bbd3fab33b req-bf425c6b-249a-4db7-8780-79009cffef8b service placement] 10.222.0.75 "DELETE /placement/allocations/59a8da63-e5ae-436b-8f09-97b433b5e4be" status: 204 len: 0 microversion: 1.0
Aug 27 00:59:12.991128 n-d-850499-7 devstack@placement-api.service[119943]: [pid: 119943|app: 0|req: 31/65] 10.222.0.75 () {60 vars in 1355 bytes} [Sat Aug 27 00:59:12 2022] DELETE /placement/allocations/59a8da63-e5ae-436b-8f09-97b433b5e4be => generated 0 bytes in 288 msecs (HTTP/1.1 204) 5 headers in 198 bytes (1 switches on core 0)
Aug 27 00:59:13.153535 n-d-850499-7 devstack@placement-api.service[119944]: DEBUG placement.handlers.allocation [req-d54dd77e-269f-4568-af75-e4661c5726bc req-21b76813-5694-4bfb-9795-d8c8c4ea721a service placement] Successfully deleted allocations [, , ] {{(pid=119944) delete_allocations /opt/stack/placement/placement/handlers/allocation.py:627}}
Aug 27 00:59:13.154395 n-d-850499-7 devstack@placement-api.service[119944]: INFO placement.requestlog [req-d54dd77e-269f-4568-af75-e4661c5726bc req-21b76813-5694-4bfb-9795-d8c8c4ea721a service placement] 10.222.0.75 "DELETE /placement/allocations/dacdc1f8-d3dc-4d02-aa7d-4cfbbb6b78ab" status: 204 len: 0 microversion: 1.0
Aug 27 00:59:13.155248 n-d-850499-7 devstack@placement-api.service[119944]: [pid: 119944|app: 0|req: 35/66] 10.222.0.75 () {60 vars in 1355 bytes} [Sat Aug 27 00:59:12 2022] DELETE /placement/allocations/dacdc1f8-d3dc-4d02-aa7d-4cfbbb6b78ab => generated 0 bytes in 196 msecs (HTTP/1.1 204) 5 headers in 198 bytes (2 switches on core 0)
Aug 27 00:59:15.103424 n-d-850499-7 devstack@placement-api.service[119943]: DEBUG placement.requestlog [req-7d6ce7d8-70b4-4985-9fae-47b23eb24c7e req-9e8da7d2-d55d-4e37-9b89-2999d3e2c6bb None None] Starting request: 10.222.0.62 "GET /placement/allocation_candidates?limit=1000&resources=DISK_GB%3A1%2CMEMORY_MB%3A1024%2CVCPU%3A1&root_required=%21COMPUTE_STATUS_DISABLED" {{(pid=119943) __call__ /opt/stack/placement/placement/requestlog.py:55}}
Aug 27 00:59:15.183730 n-d-850499-7 devstack@placement-api.service[119943]: DEBUG placement.objects.research_context [req-7d6ce7d8-70b4-4985-9fae-47b23eb24c7e req-9e8da7d2-d55d-4e37-9b89-2999d3e2c6bb service placement] getting providers with 1 DISK_GB {{(pid=119943) __init__ /opt/stack/placement/placement/objects/research_context.py:136}}
Aug 27 00:59:15.195839 n-d-850499-7 devstack@placement-api.service[119943]: DEBUG placement.objects.research_context [req-7d6ce7d8-70b4-4985-9fae-47b23eb24c7e req-9e8da7d2-d55d-4e37-9b89-2999d3e2c6bb service placement] getting providers with 1024 MEMORY_MB {{(pid=119943) __init__ /opt/stack/placement/placement/objects/research_context.py:136}}
Aug 27 00:59:15.204101 n-d-850499-7 devstack@placement-api.service[119943]: DEBUG placement.objects.research_context [req-7d6ce7d8-70b4-4985-9fae-47b23eb24c7e req-9e8da7d2-d55d-4e37-9b89-2999d3e2c6bb service placement] getting providers with 1 VCPU {{(pid=119943) __init__ /opt/stack/placement/placement/objects/research_context.py:136}}
Aug 27 00:59:15.212754 n-d-850499-7 devstack@placement-api.service[119943]: DEBUG placement.objects.research_context [req-7d6ce7d8-70b4-4985-9fae-47b23eb24c7e req-9e8da7d2-d55d-4e37-9b89-2999d3e2c6bb service placement] found 2 providers with available 1 DISK_GB {{(pid=119943) get_provider_ids_matching /opt/stack/placement/placement/objects/research_context.py:563}}
Aug 27 00:59:15.213041 n-d-850499-7 devstack@placement-api.service[119943]: DEBUG placement.objects.research_context [req-7d6ce7d8-70b4-4985-9fae-47b23eb24c7e req-9e8da7d2-d55d-4e37-9b89-2999d3e2c6bb service placement] found 2 providers with available 1024 MEMORY_MB {{(pid=119943) get_provider_ids_matching /opt/stack/placement/placement/objects/research_context.py:563}}
Aug 27 00:59:15.213324 n-d-850499-7 devstack@placement-api.service[119943]: DEBUG placement.objects.research_context [req-7d6ce7d8-70b4-4985-9fae-47b23eb24c7e req-9e8da7d2-d55d-4e37-9b89-2999d3e2c6bb service placement] found 2 providers after filtering by previous result {{(pid=119943) get_provider_ids_matching /opt/stack/placement/placement/objects/research_context.py:594}}
Aug 27 00:59:15.213592 n-d-850499-7 devstack@placement-api.service[119943]: DEBUG placement.objects.research_context [req-7d6ce7d8-70b4-4985-9fae-47b23eb24c7e req-9e8da7d2-d55d-4e37-9b89-2999d3e2c6bb service placement] found 2 providers with available 1 VCPU {{(pid=119943) get_provider_ids_matching /opt/stack/placement/placement/objects/research_context.py:563}}
Aug 27 00:59:15.213862 n-d-850499-7 devstack@placement-api.service[119943]: DEBUG placement.objects.research_context [req-7d6ce7d8-70b4-4985-9fae-47b23eb24c7e req-9e8da7d2-d55d-4e37-9b89-2999d3e2c6bb service placement] found 2 providers after filtering by previous result {{(pid=119943) get_provider_ids_matching /opt/stack/placement/placement/objects/research_context.py:594}}
Aug 27 00:59:15.229712 n-d-850499-7 devstack@placement-api.service[119943]: DEBUG placement.objects.allocation_candidate [req-7d6ce7d8-70b4-4985-9fae-47b23eb24c7e req-9e8da7d2-d55d-4e37-9b89-2999d3e2c6bb service placement] RequestGroup(use_same_provider=False, resources={DISK_GB:1, MEMORY_MB:1024, VCPU:1}, traits=(), aggregates=[]) (suffix '') returned 2 matches {{(pid=119943) _get_by_requests /opt/stack/placement/placement/objects/allocation_candidate.py:156}}
Aug 27 00:59:15.230092 n-d-850499-7 devstack@placement-api.service[119943]: DEBUG placement.objects.allocation_candidate [req-7d6ce7d8-70b4-4985-9fae-47b23eb24c7e req-9e8da7d2-d55d-4e37-9b89-2999d3e2c6bb service placement] Merging candidates yields 2 allocation requests and 2 provider summaries {{(pid=119943) _merge_candidates /opt/stack/placement/placement/objects/allocation_candidate.py:809}}
Aug 27 00:59:15.231956 n-d-850499-7 devstack@placement-api.service[119943]: INFO placement.requestlog [req-7d6ce7d8-70b4-4985-9fae-47b23eb24c7e req-9e8da7d2-d55d-4e37-9b89-2999d3e2c6bb service placement] 10.222.0.62 "GET /placement/allocation_candidates?limit=1000&resources=DISK_GB%3A1%2CMEMORY_MB%3A1024%2CVCPU%3A1&root_required=%21COMPUTE_STATUS_DISABLED" status: 200 len: 1306 microversion: 1.36
Aug 27 00:59:15.232352 n-d-850499-7 devstack@placement-api.service[119943]: [pid: 119943|app: 0|req: 32/67] 10.222.0.62 () {60 vars in 1506 bytes} [Sat Aug 27 00:59:15 2022] GET /placement/allocation_candidates?limit=1000&resources=DISK_GB%3A1%2CMEMORY_MB%3A1024%2CVCPU%3A1&root_required=%21COMPUTE_STATUS_DISABLED => generated 1306 bytes in 129 msecs (HTTP/1.1 200) 8 headers in 297 bytes (2 switches on core 0)
Aug 27 00:59:15.353471 n-d-850499-7 devstack@placement-api.service[119944]: DEBUG placement.requestlog [req-7d6ce7d8-70b4-4985-9fae-47b23eb24c7e req-370a0ad7-38e7-4edf-9c8a-778998e3b47c None None] Starting request: 10.222.0.62 "GET /placement/allocations/c703b076-fcf6-4449-8fef-71bcf0e020b7" {{(pid=119944) __call__ /opt/stack/placement/placement/requestlog.py:55}}
Aug 27 00:59:15.372394 n-d-850499-7 devstack@placement-api.service[119944]: INFO placement.requestlog [req-7d6ce7d8-70b4-4985-9fae-47b23eb24c7e req-370a0ad7-38e7-4edf-9c8a-778998e3b47c service placement] 10.222.0.62 "GET /placement/allocations/c703b076-fcf6-4449-8fef-71bcf0e020b7" status: 200 len: 19 microversion: 1.28
Aug 27 00:59:15.373912 n-d-850499-7 devstack@placement-api.service[119944]: [pid: 119944|app: 0|req: 36/68] 10.222.0.62 () {60 vars in 1380 bytes} [Sat Aug 27 00:59:15 2022] GET /placement/allocations/c703b076-fcf6-4449-8fef-71bcf0e020b7 => generated 19 bytes in 21 msecs (HTTP/1.1 200) 8 headers in 295 bytes (1 switches on core 0)
Aug 27 00:59:15.386056 n-d-850499-7 devstack@placement-api.service[119943]: DEBUG placement.requestlog [req-7d6ce7d8-70b4-4985-9fae-47b23eb24c7e req-b12aa980-5f51-4769-b637-e54b8f231316 None None] Starting request: 10.222.0.62 "PUT /placement/allocations/c703b076-fcf6-4449-8fef-71bcf0e020b7" {{(pid=119943) __call__ /opt/stack/placement/placement/requestlog.py:55}}
Aug 27 00:59:15.768546 n-d-850499-7 devstack@placement-api.service[119944]: DEBUG placement.requestlog [req-cd373bae-71c1-4fab-8e72-549d465f689c req-8917fac6-e6cf-4cdc-9c31-a2e52a35d75e None None] Starting request: 10.222.0.62 "GET /placement/resource_providers?name=n-h1-850499-7" {{(pid=119944) __call__ /opt/stack/placement/placement/requestlog.py:55}}
Aug 27 00:59:15.791212 n-d-850499-7 devstack@placement-api.service[119944]: INFO placement.requestlog [req-cd373bae-71c1-4fab-8e72-549d465f689c req-8917fac6-e6cf-4cdc-9c31-a2e52a35d75e service placement] 10.222.0.62 "GET /placement/resource_providers?name=n-h1-850499-7" status: 200 len: 440 microversion: 1.0
Aug 27 00:59:15.792157 n-d-850499-7 devstack@placement-api.service[119943]: DEBUG placement.handlers.allocation [req-7d6ce7d8-70b4-4985-9fae-47b23eb24c7e req-b12aa980-5f51-4769-b637-e54b8f231316 service placement] Successfully wrote allocations [, , ] {{(pid=119943) _update_consumers_and_create_allocations /opt/stack/placement/placement/handlers/allocation.py:462}}
Aug 27 00:59:15.800846 n-d-850499-7 devstack@placement-api.service[119944]: [pid: 119944|app: 0|req: 37/69] 10.222.0.62 () {58 vars in 1274 bytes} [Sat Aug 27 00:59:15 2022] GET /placement/resource_providers?name=n-h1-850499-7 => generated 440 bytes in 32 msecs (HTTP/1.1 200) 6 headers in 224 bytes (2 switches on core 0)
Aug 27 00:59:15.802355 n-d-850499-7 devstack@placement-api.service[119944]: DEBUG placement.requestlog [req-cd373bae-71c1-4fab-8e72-549d465f689c req-1a5d38b6-4cfc-4f33-899a-b8b29b72c756 None None] Starting request: 10.222.0.62 "GET /placement/resource_providers/215b8737-6327-421e-aff6-5275fb783a5b/aggregates" {{(pid=119944) __call__ /opt/stack/placement/placement/requestlog.py:55}}
Aug 27 00:59:15.820220 n-d-850499-7 devstack@placement-api.service[119944]: INFO placement.requestlog [req-cd373bae-71c1-4fab-8e72-549d465f689c req-1a5d38b6-4cfc-4f33-899a-b8b29b72c756 service placement] 10.222.0.62 "GET /placement/resource_providers/215b8737-6327-421e-aff6-5275fb783a5b/aggregates" status: 200 len: 91 microversion: 1.19
Aug 27 00:59:15.828975 n-d-850499-7 devstack@placement-api.service[119944]: [pid: 119944|app: 0|req: 38/70] 10.222.0.62 () {60 vars in 1425 bytes} [Sat Aug 27 00:59:15 2022] GET /placement/resource_providers/215b8737-6327-421e-aff6-5275fb783a5b/aggregates => generated 91 bytes in 27 msecs (HTTP/1.1 200) 8 headers in 295 bytes (1 switches on core 0)
Aug 27 00:59:15.829839 n-d-850499-7 devstack@placement-api.service[119944]: DEBUG placement.requestlog [req-cd373bae-71c1-4fab-8e72-549d465f689c req-b4f6ca43-c1d5-4fbc-a2fa-5aac59a4e63d None None] Starting request: 10.222.0.62 "PUT /placement/resource_providers/215b8737-6327-421e-aff6-5275fb783a5b/aggregates" {{(pid=119944) __call__ /opt/stack/placement/placement/requestlog.py:55}}
Aug 27 00:59:15.906181 n-d-850499-7 devstack@placement-api.service[119944]: DEBUG placement.objects.resource_provider [req-cd373bae-71c1-4fab-8e72-549d465f689c req-b4f6ca43-c1d5-4fbc-a2fa-5aac59a4e63d service placement] Setting aggregates for provider 215b8737-6327-421e-aff6-5275fb783a5b. Successfully disassociated aggregate a776b4cc-007e-43a1-8d82-f09d35818ff1. {{(pid=119944) _set_aggregates /opt/stack/placement/placement/objects/resource_provider.py:404}}
Aug 27 00:59:15.915863 n-d-850499-7 devstack@placement-api.service[119943]: INFO placement.requestlog [req-7d6ce7d8-70b4-4985-9fae-47b23eb24c7e req-b12aa980-5f51-4769-b637-e54b8f231316 service placement] 10.222.0.62 "PUT /placement/allocations/c703b076-fcf6-4449-8fef-71bcf0e020b7" status: 204 len: 0 microversion: 1.36
Aug 27 00:59:15.916267 n-d-850499-7 devstack@placement-api.service[119943]: [pid: 119943|app: 0|req: 33/71] 10.222.0.62 () {64 vars in 1433 bytes} [Sat Aug 27 00:59:15 2022] PUT /placement/allocations/c703b076-fcf6-4449-8fef-71bcf0e020b7 => generated 0 bytes in 531 msecs (HTTP/1.1 204) 5 headers in 199 bytes (1 switches on core 0)
Aug 27 00:59:15.957136 n-d-850499-7 devstack@placement-api.service[119944]: DEBUG placement.wsgi_wrapper [req-cd373bae-71c1-4fab-8e72-549d465f689c req-b4f6ca43-c1d5-4fbc-a2fa-5aac59a4e63d service placement] Placement API returning an error response: Update conflict: Another thread concurrently updated the resource provider data. Please retry your update {{(pid=119944) call_func /opt/stack/placement/placement/wsgi_wrapper.py:31}}
Aug 27 00:59:15.958124 n-d-850499-7 devstack@placement-api.service[119944]: INFO placement.requestlog [req-cd373bae-71c1-4fab-8e72-549d465f689c req-b4f6ca43-c1d5-4fbc-a2fa-5aac59a4e63d service placement] 10.222.0.62 "PUT /placement/resource_providers/215b8737-6327-421e-aff6-5275fb783a5b/aggregates" status: 409 len: 292 microversion: 1.19
Aug 27 00:59:15.959005 n-d-850499-7 devstack@placement-api.service[119944]: [pid: 119944|app: 0|req: 39/72] 10.222.0.62 () {64 vars in 1477 bytes} [Sat Aug 27 00:59:15 2022] PUT /placement/resource_providers/215b8737-6327-421e-aff6-5275fb783a5b/aggregates => generated 292 bytes in 129 msecs (HTTP/1.1 409) 6 headers in 231 bytes (1 switches on core 0)
Aug 27 00:59:15.970163 n-d-850499-7 devstack@placement-api.service[119943]: DEBUG placement.requestlog [req-cd373bae-71c1-4fab-8e72-549d465f689c req-cf96d356-4e21-48ba-9920-94c4edb11caf None None] Starting request: 10.222.0.62 "GET /placement/resource_providers?name=n-h1-850499-7" {{(pid=119943) __call__ /opt/stack/placement/placement/requestlog.py:55}}
Aug 27 00:59:15.997812 n-d-850499-7 devstack@placement-api.service[119943]: INFO placement.requestlog [req-cd373bae-71c1-4fab-8e72-549d465f689c req-cf96d356-4e21-48ba-9920-94c4edb11caf service placement] 10.222.0.62 "GET /placement/resource_providers?name=n-h1-850499-7" status: 200 len: 440 microversion: 1.0
Aug 27 00:59:16.000705 n-d-850499-7 devstack@placement-api.service[119943]: [pid: 119943|app: 0|req: 34/73] 10.222.0.62 () {58 vars in 1274 bytes} [Sat Aug 27 00:59:15 2022] GET /placement/resource_providers?name=n-h1-850499-7 => generated 440 bytes in 31 msecs (HTTP/1.1 200) 6 headers in 224 bytes (1 switches on core 0)
Aug 27 00:59:16.010872 n-d-850499-7 devstack@placement-api.service[119944]: DEBUG placement.requestlog [req-cd373bae-71c1-4fab-8e72-549d465f689c req-9d01ebfd-e2c8-4d18-8b10-f78358a4a0b0 None None] Starting request: 10.222.0.62 "GET /placement/resource_providers/215b8737-6327-421e-aff6-5275fb783a5b/aggregates" {{(pid=119944) __call__ /opt/stack/placement/placement/requestlog.py:55}}
Aug 27 00:59:16.020714 n-d-850499-7 devstack@placement-api.service[119943]: DEBUG placement.requestlog [req-32eb3108-3010-4561-b76b-85a3d290604d req-206a7520-2e33-4981-b451-a09ae9c4e92b None None] Starting request: 10.222.0.91 "GET /placement/resource_providers/ff4c4122-0093-4240-9eb7-a8ec9902b8ed/allocations" {{(pid=119943) __call__ /opt/stack/placement/placement/requestlog.py:55}}
Aug 27 00:59:16.057380 n-d-850499-7 devstack@placement-api.service[119944]: INFO placement.requestlog [req-cd373bae-71c1-4fab-8e72-549d465f689c req-9d01ebfd-e2c8-4d18-8b10-f78358a4a0b0 service placement] 10.222.0.62 "GET /placement/resource_providers/215b8737-6327-421e-aff6-5275fb783a5b/aggregates" status: 200 len: 91 microversion: 1.19
Aug 27 00:59:16.057782 n-d-850499-7 devstack@placement-api.service[119944]: [pid: 119944|app: 0|req: 40/74] 10.222.0.62 () {60 vars in 1425 bytes} [Sat Aug 27 00:59:16 2022] GET /placement/resource_providers/215b8737-6327-421e-aff6-5275fb783a5b/aggregates => generated 91 bytes in 47 msecs (HTTP/1.1 200) 8 headers in 295 bytes (1 switches on core 0)
Aug 27 00:59:16.071344 n-d-850499-7 devstack@placement-api.service[119944]: DEBUG placement.requestlog [req-cd373bae-71c1-4fab-8e72-549d465f689c req-41fea6e6-301b-4f1e-8c0d-00da8eecdb04 None None] Starting request: 10.222.0.62 "PUT /placement/resource_providers/215b8737-6327-421e-aff6-5275fb783a5b/aggregates" {{(pid=119944) __call__ /opt/stack/placement/placement/requestlog.py:55}}
Aug 27 00:59:16.086146 n-d-850499-7 devstack@placement-api.service[119943]: INFO placement.requestlog [req-32eb3108-3010-4561-b76b-85a3d290604d req-206a7520-2e33-4981-b451-a09ae9c4e92b service placement] 10.222.0.91 "GET /placement/resource_providers/ff4c4122-0093-4240-9eb7-a8ec9902b8ed/allocations" status: 200 len: 153 microversion: 1.0
Aug 27 00:59:16.088023 n-d-850499-7 devstack@placement-api.service[119943]: [pid: 119943|app: 0|req: 35/75] 10.222.0.91 () {58 vars in 1390 bytes} [Sat Aug 27 00:59:16 2022] GET /placement/resource_providers/ff4c4122-0093-4240-9eb7-a8ec9902b8ed/allocations => generated 153 bytes in 68 msecs (HTTP/1.1 200) 6 headers in 224 bytes (2 switches on core 0)
Aug 27 00:59:16.103446 n-d-850499-7 devstack@placement-api.service[119944]: DEBUG placement.objects.resource_provider [req-cd373bae-71c1-4fab-8e72-549d465f689c req-41fea6e6-301b-4f1e-8c0d-00da8eecdb04 service placement] Setting aggregates for provider 215b8737-6327-421e-aff6-5275fb783a5b. Successfully disassociated aggregate a776b4cc-007e-43a1-8d82-f09d35818ff1. {{(pid=119944) _set_aggregates /opt/stack/placement/placement/objects/resource_provider.py:404}}
Aug 27 00:59:16.230470 n-d-850499-7 devstack@placement-api.service[119944]: INFO placement.requestlog [req-cd373bae-71c1-4fab-8e72-549d465f689c req-41fea6e6-301b-4f1e-8c0d-00da8eecdb04 service placement] 10.222.0.62 "PUT /placement/resource_providers/215b8737-6327-421e-aff6-5275fb783a5b/aggregates" status: 200 len: 53 microversion: 1.19
Aug 27 00:59:16.231211 n-d-850499-7 devstack@placement-api.service[119944]: [pid: 119944|app: 0|req: 41/76] 10.222.0.62 () {64 vars in 1477 bytes} [Sat Aug 27 00:59:16 2022] PUT /placement/resource_providers/215b8737-6327-421e-aff6-5275fb783a5b/aggregates => generated 53 bytes in 160 msecs (HTTP/1.1 200) 8 headers in 295 bytes (1 switches on core 0)
Aug 27 00:59:16.274211 n-d-850499-7 devstack@placement-api.service[119943]: DEBUG placement.requestlog [req-32eb3108-3010-4561-b76b-85a3d290604d req-f1f4d345-8e80-4f72-a1dc-c9786377e488 None None] Starting request: 10.222.0.91 "GET /placement/resource_providers/ff4c4122-0093-4240-9eb7-a8ec9902b8ed/allocations" {{(pid=119943) __call__ /opt/stack/placement/placement/requestlog.py:55}}
Aug 27 00:59:16.316742 n-d-850499-7 devstack@placement-api.service[119943]: INFO placement.requestlog [req-32eb3108-3010-4561-b76b-85a3d290604d req-f1f4d345-8e80-4f72-a1dc-c9786377e488 service placement] 10.222.0.91 "GET /placement/resource_providers/ff4c4122-0093-4240-9eb7-a8ec9902b8ed/allocations" status: 200 len: 153 microversion: 1.0
Aug 27 00:59:16.318422 n-d-850499-7 devstack@placement-api.service[119943]: [pid: 119943|app: 0|req: 36/77] 10.222.0.91 () {58 vars in 1390 bytes} [Sat Aug 27 00:59:16 2022] GET /placement/resource_providers/ff4c4122-0093-4240-9eb7-a8ec9902b8ed/allocations => generated 153 bytes in 45 msecs (HTTP/1.1 200) 6 headers in 224 bytes (1 switches on core 0)
Aug 27 00:59:16.349111 n-d-850499-7 devstack@placement-api.service[119944]: DEBUG placement.requestlog [req-32eb3108-3010-4561-b76b-85a3d290604d req-fe0e9019-2919-488b-90e4-51e523a456a9 None None] Starting request: 10.222.0.91 "GET /placement/allocations/784d742e-7687-485e-97f7-95b0caa10138" {{(pid=119944) __call__ /opt/stack/placement/placement/requestlog.py:55}}
Aug 27 00:59:16.372251 n-d-850499-7 devstack@placement-api.service[119944]: INFO placement.requestlog [req-32eb3108-3010-4561-b76b-85a3d290604d req-fe0e9019-2919-488b-90e4-51e523a456a9 service placement] 10.222.0.91 "GET /placement/allocations/784d742e-7687-485e-97f7-95b0caa10138" status: 200 len: 258 microversion: 1.28
Aug 27 00:59:16.373173 n-d-850499-7 devstack@placement-api.service[119944]: [pid: 119944|app: 0|req: 42/78] 10.222.0.91 () {60 vars in 1377 bytes} [Sat Aug 27 00:59:16 2022] GET /placement/allocations/784d742e-7687-485e-97f7-95b0caa10138 => generated 258 bytes in 24 msecs (HTTP/1.1 200) 8 headers in 296 bytes (1 switches on core 0)
Aug 27 00:59:17.340505 n-d-850499-7 devstack@placement-api.service[119943]: DEBUG placement.requestlog [req-7d6ce7d8-70b4-4985-9fae-47b23eb24c7e req-9e31a9ad-0cd2-438c-b075-edabb1e5515b None None] Starting request: 10.222.0.75 "GET /placement/allocations/c703b076-fcf6-4449-8fef-71bcf0e020b7" {{(pid=119943) __call__ /opt/stack/placement/placement/requestlog.py:55}}
Aug 27 00:59:17.364880 n-d-850499-7 devstack@placement-api.service[119943]: INFO placement.requestlog [req-7d6ce7d8-70b4-4985-9fae-47b23eb24c7e req-9e31a9ad-0cd2-438c-b075-edabb1e5515b service placement] 10.222.0.75 "GET /placement/allocations/c703b076-fcf6-4449-8fef-71bcf0e020b7" status: 200 len: 258 microversion: 1.28
Aug 27 00:59:17.366824 n-d-850499-7 devstack@placement-api.service[119943]: [pid: 119943|app: 0|req: 37/79] 10.222.0.75 () {60 vars in 1377 bytes} [Sat Aug 27 00:59:17 2022] GET /placement/allocations/c703b076-fcf6-4449-8fef-71bcf0e020b7 => generated 258 bytes in 28 msecs (HTTP/1.1 200) 8 headers in 296 bytes (1 switches on core 0)
Aug 27 00:59:17.724146 n-d-850499-7 devstack@placement-api.service[119944]: DEBUG placement.requestlog [req-7d6ce7d8-70b4-4985-9fae-47b23eb24c7e req-0492b976-c7f8-4f63-85af-022e3366242b None None] Starting request: 10.222.0.75 "GET /placement/resource_providers/215b8737-6327-421e-aff6-5275fb783a5b/allocations" {{(pid=119944) __call__ /opt/stack/placement/placement/requestlog.py:55}}
Aug 27 00:59:17.791339 n-d-850499-7 devstack@placement-api.service[119944]: INFO placement.requestlog [req-7d6ce7d8-70b4-4985-9fae-47b23eb24c7e req-0492b976-c7f8-4f63-85af-022e3366242b service placement] 10.222.0.75 "GET /placement/resource_providers/215b8737-6327-421e-aff6-5275fb783a5b/allocations" status: 200 len: 153 microversion: 1.0
Aug 27 00:59:17.791942 n-d-850499-7 devstack@placement-api.service[119944]: [pid: 119944|app: 0|req: 43/80] 10.222.0.75 () {58 vars in 1390 bytes} [Sat Aug 27 00:59:17 2022] GET /placement/resource_providers/215b8737-6327-421e-aff6-5275fb783a5b/allocations => generated 153 bytes in 68 msecs (HTTP/1.1 200) 6 headers in 224 bytes (2 switches on core 0)
Aug 27 00:59:17.800080 n-d-850499-7 devstack@placement-api.service[119943]: DEBUG placement.requestlog [req-7d6ce7d8-70b4-4985-9fae-47b23eb24c7e req-1237e642-d2bb-4983-9f8c-f0713a9db474 None None] Starting request: 10.222.0.75 "GET /placement/allocations/c703b076-fcf6-4449-8fef-71bcf0e020b7" {{(pid=119943) __call__ /opt/stack/placement/placement/requestlog.py:55}}
Aug 27 00:59:17.838004 n-d-850499-7 devstack@placement-api.service[119943]: INFO placement.requestlog [req-7d6ce7d8-70b4-4985-9fae-47b23eb24c7e req-1237e642-d2bb-4983-9f8c-f0713a9db474 service placement] 10.222.0.75 "GET /placement/allocations/c703b076-fcf6-4449-8fef-71bcf0e020b7" status: 200 len: 258 microversion: 1.28
Aug 27 00:59:17.838564 n-d-850499-7 devstack@placement-api.service[119943]: [pid: 119943|app: 0|req: 38/81] 10.222.0.75 () {60 vars in 1377 bytes} [Sat Aug 27 00:59:17 2022] GET /placement/allocations/c703b076-fcf6-4449-8fef-71bcf0e020b7 => generated 258 bytes in 40 msecs (HTTP/1.1 200) 8 headers in 296 bytes (1 switches on core 0)
Aug 27 00:59:18.443526 n-d-850499-7 devstack@placement-api.service[119944]: DEBUG placement.requestlog [req-48f823bb-5d68-42a1-b359-26e320957aad req-48830a41-5a10-4464-93ac-fd2df37e27be None None] Starting request: 10.222.0.75 "GET /placement/resource_providers/215b8737-6327-421e-aff6-5275fb783a5b/allocations" {{(pid=119944) __call__ /opt/stack/placement/placement/requestlog.py:55}}
Aug 27 00:59:18.515184 n-d-850499-7 devstack@placement-api.service[119944]: INFO placement.requestlog [req-48f823bb-5d68-42a1-b359-26e320957aad req-48830a41-5a10-4464-93ac-fd2df37e27be service placement] 10.222.0.75 "GET /placement/resource_providers/215b8737-6327-421e-aff6-5275fb783a5b/allocations" status: 200 len: 153 microversion: 1.0
Aug 27 00:59:18.516977 n-d-850499-7 devstack@placement-api.service[119944]: [pid: 119944|app: 0|req: 44/82] 10.222.0.75 () {58 vars in 1390 bytes} [Sat Aug 27 00:59:18 2022] GET /placement/resource_providers/215b8737-6327-421e-aff6-5275fb783a5b/allocations => generated 153 bytes in 74 msecs (HTTP/1.1 200) 6 headers in 224 bytes (1 switches on core 0)
Aug 27 00:59:18.756649 n-d-850499-7 devstack@placement-api.service[119943]: DEBUG placement.requestlog [req-48f823bb-5d68-42a1-b359-26e320957aad req-b38093c9-cd15-4f75-bb4b-ae2f00e3167e None None] Starting request: 10.222.0.75 "GET /placement/resource_providers/215b8737-6327-421e-aff6-5275fb783a5b/allocations" {{(pid=119943) __call__ /opt/stack/placement/placement/requestlog.py:55}}
Aug 27 00:59:18.805028 n-d-850499-7 devstack@placement-api.service[119943]: INFO placement.requestlog [req-48f823bb-5d68-42a1-b359-26e320957aad req-b38093c9-cd15-4f75-bb4b-ae2f00e3167e service placement] 10.222.0.75 "GET /placement/resource_providers/215b8737-6327-421e-aff6-5275fb783a5b/allocations" status: 200 len: 153 microversion: 1.0
Aug 27 00:59:18.805425 n-d-850499-7 devstack@placement-api.service[119943]: [pid: 119943|app: 0|req: 39/83] 10.222.0.75 () {58 vars in 1390 bytes} [Sat Aug 27 00:59:18 2022] GET /placement/resource_providers/215b8737-6327-421e-aff6-5275fb783a5b/allocations => generated 153 bytes in 50 msecs (HTTP/1.1 200) 6 headers in 224 bytes (2 switches on core 0)
Aug 27 00:59:18.813373 n-d-850499-7 devstack@placement-api.service[119944]: DEBUG placement.requestlog [req-48f823bb-5d68-42a1-b359-26e320957aad req-2a2c1466-06c4-49fc-b62e-a2c0b6a5b7e7 None None] Starting request: 10.222.0.75 "GET /placement/allocations/c703b076-fcf6-4449-8fef-71bcf0e020b7" {{(pid=119944) __call__ /opt/stack/placement/placement/requestlog.py:55}}
Aug 27 00:59:18.835779 n-d-850499-7 devstack@placement-api.service[119944]: INFO placement.requestlog [req-48f823bb-5d68-42a1-b359-26e320957aad req-2a2c1466-06c4-49fc-b62e-a2c0b6a5b7e7 service placement] 10.222.0.75 "GET /placement/allocations/c703b076-fcf6-4449-8fef-71bcf0e020b7" status: 200 len: 258 microversion: 1.28
Aug 27 00:59:18.837219 n-d-850499-7 devstack@placement-api.service[119944]: [pid: 119944|app: 0|req: 45/84] 10.222.0.75 () {60 vars in 1377 bytes} [Sat Aug 27 00:59:18 2022] GET /placement/allocations/c703b076-fcf6-4449-8fef-71bcf0e020b7 => generated 258 bytes in 24 msecs (HTTP/1.1 200) 8 headers in 296 bytes (1 switches on core 0)
Aug 27 00:59:19.335338 n-d-850499-7 devstack@placement-api.service[119943]: DEBUG placement.requestlog [req-35362a20-0fb3-484c-88e9-45683f8c72a2 req-dbe0b369-1e23-40bb-8358-9a85227bb6ab None None] Starting request: 10.222.0.62 "GET /placement/allocation_candidates?limit=1000&resources=DISK_GB%3A1%2CMEMORY_MB%3A1024%2CVCPU%3A1&root_required=%21COMPUTE_STATUS_DISABLED" {{(pid=119943) __call__ /opt/stack/placement/placement/requestlog.py:55}}
Aug 27 00:59:19.425582 n-d-850499-7 devstack@placement-api.service[119943]: DEBUG placement.objects.research_context [req-35362a20-0fb3-484c-88e9-45683f8c72a2 req-dbe0b369-1e23-40bb-8358-9a85227bb6ab service placement] getting providers with 1 DISK_GB {{(pid=119943) __init__ /opt/stack/placement/placement/objects/research_context.py:136}}
Aug 27 00:59:19.442892 n-d-850499-7 devstack@placement-api.service[119943]: DEBUG placement.objects.research_context [req-35362a20-0fb3-484c-88e9-45683f8c72a2 req-dbe0b369-1e23-40bb-8358-9a85227bb6ab service placement] getting providers with 1024 MEMORY_MB {{(pid=119943) __init__ /opt/stack/placement/placement/objects/research_context.py:136}}
Aug 27 00:59:19.462533 n-d-850499-7 devstack@placement-api.service[119943]: DEBUG placement.objects.research_context [req-35362a20-0fb3-484c-88e9-45683f8c72a2 req-dbe0b369-1e23-40bb-8358-9a85227bb6ab service placement] getting providers with 1 VCPU {{(pid=119943) __init__ /opt/stack/placement/placement/objects/research_context.py:136}}
Aug 27 00:59:19.469574 n-d-850499-7 devstack@placement-api.service[119943]: DEBUG placement.objects.research_context [req-35362a20-0fb3-484c-88e9-45683f8c72a2 req-dbe0b369-1e23-40bb-8358-9a85227bb6ab service placement] found 2 providers with available 1 DISK_GB {{(pid=119943) get_provider_ids_matching /opt/stack/placement/placement/objects/research_context.py:563}}
Aug 27 00:59:19.479863 n-d-850499-7 devstack@placement-api.service[119943]: DEBUG placement.objects.research_context [req-35362a20-0fb3-484c-88e9-45683f8c72a2 req-dbe0b369-1e23-40bb-8358-9a85227bb6ab service placement] found 2 providers with available 1024 MEMORY_MB {{(pid=119943) get_provider_ids_matching /opt/stack/placement/placement/objects/research_context.py:563}}
Aug 27 00:59:19.479863 n-d-850499-7 devstack@placement-api.service[119943]: DEBUG placement.objects.research_context [req-35362a20-0fb3-484c-88e9-45683f8c72a2 req-dbe0b369-1e23-40bb-8358-9a85227bb6ab service placement] found 2 providers after filtering by previous result {{(pid=119943) get_provider_ids_matching /opt/stack/placement/placement/objects/research_context.py:594}}
Aug 27 00:59:19.479863 n-d-850499-7 devstack@placement-api.service[119943]: DEBUG placement.objects.research_context [req-35362a20-0fb3-484c-88e9-45683f8c72a2 req-dbe0b369-1e23-40bb-8358-9a85227bb6ab service placement] found 2 providers with available 1 VCPU {{(pid=119943) get_provider_ids_matching /opt/stack/placement/placement/objects/research_context.py:563}}
Aug 27 00:59:19.479863 n-d-850499-7 devstack@placement-api.service[119943]: DEBUG placement.objects.research_context [req-35362a20-0fb3-484c-88e9-45683f8c72a2 req-dbe0b369-1e23-40bb-8358-9a85227bb6ab service placement] found 2 providers after filtering by previous result {{(pid=119943) get_provider_ids_matching /opt/stack/placement/placement/objects/research_context.py:594}}
Aug 27 00:59:19.479863 n-d-850499-7 devstack@placement-api.service[119943]: DEBUG dbcounter [-] [119943] Writing DB stats placement:SELECT=88,placement:DELETE=4,placement:INSERT=6,placement:UPDATE=2 {{(pid=119943) stat_writer /usr/local/lib/python3.8/dist-packages/dbcounter.py:114}}
Aug 27 00:59:19.492686 n-d-850499-7 devstack@placement-api.service[119943]: DEBUG placement.objects.allocation_candidate [req-35362a20-0fb3-484c-88e9-45683f8c72a2 req-dbe0b369-1e23-40bb-8358-9a85227bb6ab service placement] RequestGroup(use_same_provider=False, resources={DISK_GB:1, MEMORY_MB:1024, VCPU:1}, traits=(), aggregates=[]) (suffix '') returned 2 matches {{(pid=119943) _get_by_requests /opt/stack/placement/placement/objects/allocation_candidate.py:156}}
Aug 27 00:59:19.493359 n-d-850499-7 devstack@placement-api.service[119943]: DEBUG placement.objects.allocation_candidate [req-35362a20-0fb3-484c-88e9-45683f8c72a2 req-dbe0b369-1e23-40bb-8358-9a85227bb6ab service placement] Merging candidates yields 2 allocation requests and 2 provider summaries {{(pid=119943) _merge_candidates /opt/stack/placement/placement/objects/allocation_candidate.py:809}}
Aug 27 00:59:19.495460 n-d-850499-7 devstack@placement-api.service[119943]: INFO placement.requestlog [req-35362a20-0fb3-484c-88e9-45683f8c72a2 req-dbe0b369-1e23-40bb-8358-9a85227bb6ab service placement] 10.222.0.62 "GET /placement/allocation_candidates?limit=1000&resources=DISK_GB%3A1%2CMEMORY_MB%3A1024%2CVCPU%3A1&root_required=%21COMPUTE_STATUS_DISABLED" status: 200 len: 1309 microversion: 1.36
Aug 27 00:59:19.501188 n-d-850499-7 devstack@placement-api.service[119943]: [pid: 119943|app: 0|req: 40/85] 10.222.0.62 () {60 vars in 1506 bytes} [Sat Aug 27 00:59:19 2022] GET /placement/allocation_candidates?limit=1000&resources=DISK_GB%3A1%2CMEMORY_MB%3A1024%2CVCPU%3A1&root_required=%21COMPUTE_STATUS_DISABLED => generated 1309 bytes in 166 msecs (HTTP/1.1 200) 8 headers in 297 bytes (1 switches on core 0)
Aug 27 00:59:19.610097 n-d-850499-7 devstack@placement-api.service[119944]: DEBUG placement.requestlog [req-35362a20-0fb3-484c-88e9-45683f8c72a2 req-dedf4fd4-4cad-4fba-8706-2eefb0c8c27f None None] Starting request: 10.222.0.62 "GET /placement/allocations/b14a641a-cd94-4181-8955-0d171120933f" {{(pid=119944) __call__ /opt/stack/placement/placement/requestlog.py:55}}
Aug 27 00:59:19.639156 n-d-850499-7 devstack@placement-api.service[119944]: INFO placement.requestlog [req-35362a20-0fb3-484c-88e9-45683f8c72a2 req-dedf4fd4-4cad-4fba-8706-2eefb0c8c27f service placement] 10.222.0.62 "GET /placement/allocations/b14a641a-cd94-4181-8955-0d171120933f" status: 200 len: 19 microversion: 1.28
Aug 27 00:59:19.639726 n-d-850499-7 devstack@placement-api.service[119944]: [pid: 119944|app: 0|req: 46/86] 10.222.0.62 () {60 vars in 1380 bytes} [Sat Aug 27 00:59:19 2022] GET /placement/allocations/b14a641a-cd94-4181-8955-0d171120933f => generated 19 bytes in 34 msecs (HTTP/1.1 200) 8 headers in 295 bytes (1 switches on core 0)
Aug 27 00:59:19.652947 n-d-850499-7 devstack@placement-api.service[119943]: DEBUG placement.requestlog [req-35362a20-0fb3-484c-88e9-45683f8c72a2 req-47225a6c-e11d-457b-8b83-8851b0d0ddea None None] Starting request: 10.222.0.62 "PUT /placement/allocations/b14a641a-cd94-4181-8955-0d171120933f" {{(pid=119943) __call__ /opt/stack/placement/placement/requestlog.py:55}}
Aug 27 00:59:19.949466 n-d-850499-7 devstack@placement-api.service[119943]: DEBUG placement.handlers.allocation [req-35362a20-0fb3-484c-88e9-45683f8c72a2 req-47225a6c-e11d-457b-8b83-8851b0d0ddea service placement] Successfully wrote allocations [, , ] {{(pid=119943) _update_consumers_and_create_allocations /opt/stack/placement/placement/handlers/allocation.py:462}}
Aug 27 00:59:20.113237 n-d-850499-7 devstack@placement-api.service[119943]: INFO placement.requestlog [req-35362a20-0fb3-484c-88e9-45683f8c72a2 req-47225a6c-e11d-457b-8b83-8851b0d0ddea service placement] 10.222.0.62 "PUT /placement/allocations/b14a641a-cd94-4181-8955-0d171120933f" status: 204 len: 0 microversion: 1.36
Aug 27 00:59:20.113916 n-d-850499-7 devstack@placement-api.service[119943]: [pid: 119943|app: 0|req: 41/87] 10.222.0.62 () {64 vars in 1433 bytes} [Sat Aug 27 00:59:19 2022] PUT /placement/allocations/b14a641a-cd94-4181-8955-0d171120933f => generated 0 bytes in 461 msecs (HTTP/1.1 204) 5 headers in 199 bytes (2 switches on core 0)
Aug 27 00:59:21.522763 n-d-850499-7 devstack@placement-api.service[119944]: DEBUG placement.requestlog [req-35362a20-0fb3-484c-88e9-45683f8c72a2 req-d949799c-e682-43cb-832a-7ddc7d58b421 None None] Starting request: 10.222.0.91 "GET /placement/allocations/b14a641a-cd94-4181-8955-0d171120933f" {{(pid=119944) __call__ /opt/stack/placement/placement/requestlog.py:55}}
Aug 27 00:59:21.552091 n-d-850499-7 devstack@placement-api.service[119944]: INFO placement.requestlog [req-35362a20-0fb3-484c-88e9-45683f8c72a2 req-d949799c-e682-43cb-832a-7ddc7d58b421 service placement] 10.222.0.91 "GET /placement/allocations/b14a641a-cd94-4181-8955-0d171120933f" status: 200 len: 258 microversion: 1.28
Aug 27 00:59:21.554835 n-d-850499-7 devstack@placement-api.service[119944]: [pid: 119944|app: 0|req: 47/88] 10.222.0.91 () {60 vars in 1377 bytes} [Sat Aug 27 00:59:21 2022] GET /placement/allocations/b14a641a-cd94-4181-8955-0d171120933f => generated 258 bytes in 33 msecs (HTTP/1.1 200) 8 headers in 296 bytes (1 switches on core 0)
Aug 27 00:59:21.986701 n-d-850499-7 devstack@placement-api.service[119943]: DEBUG placement.requestlog [req-35362a20-0fb3-484c-88e9-45683f8c72a2 req-1e4a118a-f7cb-4641-9d6f-2248cd082eee None None] Starting request: 10.222.0.91 "GET /placement/resource_providers/ff4c4122-0093-4240-9eb7-a8ec9902b8ed/allocations" {{(pid=119943) __call__ /opt/stack/placement/placement/requestlog.py:55}}
Aug 27 00:59:22.083987 n-d-850499-7 devstack@placement-api.service[119943]: INFO placement.requestlog [req-35362a20-0fb3-484c-88e9-45683f8c72a2 req-1e4a118a-f7cb-4641-9d6f-2248cd082eee service placement] 10.222.0.91 "GET /placement/resource_providers/ff4c4122-0093-4240-9eb7-a8ec9902b8ed/allocations" status: 200 len: 254 microversion: 1.0
Aug 27 00:59:22.086758 n-d-850499-7 devstack@placement-api.service[119943]: [pid: 119943|app: 0|req: 42/89] 10.222.0.91 () {58 vars in 1390 bytes} [Sat Aug 27 00:59:21 2022] GET /placement/resource_providers/ff4c4122-0093-4240-9eb7-a8ec9902b8ed/allocations => generated 254 bytes in 100 msecs (HTTP/1.1 200) 6 headers in 224 bytes (1 switches on core 0)
Aug 27 00:59:22.093731 n-d-850499-7 devstack@placement-api.service[119944]: DEBUG placement.requestlog [req-35362a20-0fb3-484c-88e9-45683f8c72a2 req-f8e91af6-7b8d-4b17-913d-96b3d9a0b6fc None None] Starting request: 10.222.0.91 "GET /placement/allocations/b14a641a-cd94-4181-8955-0d171120933f" {{(pid=119944) __call__ /opt/stack/placement/placement/requestlog.py:55}}
Aug 27 00:59:22.129523 n-d-850499-7 devstack@placement-api.service[119944]: INFO placement.requestlog [req-35362a20-0fb3-484c-88e9-45683f8c72a2 req-f8e91af6-7b8d-4b17-913d-96b3d9a0b6fc service placement] 10.222.0.91 "GET /placement/allocations/b14a641a-cd94-4181-8955-0d171120933f" status: 200 len: 258 microversion: 1.28
Aug 27 00:59:22.129918 n-d-850499-7 devstack@placement-api.service[119944]: [pid: 119944|app: 0|req: 48/90] 10.222.0.91 () {60 vars in 1377 bytes} [Sat Aug 27 00:59:22 2022] GET /placement/allocations/b14a641a-cd94-4181-8955-0d171120933f => generated 258 bytes in 37 msecs (HTTP/1.1 200) 8 headers in 296 bytes (1 switches on core 0)
Aug 27 00:59:22.137017 n-d-850499-7 devstack@placement-api.service[119943]: DEBUG placement.requestlog [req-35362a20-0fb3-484c-88e9-45683f8c72a2 req-3c2f8519-5124-495a-b401-2cc243500c74 None None] Starting request: 10.222.0.91 "GET /placement/allocations/784d742e-7687-485e-97f7-95b0caa10138" {{(pid=119943) __call__ /opt/stack/placement/placement/requestlog.py:55}}
Aug 27 00:59:22.161357 n-d-850499-7 devstack@placement-api.service[119943]: INFO placement.requestlog [req-35362a20-0fb3-484c-88e9-45683f8c72a2 req-3c2f8519-5124-495a-b401-2cc243500c74 service placement] 10.222.0.91 "GET /placement/allocations/784d742e-7687-485e-97f7-95b0caa10138" status: 200 len: 258 microversion: 1.28
Aug 27 00:59:22.162428 n-d-850499-7 devstack@placement-api.service[119943]: [pid: 119943|app: 0|req: 43/91] 10.222.0.91 () {60 vars in 1377 bytes} [Sat Aug 27 00:59:22 2022] GET /placement/allocations/784d742e-7687-485e-97f7-95b0caa10138 => generated 258 bytes in 26 msecs (HTTP/1.1 200) 8 headers in 296 bytes (1 switches on core 0)
Aug 27 00:59:22.165954 n-d-850499-7 devstack@placement-api.service[119944]: DEBUG placement.requestlog [req-d9ceb728-975d-4c05-b6b9-7540c6913590 req-3d20a94f-4a97-4f64-9f49-7053a67cdad7 None None] Starting request: 10.222.0.62 "GET /placement/resource_providers?name=n-h1-850499-7" {{(pid=119944) __call__ /opt/stack/placement/placement/requestlog.py:55}}
Aug 27 00:59:22.213429 n-d-850499-7 devstack@placement-api.service[119944]: INFO placement.requestlog [req-d9ceb728-975d-4c05-b6b9-7540c6913590 req-3d20a94f-4a97-4f64-9f49-7053a67cdad7 service placement] 10.222.0.62 "GET /placement/resource_providers?name=n-h1-850499-7" status: 200 len: 440 microversion: 1.0
Aug 27 00:59:22.215414 n-d-850499-7 devstack@placement-api.service[119944]: [pid: 119944|app: 0|req: 49/92] 10.222.0.62 () {58 vars in 1274 bytes} [Sat Aug 27 00:59:22 2022] GET /placement/resource_providers?name=n-h1-850499-7 => generated 440 bytes in 49 msecs (HTTP/1.1 200) 6 headers in 224 bytes (1 switches on core 0)
Aug 27 00:59:22.228828 n-d-850499-7 devstack@placement-api.service[119943]: DEBUG placement.requestlog [req-d9ceb728-975d-4c05-b6b9-7540c6913590 req-0f3017b1-ab44-4e3b-ac15-c7dc51735c8f None None] Starting request: 10.222.0.62 "GET /placement/resource_providers/215b8737-6327-421e-aff6-5275fb783a5b/aggregates" {{(pid=119943) __call__ /opt/stack/placement/placement/requestlog.py:55}}
Aug 27 00:59:22.357221 n-d-850499-7 devstack@placement-api.service[119943]: INFO placement.requestlog [req-d9ceb728-975d-4c05-b6b9-7540c6913590 req-0f3017b1-ab44-4e3b-ac15-c7dc51735c8f service placement] 10.222.0.62 "GET /placement/resource_providers/215b8737-6327-421e-aff6-5275fb783a5b/aggregates" status: 200 len: 53 microversion: 1.19
Aug 27 00:59:22.358313 n-d-850499-7 devstack@placement-api.service[119943]: [pid: 119943|app: 0|req: 44/93] 10.222.0.62 () {60 vars in 1425 bytes} [Sat Aug 27 00:59:22 2022] GET /placement/resource_providers/215b8737-6327-421e-aff6-5275fb783a5b/aggregates => generated 53 bytes in 130 msecs (HTTP/1.1 200) 8 headers in 295 bytes (1 switches on core 0)
Aug 27 00:59:22.365341 n-d-850499-7 devstack@placement-api.service[119944]: DEBUG placement.requestlog [req-d9ceb728-975d-4c05-b6b9-7540c6913590 req-1fe1bdfb-c653-4ab1-ac70-2bde0a9d5e31 None None] Starting request: 10.222.0.62 "PUT /placement/resource_providers/215b8737-6327-421e-aff6-5275fb783a5b/aggregates" {{(pid=119944) __call__ /opt/stack/placement/placement/requestlog.py:55}}
Aug 27 00:59:22.426574 n-d-850499-7 devstack@placement-api.service[119944]: DEBUG placement.objects.resource_provider [req-d9ceb728-975d-4c05-b6b9-7540c6913590 req-1fe1bdfb-c653-4ab1-ac70-2bde0a9d5e31 service placement] _ensure_aggregate() did not find aggregate 10f33fbf-ad1d-4287-95b5-0cae72a989ee. Attempting to create it. {{(pid=119944) _ensure_aggregate /opt/stack/placement/placement/objects/resource_provider.py:321}}
Aug 27 00:59:22.430042 n-d-850499-7 devstack@placement-api.service[119944]: DEBUG placement.objects.resource_provider [req-d9ceb728-975d-4c05-b6b9-7540c6913590 req-1fe1bdfb-c653-4ab1-ac70-2bde0a9d5e31 service placement] _ensure_aggregate() created new aggregate 10f33fbf-ad1d-4287-95b5-0cae72a989ee (id=3). {{(pid=119944) _ensure_aggregate /opt/stack/placement/placement/objects/resource_provider.py:327}}
Aug 27 00:59:22.432148 n-d-850499-7 devstack@placement-api.service[119944]: DEBUG placement.objects.resource_provider [req-d9ceb728-975d-4c05-b6b9-7540c6913590 req-1fe1bdfb-c653-4ab1-ac70-2bde0a9d5e31 service placement] Setting aggregates for provider 215b8737-6327-421e-aff6-5275fb783a5b. Successfully associated aggregate 10f33fbf-ad1d-4287-95b5-0cae72a989ee. {{(pid=119944) _set_aggregates /opt/stack/placement/placement/objects/resource_provider.py:389}}
Aug 27 00:59:22.538791 n-d-850499-7 devstack@placement-api.service[119944]: INFO placement.requestlog [req-d9ceb728-975d-4c05-b6b9-7540c6913590 req-1fe1bdfb-c653-4ab1-ac70-2bde0a9d5e31 service placement] 10.222.0.62 "PUT /placement/resource_providers/215b8737-6327-421e-aff6-5275fb783a5b/aggregates" status: 200 len: 92 microversion: 1.19
Aug 27 00:59:22.545324 n-d-850499-7 devstack@placement-api.service[119944]: [pid: 119944|app: 0|req: 50/94] 10.222.0.62 () {64 vars in 1477 bytes} [Sat Aug 27 00:59:22 2022] PUT /placement/resource_providers/215b8737-6327-421e-aff6-5275fb783a5b/aggregates => generated 92 bytes in 180 msecs (HTTP/1.1 200) 8 headers in 295 bytes (2 switches on core 0)
Aug 27 00:59:23.265792 n-d-850499-7 devstack@placement-api.service[119943]: DEBUG placement.requestlog [req-651b295f-50db-4566-a35d-d2efc55bd9de req-9e8e40cb-b5d7-49d6-ac01-513bb6c23afe None None] Starting request: 10.222.0.62 "GET /placement/resource_providers?name=n-h1-850499-7" {{(pid=119943) __call__ /opt/stack/placement/placement/requestlog.py:55}}
Aug 27 00:59:23.281786 n-d-850499-7 devstack@placement-api.service[119943]: INFO placement.requestlog [req-651b295f-50db-4566-a35d-d2efc55bd9de req-9e8e40cb-b5d7-49d6-ac01-513bb6c23afe service placement] 10.222.0.62 "GET /placement/resource_providers?name=n-h1-850499-7" status: 200 len: 441 microversion: 1.0
Aug 27 00:59:23.282428 n-d-850499-7 devstack@placement-api.service[119943]: [pid: 119943|app: 0|req: 45/95] 10.222.0.62 () {58 vars in 1274 bytes} [Sat Aug 27 00:59:23 2022] GET /placement/resource_providers?name=n-h1-850499-7 => generated 441 bytes in 17 msecs (HTTP/1.1 200) 6 headers in 224 bytes (1 switches on core 0)
Aug 27 00:59:23.290124 n-d-850499-7 devstack@placement-api.service[119944]: DEBUG placement.requestlog [req-651b295f-50db-4566-a35d-d2efc55bd9de req-2aac8af1-d0b7-4c1a-837f-56ceb6878449 None None] Starting request: 10.222.0.62 "GET /placement/resource_providers/215b8737-6327-421e-aff6-5275fb783a5b/aggregates" {{(pid=119944) __call__ /opt/stack/placement/placement/requestlog.py:55}}
Aug 27 00:59:23.303654 n-d-850499-7 devstack@placement-api.service[119944]: INFO placement.requestlog [req-651b295f-50db-4566-a35d-d2efc55bd9de req-2aac8af1-d0b7-4c1a-837f-56ceb6878449 service placement] 10.222.0.62 "GET /placement/resource_providers/215b8737-6327-421e-aff6-5275fb783a5b/aggregates" status: 200 len: 92 microversion: 1.19
Aug 27 00:59:23.304057 n-d-850499-7 devstack@placement-api.service[119944]: [pid: 119944|app: 0|req: 51/96] 10.222.0.62 () {60 vars in 1425 bytes} [Sat Aug 27 00:59:23 2022] GET /placement/resource_providers/215b8737-6327-421e-aff6-5275fb783a5b/aggregates => generated 92 bytes in 14 msecs (HTTP/1.1 200) 8 headers in 295 bytes (1 switches on core 0)
Aug 27 00:59:23.311370 n-d-850499-7 devstack@placement-api.service[119943]: DEBUG placement.requestlog [req-651b295f-50db-4566-a35d-d2efc55bd9de req-3201ddac-1a3d-4d65-8565-3444009defb9 None None] Starting request: 10.222.0.62 "PUT /placement/resource_providers/215b8737-6327-421e-aff6-5275fb783a5b/aggregates" {{(pid=119943) __call__ /opt/stack/placement/placement/requestlog.py:55}}
Aug 27 00:59:23.337570 n-d-850499-7 devstack@placement-api.service[119943]: DEBUG placement.objects.resource_provider [req-651b295f-50db-4566-a35d-d2efc55bd9de req-3201ddac-1a3d-4d65-8565-3444009defb9 service placement] Setting aggregates for provider 215b8737-6327-421e-aff6-5275fb783a5b. Successfully disassociated aggregate 10f33fbf-ad1d-4287-95b5-0cae72a989ee. {{(pid=119943) _set_aggregates /opt/stack/placement/placement/objects/resource_provider.py:404}}
Aug 27 00:59:23.430462 n-d-850499-7 devstack@placement-api.service[119943]: INFO placement.requestlog [req-651b295f-50db-4566-a35d-d2efc55bd9de req-3201ddac-1a3d-4d65-8565-3444009defb9 service placement] 10.222.0.62 "PUT /placement/resource_providers/215b8737-6327-421e-aff6-5275fb783a5b/aggregates" status: 200 len: 54 microversion: 1.19
Aug 27 00:59:23.430877 n-d-850499-7 devstack@placement-api.service[119943]: [pid: 119943|app: 0|req: 46/97] 10.222.0.62 () {64 vars in 1477 bytes} [Sat Aug 27 00:59:23 2022] PUT /placement/resource_providers/215b8737-6327-421e-aff6-5275fb783a5b/aggregates => generated 54 bytes in 120 msecs (HTTP/1.1 200) 8 headers in 295 bytes (2 switches on core 0)
Aug 27 00:59:24.139492 n-d-850499-7 devstack@placement-api.service[119944]: DEBUG placement.requestlog [None req-6d6e654e-f5f7-466c-803b-a73382c9fccc None None] Starting request: 10.222.0.62 "GET /placement/resource_providers/4668c843-1265-40f6-9185-4843515ca604/aggregates" {{(pid=119944) __call__ /opt/stack/placement/placement/requestlog.py:55}}
Aug 27 00:59:24.161432 n-d-850499-7 devstack@placement-api.service[119943]: DEBUG placement.requestlog [req-fcce52cb-6a34-4ae0-b443-e147c63ac034 req-039857e8-c02f-490b-9f62-a5cfde2035b0 None None] Starting request: 10.222.0.62 "GET /placement/resource_providers?name=n-h1-850499-7" {{(pid=119943) __call__ /opt/stack/placement/placement/requestlog.py:55}}
Aug 27 00:59:24.187856 n-d-850499-7 devstack@placement-api.service[119943]: INFO placement.requestlog [req-fcce52cb-6a34-4ae0-b443-e147c63ac034 req-039857e8-c02f-490b-9f62-a5cfde2035b0 service placement] 10.222.0.62 "GET /placement/resource_providers?name=n-h1-850499-7" status: 200 len: 441 microversion: 1.0
Aug 27 00:59:24.188741 n-d-850499-7 devstack@placement-api.service[119943]: [pid: 119943|app: 0|req: 47/98] 10.222.0.62 () {58 vars in 1274 bytes} [Sat Aug 27 00:59:24 2022] GET /placement/resource_providers?name=n-h1-850499-7 => generated 441 bytes in 27 msecs (HTTP/1.1 200) 6 headers in 224 bytes (2 switches on core 0)
Aug 27 00:59:24.198587 n-d-850499-7 devstack@placement-api.service[119943]: DEBUG placement.requestlog [req-fcce52cb-6a34-4ae0-b443-e147c63ac034 req-03d3aa38-2fa4-4882-9596-9cac7a714f08 None None] Starting request: 10.222.0.62 "GET /placement/resource_providers/215b8737-6327-421e-aff6-5275fb783a5b/aggregates" {{(pid=119943) __call__ /opt/stack/placement/placement/requestlog.py:55}}
Aug 27 00:59:24.231197 n-d-850499-7 devstack@placement-api.service[119943]: INFO placement.requestlog [req-fcce52cb-6a34-4ae0-b443-e147c63ac034 req-03d3aa38-2fa4-4882-9596-9cac7a714f08 service placement] 10.222.0.62 "GET /placement/resource_providers/215b8737-6327-421e-aff6-5275fb783a5b/aggregates" status: 200 len: 54 microversion: 1.19
Aug 27 00:59:24.240394 n-d-850499-7 devstack@placement-api.service[119943]: [pid: 119943|app: 0|req: 48/99] 10.222.0.62 () {60 vars in 1425 bytes} [Sat Aug 27 00:59:24 2022] GET /placement/resource_providers/215b8737-6327-421e-aff6-5275fb783a5b/aggregates => generated 54 bytes in 42 msecs (HTTP/1.1 200) 8 headers in 295 bytes (2 switches on core 0)
