Aug 04 09:25:30.261397 n-d-850499-3 devstack@placement-api.service[117303]: [pid: 117303|app: 0|req: 489/970] 10.222.0.98 () {60 vars in 1355 bytes} [Thu Aug 4 09:25:30 2022] DELETE /placement/allocations/e4882a87-0bad-485f-910c-61c6b2b3d4a7 => generated 0 bytes in 198 msecs (HTTP/1.1 204) 5 headers in 198 bytes (1 switches on core 0)
Aug 04 09:25:33.050330 n-d-850499-3 devstack@placement-api.service[117304]: DEBUG placement.requestlog [req-709bc6bf-df0b-4ea4-8b20-470c8e5217e3 req-83a3d642-5a7b-4e22-89c1-639140d6725a None None] Starting request: 10.222.0.91 "GET /placement/resource_providers/372db6e5-ca83-400c-ab74-9950a182993c/allocations" {{(pid=117304) __call__ /opt/stack/placement/placement/requestlog.py:55}}
Aug 04 09:25:33.079871 n-d-850499-3 devstack@placement-api.service[117304]: INFO placement.requestlog [req-709bc6bf-df0b-4ea4-8b20-470c8e5217e3 req-83a3d642-5a7b-4e22-89c1-639140d6725a service placement] 10.222.0.91 "GET /placement/resource_providers/372db6e5-ca83-400c-ab74-9950a182993c/allocations" status: 200 len: 255 microversion: 1.0
Aug 04 09:25:33.081319 n-d-850499-3 devstack@placement-api.service[117304]: [pid: 117304|app: 0|req: 482/971] 10.222.0.91 () {58 vars in 1390 bytes} [Thu Aug 4 09:25:33 2022] GET /placement/resource_providers/372db6e5-ca83-400c-ab74-9950a182993c/allocations => generated 255 bytes in 31 msecs (HTTP/1.1 200) 6 headers in 224 bytes (1 switches on core 0)
Aug 04 09:25:40.169325 n-d-850499-3 devstack@placement-api.service[117303]: DEBUG dbcounter [-] [117303] Writing DB stats placement:SELECT=58,placement:DELETE=6,placement:INSERT=6,placement:UPDATE=2 {{(pid=117303) stat_writer /usr/local/lib/python3.8/dist-packages/dbcounter.py:114}}
Aug 04 09:25:42.754403 n-d-850499-3 devstack@placement-api.service[117303]: DEBUG placement.requestlog [None req-17f327f7-afbf-44d2-921a-ad6441e3bbff None None] Starting request: 10.222.0.94 "GET /placement/resource_providers/a6088669-0635-44bc-aa47-c9054c1211f1/aggregates" {{(pid=117303) __call__ /opt/stack/placement/placement/requestlog.py:55}}
Aug 04 09:25:42.771379 n-d-850499-3 devstack@placement-api.service[117303]: INFO placement.requestlog [None req-17f327f7-afbf-44d2-921a-ad6441e3bbff service placement] 10.222.0.94 "GET /placement/resource_providers/a6088669-0635-44bc-aa47-c9054c1211f1/aggregates" status: 404 len: 235 microversion: 1.1
Aug 04 09:25:42.772345 n-d-850499-3 devstack@placement-api.service[117303]: [pid: 117303|app: 0|req: 490/972] 10.222.0.94 () {58 vars in 1362 bytes} [Thu Aug 4 09:25:42 2022] GET /placement/resource_providers/a6088669-0635-44bc-aa47-c9054c1211f1/aggregates => generated 235 bytes in 19 msecs (HTTP/1.1 404) 5 headers in 202 bytes (1 switches on core 0)
Aug 04 09:25:42.844726 n-d-850499-3 devstack@placement-api.service[117304]: DEBUG placement.requestlog [None req-82457e30-0c11-4661-8b68-7076e2620cfb None None] Starting request: 10.222.0.94 "DELETE /placement/resource_providers/a6088669-0635-44bc-aa47-c9054c1211f1" {{(pid=117304) __call__ /opt/stack/placement/placement/requestlog.py:55}}
Aug 04 09:25:42.859205 n-d-850499-3 devstack@placement-api.service[117304]: DEBUG placement.wsgi_wrapper [None req-82457e30-0c11-4661-8b68-7076e2620cfb service placement] Placement API returning an error response: No resource provider with uuid a6088669-0635-44bc-aa47-c9054c1211f1 found for delete {{(pid=117304) call_func /opt/stack/placement/placement/wsgi_wrapper.py:31}}
Aug 04 09:25:42.860108 n-d-850499-3 devstack@placement-api.service[117304]: INFO placement.requestlog [None req-82457e30-0c11-4661-8b68-7076e2620cfb service placement] 10.222.0.94 "DELETE /placement/resource_providers/a6088669-0635-44bc-aa47-c9054c1211f1" status: 404 len: 246 microversion: 1.1
Aug 04 09:25:42.861044 n-d-850499-3 devstack@placement-api.service[117304]: [pid: 117304|app: 0|req: 483/973] 10.222.0.94 () {60 vars in 1351 bytes} [Thu Aug 4 09:25:42 2022] DELETE /placement/resource_providers/a6088669-0635-44bc-aa47-c9054c1211f1 => generated 246 bytes in 16 msecs (HTTP/1.1 404) 6 headers in 231 bytes (1 switches on core 0)
Aug 04 09:25:44.879635 n-d-850499-3 devstack@placement-api.service[117303]: DEBUG placement.requestlog [None req-fbc59775-14a3-4783-b9a0-fd45738ff29c None None] Starting request: 10.222.0.94 "GET /placement/resource_providers/e565d47f-0d80-4d77-8261-a5b2059c59f7/aggregates" {{(pid=117303) __call__ /opt/stack/placement/placement/requestlog.py:55}}
Aug 04 09:25:44.894717 n-d-850499-3 devstack@placement-api.service[117303]: INFO placement.requestlog [None req-fbc59775-14a3-4783-b9a0-fd45738ff29c service placement] 10.222.0.94 "GET /placement/resource_providers/e565d47f-0d80-4d77-8261-a5b2059c59f7/aggregates" status: 404 len: 235 microversion: 1.1
Aug 04 09:25:44.895792 n-d-850499-3 devstack@placement-api.service[117303]: [pid: 117303|app: 0|req: 491/974] 10.222.0.94 () {58 vars in 1362 bytes} [Thu Aug 4 09:25:44 2022] GET /placement/resource_providers/e565d47f-0d80-4d77-8261-a5b2059c59f7/aggregates => generated 235 bytes in 16 msecs (HTTP/1.1 404) 5 headers in 202 bytes (1 switches on core 0)
Aug 04 09:25:44.947122 n-d-850499-3 devstack@placement-api.service[117304]: DEBUG placement.requestlog [None req-eef64bca-3f9b-4f5a-8ec2-a0913c306444 None None] Starting request: 10.222.0.94 "DELETE /placement/resource_providers/e565d47f-0d80-4d77-8261-a5b2059c59f7" {{(pid=117304) __call__ /opt/stack/placement/placement/requestlog.py:55}}
Aug 04 09:25:44.957144 n-d-850499-3 devstack@placement-api.service[117304]: DEBUG dbcounter [-] [117304] Writing DB stats placement:SELECT=41,placement:DELETE=2 {{(pid=117304) stat_writer /usr/local/lib/python3.8/dist-packages/dbcounter.py:114}}
Aug 04 09:25:44.961827 n-d-850499-3 devstack@placement-api.service[117304]: DEBUG placement.wsgi_wrapper [None req-eef64bca-3f9b-4f5a-8ec2-a0913c306444 service placement] Placement API returning an error response: No resource provider with uuid e565d47f-0d80-4d77-8261-a5b2059c59f7 found for delete {{(pid=117304) call_func /opt/stack/placement/placement/wsgi_wrapper.py:31}}
Aug 04 09:25:44.963089 n-d-850499-3 devstack@placement-api.service[117304]: INFO placement.requestlog [None req-eef64bca-3f9b-4f5a-8ec2-a0913c306444 service placement] 10.222.0.94 "DELETE /placement/resource_providers/e565d47f-0d80-4d77-8261-a5b2059c59f7" status: 404 len: 246 microversion: 1.1
Aug 04 09:25:44.964570 n-d-850499-3 devstack@placement-api.service[117304]: [pid: 117304|app: 0|req: 484/975] 10.222.0.94 () {60 vars in 1351 bytes} [Thu Aug 4 09:25:44 2022] DELETE /placement/resource_providers/e565d47f-0d80-4d77-8261-a5b2059c59f7 => generated 246 bytes in 18 msecs (HTTP/1.1 404) 6 headers in 231 bytes (1 switches on core 0)
Aug 04 09:25:44.983886 n-d-850499-3 devstack@placement-api.service[117303]: DEBUG placement.requestlog [None req-bbe5159d-13f5-44c1-a8d7-55a90bd109a7 None None] Starting request: 10.222.0.94 "GET /placement/resource_providers/78210e22-03a3-4912-b741-4967672f5a6e/aggregates" {{(pid=117303) __call__ /opt/stack/placement/placement/requestlog.py:55}}
Aug 04 09:25:45.008659 n-d-850499-3 devstack@placement-api.service[117303]: INFO placement.requestlog [None req-bbe5159d-13f5-44c1-a8d7-55a90bd109a7 service placement] 10.222.0.94 "GET /placement/resource_providers/78210e22-03a3-4912-b741-4967672f5a6e/aggregates" status: 404 len: 235 microversion: 1.1
Aug 04 09:25:45.009393 n-d-850499-3 devstack@placement-api.service[117303]: [pid: 117303|app: 0|req: 492/976] 10.222.0.94 () {58 vars in 1362 bytes} [Thu Aug 4 09:25:44 2022] GET /placement/resource_providers/78210e22-03a3-4912-b741-4967672f5a6e/aggregates => generated 235 bytes in 26 msecs (HTTP/1.1 404) 5 headers in 202 bytes (1 switches on core 0)
Aug 04 09:25:45.083159 n-d-850499-3 devstack@placement-api.service[117304]: DEBUG placement.requestlog [None req-62b51d1e-eac7-46cb-99d5-4b7bf97e46e2 None None] Starting request: 10.222.0.94 "DELETE /placement/resource_providers/78210e22-03a3-4912-b741-4967672f5a6e" {{(pid=117304) __call__ /opt/stack/placement/placement/requestlog.py:55}}
Aug 04 09:25:45.101865 n-d-850499-3 devstack@placement-api.service[117304]: DEBUG placement.wsgi_wrapper [None req-62b51d1e-eac7-46cb-99d5-4b7bf97e46e2 service placement] Placement API returning an error response: No resource provider with uuid 78210e22-03a3-4912-b741-4967672f5a6e found for delete {{(pid=117304) call_func /opt/stack/placement/placement/wsgi_wrapper.py:31}}
Aug 04 09:25:45.105975 n-d-850499-3 devstack@placement-api.service[117304]: INFO placement.requestlog [None req-62b51d1e-eac7-46cb-99d5-4b7bf97e46e2 service placement] 10.222.0.94 "DELETE /placement/resource_providers/78210e22-03a3-4912-b741-4967672f5a6e" status: 404 len: 246 microversion: 1.1
Aug 04 09:25:45.105975 n-d-850499-3 devstack@placement-api.service[117304]: [pid: 117304|app: 0|req: 485/977] 10.222.0.94 () {60 vars in 1351 bytes} [Thu Aug 4 09:25:45 2022] DELETE /placement/resource_providers/78210e22-03a3-4912-b741-4967672f5a6e => generated 246 bytes in 22 msecs (HTTP/1.1 404) 6 headers in 231 bytes (1 switches on core 0)
Aug 04 09:25:48.509095 n-d-850499-3 devstack@placement-api.service[117303]: DEBUG placement.requestlog [req-f275f8bf-e8c3-464b-af10-2a4d5ef403f0 req-a86e4bc4-0d55-4bfb-b4cd-00f1da2c4428 None None] Starting request: 10.222.0.94 "GET /placement/allocation_candidates?limit=1000&resources=DISK_GB%3A1%2CMEMORY_MB%3A1024%2CVCPU%3A1&root_required=%21COMPUTE_STATUS_DISABLED" {{(pid=117303) __call__ /opt/stack/placement/placement/requestlog.py:55}}
Aug 04 09:25:48.588405 n-d-850499-3 devstack@placement-api.service[117303]: DEBUG placement.objects.research_context [req-f275f8bf-e8c3-464b-af10-2a4d5ef403f0 req-a86e4bc4-0d55-4bfb-b4cd-00f1da2c4428 service placement] getting providers with 1 DISK_GB {{(pid=117303) __init__ /opt/stack/placement/placement/objects/research_context.py:136}}
Aug 04 09:25:48.594924 n-d-850499-3 devstack@placement-api.service[117303]: DEBUG placement.objects.research_context [req-f275f8bf-e8c3-464b-af10-2a4d5ef403f0 req-a86e4bc4-0d55-4bfb-b4cd-00f1da2c4428 service placement] getting providers with 1024 MEMORY_MB {{(pid=117303) __init__ /opt/stack/placement/placement/objects/research_context.py:136}}
Aug 04 09:25:48.604541 n-d-850499-3 devstack@placement-api.service[117303]: DEBUG placement.objects.research_context [req-f275f8bf-e8c3-464b-af10-2a4d5ef403f0 req-a86e4bc4-0d55-4bfb-b4cd-00f1da2c4428 service placement] getting providers with 1 VCPU {{(pid=117303) __init__ /opt/stack/placement/placement/objects/research_context.py:136}}
Aug 04 09:25:48.612109 n-d-850499-3 devstack@placement-api.service[117303]: DEBUG placement.objects.research_context [req-f275f8bf-e8c3-464b-af10-2a4d5ef403f0 req-a86e4bc4-0d55-4bfb-b4cd-00f1da2c4428 service placement] found 2 providers with available 1 DISK_GB {{(pid=117303) get_provider_ids_matching /opt/stack/placement/placement/objects/research_context.py:563}}
Aug 04 09:25:48.612547 n-d-850499-3 devstack@placement-api.service[117303]: DEBUG placement.objects.research_context [req-f275f8bf-e8c3-464b-af10-2a4d5ef403f0 req-a86e4bc4-0d55-4bfb-b4cd-00f1da2c4428 service placement] found 2 providers with available 1024 MEMORY_MB {{(pid=117303) get_provider_ids_matching /opt/stack/placement/placement/objects/research_context.py:563}}
Aug 04 09:25:48.612984 n-d-850499-3 devstack@placement-api.service[117303]: DEBUG placement.objects.research_context [req-f275f8bf-e8c3-464b-af10-2a4d5ef403f0 req-a86e4bc4-0d55-4bfb-b4cd-00f1da2c4428 service placement] found 2 providers after filtering by previous result {{(pid=117303) get_provider_ids_matching /opt/stack/placement/placement/objects/research_context.py:594}}
Aug 04 09:25:48.613701 n-d-850499-3 devstack@placement-api.service[117303]: DEBUG placement.objects.research_context [req-f275f8bf-e8c3-464b-af10-2a4d5ef403f0 req-a86e4bc4-0d55-4bfb-b4cd-00f1da2c4428 service placement] found 2 providers with available 1 VCPU {{(pid=117303) get_provider_ids_matching /opt/stack/placement/placement/objects/research_context.py:563}}
Aug 04 09:25:48.614160 n-d-850499-3 devstack@placement-api.service[117303]: DEBUG placement.objects.research_context [req-f275f8bf-e8c3-464b-af10-2a4d5ef403f0 req-a86e4bc4-0d55-4bfb-b4cd-00f1da2c4428 service placement] found 2 providers after filtering by previous result {{(pid=117303) get_provider_ids_matching /opt/stack/placement/placement/objects/research_context.py:594}}
Aug 04 09:25:48.628856 n-d-850499-3 devstack@placement-api.service[117303]: DEBUG placement.objects.allocation_candidate [req-f275f8bf-e8c3-464b-af10-2a4d5ef403f0 req-a86e4bc4-0d55-4bfb-b4cd-00f1da2c4428 service placement] RequestGroup(use_same_provider=False, resources={DISK_GB:1, MEMORY_MB:1024, VCPU:1}, traits=(), aggregates=[]) (suffix '') returned 2 matches {{(pid=117303) _get_by_requests /opt/stack/placement/placement/objects/allocation_candidate.py:156}}
Aug 04 09:25:48.630393 n-d-850499-3 devstack@placement-api.service[117303]: DEBUG placement.objects.allocation_candidate [req-f275f8bf-e8c3-464b-af10-2a4d5ef403f0 req-a86e4bc4-0d55-4bfb-b4cd-00f1da2c4428 service placement] Merging candidates yields 2 allocation requests and 2 provider summaries {{(pid=117303) _merge_candidates /opt/stack/placement/placement/objects/allocation_candidate.py:809}}
Aug 04 09:25:48.632537 n-d-850499-3 devstack@placement-api.service[117303]: INFO placement.requestlog [req-f275f8bf-e8c3-464b-af10-2a4d5ef403f0 req-a86e4bc4-0d55-4bfb-b4cd-00f1da2c4428 service placement] 10.222.0.94 "GET /placement/allocation_candidates?limit=1000&resources=DISK_GB%3A1%2CMEMORY_MB%3A1024%2CVCPU%3A1&root_required=%21COMPUTE_STATUS_DISABLED" status: 200 len: 1309 microversion: 1.36
Aug 04 09:25:48.633391 n-d-850499-3 devstack@placement-api.service[117303]: [pid: 117303|app: 0|req: 493/978] 10.222.0.94 () {60 vars in 1506 bytes} [Thu Aug 4 09:25:48 2022] GET /placement/allocation_candidates?limit=1000&resources=DISK_GB%3A1%2CMEMORY_MB%3A1024%2CVCPU%3A1&root_required=%21COMPUTE_STATUS_DISABLED => generated 1309 bytes in 124 msecs (HTTP/1.1 200) 8 headers in 297 bytes (1 switches on core 0)
Aug 04 09:25:48.854462 n-d-850499-3 devstack@placement-api.service[117304]: DEBUG placement.requestlog [req-f275f8bf-e8c3-464b-af10-2a4d5ef403f0 req-72687686-b6c5-44dd-bfbf-b39838d22d51 None None] Starting request: 10.222.0.94 "GET /placement/allocations/6f500c7a-87ba-4a37-b813-337b81d33094" {{(pid=117304) __call__ /opt/stack/placement/placement/requestlog.py:55}}
Aug 04 09:25:48.887831 n-d-850499-3 devstack@placement-api.service[117304]: INFO placement.requestlog [req-f275f8bf-e8c3-464b-af10-2a4d5ef403f0 req-72687686-b6c5-44dd-bfbf-b39838d22d51 service placement] 10.222.0.94 "GET /placement/allocations/6f500c7a-87ba-4a37-b813-337b81d33094" status: 200 len: 19 microversion: 1.28
Aug 04 09:25:48.889772 n-d-850499-3 devstack@placement-api.service[117304]: [pid: 117304|app: 0|req: 486/979] 10.222.0.94 () {60 vars in 1380 bytes} [Thu Aug 4 09:25:48 2022] GET /placement/allocations/6f500c7a-87ba-4a37-b813-337b81d33094 => generated 19 bytes in 36 msecs (HTTP/1.1 200) 8 headers in 295 bytes (1 switches on core 0)
Aug 04 09:25:48.902567 n-d-850499-3 devstack@placement-api.service[117303]: DEBUG placement.requestlog [req-f275f8bf-e8c3-464b-af10-2a4d5ef403f0 req-38290cfc-d3ac-46f3-a4e8-b0057269faef None None] Starting request: 10.222.0.94 "PUT /placement/allocations/6f500c7a-87ba-4a37-b813-337b81d33094" {{(pid=117303) __call__ /opt/stack/placement/placement/requestlog.py:55}}
Aug 04 09:25:49.326158 n-d-850499-3 devstack@placement-api.service[117303]: DEBUG placement.handlers.allocation [req-f275f8bf-e8c3-464b-af10-2a4d5ef403f0 req-38290cfc-d3ac-46f3-a4e8-b0057269faef service placement] Successfully wrote allocations [, , ] {{(pid=117303) _update_consumers_and_create_allocations /opt/stack/placement/placement/handlers/allocation.py:462}}
Aug 04 09:25:49.372801 n-d-850499-3 devstack@placement-api.service[117304]: DEBUG placement.requestlog [None req-dd8c58b4-7e89-4ce1-af10-5bf2d38e98e7 None None] Starting request: 10.222.0.94 "GET /placement/resource_providers/ee2acb36-1094-496f-ac6f-a56cc74a2730/aggregates" {{(pid=117304) __call__ /opt/stack/placement/placement/requestlog.py:55}}
Aug 04 09:25:49.385242 n-d-850499-3 devstack@placement-api.service[117304]: INFO placement.requestlog [None req-dd8c58b4-7e89-4ce1-af10-5bf2d38e98e7 service placement] 10.222.0.94 "GET /placement/resource_providers/ee2acb36-1094-496f-ac6f-a56cc74a2730/aggregates" status: 404 len: 235 microversion: 1.1
Aug 04 09:25:49.386524 n-d-850499-3 devstack@placement-api.service[117304]: [pid: 117304|app: 0|req: 487/980] 10.222.0.94 () {58 vars in 1362 bytes} [Thu Aug 4 09:25:49 2022] GET /placement/resource_providers/ee2acb36-1094-496f-ac6f-a56cc74a2730/aggregates => generated 235 bytes in 13 msecs (HTTP/1.1 404) 5 headers in 202 bytes (2 switches on core 0)
Aug 04 09:25:49.392943 n-d-850499-3 devstack@placement-api.service[117304]: DEBUG placement.requestlog [None req-10ea8353-7e8a-446b-ad52-77bda44e5eb9 None None] Starting request: 10.222.0.94 "DELETE /placement/resource_providers/ee2acb36-1094-496f-ac6f-a56cc74a2730" {{(pid=117304) __call__ /opt/stack/placement/placement/requestlog.py:55}}
Aug 04 09:25:49.405249 n-d-850499-3 devstack@placement-api.service[117304]: DEBUG placement.wsgi_wrapper [None req-10ea8353-7e8a-446b-ad52-77bda44e5eb9 service placement] Placement API returning an error response: No resource provider with uuid ee2acb36-1094-496f-ac6f-a56cc74a2730 found for delete {{(pid=117304) call_func /opt/stack/placement/placement/wsgi_wrapper.py:31}}
Aug 04 09:25:49.406307 n-d-850499-3 devstack@placement-api.service[117304]: INFO placement.requestlog [None req-10ea8353-7e8a-446b-ad52-77bda44e5eb9 service placement] 10.222.0.94 "DELETE /placement/resource_providers/ee2acb36-1094-496f-ac6f-a56cc74a2730" status: 404 len: 246 microversion: 1.1
Aug 04 09:25:49.408628 n-d-850499-3 devstack@placement-api.service[117304]: [pid: 117304|app: 0|req: 488/981] 10.222.0.94 () {60 vars in 1351 bytes} [Thu Aug 4 09:25:49 2022] DELETE /placement/resource_providers/ee2acb36-1094-496f-ac6f-a56cc74a2730 => generated 246 bytes in 14 msecs (HTTP/1.1 404) 6 headers in 231 bytes (2 switches on core 0)
Aug 04 09:25:49.440629 n-d-850499-3 devstack@placement-api.service[117303]: INFO placement.requestlog [req-f275f8bf-e8c3-464b-af10-2a4d5ef403f0 req-38290cfc-d3ac-46f3-a4e8-b0057269faef service placement] 10.222.0.94 "PUT /placement/allocations/6f500c7a-87ba-4a37-b813-337b81d33094" status: 204 len: 0 microversion: 1.36
Aug 04 09:25:49.441117 n-d-850499-3 devstack@placement-api.service[117303]: [pid: 117303|app: 0|req: 494/982] 10.222.0.94 () {64 vars in 1433 bytes} [Thu Aug 4 09:25:48 2022] PUT /placement/allocations/6f500c7a-87ba-4a37-b813-337b81d33094 => generated 0 bytes in 539 msecs (HTTP/1.1 204) 5 headers in 199 bytes (1 switches on core 0)
Aug 04 09:25:50.892957 n-d-850499-3 devstack@placement-api.service[117304]: DEBUG placement.requestlog [req-f275f8bf-e8c3-464b-af10-2a4d5ef403f0 req-d09adfad-c386-4436-b59b-fcd23b9f428f None None] Starting request: 10.222.0.98 "GET /placement/allocations/6f500c7a-87ba-4a37-b813-337b81d33094" {{(pid=117304) __call__ /opt/stack/placement/placement/requestlog.py:55}}
Aug 04 09:25:50.941807 n-d-850499-3 devstack@placement-api.service[117304]: INFO placement.requestlog [req-f275f8bf-e8c3-464b-af10-2a4d5ef403f0 req-d09adfad-c386-4436-b59b-fcd23b9f428f service placement] 10.222.0.98 "GET /placement/allocations/6f500c7a-87ba-4a37-b813-337b81d33094" status: 200 len: 259 microversion: 1.28
Aug 04 09:25:50.943852 n-d-850499-3 devstack@placement-api.service[117304]: [pid: 117304|app: 0|req: 489/983] 10.222.0.98 () {60 vars in 1377 bytes} [Thu Aug 4 09:25:50 2022] GET /placement/allocations/6f500c7a-87ba-4a37-b813-337b81d33094 => generated 259 bytes in 55 msecs (HTTP/1.1 200) 8 headers in 296 bytes (1 switches on core 0)
Aug 04 09:25:54.121024 n-d-850499-3 devstack@placement-api.service[117303]: DEBUG placement.requestlog [None req-3aeb2349-4b78-4678-83b8-f425c28e486c None None] Starting request: 10.222.0.94 "GET /placement/resource_providers/7e51188a-0174-4c83-8698-b5cdea0b639b/aggregates" {{(pid=117303) __call__ /opt/stack/placement/placement/requestlog.py:55}}
Aug 04 09:25:54.135565 n-d-850499-3 devstack@placement-api.service[117303]: INFO placement.requestlog [None req-3aeb2349-4b78-4678-83b8-f425c28e486c service placement] 10.222.0.94 "GET /placement/resource_providers/7e51188a-0174-4c83-8698-b5cdea0b639b/aggregates" status: 404 len: 235 microversion: 1.1
Aug 04 09:25:54.135565 n-d-850499-3 devstack@placement-api.service[117303]: [pid: 117303|app: 0|req: 495/984] 10.222.0.94 () {58 vars in 1362 bytes} [Thu Aug 4 09:25:54 2022] GET /placement/resource_providers/7e51188a-0174-4c83-8698-b5cdea0b639b/aggregates => generated 235 bytes in 13 msecs (HTTP/1.1 404) 5 headers in 202 bytes (1 switches on core 0)
Aug 04 09:25:54.184574 n-d-850499-3 devstack@placement-api.service[117304]: DEBUG placement.requestlog [None req-87705d9d-59c1-42e8-b1cf-d03bc3b106a5 None None] Starting request: 10.222.0.94 "DELETE /placement/resource_providers/7e51188a-0174-4c83-8698-b5cdea0b639b" {{(pid=117304) __call__ /opt/stack/placement/placement/requestlog.py:55}}
Aug 04 09:25:54.194954 n-d-850499-3 devstack@placement-api.service[117304]: DEBUG placement.wsgi_wrapper [None req-87705d9d-59c1-42e8-b1cf-d03bc3b106a5 service placement] Placement API returning an error response: No resource provider with uuid 7e51188a-0174-4c83-8698-b5cdea0b639b found for delete {{(pid=117304) call_func /opt/stack/placement/placement/wsgi_wrapper.py:31}}
Aug 04 09:25:54.195953 n-d-850499-3 devstack@placement-api.service[117304]: INFO placement.requestlog [None req-87705d9d-59c1-42e8-b1cf-d03bc3b106a5 service placement] 10.222.0.94 "DELETE /placement/resource_providers/7e51188a-0174-4c83-8698-b5cdea0b639b" status: 404 len: 246 microversion: 1.1
Aug 04 09:25:54.196876 n-d-850499-3 devstack@placement-api.service[117304]: [pid: 117304|app: 0|req: 490/985] 10.222.0.94 () {60 vars in 1351 bytes} [Thu Aug 4 09:25:54 2022] DELETE /placement/resource_providers/7e51188a-0174-4c83-8698-b5cdea0b639b => generated 246 bytes in 12 msecs (HTTP/1.1 404) 6 headers in 231 bytes (1 switches on core 0)
Aug 04 09:25:55.515415 n-d-850499-3 devstack@placement-api.service[117303]: DEBUG placement.requestlog [None req-fe6eb19a-bb26-449a-8839-df8e00bc3e6e None None] Starting request: 10.222.0.94 "GET /placement/" {{(pid=117303) __call__ /opt/stack/placement/placement/requestlog.py:55}}
Aug 04 09:25:55.516649 n-d-850499-3 devstack@placement-api.service[117303]: INFO placement.requestlog [None req-fe6eb19a-bb26-449a-8839-df8e00bc3e6e None None] 10.222.0.94 "GET /placement/" status: 200 len: 136 microversion: 1.0
Aug 04 09:25:55.518371 n-d-850499-3 devstack@placement-api.service[117303]: [pid: 117303|app: 0|req: 496/986] 10.222.0.94 () {54 vars in 907 bytes} [Thu Aug 4 09:25:55 2022] GET /placement => generated 136 bytes in 3 msecs (HTTP/1.1 200) 6 headers in 224 bytes (2 switches on core 0)
Aug 04 09:25:55.535139 n-d-850499-3 devstack@placement-api.service[117304]: DEBUG placement.requestlog [req-158ff526-e40b-4895-895e-5c05c01b46c8 req-957c912a-5306-44b7-a861-51b745bd3555 None None] Starting request: 10.222.0.94 "DELETE /placement/allocations/c53d7250-3261-428e-9ce0-98f59a2c0f12" {{(pid=117304) __call__ /opt/stack/placement/placement/requestlog.py:55}}
Aug 04 09:25:55.653602 n-d-850499-3 devstack@placement-api.service[117304]: DEBUG placement.wsgi_wrapper [req-158ff526-e40b-4895-895e-5c05c01b46c8 req-957c912a-5306-44b7-a861-51b745bd3555 service placement] Placement API returning an error response: No allocations for consumer 'c53d7250-3261-428e-9ce0-98f59a2c0f12' {{(pid=117304) call_func /opt/stack/placement/placement/wsgi_wrapper.py:31}}
Aug 04 09:25:55.655586 n-d-850499-3 devstack@placement-api.service[117304]: INFO placement.requestlog [req-158ff526-e40b-4895-895e-5c05c01b46c8 req-957c912a-5306-44b7-a861-51b745bd3555 service placement] 10.222.0.94 "DELETE /placement/allocations/c53d7250-3261-428e-9ce0-98f59a2c0f12" status: 404 len: 228 microversion: 1.0
Aug 04 09:25:55.668719 n-d-850499-3 devstack@placement-api.service[117304]: [pid: 117304|app: 0|req: 491/987] 10.222.0.94 () {60 vars in 1349 bytes} [Thu Aug 4 09:25:55 2022] DELETE /placement/allocations/c53d7250-3261-428e-9ce0-98f59a2c0f12 => generated 228 bytes in 127 msecs (HTTP/1.1 404) 6 headers in 231 bytes (1 switches on core 0)
Aug 04 09:25:58.562185 n-d-850499-3 devstack@placement-api.service[117303]: DEBUG placement.requestlog [None req-540860de-4671-4421-9e2b-e04c874516ac None None] Starting request: 10.222.0.94 "GET /placement/resource_providers/8a899ea2-cbd2-418e-b257-1d13ccd35592/aggregates" {{(pid=117303) __call__ /opt/stack/placement/placement/requestlog.py:55}}
Aug 04 09:25:58.574410 n-d-850499-3 devstack@placement-api.service[117303]: INFO placement.requestlog [None req-540860de-4671-4421-9e2b-e04c874516ac service placement] 10.222.0.94 "GET /placement/resource_providers/8a899ea2-cbd2-418e-b257-1d13ccd35592/aggregates" status: 404 len: 235 microversion: 1.1
Aug 04 09:25:58.575373 n-d-850499-3 devstack@placement-api.service[117303]: [pid: 117303|app: 0|req: 497/988] 10.222.0.94 () {58 vars in 1362 bytes} [Thu Aug 4 09:25:58 2022] GET /placement/resource_providers/8a899ea2-cbd2-418e-b257-1d13ccd35592/aggregates => generated 235 bytes in 13 msecs (HTTP/1.1 404) 5 headers in 202 bytes (1 switches on core 0)
Aug 04 09:25:58.610273 n-d-850499-3 devstack@placement-api.service[117304]: DEBUG placement.requestlog [None req-6538a5b5-a585-49dc-acc8-4c2efb69bfb8 None None] Starting request: 10.222.0.94 "DELETE /placement/resource_providers/8a899ea2-cbd2-418e-b257-1d13ccd35592" {{(pid=117304) __call__ /opt/stack/placement/placement/requestlog.py:55}}
Aug 04 09:25:58.629282 n-d-850499-3 devstack@placement-api.service[117304]: DEBUG placement.wsgi_wrapper [None req-6538a5b5-a585-49dc-acc8-4c2efb69bfb8 service placement] Placement API returning an error response: No resource provider with uuid 8a899ea2-cbd2-418e-b257-1d13ccd35592 found for delete {{(pid=117304) call_func /opt/stack/placement/placement/wsgi_wrapper.py:31}}
Aug 04 09:25:58.630339 n-d-850499-3 devstack@placement-api.service[117304]: INFO placement.requestlog [None req-6538a5b5-a585-49dc-acc8-4c2efb69bfb8 service placement] 10.222.0.94 "DELETE /placement/resource_providers/8a899ea2-cbd2-418e-b257-1d13ccd35592" status: 404 len: 246 microversion: 1.1
Aug 04 09:25:58.631299 n-d-850499-3 devstack@placement-api.service[117304]: [pid: 117304|app: 0|req: 492/989] 10.222.0.94 () {60 vars in 1351 bytes} [Thu Aug 4 09:25:58 2022] DELETE /placement/resource_providers/8a899ea2-cbd2-418e-b257-1d13ccd35592 => generated 246 bytes in 22 msecs (HTTP/1.1 404) 6 headers in 231 bytes (1 switches on core 0)
Aug 04 09:26:01.499610 n-d-850499-3 devstack@placement-api.service[117303]: DEBUG placement.requestlog [None req-9f894e6e-0e2c-479c-9347-be838a318cef None None] Starting request: 10.222.0.94 "GET /placement/resource_providers/371f7c71-06ba-4c7d-b8f2-24daa6b8c3ff/aggregates" {{(pid=117303) __call__ /opt/stack/placement/placement/requestlog.py:55}}
Aug 04 09:26:01.512644 n-d-850499-3 devstack@placement-api.service[117303]: INFO placement.requestlog [None req-9f894e6e-0e2c-479c-9347-be838a318cef service placement] 10.222.0.94 "GET /placement/resource_providers/371f7c71-06ba-4c7d-b8f2-24daa6b8c3ff/aggregates" status: 404 len: 235 microversion: 1.1
Aug 04 09:26:01.513201 n-d-850499-3 devstack@placement-api.service[117303]: [pid: 117303|app: 0|req: 498/990] 10.222.0.94 () {58 vars in 1362 bytes} [Thu Aug 4 09:26:01 2022] GET /placement/resource_providers/371f7c71-06ba-4c7d-b8f2-24daa6b8c3ff/aggregates => generated 235 bytes in 14 msecs (HTTP/1.1 404) 5 headers in 202 bytes (1 switches on core 0)
Aug 04 09:26:01.544478 n-d-850499-3 devstack@placement-api.service[117304]: DEBUG placement.requestlog [None req-a05d9147-d348-4001-b111-861151c8b51a None None] Starting request: 10.222.0.94 "DELETE /placement/resource_providers/371f7c71-06ba-4c7d-b8f2-24daa6b8c3ff" {{(pid=117304) __call__ /opt/stack/placement/placement/requestlog.py:55}}
Aug 04 09:26:01.569766 n-d-850499-3 devstack@placement-api.service[117304]: DEBUG placement.wsgi_wrapper [None req-a05d9147-d348-4001-b111-861151c8b51a service placement] Placement API returning an error response: No resource provider with uuid 371f7c71-06ba-4c7d-b8f2-24daa6b8c3ff found for delete {{(pid=117304) call_func /opt/stack/placement/placement/wsgi_wrapper.py:31}}
Aug 04 09:26:01.571287 n-d-850499-3 devstack@placement-api.service[117303]: DEBUG placement.requestlog [req-5b005130-355b-4bf2-a1e9-cde7ae188b12 req-4fb24570-b063-42ef-9f5c-02d2a6ec1012 None None] Starting request: 10.222.0.98 "DELETE /placement/allocations/a6324d7d-d87c-4477-acae-6edf4e0f6896" {{(pid=117303) __call__ /opt/stack/placement/placement/requestlog.py:55}}
Aug 04 09:26:01.571767 n-d-850499-3 devstack@placement-api.service[117304]: INFO placement.requestlog [None req-a05d9147-d348-4001-b111-861151c8b51a service placement] 10.222.0.94 "DELETE /placement/resource_providers/371f7c71-06ba-4c7d-b8f2-24daa6b8c3ff" status: 404 len: 246 microversion: 1.1
Aug 04 09:26:01.574243 n-d-850499-3 devstack@placement-api.service[117304]: [pid: 117304|app: 0|req: 493/991] 10.222.0.94 () {60 vars in 1351 bytes} [Thu Aug 4 09:26:01 2022] DELETE /placement/resource_providers/371f7c71-06ba-4c7d-b8f2-24daa6b8c3ff => generated 246 bytes in 30 msecs (HTTP/1.1 404) 6 headers in 231 bytes (1 switches on core 0)
Aug 04 09:26:01.803101 n-d-850499-3 devstack@placement-api.service[117303]: DEBUG placement.handlers.allocation [req-5b005130-355b-4bf2-a1e9-cde7ae188b12 req-4fb24570-b063-42ef-9f5c-02d2a6ec1012 service placement] Successfully deleted allocations [, , ] {{(pid=117303) delete_allocations /opt/stack/placement/placement/handlers/allocation.py:627}}
Aug 04 09:26:01.803967 n-d-850499-3 devstack@placement-api.service[117303]: INFO placement.requestlog [req-5b005130-355b-4bf2-a1e9-cde7ae188b12 req-4fb24570-b063-42ef-9f5c-02d2a6ec1012 service placement] 10.222.0.98 "DELETE /placement/allocations/a6324d7d-d87c-4477-acae-6edf4e0f6896" status: 204 len: 0 microversion: 1.0
Aug 04 09:26:01.804867 n-d-850499-3 devstack@placement-api.service[117303]: [pid: 117303|app: 0|req: 499/992] 10.222.0.98 () {60 vars in 1355 bytes} [Thu Aug 4 09:26:01 2022] DELETE /placement/allocations/a6324d7d-d87c-4477-acae-6edf4e0f6896 => generated 0 bytes in 234 msecs (HTTP/1.1 204) 5 headers in 198 bytes (2 switches on core 0)
Aug 04 09:26:01.914804 n-d-850499-3 devstack@placement-api.service[117304]: DEBUG placement.requestlog [None req-01565bc6-d088-4ae8-92c8-ea97a27bb9d8 None None] Starting request: 10.222.0.94 "GET /placement/resource_providers/7500ae2c-f659-463f-9355-cd10686c29f4/aggregates" {{(pid=117304) __call__ /opt/stack/placement/placement/requestlog.py:55}}
Aug 04 09:26:01.953725 n-d-850499-3 devstack@placement-api.service[117304]: INFO placement.requestlog [None req-01565bc6-d088-4ae8-92c8-ea97a27bb9d8 service placement] 10.222.0.94 "GET /placement/resource_providers/7500ae2c-f659-463f-9355-cd10686c29f4/aggregates" status: 404 len: 235 microversion: 1.1
Aug 04 09:26:01.954094 n-d-850499-3 devstack@placement-api.service[117304]: [pid: 117304|app: 0|req: 494/993] 10.222.0.94 () {58 vars in 1362 bytes} [Thu Aug 4 09:26:01 2022] GET /placement/resource_providers/7500ae2c-f659-463f-9355-cd10686c29f4/aggregates => generated 235 bytes in 42 msecs (HTTP/1.1 404) 5 headers in 202 bytes (1 switches on core 0)
Aug 04 09:26:01.997620 n-d-850499-3 devstack@placement-api.service[117303]: DEBUG placement.requestlog [None req-ffa4d24d-d3c0-42dd-ba95-ad079e7ef5e3 None None] Starting request: 10.222.0.94 "DELETE /placement/resource_providers/7500ae2c-f659-463f-9355-cd10686c29f4" {{(pid=117303) __call__ /opt/stack/placement/placement/requestlog.py:55}}
Aug 04 09:26:02.016721 n-d-850499-3 devstack@placement-api.service[117303]: DEBUG placement.wsgi_wrapper [None req-ffa4d24d-d3c0-42dd-ba95-ad079e7ef5e3 service placement] Placement API returning an error response: No resource provider with uuid 7500ae2c-f659-463f-9355-cd10686c29f4 found for delete {{(pid=117303) call_func /opt/stack/placement/placement/wsgi_wrapper.py:31}}
Aug 04 09:26:02.019148 n-d-850499-3 devstack@placement-api.service[117303]: INFO placement.requestlog [None req-ffa4d24d-d3c0-42dd-ba95-ad079e7ef5e3 service placement] 10.222.0.94 "DELETE /placement/resource_providers/7500ae2c-f659-463f-9355-cd10686c29f4" status: 404 len: 246 microversion: 1.1
Aug 04 09:26:02.021345 n-d-850499-3 devstack@placement-api.service[117303]: [pid: 117303|app: 0|req: 500/994] 10.222.0.94 () {60 vars in 1351 bytes} [Thu Aug 4 09:26:01 2022] DELETE /placement/resource_providers/7500ae2c-f659-463f-9355-cd10686c29f4 => generated 246 bytes in 24 msecs (HTTP/1.1 404) 6 headers in 231 bytes (1 switches on core 0)
Aug 04 09:26:03.831942 n-d-850499-3 devstack@placement-api.service[117304]: DEBUG placement.requestlog [None req-e5f5f92e-5539-4bf9-9abd-a7f7336c4dc6 None None] Starting request: 10.222.0.94 "GET /placement/resource_providers/b61f39a9-c035-46ef-a45e-1b2f3bb0cec0/aggregates" {{(pid=117304) __call__ /opt/stack/placement/placement/requestlog.py:55}}
Aug 04 09:26:03.843766 n-d-850499-3 devstack@placement-api.service[117304]: INFO placement.requestlog [None req-e5f5f92e-5539-4bf9-9abd-a7f7336c4dc6 service placement] 10.222.0.94 "GET /placement/resource_providers/b61f39a9-c035-46ef-a45e-1b2f3bb0cec0/aggregates" status: 404 len: 235 microversion: 1.1
Aug 04 09:26:03.844402 n-d-850499-3 devstack@placement-api.service[117304]: [pid: 117304|app: 0|req: 495/995] 10.222.0.94 () {58 vars in 1362 bytes} [Thu Aug 4 09:26:03 2022] GET /placement/resource_providers/b61f39a9-c035-46ef-a45e-1b2f3bb0cec0/aggregates => generated 235 bytes in 13 msecs (HTTP/1.1 404) 5 headers in 202 bytes (2 switches on core 0)
Aug 04 09:26:03.884355 n-d-850499-3 devstack@placement-api.service[117303]: DEBUG placement.requestlog [None req-4c22b9ed-6b33-4f26-8147-f88ab976d21a None None] Starting request: 10.222.0.94 "DELETE /placement/resource_providers/b61f39a9-c035-46ef-a45e-1b2f3bb0cec0" {{(pid=117303) __call__ /opt/stack/placement/placement/requestlog.py:55}}
Aug 04 09:26:03.895602 n-d-850499-3 devstack@placement-api.service[117303]: DEBUG placement.wsgi_wrapper [None req-4c22b9ed-6b33-4f26-8147-f88ab976d21a service placement] Placement API returning an error response: No resource provider with uuid b61f39a9-c035-46ef-a45e-1b2f3bb0cec0 found for delete {{(pid=117303) call_func /opt/stack/placement/placement/wsgi_wrapper.py:31}}
Aug 04 09:26:03.896611 n-d-850499-3 devstack@placement-api.service[117303]: INFO placement.requestlog [None req-4c22b9ed-6b33-4f26-8147-f88ab976d21a service placement] 10.222.0.94 "DELETE /placement/resource_providers/b61f39a9-c035-46ef-a45e-1b2f3bb0cec0" status: 404 len: 246 microversion: 1.1
Aug 04 09:26:03.897378 n-d-850499-3 devstack@placement-api.service[117303]: [pid: 117303|app: 0|req: 501/996] 10.222.0.94 () {60 vars in 1351 bytes} [Thu Aug 4 09:26:03 2022] DELETE /placement/resource_providers/b61f39a9-c035-46ef-a45e-1b2f3bb0cec0 => generated 246 bytes in 13 msecs (HTTP/1.1 404) 6 headers in 231 bytes (1 switches on core 0)
Aug 04 09:26:07.582910 n-d-850499-3 devstack@placement-api.service[117304]: DEBUG placement.requestlog [None req-1cc6ea44-4b84-4af0-9d43-e93671bbc61c None None] Starting request: 10.222.0.94 "GET /placement/resource_providers/10d690f6-cfc2-43ca-8eeb-f08739f271c2/aggregates" {{(pid=117304) __call__ /opt/stack/placement/placement/requestlog.py:55}}
Aug 04 09:26:07.597033 n-d-850499-3 devstack@placement-api.service[117304]: INFO placement.requestlog [None req-1cc6ea44-4b84-4af0-9d43-e93671bbc61c service placement] 10.222.0.94 "GET /placement/resource_providers/10d690f6-cfc2-43ca-8eeb-f08739f271c2/aggregates" status: 404 len: 235 microversion: 1.1
Aug 04 09:26:07.597390 n-d-850499-3 devstack@placement-api.service[117304]: [pid: 117304|app: 0|req: 496/997] 10.222.0.94 () {58 vars in 1362 bytes} [Thu Aug 4 09:26:07 2022] GET /placement/resource_providers/10d690f6-cfc2-43ca-8eeb-f08739f271c2/aggregates => generated 235 bytes in 15 msecs (HTTP/1.1 404) 5 headers in 202 bytes (1 switches on core 0)
Aug 04 09:26:07.633622 n-d-850499-3 devstack@placement-api.service[117303]: DEBUG placement.requestlog [None req-a74987fb-c263-477c-9682-a78b8fba2f5f None None] Starting request: 10.222.0.94 "DELETE /placement/resource_providers/10d690f6-cfc2-43ca-8eeb-f08739f271c2" {{(pid=117303) __call__ /opt/stack/placement/placement/requestlog.py:55}}
Aug 04 09:26:07.660042 n-d-850499-3 devstack@placement-api.service[117303]: DEBUG placement.wsgi_wrapper [None req-a74987fb-c263-477c-9682-a78b8fba2f5f service placement] Placement API returning an error response: No resource provider with uuid 10d690f6-cfc2-43ca-8eeb-f08739f271c2 found for delete {{(pid=117303) call_func /opt/stack/placement/placement/wsgi_wrapper.py:31}}
Aug 04 09:26:07.660855 n-d-850499-3 devstack@placement-api.service[117303]: INFO placement.requestlog [None req-a74987fb-c263-477c-9682-a78b8fba2f5f service placement] 10.222.0.94 "DELETE /placement/resource_providers/10d690f6-cfc2-43ca-8eeb-f08739f271c2" status: 404 len: 246 microversion: 1.1
Aug 04 09:26:07.661546 n-d-850499-3 devstack@placement-api.service[117303]: [pid: 117303|app: 0|req: 502/998] 10.222.0.94 () {60 vars in 1351 bytes} [Thu Aug 4 09:26:07 2022] DELETE /placement/resource_providers/10d690f6-cfc2-43ca-8eeb-f08739f271c2 => generated 246 bytes in 28 msecs (HTTP/1.1 404) 6 headers in 231 bytes (1 switches on core 0)
Aug 04 09:26:08.518782 n-d-850499-3 devstack@placement-api.service[117304]: DEBUG placement.requestlog [req-90df0904-becf-4c27-92cd-048d6153e529 req-11402450-bf9e-42fa-af26-23040281ec96 None None] Starting request: 10.222.0.98 "DELETE /placement/allocations/8a5a8e21-46cf-4413-bb40-770c3d776d2b" {{(pid=117304) __call__ /opt/stack/placement/placement/requestlog.py:55}}
Aug 04 09:26:08.735349 n-d-850499-3 devstack@placement-api.service[117304]: DEBUG placement.handlers.allocation [req-90df0904-becf-4c27-92cd-048d6153e529 req-11402450-bf9e-42fa-af26-23040281ec96 service placement] Successfully deleted allocations [, , ] {{(pid=117304) delete_allocations /opt/stack/placement/placement/handlers/allocation.py:627}}
Aug 04 09:26:08.735349 n-d-850499-3 devstack@placement-api.service[117304]: INFO placement.requestlog [req-90df0904-becf-4c27-92cd-048d6153e529 req-11402450-bf9e-42fa-af26-23040281ec96 service placement] 10.222.0.98 "DELETE /placement/allocations/8a5a8e21-46cf-4413-bb40-770c3d776d2b" status: 204 len: 0 microversion: 1.0
Aug 04 09:26:08.735349 n-d-850499-3 devstack@placement-api.service[117304]: [pid: 117304|app: 0|req: 497/999] 10.222.0.98 () {60 vars in 1355 bytes} [Thu Aug 4 09:26:08 2022] DELETE /placement/allocations/8a5a8e21-46cf-4413-bb40-770c3d776d2b => generated 0 bytes in 215 msecs (HTTP/1.1 204) 5 headers in 198 bytes (1 switches on core 0)
Aug 04 09:26:09.219701 n-d-850499-3 devstack@placement-api.service[117303]: DEBUG placement.requestlog [None req-f4778fb4-ac90-462e-99bc-229431fd91fb None None] Starting request: 10.222.0.94 "GET /placement/resource_providers/7d27473c-7dad-4985-b014-665924e6bafb/aggregates" {{(pid=117303) __call__ /opt/stack/placement/placement/requestlog.py:55}}
Aug 04 09:26:09.238524 n-d-850499-3 devstack@placement-api.service[117303]: INFO placement.requestlog [None req-f4778fb4-ac90-462e-99bc-229431fd91fb service placement] 10.222.0.94 "GET /placement/resource_providers/7d27473c-7dad-4985-b014-665924e6bafb/aggregates" status: 404 len: 235 microversion: 1.1
Aug 04 09:26:09.240258 n-d-850499-3 devstack@placement-api.service[117303]: [pid: 117303|app: 0|req: 503/1000] 10.222.0.94 () {58 vars in 1362 bytes} [Thu Aug 4 09:26:09 2022] GET /placement/resource_providers/7d27473c-7dad-4985-b014-665924e6bafb/aggregates => generated 235 bytes in 21 msecs (HTTP/1.1 404) 5 headers in 202 bytes (1 switches on core 0)
Aug 04 09:26:09.315193 n-d-850499-3 devstack@placement-api.service[117304]: DEBUG placement.requestlog [None req-909be2e2-573c-4f62-8af3-c08bbad00673 None None] Starting request: 10.222.0.94 "DELETE /placement/resource_providers/7d27473c-7dad-4985-b014-665924e6bafb" {{(pid=117304) __call__ /opt/stack/placement/placement/requestlog.py:55}}
Aug 04 09:26:09.329312 n-d-850499-3 devstack@placement-api.service[117304]: DEBUG placement.wsgi_wrapper [None req-909be2e2-573c-4f62-8af3-c08bbad00673 service placement] Placement API returning an error response: No resource provider with uuid 7d27473c-7dad-4985-b014-665924e6bafb found for delete {{(pid=117304) call_func /opt/stack/placement/placement/wsgi_wrapper.py:31}}
Aug 04 09:26:09.330812 n-d-850499-3 devstack@placement-api.service[117304]: INFO placement.requestlog [None req-909be2e2-573c-4f62-8af3-c08bbad00673 service placement] 10.222.0.94 "DELETE /placement/resource_providers/7d27473c-7dad-4985-b014-665924e6bafb" status: 404 len: 246 microversion: 1.1
Aug 04 09:26:09.331709 n-d-850499-3 devstack@placement-api.service[117304]: [pid: 117304|app: 0|req: 498/1001] 10.222.0.94 () {60 vars in 1351 bytes} [Thu Aug 4 09:26:09 2022] DELETE /placement/resource_providers/7d27473c-7dad-4985-b014-665924e6bafb => generated 246 bytes in 17 msecs (HTTP/1.1 404) 6 headers in 231 bytes (1 switches on core 0)
Aug 04 09:26:11.637235 n-d-850499-3 devstack@placement-api.service[117303]: DEBUG placement.requestlog [req-abde3211-e7d4-40e5-9be3-451c13d57abd req-ccfb42d1-3566-48da-8e14-eb23c188083d None None] Starting request: 10.222.0.94 "GET /placement/allocation_candidates?limit=1000&resources=DISK_GB%3A1%2CMEMORY_MB%3A1024%2CVCPU%3A1&root_required=%21COMPUTE_STATUS_DISABLED" {{(pid=117303) __call__ /opt/stack/placement/placement/requestlog.py:55}}
Aug 04 09:26:11.945593 n-d-850499-3 devstack@placement-api.service[117304]: DEBUG placement.requestlog [req-7606af31-8137-41d4-a74e-4a6ca3818620 req-67f9e038-7ab4-48f1-9322-16811b43fc4e None None] Starting request: 10.222.0.94 "DELETE /placement/allocations/ff40e82e-d049-45f0-9a30-ebf9930b4988" {{(pid=117304) __call__ /opt/stack/placement/placement/requestlog.py:55}}
Aug 04 09:26:11.971417 n-d-850499-3 devstack@placement-api.service[117304]: DEBUG placement.wsgi_wrapper [req-7606af31-8137-41d4-a74e-4a6ca3818620 req-67f9e038-7ab4-48f1-9322-16811b43fc4e service placement] Placement API returning an error response: No allocations for consumer 'ff40e82e-d049-45f0-9a30-ebf9930b4988' {{(pid=117304) call_func /opt/stack/placement/placement/wsgi_wrapper.py:31}}
Aug 04 09:26:11.973036 n-d-850499-3 devstack@placement-api.service[117303]: DEBUG placement.objects.research_context [req-abde3211-e7d4-40e5-9be3-451c13d57abd req-ccfb42d1-3566-48da-8e14-eb23c188083d service placement] getting providers with 1 DISK_GB {{(pid=117303) __init__ /opt/stack/placement/placement/objects/research_context.py:136}}
Aug 04 09:26:11.985752 n-d-850499-3 devstack@placement-api.service[117304]: INFO placement.requestlog [req-7606af31-8137-41d4-a74e-4a6ca3818620 req-67f9e038-7ab4-48f1-9322-16811b43fc4e service placement] 10.222.0.94 "DELETE /placement/allocations/ff40e82e-d049-45f0-9a30-ebf9930b4988" status: 404 len: 228 microversion: 1.0
Aug 04 09:26:11.986153 n-d-850499-3 devstack@placement-api.service[117304]: [pid: 117304|app: 0|req: 499/1002] 10.222.0.94 () {60 vars in 1349 bytes} [Thu Aug 4 09:26:11 2022] DELETE /placement/allocations/ff40e82e-d049-45f0-9a30-ebf9930b4988 => generated 228 bytes in 40 msecs (HTTP/1.1 404) 6 headers in 231 bytes (2 switches on core 0)
Aug 04 09:26:11.993349 n-d-850499-3 devstack@placement-api.service[117303]: DEBUG placement.objects.research_context [req-abde3211-e7d4-40e5-9be3-451c13d57abd req-ccfb42d1-3566-48da-8e14-eb23c188083d service placement] getting providers with 1024 MEMORY_MB {{(pid=117303) __init__ /opt/stack/placement/placement/objects/research_context.py:136}}
Aug 04 09:26:12.010500 n-d-850499-3 devstack@placement-api.service[117303]: DEBUG placement.objects.research_context [req-abde3211-e7d4-40e5-9be3-451c13d57abd req-ccfb42d1-3566-48da-8e14-eb23c188083d service placement] getting providers with 1 VCPU {{(pid=117303) __init__ /opt/stack/placement/placement/objects/research_context.py:136}}
Aug 04 09:26:12.034706 n-d-850499-3 devstack@placement-api.service[117303]: DEBUG placement.objects.research_context [req-abde3211-e7d4-40e5-9be3-451c13d57abd req-ccfb42d1-3566-48da-8e14-eb23c188083d service placement] found 2 providers with available 1 DISK_GB {{(pid=117303) get_provider_ids_matching /opt/stack/placement/placement/objects/research_context.py:563}}
Aug 04 09:26:12.035360 n-d-850499-3 devstack@placement-api.service[117303]: DEBUG placement.objects.research_context [req-abde3211-e7d4-40e5-9be3-451c13d57abd req-ccfb42d1-3566-48da-8e14-eb23c188083d service placement] found 2 providers with available 1024 MEMORY_MB {{(pid=117303) get_provider_ids_matching /opt/stack/placement/placement/objects/research_context.py:563}}
Aug 04 09:26:12.035917 n-d-850499-3 devstack@placement-api.service[117303]: DEBUG placement.objects.research_context [req-abde3211-e7d4-40e5-9be3-451c13d57abd req-ccfb42d1-3566-48da-8e14-eb23c188083d service placement] found 2 providers after filtering by previous result {{(pid=117303) get_provider_ids_matching /opt/stack/placement/placement/objects/research_context.py:594}}
Aug 04 09:26:12.036430 n-d-850499-3 devstack@placement-api.service[117303]: DEBUG placement.objects.research_context [req-abde3211-e7d4-40e5-9be3-451c13d57abd req-ccfb42d1-3566-48da-8e14-eb23c188083d service placement] found 2 providers with available 1 VCPU {{(pid=117303) get_provider_ids_matching /opt/stack/placement/placement/objects/research_context.py:563}}
Aug 04 09:26:12.037177 n-d-850499-3 devstack@placement-api.service[117303]: DEBUG placement.objects.research_context [req-abde3211-e7d4-40e5-9be3-451c13d57abd req-ccfb42d1-3566-48da-8e14-eb23c188083d service placement] found 2 providers after filtering by previous result {{(pid=117303) get_provider_ids_matching /opt/stack/placement/placement/objects/research_context.py:594}}
Aug 04 09:26:12.085870 n-d-850499-3 devstack@placement-api.service[117303]: DEBUG placement.objects.allocation_candidate [req-abde3211-e7d4-40e5-9be3-451c13d57abd req-ccfb42d1-3566-48da-8e14-eb23c188083d service placement] RequestGroup(use_same_provider=False, resources={DISK_GB:1, MEMORY_MB:1024, VCPU:1}, traits=(), aggregates=[]) (suffix '') returned 2 matches {{(pid=117303) _get_by_requests /opt/stack/placement/placement/objects/allocation_candidate.py:156}}
Aug 04 09:26:12.088351 n-d-850499-3 devstack@placement-api.service[117303]: DEBUG placement.objects.allocation_candidate [req-abde3211-e7d4-40e5-9be3-451c13d57abd req-ccfb42d1-3566-48da-8e14-eb23c188083d service placement] Merging candidates yields 2 allocation requests and 2 provider summaries {{(pid=117303) _merge_candidates /opt/stack/placement/placement/objects/allocation_candidate.py:809}}
Aug 04 09:26:12.091811 n-d-850499-3 devstack@placement-api.service[117303]: INFO placement.requestlog [req-abde3211-e7d4-40e5-9be3-451c13d57abd req-ccfb42d1-3566-48da-8e14-eb23c188083d service placement] 10.222.0.94 "GET /placement/allocation_candidates?limit=1000&resources=DISK_GB%3A1%2CMEMORY_MB%3A1024%2CVCPU%3A1&root_required=%21COMPUTE_STATUS_DISABLED" status: 200 len: 1309 microversion: 1.36
Aug 04 09:26:12.093065 n-d-850499-3 devstack@placement-api.service[117303]: [pid: 117303|app: 0|req: 504/1003] 10.222.0.94 () {60 vars in 1506 bytes} [Thu Aug 4 09:26:11 2022] GET /placement/allocation_candidates?limit=1000&resources=DISK_GB%3A1%2CMEMORY_MB%3A1024%2CVCPU%3A1&root_required=%21COMPUTE_STATUS_DISABLED => generated 1309 bytes in 456 msecs (HTTP/1.1 200) 8 headers in 297 bytes (1 switches on core 0)
Aug 04 09:26:12.322189 n-d-850499-3 devstack@placement-api.service[117304]: DEBUG placement.requestlog [req-abde3211-e7d4-40e5-9be3-451c13d57abd req-e7956e1f-6edc-4ef2-a796-d6805152caea None None] Starting request: 10.222.0.94 "GET /placement/allocations/ff40e82e-d049-45f0-9a30-ebf9930b4988" {{(pid=117304) __call__ /opt/stack/placement/placement/requestlog.py:55}}
Aug 04 09:26:12.337749 n-d-850499-3 devstack@placement-api.service[117304]: INFO placement.requestlog [req-abde3211-e7d4-40e5-9be3-451c13d57abd req-e7956e1f-6edc-4ef2-a796-d6805152caea service placement] 10.222.0.94 "GET /placement/allocations/ff40e82e-d049-45f0-9a30-ebf9930b4988" status: 200 len: 19 microversion: 1.28
Aug 04 09:26:12.343098 n-d-850499-3 devstack@placement-api.service[117304]: [pid: 117304|app: 0|req: 500/1004] 10.222.0.94 () {60 vars in 1380 bytes} [Thu Aug 4 09:26:12 2022] GET /placement/allocations/ff40e82e-d049-45f0-9a30-ebf9930b4988 => generated 19 bytes in 21 msecs (HTTP/1.1 200) 8 headers in 295 bytes (1 switches on core 0)
Aug 04 09:26:12.347308 n-d-850499-3 devstack@placement-api.service[117303]: DEBUG placement.requestlog [req-abde3211-e7d4-40e5-9be3-451c13d57abd req-3d4e4cac-8455-406d-9105-d226cc0d8b82 None None] Starting request: 10.222.0.94 "PUT /placement/allocations/ff40e82e-d049-45f0-9a30-ebf9930b4988" {{(pid=117303) __call__ /opt/stack/placement/placement/requestlog.py:55}}
Aug 04 09:26:12.570666 n-d-850499-3 devstack@placement-api.service[117303]: DEBUG placement.handlers.allocation [req-abde3211-e7d4-40e5-9be3-451c13d57abd req-3d4e4cac-8455-406d-9105-d226cc0d8b82 service placement] Successfully wrote allocations [, , ] {{(pid=117303) _update_consumers_and_create_allocations /opt/stack/placement/placement/handlers/allocation.py:462}}
Aug 04 09:26:12.637808 n-d-850499-3 devstack@placement-api.service[117303]: INFO placement.requestlog [req-abde3211-e7d4-40e5-9be3-451c13d57abd req-3d4e4cac-8455-406d-9105-d226cc0d8b82 service placement] 10.222.0.94 "PUT /placement/allocations/ff40e82e-d049-45f0-9a30-ebf9930b4988" status: 204 len: 0 microversion: 1.36
