Oct 04 18:06:16.672164 n-d-850499-14 devstack@placement-api.service[107568]: [pid: 107568|app: 0|req: 354/716] 10.222.0.52 () {60 vars in 1377 bytes} [Tue Oct  4 18:06:16 2022] GET /placement/allocations/f2fc6cc4-d14f-4e18-b596-6ce1e2b10d70 => generated 259 bytes in 36 msecs (HTTP/1.1 200) 8 headers in 296 bytes (1 switches on core 0)
Oct 04 18:06:16.681067 n-d-850499-14 devstack@placement-api.service[107569]: DEBUG placement.requestlog [req-6fb7591e-d9bc-4967-8806-85103a1d0479 req-827f8184-30a2-435a-ac96-028aefc0842e None None] Starting request: 10.222.0.52 "GET /placement/allocations/3b9f193d-65a7-48df-96b4-ee57115149a2" {{(pid=107569) __call__ /opt/stack/placement/placement/requestlog.py:55}}
Oct 04 18:06:16.701528 n-d-850499-14 devstack@placement-api.service[107569]: INFO placement.requestlog [req-6fb7591e-d9bc-4967-8806-85103a1d0479 req-827f8184-30a2-435a-ac96-028aefc0842e service placement] 10.222.0.52 "GET /placement/allocations/3b9f193d-65a7-48df-96b4-ee57115149a2" status: 200 len: 259 microversion: 1.28
Oct 04 18:06:16.702528 n-d-850499-14 devstack@placement-api.service[107569]: [pid: 107569|app: 0|req: 363/717] 10.222.0.52 () {60 vars in 1377 bytes} [Tue Oct  4 18:06:16 2022] GET /placement/allocations/3b9f193d-65a7-48df-96b4-ee57115149a2 => generated 259 bytes in 22 msecs (HTTP/1.1 200) 8 headers in 296 bytes (1 switches on core 0)
Oct 04 18:06:16.710419 n-d-850499-14 devstack@placement-api.service[107568]: DEBUG placement.requestlog [req-6fb7591e-d9bc-4967-8806-85103a1d0479 req-d745cc2c-fef2-4cc8-a7cc-3be2600bdb08 None None] Starting request: 10.222.0.52 "GET /placement/allocations/cd85fc2b-0943-4616-8b69-f8e5825e400a" {{(pid=107568) __call__ /opt/stack/placement/placement/requestlog.py:55}}
Oct 04 18:06:16.753943 n-d-850499-14 devstack@placement-api.service[107569]: DEBUG placement.requestlog [req-ac9ebd2b-5642-49a5-962f-a1573b916baf req-ac714ec7-ed63-40c1-b827-cdcc08fc69e4 None None] Starting request: 10.222.0.66 "DELETE /placement/allocations/587dc93d-6601-457a-b25d-8b88eb79ab15" {{(pid=107569) __call__ /opt/stack/placement/placement/requestlog.py:55}}
Oct 04 18:06:16.768024 n-d-850499-14 devstack@placement-api.service[107568]: INFO placement.requestlog [req-6fb7591e-d9bc-4967-8806-85103a1d0479 req-d745cc2c-fef2-4cc8-a7cc-3be2600bdb08 service placement] 10.222.0.52 "GET /placement/allocations/cd85fc2b-0943-4616-8b69-f8e5825e400a" status: 200 len: 259 microversion: 1.28
Oct 04 18:06:16.768509 n-d-850499-14 devstack@placement-api.service[107568]: [pid: 107568|app: 0|req: 355/718] 10.222.0.52 () {60 vars in 1377 bytes} [Tue Oct  4 18:06:16 2022] GET /placement/allocations/cd85fc2b-0943-4616-8b69-f8e5825e400a => generated 259 bytes in 58 msecs (HTTP/1.1 200) 8 headers in 296 bytes (1 switches on core 0)
Oct 04 18:06:16.776778 n-d-850499-14 devstack@placement-api.service[107568]: DEBUG placement.requestlog [req-6fb7591e-d9bc-4967-8806-85103a1d0479 req-24f6d3fe-78a2-464a-9108-87e2717dd2c9 None None] Starting request: 10.222.0.52 "GET /placement/allocations/2bc68e22-19de-42cd-aae6-efc5d6218e8c" {{(pid=107568) __call__ /opt/stack/placement/placement/requestlog.py:55}}
Oct 04 18:06:16.806926 n-d-850499-14 devstack@placement-api.service[107568]: INFO placement.requestlog [req-6fb7591e-d9bc-4967-8806-85103a1d0479 req-24f6d3fe-78a2-464a-9108-87e2717dd2c9 service placement] 10.222.0.52 "GET /placement/allocations/2bc68e22-19de-42cd-aae6-efc5d6218e8c" status: 200 len: 259 microversion: 1.28
Oct 04 18:06:16.808125 n-d-850499-14 devstack@placement-api.service[107568]: [pid: 107568|app: 0|req: 356/719] 10.222.0.52 () {60 vars in 1377 bytes} [Tue Oct  4 18:06:16 2022] GET /placement/allocations/2bc68e22-19de-42cd-aae6-efc5d6218e8c => generated 259 bytes in 31 msecs (HTTP/1.1 200) 8 headers in 296 bytes (2 switches on core 0)
Oct 04 18:06:16.841315 n-d-850499-14 devstack@placement-api.service[107569]: DEBUG placement.handlers.allocation [req-ac9ebd2b-5642-49a5-962f-a1573b916baf req-ac714ec7-ed63-40c1-b827-cdcc08fc69e4 service placement] Successfully deleted allocations [<placement.objects.allocation.Allocation object at 0x7fdd0c3fb280>, <placement.objects.allocation.Allocation object at 0x7fdd0c3fb3d0>, <placement.objects.allocation.Allocation object at 0x7fdd0c3fbac0>] {{(pid=107569) delete_allocations /opt/stack/placement/placement/handlers/allocation.py:627}}
Oct 04 18:06:16.841822 n-d-850499-14 devstack@placement-api.service[107569]: INFO placement.requestlog [req-ac9ebd2b-5642-49a5-962f-a1573b916baf req-ac714ec7-ed63-40c1-b827-cdcc08fc69e4 service placement] 10.222.0.66 "DELETE /placement/allocations/587dc93d-6601-457a-b25d-8b88eb79ab15" status: 204 len: 0 microversion: 1.0
Oct 04 18:06:16.842355 n-d-850499-14 devstack@placement-api.service[107569]: [pid: 107569|app: 0|req: 364/720] 10.222.0.66 () {60 vars in 1355 bytes} [Tue Oct  4 18:06:16 2022] DELETE /placement/allocations/587dc93d-6601-457a-b25d-8b88eb79ab15 => generated 0 bytes in 89 msecs (HTTP/1.1 204) 5 headers in 198 bytes (1 switches on core 0)
Oct 04 18:06:17.136202 n-d-850499-14 devstack@placement-api.service[107568]: DEBUG placement.requestlog [req-6fb7591e-d9bc-4967-8806-85103a1d0479 req-81bd4887-1fbc-48ad-9404-baeddd74b7d8 None None] Starting request: 10.222.0.52 "DELETE /placement/allocations/cd85fc2b-0943-4616-8b69-f8e5825e400a" {{(pid=107568) __call__ /opt/stack/placement/placement/requestlog.py:55}}
Oct 04 18:06:17.181934 n-d-850499-14 devstack@placement-api.service[107568]: DEBUG placement.handlers.allocation [req-6fb7591e-d9bc-4967-8806-85103a1d0479 req-81bd4887-1fbc-48ad-9404-baeddd74b7d8 service placement] Successfully deleted allocations [<placement.objects.allocation.Allocation object at 0x7fdd0c437bb0>, <placement.objects.allocation.Allocation object at 0x7fdd0c5024c0>, <placement.objects.allocation.Allocation object at 0x7fdd0c682370>] {{(pid=107568) delete_allocations /opt/stack/placement/placement/handlers/allocation.py:627}}
Oct 04 18:06:17.182764 n-d-850499-14 devstack@placement-api.service[107568]: INFO placement.requestlog [req-6fb7591e-d9bc-4967-8806-85103a1d0479 req-81bd4887-1fbc-48ad-9404-baeddd74b7d8 service placement] 10.222.0.52 "DELETE /placement/allocations/cd85fc2b-0943-4616-8b69-f8e5825e400a" status: 204 len: 0 microversion: 1.0
Oct 04 18:06:17.184475 n-d-850499-14 devstack@placement-api.service[107568]: [pid: 107568|app: 0|req: 357/721] 10.222.0.52 () {60 vars in 1355 bytes} [Tue Oct  4 18:06:17 2022] DELETE /placement/allocations/cd85fc2b-0943-4616-8b69-f8e5825e400a => generated 0 bytes in 48 msecs (HTTP/1.1 204) 5 headers in 198 bytes (1 switches on core 0)
Oct 04 18:06:18.392658 n-d-850499-14 devstack@placement-api.service[107569]: DEBUG placement.requestlog [None req-66234cb8-3228-4869-85b6-952b37914a40 None None] Starting request: 10.222.0.18 "GET /placement/resource_providers/a347008a-90a0-49dd-9db6-3ce825135129/aggregates" {{(pid=107569) __call__ /opt/stack/placement/placement/requestlog.py:55}}
Oct 04 18:06:18.443094 n-d-850499-14 devstack@placement-api.service[107569]: INFO placement.requestlog [None req-66234cb8-3228-4869-85b6-952b37914a40 service placement] 10.222.0.18 "GET /placement/resource_providers/a347008a-90a0-49dd-9db6-3ce825135129/aggregates" status: 404 len: 235 microversion: 1.1
Oct 04 18:06:18.443525 n-d-850499-14 devstack@placement-api.service[107569]: [pid: 107569|app: 0|req: 365/722] 10.222.0.18 () {58 vars in 1362 bytes} [Tue Oct  4 18:06:18 2022] GET /placement/resource_providers/a347008a-90a0-49dd-9db6-3ce825135129/aggregates => generated 235 bytes in 51 msecs (HTTP/1.1 404) 5 headers in 202 bytes (1 switches on core 0)
Oct 04 18:06:18.561153 n-d-850499-14 devstack@placement-api.service[107568]: DEBUG placement.requestlog [None req-7ce518e2-222c-4406-acfe-ea0bef12599d None None] Starting request: 10.222.0.18 "DELETE /placement/resource_providers/a347008a-90a0-49dd-9db6-3ce825135129" {{(pid=107568) __call__ /opt/stack/placement/placement/requestlog.py:55}}
Oct 04 18:06:18.568234 n-d-850499-14 devstack@placement-api.service[107569]: DEBUG placement.requestlog [req-f8da0d17-5e62-41d7-a36f-8a951171d351 req-90156829-fad9-447e-b4a0-04e4555cef73 None None] Starting request: 10.222.0.18 "GET /placement/allocation_candidates?limit=1000&resources=DISK_GB%3A1%2CMEMORY_MB%3A1024%2CVCPU%3A1&root_required=%21COMPUTE_STATUS_DISABLED" {{(pid=107569) __call__ /opt/stack/placement/placement/requestlog.py:55}}
Oct 04 18:06:18.605484 n-d-850499-14 devstack@placement-api.service[107568]: DEBUG placement.wsgi_wrapper [None req-7ce518e2-222c-4406-acfe-ea0bef12599d service placement] Placement API returning an error response: No resource provider with uuid a347008a-90a0-49dd-9db6-3ce825135129 found for delete {{(pid=107568) call_func /opt/stack/placement/placement/wsgi_wrapper.py:31}}
Oct 04 18:06:18.608322 n-d-850499-14 devstack@placement-api.service[107568]: INFO placement.requestlog [None req-7ce518e2-222c-4406-acfe-ea0bef12599d service placement] 10.222.0.18 "DELETE /placement/resource_providers/a347008a-90a0-49dd-9db6-3ce825135129" status: 404 len: 246 microversion: 1.1
Oct 04 18:06:18.611354 n-d-850499-14 devstack@placement-api.service[107568]: [pid: 107568|app: 0|req: 358/723] 10.222.0.18 () {60 vars in 1351 bytes} [Tue Oct  4 18:06:18 2022] DELETE /placement/resource_providers/a347008a-90a0-49dd-9db6-3ce825135129 => generated 246 bytes in 53 msecs (HTTP/1.1 404) 6 headers in 231 bytes (1 switches on core 0)
Oct 04 18:06:19.375003 n-d-850499-14 devstack@placement-api.service[107569]: DEBUG placement.objects.research_context [req-f8da0d17-5e62-41d7-a36f-8a951171d351 req-90156829-fad9-447e-b4a0-04e4555cef73 service placement] getting providers with 1 DISK_GB {{(pid=107569) __init__ /opt/stack/placement/placement/objects/research_context.py:136}}
Oct 04 18:06:19.390005 n-d-850499-14 devstack@placement-api.service[107569]: DEBUG placement.objects.research_context [req-f8da0d17-5e62-41d7-a36f-8a951171d351 req-90156829-fad9-447e-b4a0-04e4555cef73 service placement] getting providers with 1024 MEMORY_MB {{(pid=107569) __init__ /opt/stack/placement/placement/objects/research_context.py:136}}
Oct 04 18:06:19.411062 n-d-850499-14 devstack@placement-api.service[107569]: DEBUG placement.objects.research_context [req-f8da0d17-5e62-41d7-a36f-8a951171d351 req-90156829-fad9-447e-b4a0-04e4555cef73 service placement] getting providers with 1 VCPU {{(pid=107569) __init__ /opt/stack/placement/placement/objects/research_context.py:136}}
Oct 04 18:06:19.432098 n-d-850499-14 devstack@placement-api.service[107569]: DEBUG placement.objects.research_context [req-f8da0d17-5e62-41d7-a36f-8a951171d351 req-90156829-fad9-447e-b4a0-04e4555cef73 service placement] found 2 providers with available 1 DISK_GB {{(pid=107569) get_provider_ids_matching /opt/stack/placement/placement/objects/research_context.py:563}}
Oct 04 18:06:19.433018 n-d-850499-14 devstack@placement-api.service[107569]: DEBUG placement.objects.research_context [req-f8da0d17-5e62-41d7-a36f-8a951171d351 req-90156829-fad9-447e-b4a0-04e4555cef73 service placement] found 2 providers with available 1024 MEMORY_MB {{(pid=107569) get_provider_ids_matching /opt/stack/placement/placement/objects/research_context.py:563}}
Oct 04 18:06:19.433458 n-d-850499-14 devstack@placement-api.service[107569]: DEBUG placement.objects.research_context [req-f8da0d17-5e62-41d7-a36f-8a951171d351 req-90156829-fad9-447e-b4a0-04e4555cef73 service placement] found 2 providers after filtering by previous result {{(pid=107569) get_provider_ids_matching /opt/stack/placement/placement/objects/research_context.py:594}}
Oct 04 18:06:19.434853 n-d-850499-14 devstack@placement-api.service[107569]: DEBUG placement.objects.research_context [req-f8da0d17-5e62-41d7-a36f-8a951171d351 req-90156829-fad9-447e-b4a0-04e4555cef73 service placement] found 2 providers with available 1 VCPU {{(pid=107569) get_provider_ids_matching /opt/stack/placement/placement/objects/research_context.py:563}}
Oct 04 18:06:19.435325 n-d-850499-14 devstack@placement-api.service[107569]: DEBUG placement.objects.research_context [req-f8da0d17-5e62-41d7-a36f-8a951171d351 req-90156829-fad9-447e-b4a0-04e4555cef73 service placement] found 2 providers after filtering by previous result {{(pid=107569) get_provider_ids_matching /opt/stack/placement/placement/objects/research_context.py:594}}
Oct 04 18:06:19.467180 n-d-850499-14 devstack@placement-api.service[107569]: DEBUG placement.objects.allocation_candidate [req-f8da0d17-5e62-41d7-a36f-8a951171d351 req-90156829-fad9-447e-b4a0-04e4555cef73 service placement] RequestGroup(use_same_provider=False, resources={DISK_GB:1, MEMORY_MB:1024, VCPU:1}, traits=(), aggregates=[]) (suffix '') returned 2 matches {{(pid=107569) _get_by_requests /opt/stack/placement/placement/objects/allocation_candidate.py:156}}
Oct 04 18:06:19.467863 n-d-850499-14 devstack@placement-api.service[107569]: DEBUG placement.objects.allocation_candidate [req-f8da0d17-5e62-41d7-a36f-8a951171d351 req-90156829-fad9-447e-b4a0-04e4555cef73 service placement] Merging candidates yields 2 allocation requests and 2 provider summaries {{(pid=107569) _merge_candidates /opt/stack/placement/placement/objects/allocation_candidate.py:809}}
Oct 04 18:06:19.470119 n-d-850499-14 devstack@placement-api.service[107569]: INFO placement.requestlog [req-f8da0d17-5e62-41d7-a36f-8a951171d351 req-90156829-fad9-447e-b4a0-04e4555cef73 service placement] 10.222.0.18 "GET /placement/allocation_candidates?limit=1000&resources=DISK_GB%3A1%2CMEMORY_MB%3A1024%2CVCPU%3A1&root_required=%21COMPUTE_STATUS_DISABLED" status: 200 len: 1309 microversion: 1.36
Oct 04 18:06:19.471064 n-d-850499-14 devstack@placement-api.service[107569]: [pid: 107569|app: 0|req: 366/724] 10.222.0.18 () {60 vars in 1506 bytes} [Tue Oct  4 18:06:18 2022] GET /placement/allocation_candidates?limit=1000&resources=DISK_GB%3A1%2CMEMORY_MB%3A1024%2CVCPU%3A1&root_required=%21COMPUTE_STATUS_DISABLED => generated 1309 bytes in 905 msecs (HTTP/1.1 200) 8 headers in 297 bytes (1 switches on core 0)
Oct 04 18:06:19.597800 n-d-850499-14 devstack@placement-api.service[107568]: DEBUG placement.requestlog [req-f8da0d17-5e62-41d7-a36f-8a951171d351 req-b945377d-b49e-4bac-a99e-08456c94f03d None None] Starting request: 10.222.0.18 "GET /placement/allocations/4b522e60-ef39-4497-8da3-023eac9859af" {{(pid=107568) __call__ /opt/stack/placement/placement/requestlog.py:55}}
Oct 04 18:06:19.618896 n-d-850499-14 devstack@placement-api.service[107568]: INFO placement.requestlog [req-f8da0d17-5e62-41d7-a36f-8a951171d351 req-b945377d-b49e-4bac-a99e-08456c94f03d service placement] 10.222.0.18 "GET /placement/allocations/4b522e60-ef39-4497-8da3-023eac9859af" status: 200 len: 19 microversion: 1.28
Oct 04 18:06:19.619854 n-d-850499-14 devstack@placement-api.service[107568]: [pid: 107568|app: 0|req: 359/725] 10.222.0.18 () {60 vars in 1380 bytes} [Tue Oct  4 18:06:19 2022] GET /placement/allocations/4b522e60-ef39-4497-8da3-023eac9859af => generated 19 bytes in 23 msecs (HTTP/1.1 200) 8 headers in 295 bytes (1 switches on core 0)
Oct 04 18:06:19.629871 n-d-850499-14 devstack@placement-api.service[107569]: DEBUG placement.requestlog [req-f8da0d17-5e62-41d7-a36f-8a951171d351 req-94ff1fce-6634-4dcc-9465-46d69aff060a None None] Starting request: 10.222.0.18 "PUT /placement/allocations/4b522e60-ef39-4497-8da3-023eac9859af" {{(pid=107569) __call__ /opt/stack/placement/placement/requestlog.py:55}}
Oct 04 18:06:19.744047 n-d-850499-14 devstack@placement-api.service[107569]: DEBUG placement.handlers.allocation [req-f8da0d17-5e62-41d7-a36f-8a951171d351 req-94ff1fce-6634-4dcc-9465-46d69aff060a service placement] Successfully wrote allocations [<placement.objects.allocation.Allocation object at 0x7fdd0eb85e50>, <placement.objects.allocation.Allocation object at 0x7fdd0cff7460>, <placement.objects.allocation.Allocation object at 0x7fdd0c3f05e0>] {{(pid=107569) _update_consumers_and_create_allocations /opt/stack/placement/placement/handlers/allocation.py:462}}
Oct 04 18:06:19.750689 n-d-850499-14 devstack@placement-api.service[107569]: INFO placement.requestlog [req-f8da0d17-5e62-41d7-a36f-8a951171d351 req-94ff1fce-6634-4dcc-9465-46d69aff060a service placement] 10.222.0.18 "PUT /placement/allocations/4b522e60-ef39-4497-8da3-023eac9859af" status: 204 len: 0 microversion: 1.36
Oct 04 18:06:19.751754 n-d-850499-14 devstack@placement-api.service[107569]: [pid: 107569|app: 0|req: 367/726] 10.222.0.18 () {64 vars in 1433 bytes} [Tue Oct  4 18:06:19 2022] PUT /placement/allocations/4b522e60-ef39-4497-8da3-023eac9859af => generated 0 bytes in 122 msecs (HTTP/1.1 204) 5 headers in 199 bytes (1 switches on core 0)
Oct 04 18:06:22.080695 n-d-850499-14 devstack@placement-api.service[107568]: DEBUG placement.requestlog [req-f8da0d17-5e62-41d7-a36f-8a951171d351 req-0a31c95a-00cb-4c42-9f22-49a9412b48e1 None None] Starting request: 10.222.0.66 "GET /placement/allocations/4b522e60-ef39-4497-8da3-023eac9859af" {{(pid=107568) __call__ /opt/stack/placement/placement/requestlog.py:55}}
Oct 04 18:06:22.105867 n-d-850499-14 devstack@placement-api.service[107568]: INFO placement.requestlog [req-f8da0d17-5e62-41d7-a36f-8a951171d351 req-0a31c95a-00cb-4c42-9f22-49a9412b48e1 service placement] 10.222.0.66 "GET /placement/allocations/4b522e60-ef39-4497-8da3-023eac9859af" status: 200 len: 259 microversion: 1.28
Oct 04 18:06:22.106861 n-d-850499-14 devstack@placement-api.service[107568]: [pid: 107568|app: 0|req: 360/727] 10.222.0.66 () {60 vars in 1377 bytes} [Tue Oct  4 18:06:22 2022] GET /placement/allocations/4b522e60-ef39-4497-8da3-023eac9859af => generated 259 bytes in 26 msecs (HTTP/1.1 200) 8 headers in 296 bytes (1 switches on core 0)
Oct 04 18:06:22.607213 n-d-850499-14 devstack@placement-api.service[107569]: DEBUG placement.requestlog [req-f8da0d17-5e62-41d7-a36f-8a951171d351 req-31db7257-80d0-44a0-bd45-a82514096cf0 None None] Starting request: 10.222.0.66 "GET /placement/resource_providers/73b2633b-4f3b-4636-bf9b-10082cf10f24/allocations" {{(pid=107569) __call__ /opt/stack/placement/placement/requestlog.py:55}}
Oct 04 18:06:22.674821 n-d-850499-14 devstack@placement-api.service[107569]: INFO placement.requestlog [req-f8da0d17-5e62-41d7-a36f-8a951171d351 req-31db7257-80d0-44a0-bd45-a82514096cf0 service placement] 10.222.0.66 "GET /placement/resource_providers/73b2633b-4f3b-4636-bf9b-10082cf10f24/allocations" status: 200 len: 860 microversion: 1.0
Oct 04 18:06:22.675793 n-d-850499-14 devstack@placement-api.service[107569]: [pid: 107569|app: 0|req: 368/728] 10.222.0.66 () {58 vars in 1390 bytes} [Tue Oct  4 18:06:22 2022] GET /placement/resource_providers/73b2633b-4f3b-4636-bf9b-10082cf10f24/allocations => generated 860 bytes in 71 msecs (HTTP/1.1 200) 6 headers in 224 bytes (1 switches on core 0)
Oct 04 18:06:22.685785 n-d-850499-14 devstack@placement-api.service[107568]: DEBUG placement.requestlog [req-f8da0d17-5e62-41d7-a36f-8a951171d351 req-4d68b0ab-50fe-427a-a5f4-4d45800bd5c6 None None] Starting request: 10.222.0.66 "GET /placement/allocations/e0bc7d77-c5ab-428c-8714-c9ae8292a8b6" {{(pid=107568) __call__ /opt/stack/placement/placement/requestlog.py:55}}
Oct 04 18:06:22.739590 n-d-850499-14 devstack@placement-api.service[107568]: INFO placement.requestlog [req-f8da0d17-5e62-41d7-a36f-8a951171d351 req-4d68b0ab-50fe-427a-a5f4-4d45800bd5c6 service placement] 10.222.0.66 "GET /placement/allocations/e0bc7d77-c5ab-428c-8714-c9ae8292a8b6" status: 200 len: 259 microversion: 1.28
Oct 04 18:06:22.741477 n-d-850499-14 devstack@placement-api.service[107568]: [pid: 107568|app: 0|req: 361/729] 10.222.0.66 () {60 vars in 1377 bytes} [Tue Oct  4 18:06:22 2022] GET /placement/allocations/e0bc7d77-c5ab-428c-8714-c9ae8292a8b6 => generated 259 bytes in 56 msecs (HTTP/1.1 200) 8 headers in 296 bytes (1 switches on core 0)
Oct 04 18:06:22.755169 n-d-850499-14 devstack@placement-api.service[107569]: DEBUG placement.requestlog [req-f8da0d17-5e62-41d7-a36f-8a951171d351 req-e3f0acca-b69f-4cc0-b994-be2c1f2a52ec None None] Starting request: 10.222.0.66 "GET /placement/allocations/2505e8f7-6362-487e-9099-1dfe07254a31" {{(pid=107569) __call__ /opt/stack/placement/placement/requestlog.py:55}}
Oct 04 18:06:22.788733 n-d-850499-14 devstack@placement-api.service[107569]: INFO placement.requestlog [req-f8da0d17-5e62-41d7-a36f-8a951171d351 req-e3f0acca-b69f-4cc0-b994-be2c1f2a52ec service placement] 10.222.0.66 "GET /placement/allocations/2505e8f7-6362-487e-9099-1dfe07254a31" status: 200 len: 259 microversion: 1.28
Oct 04 18:06:22.789556 n-d-850499-14 devstack@placement-api.service[107569]: [pid: 107569|app: 0|req: 369/730] 10.222.0.66 () {60 vars in 1377 bytes} [Tue Oct  4 18:06:22 2022] GET /placement/allocations/2505e8f7-6362-487e-9099-1dfe07254a31 => generated 259 bytes in 35 msecs (HTTP/1.1 200) 8 headers in 296 bytes (1 switches on core 0)
Oct 04 18:06:22.797614 n-d-850499-14 devstack@placement-api.service[107568]: DEBUG placement.requestlog [req-f8da0d17-5e62-41d7-a36f-8a951171d351 req-60f9bf5a-760b-4ae8-aaae-94679ead6920 None None] Starting request: 10.222.0.66 "GET /placement/allocations/513fb23f-209f-4de1-add7-84c46117aace" {{(pid=107568) __call__ /opt/stack/placement/placement/requestlog.py:55}}
Oct 04 18:06:22.830051 n-d-850499-14 devstack@placement-api.service[107568]: INFO placement.requestlog [req-f8da0d17-5e62-41d7-a36f-8a951171d351 req-60f9bf5a-760b-4ae8-aaae-94679ead6920 service placement] 10.222.0.66 "GET /placement/allocations/513fb23f-209f-4de1-add7-84c46117aace" status: 200 len: 259 microversion: 1.28
Oct 04 18:06:22.830844 n-d-850499-14 devstack@placement-api.service[107568]: [pid: 107568|app: 0|req: 362/731] 10.222.0.66 () {60 vars in 1377 bytes} [Tue Oct  4 18:06:22 2022] GET /placement/allocations/513fb23f-209f-4de1-add7-84c46117aace => generated 259 bytes in 34 msecs (HTTP/1.1 200) 8 headers in 296 bytes (2 switches on core 0)
Oct 04 18:06:22.839995 n-d-850499-14 devstack@placement-api.service[107569]: DEBUG placement.requestlog [req-f8da0d17-5e62-41d7-a36f-8a951171d351 req-6bdeea09-61a9-42b3-814e-900978830f9f None None] Starting request: 10.222.0.66 "GET /placement/allocations/5a4b0323-60bc-47aa-8c5e-142573d6c375" {{(pid=107569) __call__ /opt/stack/placement/placement/requestlog.py:55}}
Oct 04 18:06:22.870677 n-d-850499-14 devstack@placement-api.service[107569]: INFO placement.requestlog [req-f8da0d17-5e62-41d7-a36f-8a951171d351 req-6bdeea09-61a9-42b3-814e-900978830f9f service placement] 10.222.0.66 "GET /placement/allocations/5a4b0323-60bc-47aa-8c5e-142573d6c375" status: 200 len: 259 microversion: 1.28
Oct 04 18:06:22.872499 n-d-850499-14 devstack@placement-api.service[107569]: [pid: 107569|app: 0|req: 370/732] 10.222.0.66 () {60 vars in 1377 bytes} [Tue Oct  4 18:06:22 2022] GET /placement/allocations/5a4b0323-60bc-47aa-8c5e-142573d6c375 => generated 259 bytes in 33 msecs (HTTP/1.1 200) 8 headers in 296 bytes (1 switches on core 0)
Oct 04 18:06:22.887900 n-d-850499-14 devstack@placement-api.service[107568]: DEBUG placement.requestlog [req-f8da0d17-5e62-41d7-a36f-8a951171d351 req-21e51d53-e514-4854-9ca1-6e56689a6206 None None] Starting request: 10.222.0.66 "GET /placement/allocations/4b522e60-ef39-4497-8da3-023eac9859af" {{(pid=107568) __call__ /opt/stack/placement/placement/requestlog.py:55}}
Oct 04 18:06:22.914059 n-d-850499-14 devstack@placement-api.service[107568]: INFO placement.requestlog [req-f8da0d17-5e62-41d7-a36f-8a951171d351 req-21e51d53-e514-4854-9ca1-6e56689a6206 service placement] 10.222.0.66 "GET /placement/allocations/4b522e60-ef39-4497-8da3-023eac9859af" status: 200 len: 259 microversion: 1.28
Oct 04 18:06:22.915253 n-d-850499-14 devstack@placement-api.service[107568]: [pid: 107568|app: 0|req: 363/733] 10.222.0.66 () {60 vars in 1377 bytes} [Tue Oct  4 18:06:22 2022] GET /placement/allocations/4b522e60-ef39-4497-8da3-023eac9859af => generated 259 bytes in 29 msecs (HTTP/1.1 200) 8 headers in 296 bytes (2 switches on core 0)
Oct 04 18:06:22.934484 n-d-850499-14 devstack@placement-api.service[107569]: DEBUG placement.requestlog [req-f8da0d17-5e62-41d7-a36f-8a951171d351 req-df419ea5-ffa3-4912-a350-1bec02df57fb None None] Starting request: 10.222.0.66 "GET /placement/allocations/c31b2e2a-3ff2-4f05-b2c5-071a392b21ea" {{(pid=107569) __call__ /opt/stack/placement/placement/requestlog.py:55}}
Oct 04 18:06:22.972328 n-d-850499-14 devstack@placement-api.service[107569]: INFO placement.requestlog [req-f8da0d17-5e62-41d7-a36f-8a951171d351 req-df419ea5-ffa3-4912-a350-1bec02df57fb service placement] 10.222.0.66 "GET /placement/allocations/c31b2e2a-3ff2-4f05-b2c5-071a392b21ea" status: 200 len: 259 microversion: 1.28
Oct 04 18:06:22.973471 n-d-850499-14 devstack@placement-api.service[107569]: [pid: 107569|app: 0|req: 371/734] 10.222.0.66 () {60 vars in 1377 bytes} [Tue Oct  4 18:06:22 2022] GET /placement/allocations/c31b2e2a-3ff2-4f05-b2c5-071a392b21ea => generated 259 bytes in 40 msecs (HTTP/1.1 200) 8 headers in 296 bytes (1 switches on core 0)
Oct 04 18:06:22.981620 n-d-850499-14 devstack@placement-api.service[107568]: DEBUG placement.requestlog [req-f8da0d17-5e62-41d7-a36f-8a951171d351 req-ca110c7f-f41a-4ab9-9ed5-2d7acf28c867 None None] Starting request: 10.222.0.66 "GET /placement/allocations/51903294-696f-4e13-adb2-d63862de1a52" {{(pid=107568) __call__ /opt/stack/placement/placement/requestlog.py:55}}
Oct 04 18:06:23.065185 n-d-850499-14 devstack@placement-api.service[107568]: INFO placement.requestlog [req-f8da0d17-5e62-41d7-a36f-8a951171d351 req-ca110c7f-f41a-4ab9-9ed5-2d7acf28c867 service placement] 10.222.0.66 "GET /placement/allocations/51903294-696f-4e13-adb2-d63862de1a52" status: 200 len: 258 microversion: 1.28
Oct 04 18:06:23.066165 n-d-850499-14 devstack@placement-api.service[107568]: [pid: 107568|app: 0|req: 364/735] 10.222.0.66 () {60 vars in 1377 bytes} [Tue Oct  4 18:06:22 2022] GET /placement/allocations/51903294-696f-4e13-adb2-d63862de1a52 => generated 258 bytes in 85 msecs (HTTP/1.1 200) 8 headers in 296 bytes (1 switches on core 0)
Oct 04 18:06:23.081661 n-d-850499-14 devstack@placement-api.service[107569]: DEBUG placement.requestlog [req-f8da0d17-5e62-41d7-a36f-8a951171d351 req-b6ff7a6e-2d3d-4690-b624-d52a73f279dd None None] Starting request: 10.222.0.66 "GET /placement/allocations/ea0d4381-3fce-4a7d-918e-755cd5123531" {{(pid=107569) __call__ /opt/stack/placement/placement/requestlog.py:55}}
Oct 04 18:06:23.108590 n-d-850499-14 devstack@placement-api.service[107569]: INFO placement.requestlog [req-f8da0d17-5e62-41d7-a36f-8a951171d351 req-b6ff7a6e-2d3d-4690-b624-d52a73f279dd service placement] 10.222.0.66 "GET /placement/allocations/ea0d4381-3fce-4a7d-918e-755cd5123531" status: 200 len: 259 microversion: 1.28
Oct 04 18:06:23.109266 n-d-850499-14 devstack@placement-api.service[107569]: [pid: 107569|app: 0|req: 372/736] 10.222.0.66 () {60 vars in 1377 bytes} [Tue Oct  4 18:06:23 2022] GET /placement/allocations/ea0d4381-3fce-4a7d-918e-755cd5123531 => generated 259 bytes in 28 msecs (HTTP/1.1 200) 8 headers in 296 bytes (1 switches on core 0)
Oct 04 18:06:26.492725 n-d-850499-14 devstack@placement-api.service[107568]: DEBUG placement.requestlog [req-c2076def-277c-472d-bc90-0cb4ec74339e req-d7db1218-496a-401f-8c83-994efeea97da None None] Starting request: 10.222.0.66 "GET /placement/resource_providers/73b2633b-4f3b-4636-bf9b-10082cf10f24/allocations" {{(pid=107568) __call__ /opt/stack/placement/placement/requestlog.py:55}}
Oct 04 18:06:26.595979 n-d-850499-14 devstack@placement-api.service[107568]: INFO placement.requestlog [req-c2076def-277c-472d-bc90-0cb4ec74339e req-d7db1218-496a-401f-8c83-994efeea97da service placement] 10.222.0.66 "GET /placement/resource_providers/73b2633b-4f3b-4636-bf9b-10082cf10f24/allocations" status: 200 len: 860 microversion: 1.0
Oct 04 18:06:26.601445 n-d-850499-14 devstack@placement-api.service[107568]: [pid: 107568|app: 0|req: 365/737] 10.222.0.66 () {58 vars in 1390 bytes} [Tue Oct  4 18:06:26 2022] GET /placement/resource_providers/73b2633b-4f3b-4636-bf9b-10082cf10f24/allocations => generated 860 bytes in 109 msecs (HTTP/1.1 200) 6 headers in 224 bytes (1 switches on core 0)
Oct 04 18:06:26.606127 n-d-850499-14 devstack@placement-api.service[107569]: DEBUG placement.requestlog [req-c2076def-277c-472d-bc90-0cb4ec74339e req-1c0dc9a0-7b9b-4e77-9c1b-4b6264e0b497 None None] Starting request: 10.222.0.66 "GET /placement/allocations/e0bc7d77-c5ab-428c-8714-c9ae8292a8b6" {{(pid=107569) __call__ /opt/stack/placement/placement/requestlog.py:55}}
Oct 04 18:06:26.646387 n-d-850499-14 devstack@placement-api.service[107569]: INFO placement.requestlog [req-c2076def-277c-472d-bc90-0cb4ec74339e req-1c0dc9a0-7b9b-4e77-9c1b-4b6264e0b497 service placement] 10.222.0.66 "GET /placement/allocations/e0bc7d77-c5ab-428c-8714-c9ae8292a8b6" status: 200 len: 259 microversion: 1.28
Oct 04 18:06:26.655445 n-d-850499-14 devstack@placement-api.service[107569]: [pid: 107569|app: 0|req: 373/738] 10.222.0.66 () {60 vars in 1377 bytes} [Tue Oct  4 18:06:26 2022] GET /placement/allocations/e0bc7d77-c5ab-428c-8714-c9ae8292a8b6 => generated 259 bytes in 49 msecs (HTTP/1.1 200) 8 headers in 296 bytes (1 switches on core 0)
Oct 04 18:06:26.669573 n-d-850499-14 devstack@placement-api.service[107568]: DEBUG placement.requestlog [req-c2076def-277c-472d-bc90-0cb4ec74339e req-4ab70c32-08ff-48c5-a2ad-50cbb2278326 None None] Starting request: 10.222.0.66 "GET /placement/allocations/2505e8f7-6362-487e-9099-1dfe07254a31" {{(pid=107568) __call__ /opt/stack/placement/placement/requestlog.py:55}}
Oct 04 18:06:26.714095 n-d-850499-14 devstack@placement-api.service[107568]: INFO placement.requestlog [req-c2076def-277c-472d-bc90-0cb4ec74339e req-4ab70c32-08ff-48c5-a2ad-50cbb2278326 service placement] 10.222.0.66 "GET /placement/allocations/2505e8f7-6362-487e-9099-1dfe07254a31" status: 200 len: 259 microversion: 1.28
Oct 04 18:06:26.715424 n-d-850499-14 devstack@placement-api.service[107568]: [pid: 107568|app: 0|req: 366/739] 10.222.0.66 () {60 vars in 1377 bytes} [Tue Oct  4 18:06:26 2022] GET /placement/allocations/2505e8f7-6362-487e-9099-1dfe07254a31 => generated 259 bytes in 46 msecs (HTTP/1.1 200) 8 headers in 296 bytes (1 switches on core 0)
Oct 04 18:06:26.725461 n-d-850499-14 devstack@placement-api.service[107569]: DEBUG placement.requestlog [req-c2076def-277c-472d-bc90-0cb4ec74339e req-33f87060-2e02-430b-bde1-fd881fa478bb None None] Starting request: 10.222.0.66 "GET /placement/allocations/513fb23f-209f-4de1-add7-84c46117aace" {{(pid=107569) __call__ /opt/stack/placement/placement/requestlog.py:55}}
Oct 04 18:06:26.792240 n-d-850499-14 devstack@placement-api.service[107569]: INFO placement.requestlog [req-c2076def-277c-472d-bc90-0cb4ec74339e req-33f87060-2e02-430b-bde1-fd881fa478bb service placement] 10.222.0.66 "GET /placement/allocations/513fb23f-209f-4de1-add7-84c46117aace" status: 200 len: 259 microversion: 1.28
Oct 04 18:06:26.792921 n-d-850499-14 devstack@placement-api.service[107569]: [pid: 107569|app: 0|req: 374/740] 10.222.0.66 () {60 vars in 1377 bytes} [Tue Oct  4 18:06:26 2022] GET /placement/allocations/513fb23f-209f-4de1-add7-84c46117aace => generated 259 bytes in 68 msecs (HTTP/1.1 200) 8 headers in 296 bytes (1 switches on core 0)
Oct 04 18:06:26.804101 n-d-850499-14 devstack@placement-api.service[107568]: DEBUG placement.requestlog [req-c2076def-277c-472d-bc90-0cb4ec74339e req-bab358a1-408b-4986-b8f9-cd5a365e3164 None None] Starting request: 10.222.0.66 "GET /placement/allocations/5a4b0323-60bc-47aa-8c5e-142573d6c375" {{(pid=107568) __call__ /opt/stack/placement/placement/requestlog.py:55}}
Oct 04 18:06:26.920777 n-d-850499-14 devstack@placement-api.service[107568]: INFO placement.requestlog [req-c2076def-277c-472d-bc90-0cb4ec74339e req-bab358a1-408b-4986-b8f9-cd5a365e3164 service placement] 10.222.0.66 "GET /placement/allocations/5a4b0323-60bc-47aa-8c5e-142573d6c375" status: 200 len: 259 microversion: 1.28
Oct 04 18:06:26.922836 n-d-850499-14 devstack@placement-api.service[107568]: [pid: 107568|app: 0|req: 367/741] 10.222.0.66 () {60 vars in 1377 bytes} [Tue Oct  4 18:06:26 2022] GET /placement/allocations/5a4b0323-60bc-47aa-8c5e-142573d6c375 => generated 259 bytes in 120 msecs (HTTP/1.1 200) 8 headers in 296 bytes (1 switches on core 0)
Oct 04 18:06:26.929782 n-d-850499-14 devstack@placement-api.service[107569]: DEBUG placement.requestlog [req-c2076def-277c-472d-bc90-0cb4ec74339e req-ac096d63-f3b7-42f6-b257-897d83914345 None None] Starting request: 10.222.0.66 "GET /placement/allocations/4b522e60-ef39-4497-8da3-023eac9859af" {{(pid=107569) __call__ /opt/stack/placement/placement/requestlog.py:55}}
Oct 04 18:06:26.974308 n-d-850499-14 devstack@placement-api.service[107569]: INFO placement.requestlog [req-c2076def-277c-472d-bc90-0cb4ec74339e req-ac096d63-f3b7-42f6-b257-897d83914345 service placement] 10.222.0.66 "GET /placement/allocations/4b522e60-ef39-4497-8da3-023eac9859af" status: 200 len: 259 microversion: 1.28
Oct 04 18:06:26.974691 n-d-850499-14 devstack@placement-api.service[107569]: [pid: 107569|app: 0|req: 375/742] 10.222.0.66 () {60 vars in 1377 bytes} [Tue Oct  4 18:06:26 2022] GET /placement/allocations/4b522e60-ef39-4497-8da3-023eac9859af => generated 259 bytes in 45 msecs (HTTP/1.1 200) 8 headers in 296 bytes (2 switches on core 0)
Oct 04 18:06:26.980619 n-d-850499-14 devstack@placement-api.service[107568]: DEBUG placement.requestlog [req-7477a0fc-60db-404b-9325-f288ca305940 req-d0d2f13b-3e00-467a-aee1-037b438af2e4 None None] Starting request: 10.222.0.52 "GET /placement/resource_providers/f454fd4a-875d-4b28-8ad6-1e0e84f4e42d/allocations" {{(pid=107568) __call__ /opt/stack/placement/placement/requestlog.py:55}}
Oct 04 18:06:26.988446 n-d-850499-14 devstack@placement-api.service[107568]: DEBUG dbcounter [-] [107568] Writing DB stats placement:SELECT=96,placement:DELETE=4 {{(pid=107568) stat_writer /usr/local/lib/python3.8/dist-packages/dbcounter.py:114}}
Oct 04 18:06:26.991154 n-d-850499-14 devstack@placement-api.service[107569]: DEBUG placement.requestlog [req-c2076def-277c-472d-bc90-0cb4ec74339e req-41e0f867-66db-4c30-9c20-2b65656784b2 None None] Starting request: 10.222.0.66 "GET /placement/allocations/c31b2e2a-3ff2-4f05-b2c5-071a392b21ea" {{(pid=107569) __call__ /opt/stack/placement/placement/requestlog.py:55}}
Oct 04 18:06:27.082675 n-d-850499-14 devstack@placement-api.service[107568]: INFO placement.requestlog [req-7477a0fc-60db-404b-9325-f288ca305940 req-d0d2f13b-3e00-467a-aee1-037b438af2e4 service placement] 10.222.0.52 "GET /placement/resource_providers/f454fd4a-875d-4b28-8ad6-1e0e84f4e42d/allocations" status: 200 len: 659 microversion: 1.0
Oct 04 18:06:27.084258 n-d-850499-14 devstack@placement-api.service[107568]: [pid: 107568|app: 0|req: 368/743] 10.222.0.52 () {58 vars in 1390 bytes} [Tue Oct  4 18:06:26 2022] GET /placement/resource_providers/f454fd4a-875d-4b28-8ad6-1e0e84f4e42d/allocations => generated 659 bytes in 103 msecs (HTTP/1.1 200) 6 headers in 224 bytes (1 switches on core 0)
Oct 04 18:06:27.084853 n-d-850499-14 devstack@placement-api.service[107569]: INFO placement.requestlog [req-c2076def-277c-472d-bc90-0cb4ec74339e req-41e0f867-66db-4c30-9c20-2b65656784b2 service placement] 10.222.0.66 "GET /placement/allocations/c31b2e2a-3ff2-4f05-b2c5-071a392b21ea" status: 200 len: 259 microversion: 1.28
Oct 04 18:06:27.085787 n-d-850499-14 devstack@placement-api.service[107569]: [pid: 107569|app: 0|req: 376/744] 10.222.0.66 () {60 vars in 1377 bytes} [Tue Oct  4 18:06:26 2022] GET /placement/allocations/c31b2e2a-3ff2-4f05-b2c5-071a392b21ea => generated 259 bytes in 95 msecs (HTTP/1.1 200) 8 headers in 296 bytes (1 switches on core 0)
Oct 04 18:06:27.098249 n-d-850499-14 devstack@placement-api.service[107568]: DEBUG placement.requestlog [req-c2076def-277c-472d-bc90-0cb4ec74339e req-78e18292-5e7a-45f5-81df-1f4150c56b46 None None] Starting request: 10.222.0.66 "GET /placement/allocations/51903294-696f-4e13-adb2-d63862de1a52" {{(pid=107568) __call__ /opt/stack/placement/placement/requestlog.py:55}}
Oct 04 18:06:27.123737 n-d-850499-14 devstack@placement-api.service[107568]: INFO placement.requestlog [req-c2076def-277c-472d-bc90-0cb4ec74339e req-78e18292-5e7a-45f5-81df-1f4150c56b46 service placement] 10.222.0.66 "GET /placement/allocations/51903294-696f-4e13-adb2-d63862de1a52" status: 200 len: 258 microversion: 1.28
Oct 04 18:06:27.124762 n-d-850499-14 devstack@placement-api.service[107568]: [pid: 107568|app: 0|req: 369/745] 10.222.0.66 () {60 vars in 1377 bytes} [Tue Oct  4 18:06:27 2022] GET /placement/allocations/51903294-696f-4e13-adb2-d63862de1a52 => generated 258 bytes in 27 msecs (HTTP/1.1 200) 8 headers in 296 bytes (1 switches on core 0)
Oct 04 18:06:27.133797 n-d-850499-14 devstack@placement-api.service[107569]: DEBUG placement.requestlog [req-c2076def-277c-472d-bc90-0cb4ec74339e req-ecf4d924-f2b8-41de-8be7-d5fde471fbeb None None] Starting request: 10.222.0.66 "GET /placement/allocations/ea0d4381-3fce-4a7d-918e-755cd5123531" {{(pid=107569) __call__ /opt/stack/placement/placement/requestlog.py:55}}
Oct 04 18:06:27.141007 n-d-850499-14 devstack@placement-api.service[107568]: DEBUG placement.requestlog [req-7477a0fc-60db-404b-9325-f288ca305940 req-347fe79c-263a-4e2e-b8f6-e1fbb2c656de None None] Starting request: 10.222.0.52 "GET /placement/resource_providers/f454fd4a-875d-4b28-8ad6-1e0e84f4e42d/allocations" {{(pid=107568) __call__ /opt/stack/placement/placement/requestlog.py:55}}
Oct 04 18:06:27.156917 n-d-850499-14 devstack@placement-api.service[107569]: DEBUG dbcounter [-] [107569] Writing DB stats placement:SELECT=90,placement:DELETE=4,placement:INSERT=4,placement:UPDATE=2 {{(pid=107569) stat_writer /usr/local/lib/python3.8/dist-packages/dbcounter.py:114}}
Oct 04 18:06:27.208050 n-d-850499-14 devstack@placement-api.service[107569]: INFO placement.requestlog [req-c2076def-277c-472d-bc90-0cb4ec74339e req-ecf4d924-f2b8-41de-8be7-d5fde471fbeb service placement] 10.222.0.66 "GET /placement/allocations/ea0d4381-3fce-4a7d-918e-755cd5123531" status: 200 len: 259 microversion: 1.28
Oct 04 18:06:27.214029 n-d-850499-14 devstack@placement-api.service[107569]: [pid: 107569|app: 0|req: 377/746] 10.222.0.66 () {60 vars in 1377 bytes} [Tue Oct  4 18:06:27 2022] GET /placement/allocations/ea0d4381-3fce-4a7d-918e-755cd5123531 => generated 259 bytes in 80 msecs (HTTP/1.1 200) 8 headers in 296 bytes (1 switches on core 0)
Oct 04 18:06:27.240449 n-d-850499-14 devstack@placement-api.service[107568]: INFO placement.requestlog [req-7477a0fc-60db-404b-9325-f288ca305940 req-347fe79c-263a-4e2e-b8f6-e1fbb2c656de service placement] 10.222.0.52 "GET /placement/resource_providers/f454fd4a-875d-4b28-8ad6-1e0e84f4e42d/allocations" status: 200 len: 659 microversion: 1.0
Oct 04 18:06:27.254987 n-d-850499-14 devstack@placement-api.service[107568]: [pid: 107568|app: 0|req: 370/747] 10.222.0.52 () {58 vars in 1390 bytes} [Tue Oct  4 18:06:27 2022] GET /placement/resource_providers/f454fd4a-875d-4b28-8ad6-1e0e84f4e42d/allocations => generated 659 bytes in 101 msecs (HTTP/1.1 200) 6 headers in 224 bytes (1 switches on core 0)
Oct 04 18:06:27.255716 n-d-850499-14 devstack@placement-api.service[107569]: DEBUG placement.requestlog [req-7477a0fc-60db-404b-9325-f288ca305940 req-327855b4-282d-44cc-b638-5da2b2705ab8 None None] Starting request: 10.222.0.52 "GET /placement/allocations/385ce47e-1459-4168-a8c9-c68d8301f7e3" {{(pid=107569) __call__ /opt/stack/placement/placement/requestlog.py:55}}
Oct 04 18:06:27.308309 n-d-850499-14 devstack@placement-api.service[107569]: INFO placement.requestlog [req-7477a0fc-60db-404b-9325-f288ca305940 req-327855b4-282d-44cc-b638-5da2b2705ab8 service placement] 10.222.0.52 "GET /placement/allocations/385ce47e-1459-4168-a8c9-c68d8301f7e3" status: 200 len: 259 microversion: 1.28
Oct 04 18:06:27.309389 n-d-850499-14 devstack@placement-api.service[107569]: [pid: 107569|app: 0|req: 378/748] 10.222.0.52 () {60 vars in 1377 bytes} [Tue Oct  4 18:06:27 2022] GET /placement/allocations/385ce47e-1459-4168-a8c9-c68d8301f7e3 => generated 259 bytes in 59 msecs (HTTP/1.1 200) 8 headers in 296 bytes (1 switches on core 0)
Oct 04 18:06:27.319886 n-d-850499-14 devstack@placement-api.service[107568]: DEBUG placement.requestlog [req-7477a0fc-60db-404b-9325-f288ca305940 req-0f0df50b-5efe-4304-848b-f93c5af2e1cf None None] Starting request: 10.222.0.52 "GET /placement/allocations/27b090a0-2ada-4af7-be73-c21ed69a3720" {{(pid=107568) __call__ /opt/stack/placement/placement/requestlog.py:55}}
Oct 04 18:06:27.386073 n-d-850499-14 devstack@placement-api.service[107568]: INFO placement.requestlog [req-7477a0fc-60db-404b-9325-f288ca305940 req-0f0df50b-5efe-4304-848b-f93c5af2e1cf service placement] 10.222.0.52 "GET /placement/allocations/27b090a0-2ada-4af7-be73-c21ed69a3720" status: 200 len: 259 microversion: 1.28
Oct 04 18:06:27.390059 n-d-850499-14 devstack@placement-api.service[107568]: [pid: 107568|app: 0|req: 371/749] 10.222.0.52 () {60 vars in 1377 bytes} [Tue Oct  4 18:06:27 2022] GET /placement/allocations/27b090a0-2ada-4af7-be73-c21ed69a3720 => generated 259 bytes in 71 msecs (HTTP/1.1 200) 8 headers in 296 bytes (1 switches on core 0)
Oct 04 18:06:27.406459 n-d-850499-14 devstack@placement-api.service[107569]: DEBUG placement.requestlog [req-7477a0fc-60db-404b-9325-f288ca305940 req-c867f152-f5aa-4b2e-b74b-9382a803e9cc None None] Starting request: 10.222.0.52 "GET /placement/allocations/aa79c4dc-6409-43e7-85da-46dde9db68bd" {{(pid=107569) __call__ /opt/stack/placement/placement/requestlog.py:55}}
Oct 04 18:06:27.457746 n-d-850499-14 devstack@placement-api.service[107569]: INFO placement.requestlog [req-7477a0fc-60db-404b-9325-f288ca305940 req-c867f152-f5aa-4b2e-b74b-9382a803e9cc service placement] 10.222.0.52 "GET /placement/allocations/aa79c4dc-6409-43e7-85da-46dde9db68bd" status: 200 len: 259 microversion: 1.28
Oct 04 18:06:27.458332 n-d-850499-14 devstack@placement-api.service[107569]: [pid: 107569|app: 0|req: 379/750] 10.222.0.52 () {60 vars in 1377 bytes} [Tue Oct  4 18:06:27 2022] GET /placement/allocations/aa79c4dc-6409-43e7-85da-46dde9db68bd => generated 259 bytes in 52 msecs (HTTP/1.1 200) 8 headers in 296 bytes (1 switches on core 0)
Oct 04 18:06:27.466863 n-d-850499-14 devstack@placement-api.service[107568]: DEBUG placement.requestlog [req-7477a0fc-60db-404b-9325-f288ca305940 req-418c5fab-612f-4ca7-9094-ba2c0ab39bd4 None None] Starting request: 10.222.0.52 "GET /placement/allocations/f2fc6cc4-d14f-4e18-b596-6ce1e2b10d70" {{(pid=107568) __call__ /opt/stack/placement/placement/requestlog.py:55}}
Oct 04 18:06:27.517703 n-d-850499-14 devstack@placement-api.service[107568]: INFO placement.requestlog [req-7477a0fc-60db-404b-9325-f288ca305940 req-418c5fab-612f-4ca7-9094-ba2c0ab39bd4 service placement] 10.222.0.52 "GET /placement/allocations/f2fc6cc4-d14f-4e18-b596-6ce1e2b10d70" status: 200 len: 259 microversion: 1.28
Oct 04 18:06:27.518926 n-d-850499-14 devstack@placement-api.service[107568]: [pid: 107568|app: 0|req: 372/751] 10.222.0.52 () {60 vars in 1377 bytes} [Tue Oct  4 18:06:27 2022] GET /placement/allocations/f2fc6cc4-d14f-4e18-b596-6ce1e2b10d70 => generated 259 bytes in 52 msecs (HTTP/1.1 200) 8 headers in 296 bytes (2 switches on core 0)
Oct 04 18:06:27.528035 n-d-850499-14 devstack@placement-api.service[107569]: DEBUG placement.requestlog [req-c2076def-277c-472d-bc90-0cb4ec74339e req-7bdf01ff-d610-4f4e-9157-a07f7dc252e4 None None] Starting request: 10.222.0.66 "DELETE /placement/allocations/e0bc7d77-c5ab-428c-8714-c9ae8292a8b6" {{(pid=107569) __call__ /opt/stack/placement/placement/requestlog.py:55}}
Oct 04 18:06:27.545876 n-d-850499-14 devstack@placement-api.service[107568]: DEBUG placement.requestlog [req-7477a0fc-60db-404b-9325-f288ca305940 req-e46c8d11-d08a-475a-a9df-70873cda7e02 None None] Starting request: 10.222.0.52 "GET /placement/allocations/3b9f193d-65a7-48df-96b4-ee57115149a2" {{(pid=107568) __call__ /opt/stack/placement/placement/requestlog.py:55}}
Oct 04 18:06:27.577373 n-d-850499-14 devstack@placement-api.service[107568]: INFO placement.requestlog [req-7477a0fc-60db-404b-9325-f288ca305940 req-e46c8d11-d08a-475a-a9df-70873cda7e02 service placement] 10.222.0.52 "GET /placement/allocations/3b9f193d-65a7-48df-96b4-ee57115149a2" status: 200 len: 259 microversion: 1.28
Oct 04 18:06:27.578693 n-d-850499-14 devstack@placement-api.service[107568]: [pid: 107568|app: 0|req: 373/752] 10.222.0.52 () {60 vars in 1377 bytes} [Tue Oct  4 18:06:27 2022] GET /placement/allocations/3b9f193d-65a7-48df-96b4-ee57115149a2 => generated 259 bytes in 33 msecs (HTTP/1.1 200) 8 headers in 296 bytes (2 switches on core 0)
Oct 04 18:06:27.589729 n-d-850499-14 devstack@placement-api.service[107568]: DEBUG placement.requestlog [req-7477a0fc-60db-404b-9325-f288ca305940 req-2ebe778a-1269-4b40-95a1-0bb7fb0857e4 None None] Starting request: 10.222.0.52 "GET /placement/allocations/2bc68e22-19de-42cd-aae6-efc5d6218e8c" {{(pid=107568) __call__ /opt/stack/placement/placement/requestlog.py:55}}
Oct 04 18:06:27.611917 n-d-850499-14 devstack@placement-api.service[107569]: DEBUG placement.handlers.allocation [req-c2076def-277c-472d-bc90-0cb4ec74339e req-7bdf01ff-d610-4f4e-9157-a07f7dc252e4 service placement] Successfully deleted allocations [<placement.objects.allocation.Allocation object at 0x7fdd0c351df0>, <placement.objects.allocation.Allocation object at 0x7fdd0c351190>, <placement.objects.allocation.Allocation object at 0x7fdd0c3510d0>] {{(pid=107569) delete_allocations /opt/stack/placement/placement/handlers/allocation.py:627}}
Oct 04 18:06:27.613019 n-d-850499-14 devstack@placement-api.service[107569]: INFO placement.requestlog [req-c2076def-277c-472d-bc90-0cb4ec74339e req-7bdf01ff-d610-4f4e-9157-a07f7dc252e4 service placement] 10.222.0.66 "DELETE /placement/allocations/e0bc7d77-c5ab-428c-8714-c9ae8292a8b6" status: 204 len: 0 microversion: 1.0
Oct 04 18:06:27.613929 n-d-850499-14 devstack@placement-api.service[107569]: [pid: 107569|app: 0|req: 380/753] 10.222.0.66 () {60 vars in 1355 bytes} [Tue Oct  4 18:06:27 2022] DELETE /placement/allocations/e0bc7d77-c5ab-428c-8714-c9ae8292a8b6 => generated 0 bytes in 86 msecs (HTTP/1.1 204) 5 headers in 198 bytes (1 switches on core 0)
Oct 04 18:06:27.614816 n-d-850499-14 devstack@placement-api.service[107569]: DEBUG placement.requestlog [req-a17bee91-0f11-4a22-9cd2-c9cfcf0901fb req-0c48d9d6-52d7-4a64-a0bf-98fd06a95277 None None] Starting request: 10.222.0.66 "GET /placement/resource_providers/73b2633b-4f3b-4636-bf9b-10082cf10f24/allocations" {{(pid=107569) __call__ /opt/stack/placement/placement/requestlog.py:55}}
Oct 04 18:06:27.649412 n-d-850499-14 devstack@placement-api.service[107568]: INFO placement.requestlog [req-7477a0fc-60db-404b-9325-f288ca305940 req-2ebe778a-1269-4b40-95a1-0bb7fb0857e4 service placement] 10.222.0.52 "GET /placement/allocations/2bc68e22-19de-42cd-aae6-efc5d6218e8c" status: 200 len: 259 microversion: 1.28
Oct 04 18:06:27.651716 n-d-850499-14 devstack@placement-api.service[107568]: [pid: 107568|app: 0|req: 374/754] 10.222.0.52 () {60 vars in 1377 bytes} [Tue Oct  4 18:06:27 2022] GET /placement/allocations/2bc68e22-19de-42cd-aae6-efc5d6218e8c => generated 259 bytes in 65 msecs (HTTP/1.1 200) 8 headers in 296 bytes (1 switches on core 0)
Oct 04 18:06:27.678909 n-d-850499-14 devstack@placement-api.service[107569]: INFO placement.requestlog [req-a17bee91-0f11-4a22-9cd2-c9cfcf0901fb req-0c48d9d6-52d7-4a64-a0bf-98fd06a95277 service placement] 10.222.0.66 "GET /placement/resource_providers/73b2633b-4f3b-4636-bf9b-10082cf10f24/allocations" status: 200 len: 759 microversion: 1.0
Oct 04 18:06:27.685440 n-d-850499-14 devstack@placement-api.service[107569]: [pid: 107569|app: 0|req: 381/755] 10.222.0.66 () {58 vars in 1390 bytes} [Tue Oct  4 18:06:27 2022] GET /placement/resource_providers/73b2633b-4f3b-4636-bf9b-10082cf10f24/allocations => generated 759 bytes in 71 msecs (HTTP/1.1 200) 6 headers in 224 bytes (1 switches on core 0)
Oct 04 18:06:27.689372 n-d-850499-14 devstack@placement-api.service[107568]: DEBUG placement.requestlog [req-a17bee91-0f11-4a22-9cd2-c9cfcf0901fb req-f9359465-9c9e-4efc-8501-2ce70f32b7dc None None] Starting request: 10.222.0.66 "GET /placement/allocations/513fb23f-209f-4de1-add7-84c46117aace" {{(pid=107568) __call__ /opt/stack/placement/placement/requestlog.py:55}}
Oct 04 18:06:27.719211 n-d-850499-14 devstack@placement-api.service[107568]: INFO placement.requestlog [req-a17bee91-0f11-4a22-9cd2-c9cfcf0901fb req-f9359465-9c9e-4efc-8501-2ce70f32b7dc service placement] 10.222.0.66 "GET /placement/allocations/513fb23f-209f-4de1-add7-84c46117aace" status: 200 len: 259 microversion: 1.28
Oct 04 18:06:27.720258 n-d-850499-14 devstack@placement-api.service[107568]: [pid: 107568|app: 0|req: 375/756] 10.222.0.66 () {60 vars in 1377 bytes} [Tue Oct  4 18:06:27 2022] GET /placement/allocations/513fb23f-209f-4de1-add7-84c46117aace => generated 259 bytes in 31 msecs (HTTP/1.1 200) 8 headers in 296 bytes (1 switches on core 0)
Oct 04 18:06:27.729834 n-d-850499-14 devstack@placement-api.service[107569]: DEBUG placement.requestlog [req-a17bee91-0f11-4a22-9cd2-c9cfcf0901fb req-16b15adc-7bae-4ebb-b56a-df181e87fc23 None None] Starting request: 10.222.0.66 "GET /placement/allocations/4b522e60-ef39-4497-8da3-023eac9859af" {{(pid=107569) __call__ /opt/stack/placement/placement/requestlog.py:55}}
Oct 04 18:06:27.756946 n-d-850499-14 devstack@placement-api.service[107569]: INFO placement.requestlog [req-a17bee91-0f11-4a22-9cd2-c9cfcf0901fb req-16b15adc-7bae-4ebb-b56a-df181e87fc23 service placement] 10.222.0.66 "GET /placement/allocations/4b522e60-ef39-4497-8da3-023eac9859af" status: 200 len: 259 microversion: 1.28
Oct 04 18:06:27.760913 n-d-850499-14 devstack@placement-api.service[107569]: [pid: 107569|app: 0|req: 382/757] 10.222.0.66 () {60 vars in 1377 bytes} [Tue Oct  4 18:06:27 2022] GET /placement/allocations/4b522e60-ef39-4497-8da3-023eac9859af => generated 259 bytes in 31 msecs (HTTP/1.1 200) 8 headers in 296 bytes (1 switches on core 0)
