Sep 14 09:03:13.720884 n-d-850499-13 devstack@placement-api.service[114105]: DEBUG placement.requestlog [req-de03877c-f26c-483d-be7c-9993e11d6016 req-2923cfbf-8992-420d-9a05-5976e3b9a4c7 None None] Starting request: 10.222.0.81 "GET /placement/allocations/f196e644-2041-4d65-8de8-be008671e922" {{(pid=114105) __call__ /opt/stack/placement/placement/requestlog.py:55}}
Sep 14 09:03:13.745396 n-d-850499-13 devstack@placement-api.service[114104]: INFO placement.requestlog [req-de03877c-f26c-483d-be7c-9993e11d6016 req-b4d5ab04-37e1-47cc-82c9-331451df3a25 service placement] 10.222.0.77 "GET /placement/allocations/49c28c21-9e5f-4efb-ab03-bc2181729fff" status: 200 len: 259 microversion: 1.28
Sep 14 09:03:13.750712 n-d-850499-13 devstack@placement-api.service[114104]: [pid: 114104|app: 0|req: 652/1289] 10.222.0.77 () {60 vars in 1377 bytes} [Wed Sep 14 09:03:13 2022] GET /placement/allocations/49c28c21-9e5f-4efb-ab03-bc2181729fff => generated 259 bytes in 103 msecs (HTTP/1.1 200) 8 headers in 296 bytes (1 switches on core 0)
Sep 14 09:03:13.760481 n-d-850499-13 devstack@placement-api.service[114105]: INFO placement.requestlog [req-de03877c-f26c-483d-be7c-9993e11d6016 req-2923cfbf-8992-420d-9a05-5976e3b9a4c7 service placement] 10.222.0.81 "GET /placement/allocations/f196e644-2041-4d65-8de8-be008671e922" status: 200 len: 259 microversion: 1.28
Sep 14 09:03:13.763317 n-d-850499-13 devstack@placement-api.service[114105]: [pid: 114105|app: 0|req: 638/1290] 10.222.0.81 () {60 vars in 1377 bytes} [Wed Sep 14 09:03:13 2022] GET /placement/allocations/f196e644-2041-4d65-8de8-be008671e922 => generated 259 bytes in 42 msecs (HTTP/1.1 200) 8 headers in 296 bytes (2 switches on core 0)
Sep 14 09:03:13.769977 n-d-850499-13 devstack@placement-api.service[114104]: DEBUG placement.requestlog [req-de03877c-f26c-483d-be7c-9993e11d6016 req-674e6537-4798-4f7b-89d5-a6c4313c59e5 None None] Starting request: 10.222.0.81 "GET /placement/allocations/d835c8f2-ca7a-400e-b7cf-bb6d1f347b91" {{(pid=114104) __call__ /opt/stack/placement/placement/requestlog.py:55}}
Sep 14 09:03:13.801304 n-d-850499-13 devstack@placement-api.service[114104]: INFO placement.requestlog [req-de03877c-f26c-483d-be7c-9993e11d6016 req-674e6537-4798-4f7b-89d5-a6c4313c59e5 service placement] 10.222.0.81 "GET /placement/allocations/d835c8f2-ca7a-400e-b7cf-bb6d1f347b91" status: 200 len: 259 microversion: 1.28
Sep 14 09:03:13.802191 n-d-850499-13 devstack@placement-api.service[114104]: [pid: 114104|app: 0|req: 653/1291] 10.222.0.81 () {60 vars in 1377 bytes} [Wed Sep 14 09:03:13 2022] GET /placement/allocations/d835c8f2-ca7a-400e-b7cf-bb6d1f347b91 => generated 259 bytes in 32 msecs (HTTP/1.1 200) 8 headers in 296 bytes (1 switches on core 0)
Sep 14 09:03:14.495488 n-d-850499-13 devstack@placement-api.service[114105]: DEBUG placement.requestlog [req-de03877c-f26c-483d-be7c-9993e11d6016 req-d5d68adc-31a2-45b2-84a9-8956b1affd9c None None] Starting request: 10.222.0.77 "GET /placement/resource_providers/7a3172f6-f864-47fd-b066-21cadaa55357/allocations" {{(pid=114105) __call__ /opt/stack/placement/placement/requestlog.py:55}}
Sep 14 09:03:14.631081 n-d-850499-13 devstack@placement-api.service[114105]: INFO placement.requestlog [req-de03877c-f26c-483d-be7c-9993e11d6016 req-d5d68adc-31a2-45b2-84a9-8956b1affd9c service placement] 10.222.0.77 "GET /placement/resource_providers/7a3172f6-f864-47fd-b066-21cadaa55357/allocations" status: 200 len: 659 microversion: 1.0
Sep 14 09:03:14.631861 n-d-850499-13 devstack@placement-api.service[114105]: [pid: 114105|app: 0|req: 639/1292] 10.222.0.77 () {58 vars in 1390 bytes} [Wed Sep 14 09:03:14 2022] GET /placement/resource_providers/7a3172f6-f864-47fd-b066-21cadaa55357/allocations => generated 659 bytes in 137 msecs (HTTP/1.1 200) 6 headers in 224 bytes (1 switches on core 0)
Sep 14 09:03:14.641036 n-d-850499-13 devstack@placement-api.service[114104]: DEBUG placement.requestlog [req-de03877c-f26c-483d-be7c-9993e11d6016 req-47f9f5bf-bf83-4569-9467-e6d62bc135a2 None None] Starting request: 10.222.0.77 "GET /placement/allocations/450bc513-41d9-4eee-b6ab-3d8814d2d463" {{(pid=114104) __call__ /opt/stack/placement/placement/requestlog.py:55}}
Sep 14 09:03:14.660029 n-d-850499-13 devstack@placement-api.service[114104]: DEBUG dbcounter [-] [114104] Writing DB stats placement:INSERT=14,placement:SELECT=74,placement:DELETE=6,placement:UPDATE=6 {{(pid=114104) stat_writer /usr/local/lib/python3.8/dist-packages/dbcounter.py:114}}
Sep 14 09:03:14.692490 n-d-850499-13 devstack@placement-api.service[114104]: INFO placement.requestlog [req-de03877c-f26c-483d-be7c-9993e11d6016 req-47f9f5bf-bf83-4569-9467-e6d62bc135a2 service placement] 10.222.0.77 "GET /placement/allocations/450bc513-41d9-4eee-b6ab-3d8814d2d463" status: 200 len: 259 microversion: 1.28
Sep 14 09:03:14.695305 n-d-850499-13 devstack@placement-api.service[114104]: [pid: 114104|app: 0|req: 654/1293] 10.222.0.77 () {60 vars in 1377 bytes} [Wed Sep 14 09:03:14 2022] GET /placement/allocations/450bc513-41d9-4eee-b6ab-3d8814d2d463 => generated 259 bytes in 55 msecs (HTTP/1.1 200) 8 headers in 296 bytes (2 switches on core 0)
Sep 14 09:03:14.767531 n-d-850499-13 devstack@placement-api.service[114105]: DEBUG placement.requestlog [req-de03877c-f26c-483d-be7c-9993e11d6016 req-42c364b2-73b8-4aa9-a02e-457804750c9c None None] Starting request: 10.222.0.77 "GET /placement/allocations/d0be8eb2-d4dd-4abb-a434-d561e08b11c8" {{(pid=114105) __call__ /opt/stack/placement/placement/requestlog.py:55}}
Sep 14 09:03:14.794900 n-d-850499-13 devstack@placement-api.service[114105]: INFO placement.requestlog [req-de03877c-f26c-483d-be7c-9993e11d6016 req-42c364b2-73b8-4aa9-a02e-457804750c9c service placement] 10.222.0.77 "GET /placement/allocations/d0be8eb2-d4dd-4abb-a434-d561e08b11c8" status: 200 len: 259 microversion: 1.28
Sep 14 09:03:14.795313 n-d-850499-13 devstack@placement-api.service[114105]: [pid: 114105|app: 0|req: 640/1294] 10.222.0.77 () {60 vars in 1377 bytes} [Wed Sep 14 09:03:14 2022] GET /placement/allocations/d0be8eb2-d4dd-4abb-a434-d561e08b11c8 => generated 259 bytes in 28 msecs (HTTP/1.1 200) 8 headers in 296 bytes (1 switches on core 0)
Sep 14 09:03:14.813529 n-d-850499-13 devstack@placement-api.service[114104]: DEBUG placement.requestlog [req-de03877c-f26c-483d-be7c-9993e11d6016 req-bf2b5cdc-d0c8-4f0c-a2fb-23309d16914e None None] Starting request: 10.222.0.77 "GET /placement/allocations/e3baaecb-31a6-4861-aa42-a15522770c40" {{(pid=114104) __call__ /opt/stack/placement/placement/requestlog.py:55}}
Sep 14 09:03:14.862474 n-d-850499-13 devstack@placement-api.service[114104]: INFO placement.requestlog [req-de03877c-f26c-483d-be7c-9993e11d6016 req-bf2b5cdc-d0c8-4f0c-a2fb-23309d16914e service placement] 10.222.0.77 "GET /placement/allocations/e3baaecb-31a6-4861-aa42-a15522770c40" status: 200 len: 259 microversion: 1.28
Sep 14 09:03:14.863306 n-d-850499-13 devstack@placement-api.service[114104]: [pid: 114104|app: 0|req: 655/1295] 10.222.0.77 () {60 vars in 1377 bytes} [Wed Sep 14 09:03:14 2022] GET /placement/allocations/e3baaecb-31a6-4861-aa42-a15522770c40 => generated 259 bytes in 50 msecs (HTTP/1.1 200) 8 headers in 296 bytes (1 switches on core 0)
Sep 14 09:03:14.871008 n-d-850499-13 devstack@placement-api.service[114105]: DEBUG placement.requestlog [req-de03877c-f26c-483d-be7c-9993e11d6016 req-11a6f614-2f29-4fb0-9403-7b512af427c4 None None] Starting request: 10.222.0.77 "GET /placement/allocations/a862a6e1-6b6f-4450-b949-4a56fb703b75" {{(pid=114105) __call__ /opt/stack/placement/placement/requestlog.py:55}}
Sep 14 09:03:14.920737 n-d-850499-13 devstack@placement-api.service[114105]: INFO placement.requestlog [req-de03877c-f26c-483d-be7c-9993e11d6016 req-11a6f614-2f29-4fb0-9403-7b512af427c4 service placement] 10.222.0.77 "GET /placement/allocations/a862a6e1-6b6f-4450-b949-4a56fb703b75" status: 200 len: 259 microversion: 1.28
Sep 14 09:03:14.921127 n-d-850499-13 devstack@placement-api.service[114105]: [pid: 114105|app: 0|req: 641/1296] 10.222.0.77 () {60 vars in 1377 bytes} [Wed Sep 14 09:03:14 2022] GET /placement/allocations/a862a6e1-6b6f-4450-b949-4a56fb703b75 => generated 259 bytes in 50 msecs (HTTP/1.1 200) 8 headers in 296 bytes (1 switches on core 0)
Sep 14 09:03:14.964793 n-d-850499-13 devstack@placement-api.service[114104]: DEBUG placement.requestlog [req-de03877c-f26c-483d-be7c-9993e11d6016 req-08afd282-a5b9-438d-8be5-7159d88e0dd9 None None] Starting request: 10.222.0.77 "GET /placement/allocations/25d20440-b70c-4ef6-91ad-caaadb586344" {{(pid=114104) __call__ /opt/stack/placement/placement/requestlog.py:55}}
Sep 14 09:03:14.998902 n-d-850499-13 devstack@placement-api.service[114104]: INFO placement.requestlog [req-de03877c-f26c-483d-be7c-9993e11d6016 req-08afd282-a5b9-438d-8be5-7159d88e0dd9 service placement] 10.222.0.77 "GET /placement/allocations/25d20440-b70c-4ef6-91ad-caaadb586344" status: 200 len: 259 microversion: 1.28
Sep 14 09:03:14.999581 n-d-850499-13 devstack@placement-api.service[114104]: [pid: 114104|app: 0|req: 656/1297] 10.222.0.77 () {60 vars in 1377 bytes} [Wed Sep 14 09:03:14 2022] GET /placement/allocations/25d20440-b70c-4ef6-91ad-caaadb586344 => generated 259 bytes in 37 msecs (HTTP/1.1 200) 8 headers in 296 bytes (1 switches on core 0)
Sep 14 09:03:15.027239 n-d-850499-13 devstack@placement-api.service[114105]: DEBUG placement.requestlog [req-de03877c-f26c-483d-be7c-9993e11d6016 req-5f606c25-785a-4734-81cd-895fe2586bf3 None None] Starting request: 10.222.0.77 "GET /placement/allocations/49c28c21-9e5f-4efb-ab03-bc2181729fff" {{(pid=114105) __call__ /opt/stack/placement/placement/requestlog.py:55}}
Sep 14 09:03:15.065312 n-d-850499-13 devstack@placement-api.service[114105]: INFO placement.requestlog [req-de03877c-f26c-483d-be7c-9993e11d6016 req-5f606c25-785a-4734-81cd-895fe2586bf3 service placement] 10.222.0.77 "GET /placement/allocations/49c28c21-9e5f-4efb-ab03-bc2181729fff" status: 200 len: 259 microversion: 1.28
Sep 14 09:03:15.069444 n-d-850499-13 devstack@placement-api.service[114105]: [pid: 114105|app: 0|req: 642/1298] 10.222.0.77 () {60 vars in 1377 bytes} [Wed Sep 14 09:03:15 2022] GET /placement/allocations/49c28c21-9e5f-4efb-ab03-bc2181729fff => generated 259 bytes in 42 msecs (HTTP/1.1 200) 8 headers in 296 bytes (1 switches on core 0)
Sep 14 09:03:20.247892 n-d-850499-13 devstack@placement-api.service[114104]: DEBUG placement.requestlog [req-1b33e2d6-6ce6-4e7a-8b30-5f9b03215b03 req-e875438b-ee95-4888-808c-7d2c25900525 None None] Starting request: 10.222.0.74 "GET /placement/allocation_candidates?limit=1000&resources=DISK_GB%3A1%2CMEMORY_MB%3A1024%2CVCPU%3A1&root_required=%21COMPUTE_STATUS_DISABLED" {{(pid=114104) __call__ /opt/stack/placement/placement/requestlog.py:55}}
Sep 14 09:03:20.338863 n-d-850499-13 devstack@placement-api.service[114104]: DEBUG placement.objects.research_context [req-1b33e2d6-6ce6-4e7a-8b30-5f9b03215b03 req-e875438b-ee95-4888-808c-7d2c25900525 service placement] getting providers with 1 DISK_GB {{(pid=114104) __init__ /opt/stack/placement/placement/objects/research_context.py:136}}
Sep 14 09:03:20.360633 n-d-850499-13 devstack@placement-api.service[114104]: DEBUG placement.objects.research_context [req-1b33e2d6-6ce6-4e7a-8b30-5f9b03215b03 req-e875438b-ee95-4888-808c-7d2c25900525 service placement] getting providers with 1024 MEMORY_MB {{(pid=114104) __init__ /opt/stack/placement/placement/objects/research_context.py:136}}
Sep 14 09:03:20.373542 n-d-850499-13 devstack@placement-api.service[114104]: DEBUG placement.objects.research_context [req-1b33e2d6-6ce6-4e7a-8b30-5f9b03215b03 req-e875438b-ee95-4888-808c-7d2c25900525 service placement] getting providers with 1 VCPU {{(pid=114104) __init__ /opt/stack/placement/placement/objects/research_context.py:136}}
Sep 14 09:03:20.380395 n-d-850499-13 devstack@placement-api.service[114104]: DEBUG placement.objects.research_context [req-1b33e2d6-6ce6-4e7a-8b30-5f9b03215b03 req-e875438b-ee95-4888-808c-7d2c25900525 service placement] found 2 providers with available 1 DISK_GB {{(pid=114104) get_provider_ids_matching /opt/stack/placement/placement/objects/research_context.py:563}}
Sep 14 09:03:20.381019 n-d-850499-13 devstack@placement-api.service[114104]: DEBUG placement.objects.research_context [req-1b33e2d6-6ce6-4e7a-8b30-5f9b03215b03 req-e875438b-ee95-4888-808c-7d2c25900525 service placement] found 2 providers with available 1024 MEMORY_MB {{(pid=114104) get_provider_ids_matching /opt/stack/placement/placement/objects/research_context.py:563}}
Sep 14 09:03:20.382677 n-d-850499-13 devstack@placement-api.service[114104]: DEBUG placement.objects.research_context [req-1b33e2d6-6ce6-4e7a-8b30-5f9b03215b03 req-e875438b-ee95-4888-808c-7d2c25900525 service placement] found 2 providers after filtering by previous result {{(pid=114104) get_provider_ids_matching /opt/stack/placement/placement/objects/research_context.py:594}}
Sep 14 09:03:20.383225 n-d-850499-13 devstack@placement-api.service[114104]: DEBUG placement.objects.research_context [req-1b33e2d6-6ce6-4e7a-8b30-5f9b03215b03 req-e875438b-ee95-4888-808c-7d2c25900525 service placement] found 2 providers with available 1 VCPU {{(pid=114104) get_provider_ids_matching /opt/stack/placement/placement/objects/research_context.py:563}}
Sep 14 09:03:20.383700 n-d-850499-13 devstack@placement-api.service[114104]: DEBUG placement.objects.research_context [req-1b33e2d6-6ce6-4e7a-8b30-5f9b03215b03 req-e875438b-ee95-4888-808c-7d2c25900525 service placement] found 2 providers after filtering by previous result {{(pid=114104) get_provider_ids_matching /opt/stack/placement/placement/objects/research_context.py:594}}
Sep 14 09:03:20.398823 n-d-850499-13 devstack@placement-api.service[114104]: DEBUG placement.objects.allocation_candidate [req-1b33e2d6-6ce6-4e7a-8b30-5f9b03215b03 req-e875438b-ee95-4888-808c-7d2c25900525 service placement] RequestGroup(use_same_provider=False, resources={DISK_GB:1, MEMORY_MB:1024, VCPU:1}, traits=(), aggregates=[]) (suffix '') returned 2 matches {{(pid=114104) _get_by_requests /opt/stack/placement/placement/objects/allocation_candidate.py:156}}
Sep 14 09:03:20.399549 n-d-850499-13 devstack@placement-api.service[114104]: DEBUG placement.objects.allocation_candidate [req-1b33e2d6-6ce6-4e7a-8b30-5f9b03215b03 req-e875438b-ee95-4888-808c-7d2c25900525 service placement] Merging candidates yields 2 allocation requests and 2 provider summaries {{(pid=114104) _merge_candidates /opt/stack/placement/placement/objects/allocation_candidate.py:809}}
Sep 14 09:03:20.401984 n-d-850499-13 devstack@placement-api.service[114104]: INFO placement.requestlog [req-1b33e2d6-6ce6-4e7a-8b30-5f9b03215b03 req-e875438b-ee95-4888-808c-7d2c25900525 service placement] 10.222.0.74 "GET /placement/allocation_candidates?limit=1000&resources=DISK_GB%3A1%2CMEMORY_MB%3A1024%2CVCPU%3A1&root_required=%21COMPUTE_STATUS_DISABLED" status: 200 len: 1309 microversion: 1.36
Sep 14 09:03:20.402910 n-d-850499-13 devstack@placement-api.service[114104]: [pid: 114104|app: 0|req: 657/1299] 10.222.0.74 () {60 vars in 1506 bytes} [Wed Sep 14 09:03:20 2022] GET /placement/allocation_candidates?limit=1000&resources=DISK_GB%3A1%2CMEMORY_MB%3A1024%2CVCPU%3A1&root_required=%21COMPUTE_STATUS_DISABLED => generated 1309 bytes in 155 msecs (HTTP/1.1 200) 8 headers in 297 bytes (1 switches on core 0)
Sep 14 09:03:20.512784 n-d-850499-13 devstack@placement-api.service[114105]: DEBUG placement.requestlog [req-1b33e2d6-6ce6-4e7a-8b30-5f9b03215b03 req-b8ffeb9b-3b6c-4f8f-9f92-eb6c537d9a6c None None] Starting request: 10.222.0.74 "GET /placement/allocations/c9bd9aa3-7229-455e-a37a-de10932fb1ee" {{(pid=114105) __call__ /opt/stack/placement/placement/requestlog.py:55}}
Sep 14 09:03:20.546401 n-d-850499-13 devstack@placement-api.service[114104]: DEBUG placement.requestlog [req-3d813979-0efc-4c83-88e9-b82754328ae9 req-a3d97428-41f2-4edf-8bc5-c1c592a22a72 None None] Starting request: 10.222.0.81 "GET /placement/resource_providers/b9786029-4a0c-4b5d-bd12-5857dce79300/allocations" {{(pid=114104) __call__ /opt/stack/placement/placement/requestlog.py:55}}
Sep 14 09:03:20.567520 n-d-850499-13 devstack@placement-api.service[114105]: INFO placement.requestlog [req-1b33e2d6-6ce6-4e7a-8b30-5f9b03215b03 req-b8ffeb9b-3b6c-4f8f-9f92-eb6c537d9a6c service placement] 10.222.0.74 "GET /placement/allocations/c9bd9aa3-7229-455e-a37a-de10932fb1ee" status: 200 len: 19 microversion: 1.28
Sep 14 09:03:20.578523 n-d-850499-13 devstack@placement-api.service[114105]: [pid: 114105|app: 0|req: 643/1300] 10.222.0.74 () {60 vars in 1380 bytes} [Wed Sep 14 09:03:20 2022] GET /placement/allocations/c9bd9aa3-7229-455e-a37a-de10932fb1ee => generated 19 bytes in 66 msecs (HTTP/1.1 200) 8 headers in 295 bytes (1 switches on core 0)
Sep 14 09:03:20.580512 n-d-850499-13 devstack@placement-api.service[114105]: DEBUG placement.requestlog [req-1b33e2d6-6ce6-4e7a-8b30-5f9b03215b03 req-45bea7ce-3cba-4119-abe1-f8d466b88ab1 None None] Starting request: 10.222.0.74 "PUT /placement/allocations/c9bd9aa3-7229-455e-a37a-de10932fb1ee" {{(pid=114105) __call__ /opt/stack/placement/placement/requestlog.py:55}}
Sep 14 09:03:20.622240 n-d-850499-13 devstack@placement-api.service[114104]: INFO placement.requestlog [req-3d813979-0efc-4c83-88e9-b82754328ae9 req-a3d97428-41f2-4edf-8bc5-c1c592a22a72 service placement] 10.222.0.81 "GET /placement/resource_providers/b9786029-4a0c-4b5d-bd12-5857dce79300/allocations" status: 200 len: 558 microversion: 1.0
Sep 14 09:03:20.626402 n-d-850499-13 devstack@placement-api.service[114104]: [pid: 114104|app: 0|req: 658/1301] 10.222.0.81 () {58 vars in 1390 bytes} [Wed Sep 14 09:03:20 2022] GET /placement/resource_providers/b9786029-4a0c-4b5d-bd12-5857dce79300/allocations => generated 558 bytes in 80 msecs (HTTP/1.1 200) 6 headers in 224 bytes (2 switches on core 0)
Sep 14 09:03:20.635352 n-d-850499-13 devstack@placement-api.service[114104]: DEBUG placement.requestlog [req-3d813979-0efc-4c83-88e9-b82754328ae9 req-c52dcac3-3f43-467d-950e-b1d91a28d57a None None] Starting request: 10.222.0.81 "GET /placement/allocations/dae737d3-7d66-4273-bd2c-87f8774b00e6" {{(pid=114104) __call__ /opt/stack/placement/placement/requestlog.py:55}}
Sep 14 09:03:20.692742 n-d-850499-13 devstack@placement-api.service[114104]: INFO placement.requestlog [req-3d813979-0efc-4c83-88e9-b82754328ae9 req-c52dcac3-3f43-467d-950e-b1d91a28d57a service placement] 10.222.0.81 "GET /placement/allocations/dae737d3-7d66-4273-bd2c-87f8774b00e6" status: 200 len: 259 microversion: 1.28
Sep 14 09:03:20.697743 n-d-850499-13 devstack@placement-api.service[114104]: [pid: 114104|app: 0|req: 659/1302] 10.222.0.81 () {60 vars in 1377 bytes} [Wed Sep 14 09:03:20 2022] GET /placement/allocations/dae737d3-7d66-4273-bd2c-87f8774b00e6 => generated 259 bytes in 63 msecs (HTTP/1.1 200) 8 headers in 296 bytes (1 switches on core 0)
Sep 14 09:03:20.708298 n-d-850499-13 devstack@placement-api.service[114104]: DEBUG placement.requestlog [req-3d813979-0efc-4c83-88e9-b82754328ae9 req-fef2545a-0218-4b98-9ae6-6271bd87dd2a None None] Starting request: 10.222.0.81 "GET /placement/allocations/1985dd5b-83e9-410a-a8bd-fd7b5c8b8f3f" {{(pid=114104) __call__ /opt/stack/placement/placement/requestlog.py:55}}
Sep 14 09:03:20.764583 n-d-850499-13 devstack@placement-api.service[114104]: INFO placement.requestlog [req-3d813979-0efc-4c83-88e9-b82754328ae9 req-fef2545a-0218-4b98-9ae6-6271bd87dd2a service placement] 10.222.0.81 "GET /placement/allocations/1985dd5b-83e9-410a-a8bd-fd7b5c8b8f3f" status: 200 len: 259 microversion: 1.28
Sep 14 09:03:20.765452 n-d-850499-13 devstack@placement-api.service[114104]: [pid: 114104|app: 0|req: 660/1303] 10.222.0.81 () {60 vars in 1377 bytes} [Wed Sep 14 09:03:20 2022] GET /placement/allocations/1985dd5b-83e9-410a-a8bd-fd7b5c8b8f3f => generated 259 bytes in 58 msecs (HTTP/1.1 200) 8 headers in 296 bytes (1 switches on core 0)
Sep 14 09:03:20.775082 n-d-850499-13 devstack@placement-api.service[114104]: DEBUG placement.requestlog [req-3d813979-0efc-4c83-88e9-b82754328ae9 req-4b69f251-f278-48be-b093-e9c83b32c917 None None] Starting request: 10.222.0.81 "GET /placement/allocations/d8fef22f-0fb5-43c9-95df-64b541a6891f" {{(pid=114104) __call__ /opt/stack/placement/placement/requestlog.py:55}}
Sep 14 09:03:20.831689 n-d-850499-13 devstack@placement-api.service[114104]: INFO placement.requestlog [req-3d813979-0efc-4c83-88e9-b82754328ae9 req-4b69f251-f278-48be-b093-e9c83b32c917 service placement] 10.222.0.81 "GET /placement/allocations/d8fef22f-0fb5-43c9-95df-64b541a6891f" status: 200 len: 259 microversion: 1.28
Sep 14 09:03:20.835545 n-d-850499-13 devstack@placement-api.service[114104]: [pid: 114104|app: 0|req: 661/1304] 10.222.0.81 () {60 vars in 1377 bytes} [Wed Sep 14 09:03:20 2022] GET /placement/allocations/d8fef22f-0fb5-43c9-95df-64b541a6891f => generated 259 bytes in 62 msecs (HTTP/1.1 200) 8 headers in 296 bytes (1 switches on core 0)
Sep 14 09:03:20.843397 n-d-850499-13 devstack@placement-api.service[114104]: DEBUG placement.requestlog [req-3d813979-0efc-4c83-88e9-b82754328ae9 req-345c8cce-e55c-40b3-8009-4d45eac6ea38 None None] Starting request: 10.222.0.81 "GET /placement/allocations/f196e644-2041-4d65-8de8-be008671e922" {{(pid=114104) __call__ /opt/stack/placement/placement/requestlog.py:55}}
Sep 14 09:03:20.855581 n-d-850499-13 devstack@placement-api.service[114105]: DEBUG placement.handlers.allocation [req-1b33e2d6-6ce6-4e7a-8b30-5f9b03215b03 req-45bea7ce-3cba-4119-abe1-f8d466b88ab1 service placement] Successfully wrote allocations [, , ] {{(pid=114105) _update_consumers_and_create_allocations /opt/stack/placement/placement/handlers/allocation.py:462}}
Sep 14 09:03:20.865237 n-d-850499-13 devstack@placement-api.service[114105]: INFO placement.requestlog [req-1b33e2d6-6ce6-4e7a-8b30-5f9b03215b03 req-45bea7ce-3cba-4119-abe1-f8d466b88ab1 service placement] 10.222.0.74 "PUT /placement/allocations/c9bd9aa3-7229-455e-a37a-de10932fb1ee" status: 204 len: 0 microversion: 1.36
Sep 14 09:03:20.876941 n-d-850499-13 devstack@placement-api.service[114105]: [pid: 114105|app: 0|req: 644/1305] 10.222.0.74 () {64 vars in 1433 bytes} [Wed Sep 14 09:03:20 2022] PUT /placement/allocations/c9bd9aa3-7229-455e-a37a-de10932fb1ee => generated 0 bytes in 287 msecs (HTTP/1.1 204) 5 headers in 199 bytes (1 switches on core 0)
Sep 14 09:03:20.896145 n-d-850499-13 devstack@placement-api.service[114104]: INFO placement.requestlog [req-3d813979-0efc-4c83-88e9-b82754328ae9 req-345c8cce-e55c-40b3-8009-4d45eac6ea38 service placement] 10.222.0.81 "GET /placement/allocations/f196e644-2041-4d65-8de8-be008671e922" status: 200 len: 259 microversion: 1.28
Sep 14 09:03:20.897980 n-d-850499-13 devstack@placement-api.service[114104]: [pid: 114104|app: 0|req: 662/1306] 10.222.0.81 () {60 vars in 1377 bytes} [Wed Sep 14 09:03:20 2022] GET /placement/allocations/f196e644-2041-4d65-8de8-be008671e922 => generated 259 bytes in 55 msecs (HTTP/1.1 200) 8 headers in 296 bytes (2 switches on core 0)
Sep 14 09:03:20.917296 n-d-850499-13 devstack@placement-api.service[114105]: DEBUG placement.requestlog [req-3d813979-0efc-4c83-88e9-b82754328ae9 req-07b7bf54-a426-4a50-afff-7ddba19dc80f None None] Starting request: 10.222.0.81 "GET /placement/allocations/d835c8f2-ca7a-400e-b7cf-bb6d1f347b91" {{(pid=114105) __call__ /opt/stack/placement/placement/requestlog.py:55}}
Sep 14 09:03:20.958215 n-d-850499-13 devstack@placement-api.service[114105]: INFO placement.requestlog [req-3d813979-0efc-4c83-88e9-b82754328ae9 req-07b7bf54-a426-4a50-afff-7ddba19dc80f service placement] 10.222.0.81 "GET /placement/allocations/d835c8f2-ca7a-400e-b7cf-bb6d1f347b91" status: 200 len: 259 microversion: 1.28
Sep 14 09:03:20.960909 n-d-850499-13 devstack@placement-api.service[114105]: [pid: 114105|app: 0|req: 645/1307] 10.222.0.81 () {60 vars in 1377 bytes} [Wed Sep 14 09:03:20 2022] GET /placement/allocations/d835c8f2-ca7a-400e-b7cf-bb6d1f347b91 => generated 259 bytes in 44 msecs (HTTP/1.1 200) 8 headers in 296 bytes (1 switches on core 0)
Sep 14 09:03:21.029920 n-d-850499-13 devstack@placement-api.service[114104]: DEBUG placement.requestlog [req-df3ad680-8502-4aa7-9805-f72831097221 req-231e0c51-cdcd-40b5-814f-5b1dea1fcaf1 None None] Starting request: 10.222.0.74 "GET /placement/allocation_candidates?resources=DISK_GB%3A1%2CMEMORY_MB%3A1024%2CVCPU%3A1&root_required=%21COMPUTE_STATUS_DISABLED" {{(pid=114104) __call__ /opt/stack/placement/placement/requestlog.py:55}}
Sep 14 09:03:21.156245 n-d-850499-13 devstack@placement-api.service[114104]: DEBUG placement.objects.research_context [req-df3ad680-8502-4aa7-9805-f72831097221 req-231e0c51-cdcd-40b5-814f-5b1dea1fcaf1 service placement] getting providers with 1 DISK_GB {{(pid=114104) __init__ /opt/stack/placement/placement/objects/research_context.py:136}}
Sep 14 09:03:21.180201 n-d-850499-13 devstack@placement-api.service[114104]: DEBUG placement.objects.research_context [req-df3ad680-8502-4aa7-9805-f72831097221 req-231e0c51-cdcd-40b5-814f-5b1dea1fcaf1 service placement] getting providers with 1024 MEMORY_MB {{(pid=114104) __init__ /opt/stack/placement/placement/objects/research_context.py:136}}
Sep 14 09:03:21.196902 n-d-850499-13 devstack@placement-api.service[114104]: DEBUG placement.objects.research_context [req-df3ad680-8502-4aa7-9805-f72831097221 req-231e0c51-cdcd-40b5-814f-5b1dea1fcaf1 service placement] getting providers with 1 VCPU {{(pid=114104) __init__ /opt/stack/placement/placement/objects/research_context.py:136}}
Sep 14 09:03:21.213704 n-d-850499-13 devstack@placement-api.service[114104]: DEBUG placement.objects.research_context [req-df3ad680-8502-4aa7-9805-f72831097221 req-231e0c51-cdcd-40b5-814f-5b1dea1fcaf1 service placement] found 2 providers with available 1 DISK_GB {{(pid=114104) get_provider_ids_matching /opt/stack/placement/placement/objects/research_context.py:563}}
Sep 14 09:03:21.213992 n-d-850499-13 devstack@placement-api.service[114104]: DEBUG placement.objects.research_context [req-df3ad680-8502-4aa7-9805-f72831097221 req-231e0c51-cdcd-40b5-814f-5b1dea1fcaf1 service placement] found 2 providers with available 1024 MEMORY_MB {{(pid=114104) get_provider_ids_matching /opt/stack/placement/placement/objects/research_context.py:563}}
Sep 14 09:03:21.214267 n-d-850499-13 devstack@placement-api.service[114104]: DEBUG placement.objects.research_context [req-df3ad680-8502-4aa7-9805-f72831097221 req-231e0c51-cdcd-40b5-814f-5b1dea1fcaf1 service placement] found 2 providers after filtering by previous result {{(pid=114104) get_provider_ids_matching /opt/stack/placement/placement/objects/research_context.py:594}}
Sep 14 09:03:21.214524 n-d-850499-13 devstack@placement-api.service[114104]: DEBUG placement.objects.research_context [req-df3ad680-8502-4aa7-9805-f72831097221 req-231e0c51-cdcd-40b5-814f-5b1dea1fcaf1 service placement] found 2 providers with available 1 VCPU {{(pid=114104) get_provider_ids_matching /opt/stack/placement/placement/objects/research_context.py:563}}
Sep 14 09:03:21.214785 n-d-850499-13 devstack@placement-api.service[114104]: DEBUG placement.objects.research_context [req-df3ad680-8502-4aa7-9805-f72831097221 req-231e0c51-cdcd-40b5-814f-5b1dea1fcaf1 service placement] found 2 providers after filtering by previous result {{(pid=114104) get_provider_ids_matching /opt/stack/placement/placement/objects/research_context.py:594}}
Sep 14 09:03:21.253357 n-d-850499-13 devstack@placement-api.service[114105]: DEBUG placement.requestlog [req-3d813979-0efc-4c83-88e9-b82754328ae9 req-6d4d1d42-42be-46d0-9208-9829dc97eb79 None None] Starting request: 10.222.0.81 "DELETE /placement/allocations/1985dd5b-83e9-410a-a8bd-fd7b5c8b8f3f" {{(pid=114105) __call__ /opt/stack/placement/placement/requestlog.py:55}}
Sep 14 09:03:21.273373 n-d-850499-13 devstack@placement-api.service[114104]: DEBUG placement.objects.allocation_candidate [req-df3ad680-8502-4aa7-9805-f72831097221 req-231e0c51-cdcd-40b5-814f-5b1dea1fcaf1 service placement] RequestGroup(use_same_provider=False, resources={DISK_GB:1, MEMORY_MB:1024, VCPU:1}, traits=(), aggregates=[]) (suffix '') returned 2 matches {{(pid=114104) _get_by_requests /opt/stack/placement/placement/objects/allocation_candidate.py:156}}
Sep 14 09:03:21.274818 n-d-850499-13 devstack@placement-api.service[114104]: DEBUG placement.objects.allocation_candidate [req-df3ad680-8502-4aa7-9805-f72831097221 req-231e0c51-cdcd-40b5-814f-5b1dea1fcaf1 service placement] Merging candidates yields 2 allocation requests and 2 provider summaries {{(pid=114104) _merge_candidates /opt/stack/placement/placement/objects/allocation_candidate.py:809}}
Sep 14 09:03:21.279518 n-d-850499-13 devstack@placement-api.service[114104]: INFO placement.requestlog [req-df3ad680-8502-4aa7-9805-f72831097221 req-231e0c51-cdcd-40b5-814f-5b1dea1fcaf1 service placement] 10.222.0.74 "GET /placement/allocation_candidates?resources=DISK_GB%3A1%2CMEMORY_MB%3A1024%2CVCPU%3A1&root_required=%21COMPUTE_STATUS_DISABLED" status: 200 len: 1309 microversion: 1.36
Sep 14 09:03:21.280783 n-d-850499-13 devstack@placement-api.service[114104]: [pid: 114104|app: 0|req: 663/1308] 10.222.0.74 () {60 vars in 1484 bytes} [Wed Sep 14 09:03:21 2022] GET /placement/allocation_candidates?resources=DISK_GB%3A1%2CMEMORY_MB%3A1024%2CVCPU%3A1&root_required=%21COMPUTE_STATUS_DISABLED => generated 1309 bytes in 251 msecs (HTTP/1.1 200) 8 headers in 297 bytes (1 switches on core 0)
Sep 14 09:03:21.322210 n-d-850499-13 devstack@placement-api.service[114105]: DEBUG dbcounter [-] [114105] Writing DB stats placement:SELECT=89,placement:INSERT=6,placement:DELETE=3,placement:UPDATE=2 {{(pid=114105) stat_writer /usr/local/lib/python3.8/dist-packages/dbcounter.py:114}}
Sep 14 09:03:21.336336 n-d-850499-13 devstack@placement-api.service[114105]: DEBUG placement.handlers.allocation [req-3d813979-0efc-4c83-88e9-b82754328ae9 req-6d4d1d42-42be-46d0-9208-9829dc97eb79 service placement] Successfully deleted allocations [, , ] {{(pid=114105) delete_allocations /opt/stack/placement/placement/handlers/allocation.py:627}}
Sep 14 09:03:21.336841 n-d-850499-13 devstack@placement-api.service[114105]: INFO placement.requestlog [req-3d813979-0efc-4c83-88e9-b82754328ae9 req-6d4d1d42-42be-46d0-9208-9829dc97eb79 service placement] 10.222.0.81 "DELETE /placement/allocations/1985dd5b-83e9-410a-a8bd-fd7b5c8b8f3f" status: 204 len: 0 microversion: 1.0
Sep 14 09:03:21.337914 n-d-850499-13 devstack@placement-api.service[114105]: [pid: 114105|app: 0|req: 646/1309] 10.222.0.81 () {60 vars in 1355 bytes} [Wed Sep 14 09:03:21 2022] DELETE /placement/allocations/1985dd5b-83e9-410a-a8bd-fd7b5c8b8f3f => generated 0 bytes in 85 msecs (HTTP/1.1 204) 5 headers in 198 bytes (1 switches on core 0)
Sep 14 09:03:21.398158 n-d-850499-13 devstack@placement-api.service[114104]: DEBUG placement.requestlog [req-df3ad680-8502-4aa7-9805-f72831097221 req-f1bef679-1cc6-4108-a93c-16e9b10fdc77 None None] Starting request: 10.222.0.74 "GET /placement/allocations/cb7fe870-2c3d-405c-b361-41c4c6557885" {{(pid=114104) __call__ /opt/stack/placement/placement/requestlog.py:55}}
Sep 14 09:03:21.417315 n-d-850499-13 devstack@placement-api.service[114104]: INFO placement.requestlog [req-df3ad680-8502-4aa7-9805-f72831097221 req-f1bef679-1cc6-4108-a93c-16e9b10fdc77 service placement] 10.222.0.74 "GET /placement/allocations/cb7fe870-2c3d-405c-b361-41c4c6557885" status: 200 len: 19 microversion: 1.28
Sep 14 09:03:21.425003 n-d-850499-13 devstack@placement-api.service[114104]: [pid: 114104|app: 0|req: 664/1310] 10.222.0.74 () {60 vars in 1380 bytes} [Wed Sep 14 09:03:21 2022] GET /placement/allocations/cb7fe870-2c3d-405c-b361-41c4c6557885 => generated 19 bytes in 22 msecs (HTTP/1.1 200) 8 headers in 295 bytes (1 switches on core 0)
Sep 14 09:03:21.471097 n-d-850499-13 devstack@placement-api.service[114105]: DEBUG placement.requestlog [req-df3ad680-8502-4aa7-9805-f72831097221 req-c582db0a-c28f-41fe-b440-c5b7ed779dae None None] Starting request: 10.222.0.74 "PUT /placement/allocations/cb7fe870-2c3d-405c-b361-41c4c6557885" {{(pid=114105) __call__ /opt/stack/placement/placement/requestlog.py:55}}
Sep 14 09:03:21.637209 n-d-850499-13 devstack@placement-api.service[114104]: DEBUG placement.requestlog [req-1b33e2d6-6ce6-4e7a-8b30-5f9b03215b03 req-849f1110-c127-4211-8fb9-acce4c956ed8 None None] Starting request: 10.222.0.77 "GET /placement/allocations/c9bd9aa3-7229-455e-a37a-de10932fb1ee" {{(pid=114104) __call__ /opt/stack/placement/placement/requestlog.py:55}}
Sep 14 09:03:21.761607 n-d-850499-13 devstack@placement-api.service[114104]: INFO placement.requestlog [req-1b33e2d6-6ce6-4e7a-8b30-5f9b03215b03 req-849f1110-c127-4211-8fb9-acce4c956ed8 service placement] 10.222.0.77 "GET /placement/allocations/c9bd9aa3-7229-455e-a37a-de10932fb1ee" status: 200 len: 259 microversion: 1.28
Sep 14 09:03:21.762176 n-d-850499-13 devstack@placement-api.service[114104]: [pid: 114104|app: 0|req: 665/1311] 10.222.0.77 () {60 vars in 1377 bytes} [Wed Sep 14 09:03:21 2022] GET /placement/allocations/c9bd9aa3-7229-455e-a37a-de10932fb1ee => generated 259 bytes in 125 msecs (HTTP/1.1 200) 8 headers in 296 bytes (2 switches on core 0)
Sep 14 09:03:21.762669 n-d-850499-13 devstack@placement-api.service[114105]: DEBUG placement.handlers.allocation [req-df3ad680-8502-4aa7-9805-f72831097221 req-c582db0a-c28f-41fe-b440-c5b7ed779dae service placement] Successfully wrote allocations [, , ] {{(pid=114105) _update_consumers_and_create_allocations /opt/stack/placement/placement/handlers/allocation.py:462}}
Sep 14 09:03:21.784814 n-d-850499-13 devstack@placement-api.service[114105]: INFO placement.requestlog [req-df3ad680-8502-4aa7-9805-f72831097221 req-c582db0a-c28f-41fe-b440-c5b7ed779dae service placement] 10.222.0.74 "PUT /placement/allocations/cb7fe870-2c3d-405c-b361-41c4c6557885" status: 204 len: 0 microversion: 1.36
Sep 14 09:03:21.791640 n-d-850499-13 devstack@placement-api.service[114105]: [pid: 114105|app: 0|req: 647/1312] 10.222.0.74 () {64 vars in 1433 bytes} [Wed Sep 14 09:03:21 2022] PUT /placement/allocations/cb7fe870-2c3d-405c-b361-41c4c6557885 => generated 0 bytes in 315 msecs (HTTP/1.1 204) 5 headers in 199 bytes (2 switches on core 0)
Sep 14 09:03:22.144249 n-d-850499-13 devstack@placement-api.service[114104]: DEBUG placement.requestlog [req-1b33e2d6-6ce6-4e7a-8b30-5f9b03215b03 req-f2a2900c-7798-4459-b01c-213ba55cefcf None None] Starting request: 10.222.0.77 "GET /placement/resource_providers/7a3172f6-f864-47fd-b066-21cadaa55357/allocations" {{(pid=114104) __call__ /opt/stack/placement/placement/requestlog.py:55}}
Sep 14 09:03:22.181105 n-d-850499-13 devstack@placement-api.service[114104]: INFO placement.requestlog [req-1b33e2d6-6ce6-4e7a-8b30-5f9b03215b03 req-f2a2900c-7798-4459-b01c-213ba55cefcf service placement] 10.222.0.77 "GET /placement/resource_providers/7a3172f6-f864-47fd-b066-21cadaa55357/allocations" status: 200 len: 861 microversion: 1.0
Sep 14 09:03:22.181996 n-d-850499-13 devstack@placement-api.service[114104]: [pid: 114104|app: 0|req: 666/1313] 10.222.0.77 () {58 vars in 1390 bytes} [Wed Sep 14 09:03:22 2022] GET /placement/resource_providers/7a3172f6-f864-47fd-b066-21cadaa55357/allocations => generated 861 bytes in 38 msecs (HTTP/1.1 200) 6 headers in 224 bytes (1 switches on core 0)
Sep 14 09:03:22.212352 n-d-850499-13 devstack@placement-api.service[114105]: DEBUG placement.requestlog [req-1b33e2d6-6ce6-4e7a-8b30-5f9b03215b03 req-c9a16e47-1e5a-4922-b6d2-772466fdbceb None None] Starting request: 10.222.0.77 "GET /placement/allocations/450bc513-41d9-4eee-b6ab-3d8814d2d463" {{(pid=114105) __call__ /opt/stack/placement/placement/requestlog.py:55}}
Sep 14 09:03:22.241398 n-d-850499-13 devstack@placement-api.service[114105]: INFO placement.requestlog [req-1b33e2d6-6ce6-4e7a-8b30-5f9b03215b03 req-c9a16e47-1e5a-4922-b6d2-772466fdbceb service placement] 10.222.0.77 "GET /placement/allocations/450bc513-41d9-4eee-b6ab-3d8814d2d463" status: 200 len: 259 microversion: 1.28
Sep 14 09:03:22.243573 n-d-850499-13 devstack@placement-api.service[114105]: [pid: 114105|app: 0|req: 648/1314] 10.222.0.77 () {60 vars in 1377 bytes} [Wed Sep 14 09:03:22 2022] GET /placement/allocations/450bc513-41d9-4eee-b6ab-3d8814d2d463 => generated 259 bytes in 30 msecs (HTTP/1.1 200) 8 headers in 296 bytes (1 switches on core 0)
Sep 14 09:03:22.259468 n-d-850499-13 devstack@placement-api.service[114104]: DEBUG placement.requestlog [req-1b33e2d6-6ce6-4e7a-8b30-5f9b03215b03 req-6c0825cb-e6d8-45c8-8164-bfbee50a6f47 None None] Starting request: 10.222.0.77 "GET /placement/allocations/d0be8eb2-d4dd-4abb-a434-d561e08b11c8" {{(pid=114104) __call__ /opt/stack/placement/placement/requestlog.py:55}}
Sep 14 09:03:22.291203 n-d-850499-13 devstack@placement-api.service[114104]: INFO placement.requestlog [req-1b33e2d6-6ce6-4e7a-8b30-5f9b03215b03 req-6c0825cb-e6d8-45c8-8164-bfbee50a6f47 service placement] 10.222.0.77 "GET /placement/allocations/d0be8eb2-d4dd-4abb-a434-d561e08b11c8" status: 200 len: 259 microversion: 1.28
Sep 14 09:03:22.291203 n-d-850499-13 devstack@placement-api.service[114104]: [pid: 114104|app: 0|req: 667/1315] 10.222.0.77 () {60 vars in 1377 bytes} [Wed Sep 14 09:03:22 2022] GET /placement/allocations/d0be8eb2-d4dd-4abb-a434-d561e08b11c8 => generated 259 bytes in 32 msecs (HTTP/1.1 200) 8 headers in 296 bytes (1 switches on core 0)
Sep 14 09:03:22.306703 n-d-850499-13 devstack@placement-api.service[114105]: DEBUG placement.requestlog [req-1b33e2d6-6ce6-4e7a-8b30-5f9b03215b03 req-293716c3-62c0-4a78-8a29-17e8690620dd None None] Starting request: 10.222.0.77 "GET /placement/allocations/cb7fe870-2c3d-405c-b361-41c4c6557885" {{(pid=114105) __call__ /opt/stack/placement/placement/requestlog.py:55}}
Sep 14 09:03:22.326964 n-d-850499-13 devstack@placement-api.service[114105]: INFO placement.requestlog [req-1b33e2d6-6ce6-4e7a-8b30-5f9b03215b03 req-293716c3-62c0-4a78-8a29-17e8690620dd service placement] 10.222.0.77 "GET /placement/allocations/cb7fe870-2c3d-405c-b361-41c4c6557885" status: 200 len: 259 microversion: 1.28
Sep 14 09:03:22.333186 n-d-850499-13 devstack@placement-api.service[114105]: [pid: 114105|app: 0|req: 649/1316] 10.222.0.77 () {60 vars in 1377 bytes} [Wed Sep 14 09:03:22 2022] GET /placement/allocations/cb7fe870-2c3d-405c-b361-41c4c6557885 => generated 259 bytes in 24 msecs (HTTP/1.1 200) 8 headers in 296 bytes (1 switches on core 0)
Sep 14 09:03:22.337380 n-d-850499-13 devstack@placement-api.service[114104]: DEBUG placement.requestlog [req-1b33e2d6-6ce6-4e7a-8b30-5f9b03215b03 req-d2d646bc-4636-497e-8a18-d2686af336c0 None None] Starting request: 10.222.0.77 "GET /placement/allocations/a862a6e1-6b6f-4450-b949-4a56fb703b75" {{(pid=114104) __call__ /opt/stack/placement/placement/requestlog.py:55}}
Sep 14 09:03:22.366863 n-d-850499-13 devstack@placement-api.service[114104]: INFO placement.requestlog [req-1b33e2d6-6ce6-4e7a-8b30-5f9b03215b03 req-d2d646bc-4636-497e-8a18-d2686af336c0 service placement] 10.222.0.77 "GET /placement/allocations/a862a6e1-6b6f-4450-b949-4a56fb703b75" status: 200 len: 259 microversion: 1.28
Sep 14 09:03:22.367579 n-d-850499-13 devstack@placement-api.service[114104]: [pid: 114104|app: 0|req: 668/1317] 10.222.0.77 () {60 vars in 1377 bytes} [Wed Sep 14 09:03:22 2022] GET /placement/allocations/a862a6e1-6b6f-4450-b949-4a56fb703b75 => generated 259 bytes in 30 msecs (HTTP/1.1 200) 8 headers in 296 bytes (1 switches on core 0)
Sep 14 09:03:22.376285 n-d-850499-13 devstack@placement-api.service[114105]: DEBUG placement.requestlog [req-1b33e2d6-6ce6-4e7a-8b30-5f9b03215b03 req-5188f1c1-12fb-4905-9b72-296a413a319b None None] Starting request: 10.222.0.77 "GET /placement/allocations/e3baaecb-31a6-4861-aa42-a15522770c40" {{(pid=114105) __call__ /opt/stack/placement/placement/requestlog.py:55}}
Sep 14 09:03:22.410666 n-d-850499-13 devstack@placement-api.service[114105]: INFO placement.requestlog [req-1b33e2d6-6ce6-4e7a-8b30-5f9b03215b03 req-5188f1c1-12fb-4905-9b72-296a413a319b service placement] 10.222.0.77 "GET /placement/allocations/e3baaecb-31a6-4861-aa42-a15522770c40" status: 200 len: 259 microversion: 1.28
Sep 14 09:03:22.414579 n-d-850499-13 devstack@placement-api.service[114105]: [pid: 114105|app: 0|req: 650/1318] 10.222.0.77 () {60 vars in 1377 bytes} [Wed Sep 14 09:03:22 2022] GET /placement/allocations/e3baaecb-31a6-4861-aa42-a15522770c40 => generated 259 bytes in 39 msecs (HTTP/1.1 200) 8 headers in 296 bytes (1 switches on core 0)
Sep 14 09:03:22.442029 n-d-850499-13 devstack@placement-api.service[114104]: DEBUG placement.requestlog [req-df3ad680-8502-4aa7-9805-f72831097221 req-14575c1e-d321-4510-9228-ad2ea20e9d1e None None] Starting request: 10.222.0.77 "GET /placement/allocations/cb7fe870-2c3d-405c-b361-41c4c6557885" {{(pid=114104) __call__ /opt/stack/placement/placement/requestlog.py:55}}
Sep 14 09:03:22.442272 n-d-850499-13 devstack@placement-api.service[114105]: DEBUG placement.requestlog [req-1b33e2d6-6ce6-4e7a-8b30-5f9b03215b03 req-6f011eae-94da-4755-8609-f3a57c18d773 None None] Starting request: 10.222.0.77 "GET /placement/allocations/25d20440-b70c-4ef6-91ad-caaadb586344" {{(pid=114105) __call__ /opt/stack/placement/placement/requestlog.py:55}}
Sep 14 09:03:22.500309 n-d-850499-13 devstack@placement-api.service[114105]: INFO placement.requestlog [req-1b33e2d6-6ce6-4e7a-8b30-5f9b03215b03 req-6f011eae-94da-4755-8609-f3a57c18d773 service placement] 10.222.0.77 "GET /placement/allocations/25d20440-b70c-4ef6-91ad-caaadb586344" status: 200 len: 259 microversion: 1.28
Sep 14 09:03:22.502082 n-d-850499-13 devstack@placement-api.service[114105]: [pid: 114105|app: 0|req: 651/1319] 10.222.0.77 () {60 vars in 1377 bytes} [Wed Sep 14 09:03:22 2022] GET /placement/allocations/25d20440-b70c-4ef6-91ad-caaadb586344 => generated 259 bytes in 68 msecs (HTTP/1.1 200) 8 headers in 296 bytes (1 switches on core 0)
Sep 14 09:03:22.504890 n-d-850499-13 devstack@placement-api.service[114104]: INFO placement.requestlog [req-df3ad680-8502-4aa7-9805-f72831097221 req-14575c1e-d321-4510-9228-ad2ea20e9d1e service placement] 10.222.0.77 "GET /placement/allocations/cb7fe870-2c3d-405c-b361-41c4c6557885" status: 200 len: 259 microversion: 1.28
Sep 14 09:03:22.505360 n-d-850499-13 devstack@placement-api.service[114104]: [pid: 114104|app: 0|req: 669/1320] 10.222.0.77 () {60 vars in 1377 bytes} [Wed Sep 14 09:03:22 2022] GET /placement/allocations/cb7fe870-2c3d-405c-b361-41c4c6557885 => generated 259 bytes in 73 msecs (HTTP/1.1 200) 8 headers in 296 bytes (1 switches on core 0)
Sep 14 09:03:22.518901 n-d-850499-13 devstack@placement-api.service[114105]: DEBUG placement.requestlog [req-1b33e2d6-6ce6-4e7a-8b30-5f9b03215b03 req-73c1d31b-8802-40d1-9abf-8f25896242e8 None None] Starting request: 10.222.0.77 "GET /placement/allocations/c9bd9aa3-7229-455e-a37a-de10932fb1ee" {{(pid=114105) __call__ /opt/stack/placement/placement/requestlog.py:55}}
Sep 14 09:03:22.564576 n-d-850499-13 devstack@placement-api.service[114105]: INFO placement.requestlog [req-1b33e2d6-6ce6-4e7a-8b30-5f9b03215b03 req-73c1d31b-8802-40d1-9abf-8f25896242e8 service placement] 10.222.0.77 "GET /placement/allocations/c9bd9aa3-7229-455e-a37a-de10932fb1ee" status: 200 len: 259 microversion: 1.28
Sep 14 09:03:22.565716 n-d-850499-13 devstack@placement-api.service[114105]: [pid: 114105|app: 0|req: 652/1321] 10.222.0.77 () {60 vars in 1377 bytes} [Wed Sep 14 09:03:22 2022] GET /placement/allocations/c9bd9aa3-7229-455e-a37a-de10932fb1ee => generated 259 bytes in 47 msecs (HTTP/1.1 200) 8 headers in 296 bytes (1 switches on core 0)
Sep 14 09:03:22.577615 n-d-850499-13 devstack@placement-api.service[114104]: DEBUG placement.requestlog [req-1b33e2d6-6ce6-4e7a-8b30-5f9b03215b03 req-4320415f-1cbd-4a98-b2c4-5d8a205ba1c9 None None] Starting request: 10.222.0.77 "GET /placement/allocations/49c28c21-9e5f-4efb-ab03-bc2181729fff" {{(pid=114104) __call__ /opt/stack/placement/placement/requestlog.py:55}}
Sep 14 09:03:22.621973 n-d-850499-13 devstack@placement-api.service[114104]: INFO placement.requestlog [req-1b33e2d6-6ce6-4e7a-8b30-5f9b03215b03 req-4320415f-1cbd-4a98-b2c4-5d8a205ba1c9 service placement] 10.222.0.77 "GET /placement/allocations/49c28c21-9e5f-4efb-ab03-bc2181729fff" status: 200 len: 259 microversion: 1.28
Sep 14 09:03:22.622779 n-d-850499-13 devstack@placement-api.service[114104]: [pid: 114104|app: 0|req: 670/1322] 10.222.0.77 () {60 vars in 1377 bytes} [Wed Sep 14 09:03:22 2022] GET /placement/allocations/49c28c21-9e5f-4efb-ab03-bc2181729fff => generated 259 bytes in 45 msecs (HTTP/1.1 200) 8 headers in 296 bytes (1 switches on core 0)
Sep 14 09:03:23.243652 n-d-850499-13 devstack@placement-api.service[114105]: DEBUG placement.requestlog [req-df3ad680-8502-4aa7-9805-f72831097221 req-3456c607-c3ef-4e38-acd6-7734dedf94f3 None None] Starting request: 10.222.0.77 "GET /placement/resource_providers/7a3172f6-f864-47fd-b066-21cadaa55357/allocations" {{(pid=114105) __call__ /opt/stack/placement/placement/requestlog.py:55}}
Sep 14 09:03:23.301345 n-d-850499-13 devstack@placement-api.service[114105]: INFO placement.requestlog [req-df3ad680-8502-4aa7-9805-f72831097221 req-3456c607-c3ef-4e38-acd6-7734dedf94f3 service placement] 10.222.0.77 "GET /placement/resource_providers/7a3172f6-f864-47fd-b066-21cadaa55357/allocations" status: 200 len: 861 microversion: 1.0
Sep 14 09:03:23.301969 n-d-850499-13 devstack@placement-api.service[114105]: [pid: 114105|app: 0|req: 653/1323] 10.222.0.77 () {58 vars in 1390 bytes} [Wed Sep 14 09:03:23 2022] GET /placement/resource_providers/7a3172f6-f864-47fd-b066-21cadaa55357/allocations => generated 861 bytes in 59 msecs (HTTP/1.1 200) 6 headers in 224 bytes (1 switches on core 0)
Sep 14 09:03:23.321431 n-d-850499-13 devstack@placement-api.service[114104]: DEBUG placement.requestlog [req-df3ad680-8502-4aa7-9805-f72831097221 req-bf91683b-4b11-4cf5-ace7-87472d15d7b7 None None] Starting request: 10.222.0.77 "GET /placement/allocations/450bc513-41d9-4eee-b6ab-3d8814d2d463" {{(pid=114104) __call__ /opt/stack/placement/placement/requestlog.py:55}}
Sep 14 09:03:23.353304 n-d-850499-13 devstack@placement-api.service[114104]: INFO placement.requestlog [req-df3ad680-8502-4aa7-9805-f72831097221 req-bf91683b-4b11-4cf5-ace7-87472d15d7b7 service placement] 10.222.0.77 "GET /placement/allocations/450bc513-41d9-4eee-b6ab-3d8814d2d463" status: 200 len: 259 microversion: 1.28
Sep 14 09:03:23.354666 n-d-850499-13 devstack@placement-api.service[114104]: [pid: 114104|app: 0|req: 671/1324] 10.222.0.77 () {60 vars in 1377 bytes} [Wed Sep 14 09:03:23 2022] GET /placement/allocations/450bc513-41d9-4eee-b6ab-3d8814d2d463 => generated 259 bytes in 33 msecs (HTTP/1.1 200) 8 headers in 296 bytes (1 switches on core 0)
Sep 14 09:03:23.382878 n-d-850499-13 devstack@placement-api.service[114105]: DEBUG placement.requestlog [req-df3ad680-8502-4aa7-9805-f72831097221 req-9f37bd9d-6f5d-4a11-ae5a-934efd50c431 None None] Starting request: 10.222.0.77 "GET /placement/allocations/d0be8eb2-d4dd-4abb-a434-d561e08b11c8" {{(pid=114105) __call__ /opt/stack/placement/placement/requestlog.py:55}}
Sep 14 09:03:23.402515 n-d-850499-13 devstack@placement-api.service[114105]: INFO placement.requestlog [req-df3ad680-8502-4aa7-9805-f72831097221 req-9f37bd9d-6f5d-4a11-ae5a-934efd50c431 service placement] 10.222.0.77 "GET /placement/allocations/d0be8eb2-d4dd-4abb-a434-d561e08b11c8" status: 200 len: 259 microversion: 1.28
Sep 14 09:03:23.408790 n-d-850499-13 devstack@placement-api.service[114105]: [pid: 114105|app: 0|req: 654/1325] 10.222.0.77 () {60 vars in 1377 bytes} [Wed Sep 14 09:03:23 2022] GET /placement/allocations/d0be8eb2-d4dd-4abb-a434-d561e08b11c8 => generated 259 bytes in 26 msecs (HTTP/1.1 200) 8 headers in 296 bytes (1 switches on core 0)
Sep 14 09:03:23.466363 n-d-850499-13 devstack@placement-api.service[114104]: DEBUG placement.requestlog [req-df3ad680-8502-4aa7-9805-f72831097221 req-e71758d5-18db-4aaa-b162-862156dbdbec None None] Starting request: 10.222.0.77 "GET /placement/allocations/cb7fe870-2c3d-405c-b361-41c4c6557885" {{(pid=114104) __call__ /opt/stack/placement/placement/requestlog.py:55}}
Sep 14 09:03:23.486492 n-d-850499-13 devstack@placement-api.service[114104]: INFO placement.requestlog [req-df3ad680-8502-4aa7-9805-f72831097221 req-e71758d5-18db-4aaa-b162-862156dbdbec service placement] 10.222.0.77 "GET /placement/allocations/cb7fe870-2c3d-405c-b361-41c4c6557885" status: 200 len: 259 microversion: 1.28
Sep 14 09:03:23.487471 n-d-850499-13 devstack@placement-api.service[114104]: [pid: 114104|app: 0|req: 672/1326] 10.222.0.77 () {60 vars in 1377 bytes} [Wed Sep 14 09:03:23 2022] GET /placement/allocations/cb7fe870-2c3d-405c-b361-41c4c6557885 => generated 259 bytes in 21 msecs (HTTP/1.1 200) 8 headers in 296 bytes (1 switches on core 0)
Sep 14 09:03:23.518245 n-d-850499-13 devstack@placement-api.service[114105]: DEBUG placement.requestlog [req-df3ad680-8502-4aa7-9805-f72831097221 req-966502b8-d6ab-437a-b659-b05eb1df17d7 None None] Starting request: 10.222.0.77 "GET /placement/allocations/a862a6e1-6b6f-4450-b949-4a56fb703b75" {{(pid=114105) __call__ /opt/stack/placement/placement/requestlog.py:55}}
Sep 14 09:03:23.546756 n-d-850499-13 devstack@placement-api.service[114105]: INFO placement.requestlog [req-df3ad680-8502-4aa7-9805-f72831097221 req-966502b8-d6ab-437a-b659-b05eb1df17d7 service placement] 10.222.0.77 "GET /placement/allocations/a862a6e1-6b6f-4450-b949-4a56fb703b75" status: 200 len: 259 microversion: 1.28
Sep 14 09:03:23.549340 n-d-850499-13 devstack@placement-api.service[114105]: [pid: 114105|app: 0|req: 655/1327] 10.222.0.77 () {60 vars in 1377 bytes} [Wed Sep 14 09:03:23 2022] GET /placement/allocations/a862a6e1-6b6f-4450-b949-4a56fb703b75 => generated 259 bytes in 32 msecs (HTTP/1.1 200) 8 headers in 296 bytes (1 switches on core 0)
Sep 14 09:03:23.563453 n-d-850499-13 devstack@placement-api.service[114104]: DEBUG placement.requestlog [req-df3ad680-8502-4aa7-9805-f72831097221 req-0d7ccaaa-2248-4d29-963d-7aadaed163f2 None None] Starting request: 10.222.0.77 "GET /placement/allocations/e3baaecb-31a6-4861-aa42-a15522770c40" {{(pid=114104) __call__ /opt/stack/placement/placement/requestlog.py:55}}
