Sep 08 10:43:28.703127 n-d-850499-12 devstack@placement-api.service[108111]: DEBUG placement.requestlog [req-e6128501-8ea3-4fe5-94b7-3ab870f7fa1d req-cd38cc77-c798-41e8-ad64-79210bdefe68 None None] Starting request: 10.222.0.64 "GET /placement/allocations/49adc3d4-6682-48b7-843f-c56ed2febc69" {{(pid=108111) __call__ /opt/stack/placement/placement/requestlog.py:55}}
Sep 08 10:43:28.721344 n-d-850499-12 devstack@placement-api.service[108111]: DEBUG dbcounter [-] [108111] Writing DB stats placement:SELECT=84,placement:INSERT=6,placement:DELETE=5,placement:UPDATE=5 {{(pid=108111) stat_writer /usr/local/lib/python3.8/dist-packages/dbcounter.py:114}}
Sep 08 10:43:28.730039 n-d-850499-12 devstack@placement-api.service[108111]: INFO placement.requestlog [req-e6128501-8ea3-4fe5-94b7-3ab870f7fa1d req-cd38cc77-c798-41e8-ad64-79210bdefe68 service placement] 10.222.0.64 "GET /placement/allocations/49adc3d4-6682-48b7-843f-c56ed2febc69" status: 200 len: 19 microversion: 1.28
Sep 08 10:43:28.732980 n-d-850499-12 devstack@placement-api.service[108111]: [pid: 108111|app: 0|req: 556/1106] 10.222.0.64 () {60 vars in 1380 bytes} [Thu Sep 8 10:43:28 2022] GET /placement/allocations/49adc3d4-6682-48b7-843f-c56ed2febc69 => generated 19 bytes in 29 msecs (HTTP/1.1 200) 8 headers in 295 bytes (1 switches on core 0)
Sep 08 10:43:28.749591 n-d-850499-12 devstack@placement-api.service[108110]: DEBUG placement.requestlog [req-e6128501-8ea3-4fe5-94b7-3ab870f7fa1d req-63ac5dbf-e2f2-4d5c-b4d5-0d103e7ab16f None None] Starting request: 10.222.0.64 "PUT /placement/allocations/49adc3d4-6682-48b7-843f-c56ed2febc69" {{(pid=108110) __call__ /opt/stack/placement/placement/requestlog.py:55}}
Sep 08 10:43:28.797611 n-d-850499-12 devstack@placement-api.service[108110]: DEBUG dbcounter [-] [108110] Writing DB stats placement:SELECT=96,placement:DELETE=4 {{(pid=108110) stat_writer /usr/local/lib/python3.8/dist-packages/dbcounter.py:114}}
Sep 08 10:43:29.163775 n-d-850499-12 devstack@placement-api.service[108110]: DEBUG placement.handlers.allocation [req-e6128501-8ea3-4fe5-94b7-3ab870f7fa1d req-63ac5dbf-e2f2-4d5c-b4d5-0d103e7ab16f service placement] Successfully wrote allocations [, , ] {{(pid=108110) _update_consumers_and_create_allocations /opt/stack/placement/placement/handlers/allocation.py:462}}
Sep 08 10:43:29.256763 n-d-850499-12 devstack@placement-api.service[108110]: INFO placement.requestlog [req-e6128501-8ea3-4fe5-94b7-3ab870f7fa1d req-63ac5dbf-e2f2-4d5c-b4d5-0d103e7ab16f service placement] 10.222.0.64 "PUT /placement/allocations/49adc3d4-6682-48b7-843f-c56ed2febc69" status: 204 len: 0 microversion: 1.36
Sep 08 10:43:29.257798 n-d-850499-12 devstack@placement-api.service[108110]: [pid: 108110|app: 0|req: 551/1107] 10.222.0.64 () {64 vars in 1433 bytes} [Thu Sep 8 10:43:28 2022] PUT /placement/allocations/49adc3d4-6682-48b7-843f-c56ed2febc69 => generated 0 bytes in 517 msecs (HTTP/1.1 204) 5 headers in 199 bytes (1 switches on core 0)
Sep 08 10:43:29.366348 n-d-850499-12 devstack@placement-api.service[108111]: DEBUG placement.requestlog [req-fd80b0d5-9438-45c5-afac-5340e870ea65 req-53e7e1d7-9a8c-4e52-a1f0-b2a642073fa4 None None] Starting request: 10.222.0.64 "GET /placement/allocation_candidates?limit=1000&resources=DISK_GB%3A1%2CMEMORY_MB%3A1024%2CVCPU%3A1&root_required=%21COMPUTE_STATUS_DISABLED" {{(pid=108111) __call__ /opt/stack/placement/placement/requestlog.py:55}}
Sep 08 10:43:29.475266 n-d-850499-12 devstack@placement-api.service[108111]: DEBUG placement.objects.research_context [req-fd80b0d5-9438-45c5-afac-5340e870ea65 req-53e7e1d7-9a8c-4e52-a1f0-b2a642073fa4 service placement] getting providers with 1 DISK_GB {{(pid=108111) __init__ /opt/stack/placement/placement/objects/research_context.py:136}}
Sep 08 10:43:29.496612 n-d-850499-12 devstack@placement-api.service[108111]: DEBUG placement.objects.research_context [req-fd80b0d5-9438-45c5-afac-5340e870ea65 req-53e7e1d7-9a8c-4e52-a1f0-b2a642073fa4 service placement] getting providers with 1024 MEMORY_MB {{(pid=108111) __init__ /opt/stack/placement/placement/objects/research_context.py:136}}
Sep 08 10:43:29.510130 n-d-850499-12 devstack@placement-api.service[108111]: DEBUG placement.objects.research_context [req-fd80b0d5-9438-45c5-afac-5340e870ea65 req-53e7e1d7-9a8c-4e52-a1f0-b2a642073fa4 service placement] getting providers with 1 VCPU {{(pid=108111) __init__ /opt/stack/placement/placement/objects/research_context.py:136}}
Sep 08 10:43:29.522372 n-d-850499-12 devstack@placement-api.service[108111]: DEBUG placement.objects.research_context [req-fd80b0d5-9438-45c5-afac-5340e870ea65 req-53e7e1d7-9a8c-4e52-a1f0-b2a642073fa4 service placement] found 2 providers with available 1 DISK_GB {{(pid=108111) get_provider_ids_matching /opt/stack/placement/placement/objects/research_context.py:563}}
Sep 08 10:43:29.523140 n-d-850499-12 devstack@placement-api.service[108111]: DEBUG placement.objects.research_context [req-fd80b0d5-9438-45c5-afac-5340e870ea65 req-53e7e1d7-9a8c-4e52-a1f0-b2a642073fa4 service placement] found 2 providers with available 1024 MEMORY_MB {{(pid=108111) get_provider_ids_matching /opt/stack/placement/placement/objects/research_context.py:563}}
Sep 08 10:43:29.525069 n-d-850499-12 devstack@placement-api.service[108111]: DEBUG placement.objects.research_context [req-fd80b0d5-9438-45c5-afac-5340e870ea65 req-53e7e1d7-9a8c-4e52-a1f0-b2a642073fa4 service placement] found 2 providers after filtering by previous result {{(pid=108111) get_provider_ids_matching /opt/stack/placement/placement/objects/research_context.py:594}}
Sep 08 10:43:29.525510 n-d-850499-12 devstack@placement-api.service[108111]: DEBUG placement.objects.research_context [req-fd80b0d5-9438-45c5-afac-5340e870ea65 req-53e7e1d7-9a8c-4e52-a1f0-b2a642073fa4 service placement] found 2 providers with available 1 VCPU {{(pid=108111) get_provider_ids_matching /opt/stack/placement/placement/objects/research_context.py:563}}
Sep 08 10:43:29.527251 n-d-850499-12 devstack@placement-api.service[108111]: DEBUG placement.objects.research_context [req-fd80b0d5-9438-45c5-afac-5340e870ea65 req-53e7e1d7-9a8c-4e52-a1f0-b2a642073fa4 service placement] found 2 providers after filtering by previous result {{(pid=108111) get_provider_ids_matching /opt/stack/placement/placement/objects/research_context.py:594}}
Sep 08 10:43:29.553107 n-d-850499-12 devstack@placement-api.service[108111]: DEBUG placement.objects.allocation_candidate [req-fd80b0d5-9438-45c5-afac-5340e870ea65 req-53e7e1d7-9a8c-4e52-a1f0-b2a642073fa4 service placement] RequestGroup(use_same_provider=False, resources={DISK_GB:1, MEMORY_MB:1024, VCPU:1}, traits=(), aggregates=[]) (suffix '') returned 2 matches {{(pid=108111) _get_by_requests /opt/stack/placement/placement/objects/allocation_candidate.py:156}}
Sep 08 10:43:29.553940 n-d-850499-12 devstack@placement-api.service[108111]: DEBUG placement.objects.allocation_candidate [req-fd80b0d5-9438-45c5-afac-5340e870ea65 req-53e7e1d7-9a8c-4e52-a1f0-b2a642073fa4 service placement] Merging candidates yields 2 allocation requests and 2 provider summaries {{(pid=108111) _merge_candidates /opt/stack/placement/placement/objects/allocation_candidate.py:809}}
Sep 08 10:43:29.555895 n-d-850499-12 devstack@placement-api.service[108111]: INFO placement.requestlog [req-fd80b0d5-9438-45c5-afac-5340e870ea65 req-53e7e1d7-9a8c-4e52-a1f0-b2a642073fa4 service placement] 10.222.0.64 "GET /placement/allocation_candidates?limit=1000&resources=DISK_GB%3A1%2CMEMORY_MB%3A1024%2CVCPU%3A1&root_required=%21COMPUTE_STATUS_DISABLED" status: 200 len: 1309 microversion: 1.36
Sep 08 10:43:29.572777 n-d-850499-12 devstack@placement-api.service[108111]: [pid: 108111|app: 0|req: 557/1108] 10.222.0.64 () {60 vars in 1506 bytes} [Thu Sep 8 10:43:29 2022] GET /placement/allocation_candidates?limit=1000&resources=DISK_GB%3A1%2CMEMORY_MB%3A1024%2CVCPU%3A1&root_required=%21COMPUTE_STATUS_DISABLED => generated 1309 bytes in 205 msecs (HTTP/1.1 200) 8 headers in 297 bytes (1 switches on core 0)
Sep 08 10:43:29.678235 n-d-850499-12 devstack@placement-api.service[108110]: DEBUG placement.requestlog [req-fd80b0d5-9438-45c5-afac-5340e870ea65 req-ef987201-61cd-4f71-b944-8acf55be2af4 None None] Starting request: 10.222.0.64 "GET /placement/allocations/5a761c1d-1af8-456e-902b-6c80f57fb562" {{(pid=108110) __call__ /opt/stack/placement/placement/requestlog.py:55}}
Sep 08 10:43:29.703706 n-d-850499-12 devstack@placement-api.service[108110]: INFO placement.requestlog [req-fd80b0d5-9438-45c5-afac-5340e870ea65 req-ef987201-61cd-4f71-b944-8acf55be2af4 service placement] 10.222.0.64 "GET /placement/allocations/5a761c1d-1af8-456e-902b-6c80f57fb562" status: 200 len: 19 microversion: 1.28
Sep 08 10:43:29.704465 n-d-850499-12 devstack@placement-api.service[108110]: [pid: 108110|app: 0|req: 552/1109] 10.222.0.64 () {60 vars in 1380 bytes} [Thu Sep 8 10:43:29 2022] GET /placement/allocations/5a761c1d-1af8-456e-902b-6c80f57fb562 => generated 19 bytes in 26 msecs (HTTP/1.1 200) 8 headers in 295 bytes (1 switches on core 0)
Sep 08 10:43:29.712568 n-d-850499-12 devstack@placement-api.service[108111]: DEBUG placement.requestlog [req-fd80b0d5-9438-45c5-afac-5340e870ea65 req-1f4aa8a3-8699-4df7-8fea-bd367e6d9d06 None None] Starting request: 10.222.0.64 "PUT /placement/allocations/5a761c1d-1af8-456e-902b-6c80f57fb562" {{(pid=108111) __call__ /opt/stack/placement/placement/requestlog.py:55}}
Sep 08 10:43:29.818884 n-d-850499-12 devstack@placement-api.service[108110]: DEBUG placement.requestlog [req-3156c787-65ad-4762-85dc-573e9c1f3d9d req-56156d80-d0ad-419e-8af3-ba1065e9c23d None None] Starting request: 10.222.0.64 "GET /placement/allocation_candidates?limit=1000&resources=DISK_GB%3A1%2CMEMORY_MB%3A1024%2CVCPU%3A1&root_required=%21COMPUTE_STATUS_DISABLED" {{(pid=108110) __call__ /opt/stack/placement/placement/requestlog.py:55}}
Sep 08 10:43:29.876237 n-d-850499-12 devstack@placement-api.service[108110]: DEBUG placement.objects.research_context [req-3156c787-65ad-4762-85dc-573e9c1f3d9d req-56156d80-d0ad-419e-8af3-ba1065e9c23d service placement] getting providers with 1 DISK_GB {{(pid=108110) __init__ /opt/stack/placement/placement/objects/research_context.py:136}}
Sep 08 10:43:29.884282 n-d-850499-12 devstack@placement-api.service[108110]: DEBUG placement.objects.research_context [req-3156c787-65ad-4762-85dc-573e9c1f3d9d req-56156d80-d0ad-419e-8af3-ba1065e9c23d service placement] getting providers with 1024 MEMORY_MB {{(pid=108110) __init__ /opt/stack/placement/placement/objects/research_context.py:136}}
Sep 08 10:43:29.894139 n-d-850499-12 devstack@placement-api.service[108110]: DEBUG placement.objects.research_context [req-3156c787-65ad-4762-85dc-573e9c1f3d9d req-56156d80-d0ad-419e-8af3-ba1065e9c23d service placement] getting providers with 1 VCPU {{(pid=108110) __init__ /opt/stack/placement/placement/objects/research_context.py:136}}
Sep 08 10:43:29.904087 n-d-850499-12 devstack@placement-api.service[108110]: DEBUG placement.objects.research_context [req-3156c787-65ad-4762-85dc-573e9c1f3d9d req-56156d80-d0ad-419e-8af3-ba1065e9c23d service placement] found 2 providers with available 1 DISK_GB {{(pid=108110) get_provider_ids_matching /opt/stack/placement/placement/objects/research_context.py:563}}
Sep 08 10:43:29.908101 n-d-850499-12 devstack@placement-api.service[108110]: DEBUG placement.objects.research_context [req-3156c787-65ad-4762-85dc-573e9c1f3d9d req-56156d80-d0ad-419e-8af3-ba1065e9c23d service placement] found 2 providers with available 1024 MEMORY_MB {{(pid=108110) get_provider_ids_matching /opt/stack/placement/placement/objects/research_context.py:563}}
Sep 08 10:43:29.909400 n-d-850499-12 devstack@placement-api.service[108110]: DEBUG placement.objects.research_context [req-3156c787-65ad-4762-85dc-573e9c1f3d9d req-56156d80-d0ad-419e-8af3-ba1065e9c23d service placement] found 2 providers after filtering by previous result {{(pid=108110) get_provider_ids_matching /opt/stack/placement/placement/objects/research_context.py:594}}
Sep 08 10:43:29.909754 n-d-850499-12 devstack@placement-api.service[108110]: DEBUG placement.objects.research_context [req-3156c787-65ad-4762-85dc-573e9c1f3d9d req-56156d80-d0ad-419e-8af3-ba1065e9c23d service placement] found 2 providers with available 1 VCPU {{(pid=108110) get_provider_ids_matching /opt/stack/placement/placement/objects/research_context.py:563}}
Sep 08 10:43:29.913730 n-d-850499-12 devstack@placement-api.service[108110]: DEBUG placement.objects.research_context [req-3156c787-65ad-4762-85dc-573e9c1f3d9d req-56156d80-d0ad-419e-8af3-ba1065e9c23d service placement] found 2 providers after filtering by previous result {{(pid=108110) get_provider_ids_matching /opt/stack/placement/placement/objects/research_context.py:594}}
Sep 08 10:43:29.949877 n-d-850499-12 devstack@placement-api.service[108110]: DEBUG placement.objects.allocation_candidate [req-3156c787-65ad-4762-85dc-573e9c1f3d9d req-56156d80-d0ad-419e-8af3-ba1065e9c23d service placement] RequestGroup(use_same_provider=False, resources={DISK_GB:1, MEMORY_MB:1024, VCPU:1}, traits=(), aggregates=[]) (suffix '') returned 2 matches {{(pid=108110) _get_by_requests /opt/stack/placement/placement/objects/allocation_candidate.py:156}}
Sep 08 10:43:29.950476 n-d-850499-12 devstack@placement-api.service[108110]: DEBUG placement.objects.allocation_candidate [req-3156c787-65ad-4762-85dc-573e9c1f3d9d req-56156d80-d0ad-419e-8af3-ba1065e9c23d service placement] Merging candidates yields 2 allocation requests and 2 provider summaries {{(pid=108110) _merge_candidates /opt/stack/placement/placement/objects/allocation_candidate.py:809}}
Sep 08 10:43:29.952630 n-d-850499-12 devstack@placement-api.service[108110]: INFO placement.requestlog [req-3156c787-65ad-4762-85dc-573e9c1f3d9d req-56156d80-d0ad-419e-8af3-ba1065e9c23d service placement] 10.222.0.64 "GET /placement/allocation_candidates?limit=1000&resources=DISK_GB%3A1%2CMEMORY_MB%3A1024%2CVCPU%3A1&root_required=%21COMPUTE_STATUS_DISABLED" status: 200 len: 1309 microversion: 1.36
Sep 08 10:43:29.953230 n-d-850499-12 devstack@placement-api.service[108110]: [pid: 108110|app: 0|req: 553/1110] 10.222.0.64 () {60 vars in 1506 bytes} [Thu Sep 8 10:43:29 2022] GET /placement/allocation_candidates?limit=1000&resources=DISK_GB%3A1%2CMEMORY_MB%3A1024%2CVCPU%3A1&root_required=%21COMPUTE_STATUS_DISABLED => generated 1309 bytes in 135 msecs (HTTP/1.1 200) 8 headers in 297 bytes (2 switches on core 0)
Sep 08 10:43:30.240549 n-d-850499-12 devstack@placement-api.service[108110]: DEBUG placement.requestlog [req-3156c787-65ad-4762-85dc-573e9c1f3d9d req-67152914-f68d-4849-8f87-302069d0b6ab None None] Starting request: 10.222.0.64 "GET /placement/allocations/a7ec01e8-ae80-48c0-a355-90e5179d650c" {{(pid=108110) __call__ /opt/stack/placement/placement/requestlog.py:55}}
Sep 08 10:43:30.246690 n-d-850499-12 devstack@placement-api.service[108111]: DEBUG placement.handlers.allocation [req-fd80b0d5-9438-45c5-afac-5340e870ea65 req-1f4aa8a3-8699-4df7-8fea-bd367e6d9d06 service placement] Successfully wrote allocations [, , ] {{(pid=108111) _update_consumers_and_create_allocations /opt/stack/placement/placement/handlers/allocation.py:462}}
Sep 08 10:43:30.263284 n-d-850499-12 devstack@placement-api.service[108110]: INFO placement.requestlog [req-3156c787-65ad-4762-85dc-573e9c1f3d9d req-67152914-f68d-4849-8f87-302069d0b6ab service placement] 10.222.0.64 "GET /placement/allocations/a7ec01e8-ae80-48c0-a355-90e5179d650c" status: 200 len: 19 microversion: 1.28
Sep 08 10:43:30.269198 n-d-850499-12 devstack@placement-api.service[108110]: [pid: 108110|app: 0|req: 554/1111] 10.222.0.64 () {60 vars in 1380 bytes} [Thu Sep 8 10:43:30 2022] GET /placement/allocations/a7ec01e8-ae80-48c0-a355-90e5179d650c => generated 19 bytes in 31 msecs (HTTP/1.1 200) 8 headers in 295 bytes (2 switches on core 0)
Sep 08 10:43:30.272421 n-d-850499-12 devstack@placement-api.service[108110]: DEBUG placement.requestlog [req-3156c787-65ad-4762-85dc-573e9c1f3d9d req-099c65a7-5958-4bbc-bea9-8331b2ea071f None None] Starting request: 10.222.0.64 "PUT /placement/allocations/a7ec01e8-ae80-48c0-a355-90e5179d650c" {{(pid=108110) __call__ /opt/stack/placement/placement/requestlog.py:55}}
Sep 08 10:43:30.394360 n-d-850499-12 devstack@placement-api.service[108111]: INFO placement.requestlog [req-fd80b0d5-9438-45c5-afac-5340e870ea65 req-1f4aa8a3-8699-4df7-8fea-bd367e6d9d06 service placement] 10.222.0.64 "PUT /placement/allocations/5a761c1d-1af8-456e-902b-6c80f57fb562" status: 204 len: 0 microversion: 1.36
Sep 08 10:43:30.398585 n-d-850499-12 devstack@placement-api.service[108111]: [pid: 108111|app: 0|req: 558/1112] 10.222.0.64 () {64 vars in 1433 bytes} [Thu Sep 8 10:43:29 2022] PUT /placement/allocations/5a761c1d-1af8-456e-902b-6c80f57fb562 => generated 0 bytes in 683 msecs (HTTP/1.1 204) 5 headers in 199 bytes (1 switches on core 0)
Sep 08 10:43:30.517697 n-d-850499-12 devstack@placement-api.service[108110]: DEBUG placement.handlers.allocation [req-3156c787-65ad-4762-85dc-573e9c1f3d9d req-099c65a7-5958-4bbc-bea9-8331b2ea071f service placement] Successfully wrote allocations [, , ] {{(pid=108110) _update_consumers_and_create_allocations /opt/stack/placement/placement/handlers/allocation.py:462}}
Sep 08 10:43:30.664443 n-d-850499-12 devstack@placement-api.service[108110]: INFO placement.requestlog [req-3156c787-65ad-4762-85dc-573e9c1f3d9d req-099c65a7-5958-4bbc-bea9-8331b2ea071f service placement] 10.222.0.64 "PUT /placement/allocations/a7ec01e8-ae80-48c0-a355-90e5179d650c" status: 204 len: 0 microversion: 1.36
Sep 08 10:43:30.667567 n-d-850499-12 devstack@placement-api.service[108110]: [pid: 108110|app: 0|req: 555/1113] 10.222.0.64 () {64 vars in 1433 bytes} [Thu Sep 8 10:43:30 2022] PUT /placement/allocations/a7ec01e8-ae80-48c0-a355-90e5179d650c => generated 0 bytes in 394 msecs (HTTP/1.1 204) 5 headers in 199 bytes (2 switches on core 0)
Sep 08 10:43:31.098069 n-d-850499-12 devstack@placement-api.service[108111]: DEBUG placement.requestlog [req-e6128501-8ea3-4fe5-94b7-3ab870f7fa1d req-da496817-efe9-4ba7-9e22-837ad736a381 None None] Starting request: 10.222.0.67 "GET /placement/allocations/49adc3d4-6682-48b7-843f-c56ed2febc69" {{(pid=108111) __call__ /opt/stack/placement/placement/requestlog.py:55}}
Sep 08 10:43:31.130693 n-d-850499-12 devstack@placement-api.service[108111]: INFO placement.requestlog [req-e6128501-8ea3-4fe5-94b7-3ab870f7fa1d req-da496817-efe9-4ba7-9e22-837ad736a381 service placement] 10.222.0.67 "GET /placement/allocations/49adc3d4-6682-48b7-843f-c56ed2febc69" status: 200 len: 259 microversion: 1.28
Sep 08 10:43:31.134048 n-d-850499-12 devstack@placement-api.service[108111]: [pid: 108111|app: 0|req: 559/1114] 10.222.0.67 () {60 vars in 1377 bytes} [Thu Sep 8 10:43:31 2022] GET /placement/allocations/49adc3d4-6682-48b7-843f-c56ed2febc69 => generated 259 bytes in 33 msecs (HTTP/1.1 200) 8 headers in 296 bytes (1 switches on core 0)
Sep 08 10:43:31.600149 n-d-850499-12 devstack@placement-api.service[108110]: DEBUG placement.requestlog [req-e6128501-8ea3-4fe5-94b7-3ab870f7fa1d req-1f5d8e37-88b2-40a6-ad5a-e13f4cc9c7a1 None None] Starting request: 10.222.0.67 "GET /placement/resource_providers/3bbcec09-6bd6-47f3-abf7-f075a4996015/allocations" {{(pid=108110) __call__ /opt/stack/placement/placement/requestlog.py:55}}
Sep 08 10:43:31.658445 n-d-850499-12 devstack@placement-api.service[108110]: INFO placement.requestlog [req-e6128501-8ea3-4fe5-94b7-3ab870f7fa1d req-1f5d8e37-88b2-40a6-ad5a-e13f4cc9c7a1 service placement] 10.222.0.67 "GET /placement/resource_providers/3bbcec09-6bd6-47f3-abf7-f075a4996015/allocations" status: 200 len: 645 microversion: 1.0
Sep 08 10:43:31.661962 n-d-850499-12 devstack@placement-api.service[108110]: [pid: 108110|app: 0|req: 556/1115] 10.222.0.67 () {58 vars in 1390 bytes} [Thu Sep 8 10:43:31 2022] GET /placement/resource_providers/3bbcec09-6bd6-47f3-abf7-f075a4996015/allocations => generated 645 bytes in 62 msecs (HTTP/1.1 200) 6 headers in 224 bytes (1 switches on core 0)
Sep 08 10:43:31.679417 n-d-850499-12 devstack@placement-api.service[108111]: DEBUG placement.requestlog [req-e6128501-8ea3-4fe5-94b7-3ab870f7fa1d req-a37f0dea-dd12-44da-bcfb-3c971c4da705 None None] Starting request: 10.222.0.67 "GET /placement/allocations/49adc3d4-6682-48b7-843f-c56ed2febc69" {{(pid=108111) __call__ /opt/stack/placement/placement/requestlog.py:55}}
Sep 08 10:43:31.743974 n-d-850499-12 devstack@placement-api.service[108111]: INFO placement.requestlog [req-e6128501-8ea3-4fe5-94b7-3ab870f7fa1d req-a37f0dea-dd12-44da-bcfb-3c971c4da705 service placement] 10.222.0.67 "GET /placement/allocations/49adc3d4-6682-48b7-843f-c56ed2febc69" status: 200 len: 259 microversion: 1.28
Sep 08 10:43:31.747957 n-d-850499-12 devstack@placement-api.service[108111]: [pid: 108111|app: 0|req: 560/1116] 10.222.0.67 () {60 vars in 1377 bytes} [Thu Sep 8 10:43:31 2022] GET /placement/allocations/49adc3d4-6682-48b7-843f-c56ed2febc69 => generated 259 bytes in 69 msecs (HTTP/1.1 200) 8 headers in 296 bytes (1 switches on core 0)
Sep 08 10:43:31.761645 n-d-850499-12 devstack@placement-api.service[108110]: DEBUG placement.requestlog [req-e6128501-8ea3-4fe5-94b7-3ab870f7fa1d req-f5cf7357-4dff-4e3d-9989-a9ef071c1ad0 None None] Starting request: 10.222.0.67 "GET /placement/allocations/5a761c1d-1af8-456e-902b-6c80f57fb562" {{(pid=108110) __call__ /opt/stack/placement/placement/requestlog.py:55}}
Sep 08 10:43:31.794601 n-d-850499-12 devstack@placement-api.service[108110]: INFO placement.requestlog [req-e6128501-8ea3-4fe5-94b7-3ab870f7fa1d req-f5cf7357-4dff-4e3d-9989-a9ef071c1ad0 service placement] 10.222.0.67 "GET /placement/allocations/5a761c1d-1af8-456e-902b-6c80f57fb562" status: 200 len: 259 microversion: 1.28
Sep 08 10:43:31.794601 n-d-850499-12 devstack@placement-api.service[108110]: [pid: 108110|app: 0|req: 557/1117] 10.222.0.67 () {60 vars in 1377 bytes} [Thu Sep 8 10:43:31 2022] GET /placement/allocations/5a761c1d-1af8-456e-902b-6c80f57fb562 => generated 259 bytes in 34 msecs (HTTP/1.1 200) 8 headers in 296 bytes (2 switches on core 0)
Sep 08 10:43:31.799470 n-d-850499-12 devstack@placement-api.service[108111]: DEBUG placement.requestlog [req-e6128501-8ea3-4fe5-94b7-3ab870f7fa1d req-0339eca7-6bf0-4c84-b009-95194de920a5 None None] Starting request: 10.222.0.67 "GET /placement/allocations/a7ec01e8-ae80-48c0-a355-90e5179d650c" {{(pid=108111) __call__ /opt/stack/placement/placement/requestlog.py:55}}
Sep 08 10:43:31.866883 n-d-850499-12 devstack@placement-api.service[108111]: INFO placement.requestlog [req-e6128501-8ea3-4fe5-94b7-3ab870f7fa1d req-0339eca7-6bf0-4c84-b009-95194de920a5 service placement] 10.222.0.67 "GET /placement/allocations/a7ec01e8-ae80-48c0-a355-90e5179d650c" status: 200 len: 259 microversion: 1.28
Sep 08 10:43:31.867308 n-d-850499-12 devstack@placement-api.service[108111]: [pid: 108111|app: 0|req: 561/1118] 10.222.0.67 () {60 vars in 1377 bytes} [Thu Sep 8 10:43:31 2022] GET /placement/allocations/a7ec01e8-ae80-48c0-a355-90e5179d650c => generated 259 bytes in 68 msecs (HTTP/1.1 200) 8 headers in 296 bytes (1 switches on core 0)
Sep 08 10:43:31.876197 n-d-850499-12 devstack@placement-api.service[108110]: DEBUG placement.requestlog [req-e6128501-8ea3-4fe5-94b7-3ab870f7fa1d req-19ddbb05-3320-4b48-bdf7-32bb4fdfb9db None None] Starting request: 10.222.0.67 "GET /placement/allocations/96843005-a44b-4196-87ff-652c71eeeb21" {{(pid=108110) __call__ /opt/stack/placement/placement/requestlog.py:55}}
Sep 08 10:43:31.947390 n-d-850499-12 devstack@placement-api.service[108110]: INFO placement.requestlog [req-e6128501-8ea3-4fe5-94b7-3ab870f7fa1d req-19ddbb05-3320-4b48-bdf7-32bb4fdfb9db service placement] 10.222.0.67 "GET /placement/allocations/96843005-a44b-4196-87ff-652c71eeeb21" status: 200 len: 259 microversion: 1.28
Sep 08 10:43:31.947778 n-d-850499-12 devstack@placement-api.service[108110]: [pid: 108110|app: 0|req: 558/1119] 10.222.0.67 () {60 vars in 1377 bytes} [Thu Sep 8 10:43:31 2022] GET /placement/allocations/96843005-a44b-4196-87ff-652c71eeeb21 => generated 259 bytes in 72 msecs (HTTP/1.1 200) 8 headers in 296 bytes (1 switches on core 0)
Sep 08 10:43:31.956004 n-d-850499-12 devstack@placement-api.service[108111]: DEBUG placement.requestlog [req-e6128501-8ea3-4fe5-94b7-3ab870f7fa1d req-43721727-7c2b-46f4-b68d-e295d1b26d97 None None] Starting request: 10.222.0.67 "GET /placement/allocations/6d703754-8b0a-4136-9882-7c45ae215ca4" {{(pid=108111) __call__ /opt/stack/placement/placement/requestlog.py:55}}
Sep 08 10:43:31.982853 n-d-850499-12 devstack@placement-api.service[108111]: INFO placement.requestlog [req-e6128501-8ea3-4fe5-94b7-3ab870f7fa1d req-43721727-7c2b-46f4-b68d-e295d1b26d97 service placement] 10.222.0.67 "GET /placement/allocations/6d703754-8b0a-4136-9882-7c45ae215ca4" status: 200 len: 245 microversion: 1.28
Sep 08 10:43:31.993147 n-d-850499-12 devstack@placement-api.service[108110]: DEBUG placement.requestlog [req-e6128501-8ea3-4fe5-94b7-3ab870f7fa1d req-31de964a-1434-44a1-af5d-ff6b0b38357c None None] Starting request: 10.222.0.67 "GET /placement/allocations/a37a2f43-c0aa-409f-a282-72009fecd243" {{(pid=108110) __call__ /opt/stack/placement/placement/requestlog.py:55}}
Sep 08 10:43:31.993902 n-d-850499-12 devstack@placement-api.service[108111]: [pid: 108111|app: 0|req: 562/1120] 10.222.0.67 () {60 vars in 1377 bytes} [Thu Sep 8 10:43:31 2022] GET /placement/allocations/6d703754-8b0a-4136-9882-7c45ae215ca4 => generated 245 bytes in 39 msecs (HTTP/1.1 200) 8 headers in 296 bytes (1 switches on core 0)
Sep 08 10:43:32.017888 n-d-850499-12 devstack@placement-api.service[108110]: INFO placement.requestlog [req-e6128501-8ea3-4fe5-94b7-3ab870f7fa1d req-31de964a-1434-44a1-af5d-ff6b0b38357c service placement] 10.222.0.67 "GET /placement/allocations/a37a2f43-c0aa-409f-a282-72009fecd243" status: 200 len: 259 microversion: 1.28
Sep 08 10:43:32.017888 n-d-850499-12 devstack@placement-api.service[108110]: [pid: 108110|app: 0|req: 559/1121] 10.222.0.67 () {60 vars in 1377 bytes} [Thu Sep 8 10:43:31 2022] GET /placement/allocations/a37a2f43-c0aa-409f-a282-72009fecd243 => generated 259 bytes in 24 msecs (HTTP/1.1 200) 8 headers in 296 bytes (1 switches on core 0)
Sep 08 10:43:32.247853 n-d-850499-12 devstack@placement-api.service[108111]: DEBUG placement.requestlog [req-fd80b0d5-9438-45c5-afac-5340e870ea65 req-53016641-517c-4b00-9477-ad0ff98a5314 None None] Starting request: 10.222.0.67 "GET /placement/allocations/5a761c1d-1af8-456e-902b-6c80f57fb562" {{(pid=108111) __call__ /opt/stack/placement/placement/requestlog.py:55}}
Sep 08 10:43:32.254292 n-d-850499-12 devstack@placement-api.service[108110]: DEBUG placement.requestlog [req-3156c787-65ad-4762-85dc-573e9c1f3d9d req-e0a71e11-2c23-448d-9760-2a2d77932daf None None] Starting request: 10.222.0.67 "GET /placement/allocations/a7ec01e8-ae80-48c0-a355-90e5179d650c" {{(pid=108110) __call__ /opt/stack/placement/placement/requestlog.py:55}}
Sep 08 10:43:32.281263 n-d-850499-12 devstack@placement-api.service[108110]: INFO placement.requestlog [req-3156c787-65ad-4762-85dc-573e9c1f3d9d req-e0a71e11-2c23-448d-9760-2a2d77932daf service placement] 10.222.0.67 "GET /placement/allocations/a7ec01e8-ae80-48c0-a355-90e5179d650c" status: 200 len: 259 microversion: 1.28
Sep 08 10:43:32.281679 n-d-850499-12 devstack@placement-api.service[108110]: [pid: 108110|app: 0|req: 560/1122] 10.222.0.67 () {60 vars in 1377 bytes} [Thu Sep 8 10:43:32 2022] GET /placement/allocations/a7ec01e8-ae80-48c0-a355-90e5179d650c => generated 259 bytes in 28 msecs (HTTP/1.1 200) 8 headers in 296 bytes (2 switches on core 0)
Sep 08 10:43:32.311194 n-d-850499-12 devstack@placement-api.service[108111]: INFO placement.requestlog [req-fd80b0d5-9438-45c5-afac-5340e870ea65 req-53016641-517c-4b00-9477-ad0ff98a5314 service placement] 10.222.0.67 "GET /placement/allocations/5a761c1d-1af8-456e-902b-6c80f57fb562" status: 200 len: 259 microversion: 1.28
Sep 08 10:43:32.313666 n-d-850499-12 devstack@placement-api.service[108111]: [pid: 108111|app: 0|req: 563/1123] 10.222.0.67 () {60 vars in 1377 bytes} [Thu Sep 8 10:43:32 2022] GET /placement/allocations/5a761c1d-1af8-456e-902b-6c80f57fb562 => generated 259 bytes in 67 msecs (HTTP/1.1 200) 8 headers in 296 bytes (1 switches on core 0)
Sep 08 10:43:32.646293 n-d-850499-12 devstack@placement-api.service[108110]: DEBUG placement.requestlog [req-3156c787-65ad-4762-85dc-573e9c1f3d9d req-d29060b3-2046-4627-8c4b-4cf3f0d48c1f None None] Starting request: 10.222.0.67 "GET /placement/resource_providers/3bbcec09-6bd6-47f3-abf7-f075a4996015/allocations" {{(pid=108110) __call__ /opt/stack/placement/placement/requestlog.py:55}}
Sep 08 10:43:32.713408 n-d-850499-12 devstack@placement-api.service[108110]: INFO placement.requestlog [req-3156c787-65ad-4762-85dc-573e9c1f3d9d req-d29060b3-2046-4627-8c4b-4cf3f0d48c1f service placement] 10.222.0.67 "GET /placement/resource_providers/3bbcec09-6bd6-47f3-abf7-f075a4996015/allocations" status: 200 len: 645 microversion: 1.0
Sep 08 10:43:32.717575 n-d-850499-12 devstack@placement-api.service[108110]: [pid: 108110|app: 0|req: 561/1124] 10.222.0.67 () {58 vars in 1390 bytes} [Thu Sep 8 10:43:32 2022] GET /placement/resource_providers/3bbcec09-6bd6-47f3-abf7-f075a4996015/allocations => generated 645 bytes in 71 msecs (HTTP/1.1 200) 6 headers in 224 bytes (1 switches on core 0)
Sep 08 10:43:32.727518 n-d-850499-12 devstack@placement-api.service[108111]: DEBUG placement.requestlog [req-3156c787-65ad-4762-85dc-573e9c1f3d9d req-b79fe6b3-7e34-46ff-b921-682955ae4b26 None None] Starting request: 10.222.0.67 "GET /placement/allocations/49adc3d4-6682-48b7-843f-c56ed2febc69" {{(pid=108111) __call__ /opt/stack/placement/placement/requestlog.py:55}}
Sep 08 10:43:32.781068 n-d-850499-12 devstack@placement-api.service[108111]: INFO placement.requestlog [req-3156c787-65ad-4762-85dc-573e9c1f3d9d req-b79fe6b3-7e34-46ff-b921-682955ae4b26 service placement] 10.222.0.67 "GET /placement/allocations/49adc3d4-6682-48b7-843f-c56ed2febc69" status: 200 len: 259 microversion: 1.28
Sep 08 10:43:32.782399 n-d-850499-12 devstack@placement-api.service[108111]: [pid: 108111|app: 0|req: 564/1125] 10.222.0.67 () {60 vars in 1377 bytes} [Thu Sep 8 10:43:32 2022] GET /placement/allocations/49adc3d4-6682-48b7-843f-c56ed2febc69 => generated 259 bytes in 55 msecs (HTTP/1.1 200) 8 headers in 296 bytes (1 switches on core 0)
Sep 08 10:43:32.794372 n-d-850499-12 devstack@placement-api.service[108110]: DEBUG placement.requestlog [req-3156c787-65ad-4762-85dc-573e9c1f3d9d req-e6229cc3-3941-40fa-9156-84c0bf2c40d2 None None] Starting request: 10.222.0.67 "GET /placement/allocations/5a761c1d-1af8-456e-902b-6c80f57fb562" {{(pid=108110) __call__ /opt/stack/placement/placement/requestlog.py:55}}
Sep 08 10:43:32.821685 n-d-850499-12 devstack@placement-api.service[108110]: INFO placement.requestlog [req-3156c787-65ad-4762-85dc-573e9c1f3d9d req-e6229cc3-3941-40fa-9156-84c0bf2c40d2 service placement] 10.222.0.67 "GET /placement/allocations/5a761c1d-1af8-456e-902b-6c80f57fb562" status: 200 len: 259 microversion: 1.28
Sep 08 10:43:32.832117 n-d-850499-12 devstack@placement-api.service[108110]: [pid: 108110|app: 0|req: 562/1126] 10.222.0.67 () {60 vars in 1377 bytes} [Thu Sep 8 10:43:32 2022] GET /placement/allocations/5a761c1d-1af8-456e-902b-6c80f57fb562 => generated 259 bytes in 34 msecs (HTTP/1.1 200) 8 headers in 296 bytes (2 switches on core 0)
Sep 08 10:43:32.832583 n-d-850499-12 devstack@placement-api.service[108111]: DEBUG placement.requestlog [req-3156c787-65ad-4762-85dc-573e9c1f3d9d req-8339cb38-80c3-4d83-83a1-fdc12cd4c6f1 None None] Starting request: 10.222.0.67 "GET /placement/allocations/a7ec01e8-ae80-48c0-a355-90e5179d650c" {{(pid=108111) __call__ /opt/stack/placement/placement/requestlog.py:55}}
Sep 08 10:43:32.873547 n-d-850499-12 devstack@placement-api.service[108111]: INFO placement.requestlog [req-3156c787-65ad-4762-85dc-573e9c1f3d9d req-8339cb38-80c3-4d83-83a1-fdc12cd4c6f1 service placement] 10.222.0.67 "GET /placement/allocations/a7ec01e8-ae80-48c0-a355-90e5179d650c" status: 200 len: 259 microversion: 1.28
Sep 08 10:43:32.876793 n-d-850499-12 devstack@placement-api.service[108111]: [pid: 108111|app: 0|req: 565/1127] 10.222.0.67 () {60 vars in 1377 bytes} [Thu Sep 8 10:43:32 2022] GET /placement/allocations/a7ec01e8-ae80-48c0-a355-90e5179d650c => generated 259 bytes in 47 msecs (HTTP/1.1 200) 8 headers in 296 bytes (1 switches on core 0)
Sep 08 10:43:32.884845 n-d-850499-12 devstack@placement-api.service[108110]: DEBUG placement.requestlog [req-3156c787-65ad-4762-85dc-573e9c1f3d9d req-1bdc9426-cc49-46e8-84e5-0544553de1a1 None None] Starting request: 10.222.0.67 "GET /placement/allocations/96843005-a44b-4196-87ff-652c71eeeb21" {{(pid=108110) __call__ /opt/stack/placement/placement/requestlog.py:55}}
Sep 08 10:43:32.914959 n-d-850499-12 devstack@placement-api.service[108110]: INFO placement.requestlog [req-3156c787-65ad-4762-85dc-573e9c1f3d9d req-1bdc9426-cc49-46e8-84e5-0544553de1a1 service placement] 10.222.0.67 "GET /placement/allocations/96843005-a44b-4196-87ff-652c71eeeb21" status: 200 len: 259 microversion: 1.28
Sep 08 10:43:32.918235 n-d-850499-12 devstack@placement-api.service[108110]: [pid: 108110|app: 0|req: 563/1128] 10.222.0.67 () {60 vars in 1377 bytes} [Thu Sep 8 10:43:32 2022] GET /placement/allocations/96843005-a44b-4196-87ff-652c71eeeb21 => generated 259 bytes in 34 msecs (HTTP/1.1 200) 8 headers in 296 bytes (2 switches on core 0)
Sep 08 10:43:32.925201 n-d-850499-12 devstack@placement-api.service[108111]: DEBUG placement.requestlog [req-3156c787-65ad-4762-85dc-573e9c1f3d9d req-29853fbb-2a67-4f37-bcf5-86226620ee60 None None] Starting request: 10.222.0.67 "GET /placement/allocations/6d703754-8b0a-4136-9882-7c45ae215ca4" {{(pid=108111) __call__ /opt/stack/placement/placement/requestlog.py:55}}
Sep 08 10:43:32.972283 n-d-850499-12 devstack@placement-api.service[108111]: INFO placement.requestlog [req-3156c787-65ad-4762-85dc-573e9c1f3d9d req-29853fbb-2a67-4f37-bcf5-86226620ee60 service placement] 10.222.0.67 "GET /placement/allocations/6d703754-8b0a-4136-9882-7c45ae215ca4" status: 200 len: 245 microversion: 1.28
Sep 08 10:43:32.977126 n-d-850499-12 devstack@placement-api.service[108111]: [pid: 108111|app: 0|req: 566/1129] 10.222.0.67 () {60 vars in 1377 bytes} [Thu Sep 8 10:43:32 2022] GET /placement/allocations/6d703754-8b0a-4136-9882-7c45ae215ca4 => generated 245 bytes in 53 msecs (HTTP/1.1 200) 8 headers in 296 bytes (1 switches on core 0)
Sep 08 10:43:32.982002 n-d-850499-12 devstack@placement-api.service[108110]: DEBUG placement.requestlog [req-3156c787-65ad-4762-85dc-573e9c1f3d9d req-c9008b4f-7d49-42ae-869d-4906f8d3c142 None None] Starting request: 10.222.0.67 "GET /placement/allocations/a37a2f43-c0aa-409f-a282-72009fecd243" {{(pid=108110) __call__ /opt/stack/placement/placement/requestlog.py:55}}
Sep 08 10:43:33.008499 n-d-850499-12 devstack@placement-api.service[108110]: DEBUG dbcounter [-] [108110] Writing DB stats placement:SELECT=82,placement:INSERT=10,placement:DELETE=4,placement:UPDATE=4 {{(pid=108110) stat_writer /usr/local/lib/python3.8/dist-packages/dbcounter.py:114}}
Sep 08 10:43:33.016418 n-d-850499-12 devstack@placement-api.service[108110]: INFO placement.requestlog [req-3156c787-65ad-4762-85dc-573e9c1f3d9d req-c9008b4f-7d49-42ae-869d-4906f8d3c142 service placement] 10.222.0.67 "GET /placement/allocations/a37a2f43-c0aa-409f-a282-72009fecd243" status: 200 len: 259 microversion: 1.28
Sep 08 10:43:33.021157 n-d-850499-12 devstack@placement-api.service[108110]: [pid: 108110|app: 0|req: 564/1130] 10.222.0.67 () {60 vars in 1377 bytes} [Thu Sep 8 10:43:32 2022] GET /placement/allocations/a37a2f43-c0aa-409f-a282-72009fecd243 => generated 259 bytes in 40 msecs (HTTP/1.1 200) 8 headers in 296 bytes (1 switches on core 0)
Sep 08 10:43:35.094912 n-d-850499-12 devstack@placement-api.service[108111]: DEBUG placement.requestlog [req-fd80b0d5-9438-45c5-afac-5340e870ea65 req-3067ed52-a783-4264-8a56-25e57f8e440e None None] Starting request: 10.222.0.67 "GET /placement/resource_providers/3bbcec09-6bd6-47f3-abf7-f075a4996015/allocations" {{(pid=108111) __call__ /opt/stack/placement/placement/requestlog.py:55}}
Sep 08 10:43:35.132322 n-d-850499-12 devstack@placement-api.service[108111]: INFO placement.requestlog [req-fd80b0d5-9438-45c5-afac-5340e870ea65 req-3067ed52-a783-4264-8a56-25e57f8e440e service placement] 10.222.0.67 "GET /placement/resource_providers/3bbcec09-6bd6-47f3-abf7-f075a4996015/allocations" status: 200 len: 645 microversion: 1.0
Sep 08 10:43:35.134063 n-d-850499-12 devstack@placement-api.service[108111]: [pid: 108111|app: 0|req: 567/1131] 10.222.0.67 () {58 vars in 1390 bytes} [Thu Sep 8 10:43:35 2022] GET /placement/resource_providers/3bbcec09-6bd6-47f3-abf7-f075a4996015/allocations => generated 645 bytes in 40 msecs (HTTP/1.1 200) 6 headers in 224 bytes (1 switches on core 0)
Sep 08 10:43:35.141436 n-d-850499-12 devstack@placement-api.service[108110]: DEBUG placement.requestlog [req-fd80b0d5-9438-45c5-afac-5340e870ea65 req-6a49ad11-b14b-48f4-82c8-1003b0fa9f05 None None] Starting request: 10.222.0.67 "GET /placement/allocations/49adc3d4-6682-48b7-843f-c56ed2febc69" {{(pid=108110) __call__ /opt/stack/placement/placement/requestlog.py:55}}
Sep 08 10:43:35.161687 n-d-850499-12 devstack@placement-api.service[108110]: INFO placement.requestlog [req-fd80b0d5-9438-45c5-afac-5340e870ea65 req-6a49ad11-b14b-48f4-82c8-1003b0fa9f05 service placement] 10.222.0.67 "GET /placement/allocations/49adc3d4-6682-48b7-843f-c56ed2febc69" status: 200 len: 259 microversion: 1.28
Sep 08 10:43:35.162386 n-d-850499-12 devstack@placement-api.service[108110]: [pid: 108110|app: 0|req: 565/1132] 10.222.0.67 () {60 vars in 1377 bytes} [Thu Sep 8 10:43:35 2022] GET /placement/allocations/49adc3d4-6682-48b7-843f-c56ed2febc69 => generated 259 bytes in 21 msecs (HTTP/1.1 200) 8 headers in 296 bytes (1 switches on core 0)
Sep 08 10:43:35.171233 n-d-850499-12 devstack@placement-api.service[108111]: DEBUG placement.requestlog [req-fd80b0d5-9438-45c5-afac-5340e870ea65 req-0901664e-2a8f-4e63-93ba-e68216cbfdb6 None None] Starting request: 10.222.0.67 "GET /placement/allocations/5a761c1d-1af8-456e-902b-6c80f57fb562" {{(pid=108111) __call__ /opt/stack/placement/placement/requestlog.py:55}}
Sep 08 10:43:35.193514 n-d-850499-12 devstack@placement-api.service[108111]: INFO placement.requestlog [req-fd80b0d5-9438-45c5-afac-5340e870ea65 req-0901664e-2a8f-4e63-93ba-e68216cbfdb6 service placement] 10.222.0.67 "GET /placement/allocations/5a761c1d-1af8-456e-902b-6c80f57fb562" status: 200 len: 259 microversion: 1.28
Sep 08 10:43:35.194489 n-d-850499-12 devstack@placement-api.service[108111]: [pid: 108111|app: 0|req: 568/1133] 10.222.0.67 () {60 vars in 1377 bytes} [Thu Sep 8 10:43:35 2022] GET /placement/allocations/5a761c1d-1af8-456e-902b-6c80f57fb562 => generated 259 bytes in 24 msecs (HTTP/1.1 200) 8 headers in 296 bytes (2 switches on core 0)
Sep 08 10:43:35.201373 n-d-850499-12 devstack@placement-api.service[108110]: DEBUG placement.requestlog [req-fd80b0d5-9438-45c5-afac-5340e870ea65 req-6c401025-eeb6-49f0-99a0-6ffd5d1e5b8a None None] Starting request: 10.222.0.67 "GET /placement/allocations/a7ec01e8-ae80-48c0-a355-90e5179d650c" {{(pid=108110) __call__ /opt/stack/placement/placement/requestlog.py:55}}
Sep 08 10:43:35.237180 n-d-850499-12 devstack@placement-api.service[108110]: INFO placement.requestlog [req-fd80b0d5-9438-45c5-afac-5340e870ea65 req-6c401025-eeb6-49f0-99a0-6ffd5d1e5b8a service placement] 10.222.0.67 "GET /placement/allocations/a7ec01e8-ae80-48c0-a355-90e5179d650c" status: 200 len: 259 microversion: 1.28
Sep 08 10:43:35.237681 n-d-850499-12 devstack@placement-api.service[108110]: [pid: 108110|app: 0|req: 566/1134] 10.222.0.67 () {60 vars in 1377 bytes} [Thu Sep 8 10:43:35 2022] GET /placement/allocations/a7ec01e8-ae80-48c0-a355-90e5179d650c => generated 259 bytes in 37 msecs (HTTP/1.1 200) 8 headers in 296 bytes (1 switches on core 0)
Sep 08 10:43:35.585563 n-d-850499-12 devstack@placement-api.service[108111]: DEBUG placement.requestlog [req-fd80b0d5-9438-45c5-afac-5340e870ea65 req-acdd13f8-7fa6-453c-aa98-d865891576b1 None None] Starting request: 10.222.0.67 "GET /placement/allocations/96843005-a44b-4196-87ff-652c71eeeb21" {{(pid=108111) __call__ /opt/stack/placement/placement/requestlog.py:55}}
Sep 08 10:43:35.613406 n-d-850499-12 devstack@placement-api.service[108111]: INFO placement.requestlog [req-fd80b0d5-9438-45c5-afac-5340e870ea65 req-acdd13f8-7fa6-453c-aa98-d865891576b1 service placement] 10.222.0.67 "GET /placement/allocations/96843005-a44b-4196-87ff-652c71eeeb21" status: 200 len: 259 microversion: 1.28
Sep 08 10:43:35.614189 n-d-850499-12 devstack@placement-api.service[108111]: [pid: 108111|app: 0|req: 569/1135] 10.222.0.67 () {60 vars in 1377 bytes} [Thu Sep 8 10:43:35 2022] GET /placement/allocations/96843005-a44b-4196-87ff-652c71eeeb21 => generated 259 bytes in 29 msecs (HTTP/1.1 200) 8 headers in 296 bytes (1 switches on core 0)
Sep 08 10:43:35.638773 n-d-850499-12 devstack@placement-api.service[108110]: DEBUG placement.requestlog [req-fd80b0d5-9438-45c5-afac-5340e870ea65 req-ad433e68-7247-4199-ae1a-8a1b2ce52c5a None None] Starting request: 10.222.0.67 "GET /placement/allocations/6d703754-8b0a-4136-9882-7c45ae215ca4" {{(pid=108110) __call__ /opt/stack/placement/placement/requestlog.py:55}}
Sep 08 10:43:35.666251 n-d-850499-12 devstack@placement-api.service[108110]: INFO placement.requestlog [req-fd80b0d5-9438-45c5-afac-5340e870ea65 req-ad433e68-7247-4199-ae1a-8a1b2ce52c5a service placement] 10.222.0.67 "GET /placement/allocations/6d703754-8b0a-4136-9882-7c45ae215ca4" status: 200 len: 245 microversion: 1.28
Sep 08 10:43:35.667041 n-d-850499-12 devstack@placement-api.service[108110]: [pid: 108110|app: 0|req: 567/1136] 10.222.0.67 () {60 vars in 1377 bytes} [Thu Sep 8 10:43:35 2022] GET /placement/allocations/6d703754-8b0a-4136-9882-7c45ae215ca4 => generated 245 bytes in 46 msecs (HTTP/1.1 200) 8 headers in 296 bytes (1 switches on core 0)
Sep 08 10:43:35.744961 n-d-850499-12 devstack@placement-api.service[108111]: DEBUG placement.requestlog [req-fd80b0d5-9438-45c5-afac-5340e870ea65 req-9370774f-0554-4ba0-aa19-57b7f5dab3e4 None None] Starting request: 10.222.0.67 "GET /placement/allocations/a37a2f43-c0aa-409f-a282-72009fecd243" {{(pid=108111) __call__ /opt/stack/placement/placement/requestlog.py:55}}
Sep 08 10:43:35.779095 n-d-850499-12 devstack@placement-api.service[108111]: INFO placement.requestlog [req-fd80b0d5-9438-45c5-afac-5340e870ea65 req-9370774f-0554-4ba0-aa19-57b7f5dab3e4 service placement] 10.222.0.67 "GET /placement/allocations/a37a2f43-c0aa-409f-a282-72009fecd243" status: 200 len: 259 microversion: 1.28
Sep 08 10:43:35.779512 n-d-850499-12 devstack@placement-api.service[108111]: [pid: 108111|app: 0|req: 570/1137] 10.222.0.67 () {60 vars in 1377 bytes} [Thu Sep 8 10:43:35 2022] GET /placement/allocations/a37a2f43-c0aa-409f-a282-72009fecd243 => generated 259 bytes in 35 msecs (HTTP/1.1 200) 8 headers in 296 bytes (1 switches on core 0)
Sep 08 10:43:38.724587 n-d-850499-12 devstack@placement-api.service[108110]: DEBUG placement.requestlog [None req-7313e137-8f75-4385-bdab-feba9b9150e8 None None] Starting request: 10.222.0.64 "GET /placement/resource_providers/f1324d7e-6bcf-42de-b72b-938c3c6f2d72/aggregates" {{(pid=108110) __call__ /opt/stack/placement/placement/requestlog.py:55}}
Sep 08 10:43:38.738911 n-d-850499-12 devstack@placement-api.service[108110]: INFO placement.requestlog [None req-7313e137-8f75-4385-bdab-feba9b9150e8 service placement] 10.222.0.64 "GET /placement/resource_providers/f1324d7e-6bcf-42de-b72b-938c3c6f2d72/aggregates" status: 404 len: 235 microversion: 1.1
Sep 08 10:43:38.742340 n-d-850499-12 devstack@placement-api.service[108110]: [pid: 108110|app: 0|req: 568/1138] 10.222.0.64 () {58 vars in 1362 bytes} [Thu Sep 8 10:43:38 2022] GET /placement/resource_providers/f1324d7e-6bcf-42de-b72b-938c3c6f2d72/aggregates => generated 235 bytes in 18 msecs (HTTP/1.1 404) 5 headers in 202 bytes (1 switches on core 0)
Sep 08 10:43:38.748591 n-d-850499-12 devstack@placement-api.service[108111]: DEBUG placement.requestlog [None req-c6f4bdbe-437e-4a5f-8ee8-47047ed7e8d9 None None] Starting request: 10.222.0.64 "DELETE /placement/resource_providers/f1324d7e-6bcf-42de-b72b-938c3c6f2d72" {{(pid=108111) __call__ /opt/stack/placement/placement/requestlog.py:55}}
Sep 08 10:43:38.770349 n-d-850499-12 devstack@placement-api.service[108111]: DEBUG placement.wsgi_wrapper [None req-c6f4bdbe-437e-4a5f-8ee8-47047ed7e8d9 service placement] Placement API returning an error response: No resource provider with uuid f1324d7e-6bcf-42de-b72b-938c3c6f2d72 found for delete {{(pid=108111) call_func /opt/stack/placement/placement/wsgi_wrapper.py:31}}
Sep 08 10:43:38.771761 n-d-850499-12 devstack@placement-api.service[108111]: INFO placement.requestlog [None req-c6f4bdbe-437e-4a5f-8ee8-47047ed7e8d9 service placement] 10.222.0.64 "DELETE /placement/resource_providers/f1324d7e-6bcf-42de-b72b-938c3c6f2d72" status: 404 len: 246 microversion: 1.1
Sep 08 10:43:38.773077 n-d-850499-12 devstack@placement-api.service[108111]: [pid: 108111|app: 0|req: 571/1139] 10.222.0.64 () {60 vars in 1351 bytes} [Thu Sep 8 10:43:38 2022] DELETE /placement/resource_providers/f1324d7e-6bcf-42de-b72b-938c3c6f2d72 => generated 246 bytes in 25 msecs (HTTP/1.1 404) 6 headers in 231 bytes (1 switches on core 0)
Sep 08 10:43:40.351775 n-d-850499-12 devstack@placement-api.service[108110]: DEBUG placement.requestlog [req-364f2ff4-4a99-42b7-989b-bbfdb5d3c527 req-3cf74a44-a774-47ca-b785-0ab24717d162 None None] Starting request: 10.222.0.67 "GET /placement/allocations/a7ec01e8-ae80-48c0-a355-90e5179d650c" {{(pid=108110) __call__ /opt/stack/placement/placement/requestlog.py:55}}
Sep 08 10:43:40.389608 n-d-850499-12 devstack@placement-api.service[108110]: INFO placement.requestlog [req-364f2ff4-4a99-42b7-989b-bbfdb5d3c527 req-3cf74a44-a774-47ca-b785-0ab24717d162 service placement] 10.222.0.67 "GET /placement/allocations/a7ec01e8-ae80-48c0-a355-90e5179d650c" status: 200 len: 259 microversion: 1.28
Sep 08 10:43:40.390169 n-d-850499-12 devstack@placement-api.service[108110]: [pid: 108110|app: 0|req: 569/1140] 10.222.0.67 () {60 vars in 1377 bytes} [Thu Sep 8 10:43:40 2022] GET /placement/allocations/a7ec01e8-ae80-48c0-a355-90e5179d650c => generated 259 bytes in 39 msecs (HTTP/1.1 200) 8 headers in 296 bytes (1 switches on core 0)
Sep 08 10:43:45.449512 n-d-850499-12 devstack@placement-api.service[108111]: DEBUG placement.requestlog [req-22ecaa91-3426-4f88-9d8f-328e0607661a req-6ffcac12-d450-45d4-91f7-f2b7a209adba None None] Starting request: 10.222.0.64 "GET /placement/allocation_candidates?limit=1000&resources=DISK_GB%3A1%2CMEMORY_MB%3A1024%2CVCPU%3A1&root_required=%21COMPUTE_STATUS_DISABLED" {{(pid=108111) __call__ /opt/stack/placement/placement/requestlog.py:55}}
Sep 08 10:43:45.560464 n-d-850499-12 devstack@placement-api.service[108111]: DEBUG placement.objects.research_context [req-22ecaa91-3426-4f88-9d8f-328e0607661a req-6ffcac12-d450-45d4-91f7-f2b7a209adba service placement] getting providers with 1 DISK_GB {{(pid=108111) __init__ /opt/stack/placement/placement/objects/research_context.py:136}}
Sep 08 10:43:45.571025 n-d-850499-12 devstack@placement-api.service[108111]: DEBUG placement.objects.research_context [req-22ecaa91-3426-4f88-9d8f-328e0607661a req-6ffcac12-d450-45d4-91f7-f2b7a209adba service placement] getting providers with 1024 MEMORY_MB {{(pid=108111) __init__ /opt/stack/placement/placement/objects/research_context.py:136}}
Sep 08 10:43:45.579581 n-d-850499-12 devstack@placement-api.service[108111]: DEBUG placement.objects.research_context [req-22ecaa91-3426-4f88-9d8f-328e0607661a req-6ffcac12-d450-45d4-91f7-f2b7a209adba service placement] getting providers with 1 VCPU {{(pid=108111) __init__ /opt/stack/placement/placement/objects/research_context.py:136}}
Sep 08 10:43:45.589269 n-d-850499-12 devstack@placement-api.service[108111]: DEBUG placement.objects.research_context [req-22ecaa91-3426-4f88-9d8f-328e0607661a req-6ffcac12-d450-45d4-91f7-f2b7a209adba service placement] found 2 providers with available 1 DISK_GB {{(pid=108111) get_provider_ids_matching /opt/stack/placement/placement/objects/research_context.py:563}}
Sep 08 10:43:45.589635 n-d-850499-12 devstack@placement-api.service[108111]: DEBUG placement.objects.research_context [req-22ecaa91-3426-4f88-9d8f-328e0607661a req-6ffcac12-d450-45d4-91f7-f2b7a209adba service placement] found 2 providers with available 1024 MEMORY_MB {{(pid=108111) get_provider_ids_matching /opt/stack/placement/placement/objects/research_context.py:563}}
Sep 08 10:43:45.590224 n-d-850499-12 devstack@placement-api.service[108111]: DEBUG placement.objects.research_context [req-22ecaa91-3426-4f88-9d8f-328e0607661a req-6ffcac12-d450-45d4-91f7-f2b7a209adba service placement] found 2 providers after filtering by previous result {{(pid=108111) get_provider_ids_matching /opt/stack/placement/placement/objects/research_context.py:594}}
Sep 08 10:43:45.590686 n-d-850499-12 devstack@placement-api.service[108111]: DEBUG placement.objects.research_context [req-22ecaa91-3426-4f88-9d8f-328e0607661a req-6ffcac12-d450-45d4-91f7-f2b7a209adba service placement] found 2 providers with available 1 VCPU {{(pid=108111) get_provider_ids_matching /opt/stack/placement/placement/objects/research_context.py:563}}
Sep 08 10:43:45.591127 n-d-850499-12 devstack@placement-api.service[108111]: DEBUG placement.objects.research_context [req-22ecaa91-3426-4f88-9d8f-328e0607661a req-6ffcac12-d450-45d4-91f7-f2b7a209adba service placement] found 2 providers after filtering by previous result {{(pid=108111) get_provider_ids_matching /opt/stack/placement/placement/objects/research_context.py:594}}
Sep 08 10:43:45.602970 n-d-850499-12 devstack@placement-api.service[108111]: DEBUG dbcounter [-] [108111] Writing DB stats placement:SELECT=90,placement:INSERT=6,placement:DELETE=2,placement:UPDATE=2 {{(pid=108111) stat_writer /usr/local/lib/python3.8/dist-packages/dbcounter.py:114}}
