Jul 20 12:19:53.687683 n-d-850499-1 devstack@keystone.service[80619]: ERROR keystone.server.flask.application
File "/usr/local/lib/python3.8/dist-packages/flask_restful/__init__.py", line 582, in dispatch_request
Jul 20 12:19:53.687683 n-d-850499-1 devstack@keystone.service[80619]: ERROR keystone.server.flask.application resp = meth(*args, **kwargs)
Jul 20 12:19:53.687683 n-d-850499-1 devstack@keystone.service[80619]: ERROR keystone.server.flask.application
File "/opt/stack/keystone/keystone/api/roles.py", line 50, in get
Jul 20 12:19:53.687683 n-d-850499-1 devstack@keystone.service[80619]: ERROR keystone.server.flask.application return self._get_role(role_id)
Jul 20 12:19:53.687683 n-d-850499-1 devstack@keystone.service[80619]: ERROR keystone.server.flask.application
File "/opt/stack/keystone/keystone/api/roles.py", line 70, in _get_role
Jul 20 12:19:53.687683 n-d-850499-1 devstack@keystone.service[80619]: ERROR keystone.server.flask.application ENFORCER.enforce_call(action='identity:get_role')
Jul 20 12:19:53.694579 n-d-850499-1 devstack@keystone.service[80619]: ERROR keystone.server.flask.application
File "/opt/stack/keystone/keystone/common/rbac_enforcer/enforcer.py", line 402, in enforce_call
Jul 20 12:19:53.694579 n-d-850499-1 devstack@keystone.service[80619]: ERROR keystone.server.flask.application policy_dict.update(cls._extract_member_target_data(
Jul 20 12:19:53.694579 n-d-850499-1 devstack@keystone.service[80619]: ERROR keystone.server.flask.application
File "/opt/stack/keystone/keystone/common/rbac_enforcer/enforcer.py", line 234, in _extract_member_target_data
Jul 20 12:19:53.694579 n-d-850499-1 devstack@keystone.service[80619]: ERROR keystone.server.flask.application member_name: func(flask.request.view_args[key])
Jul 20 12:19:53.694579 n-d-850499-1 devstack@keystone.service[80619]: ERROR keystone.server.flask.application
File "/opt/stack/keystone/keystone/common/manager.py", line 115, in wrapped
Jul 20 12:19:53.694579 n-d-850499-1 devstack@keystone.service[80619]: ERROR keystone.server.flask.application __ret_val = __f(*args, **kwargs)
Jul 20 12:19:53.694579 n-d-850499-1 devstack@keystone.service[80619]: ERROR keystone.server.flask.application
File "/usr/local/lib/python3.8/dist-packages/decorator.py", line 232, in fun
Jul 20 12:19:53.694579 n-d-850499-1 devstack@keystone.service[80619]: ERROR keystone.server.flask.application return caller(func, *(extras + args), **kw)
Jul 20 12:19:53.694579 n-d-850499-1 devstack@keystone.service[80619]: ERROR keystone.server.flask.application
File "/usr/local/lib/python3.8/dist-packages/dogpile/cache/region.py", line 1577, in get_or_create_for_user_func
Jul 20 12:19:53.694579 n-d-850499-1 devstack@keystone.service[80619]: ERROR keystone.server.flask.application return self.get_or_create(
Jul 20 12:19:53.694579 n-d-850499-1 devstack@keystone.service[80619]: ERROR keystone.server.flask.application
File "/usr/local/lib/python3.8/dist-packages/dogpile/cache/region.py", line 1042, in get_or_create
Jul 20 12:19:53.694579 n-d-850499-1 devstack@keystone.service[80619]: ERROR keystone.server.flask.application with Lock(
Jul 20 12:19:53.694579 n-d-850499-1 devstack@keystone.service[80619]: ERROR keystone.server.flask.application
File "/usr/local/lib/python3.8/dist-packages/dogpile/lock.py", line 185, in __enter__
Jul 20 12:19:53.694579 n-d-850499-1 devstack@keystone.service[80619]: ERROR keystone.server.flask.application return self._enter()
Jul 20 12:19:53.694579 n-d-850499-1 devstack@keystone.service[80619]: ERROR keystone.server.flask.application
File "/usr/local/lib/python3.8/dist-packages/dogpile/lock.py", line 94, in _enter
Jul 20 12:19:53.694579 n-d-850499-1 devstack@keystone.service[80619]: ERROR keystone.server.flask.application generated = self._enter_create(value, createdtime)
Jul 20 12:19:53.695425 n-d-850499-1 devstack@keystone.service[80619]: ERROR keystone.server.flask.application
File "/usr/local/lib/python3.8/dist-packages/dogpile/lock.py", line 178, in _enter_create
Jul 20 12:19:53.695425 n-d-850499-1 devstack@keystone.service[80619]: ERROR keystone.server.flask.application return self.creator()
Jul 20 12:19:53.695425 n-d-850499-1 devstack@keystone.service[80619]: ERROR keystone.server.flask.application
File "/usr/local/lib/python3.8/dist-packages/dogpile/cache/region.py", line 995, in gen_value
Jul 20 12:19:53.695425 n-d-850499-1 devstack@keystone.service[80619]: ERROR keystone.server.flask.application created_value = creator(
Jul 20 12:19:53.695425 n-d-850499-1 devstack@keystone.service[80619]: ERROR keystone.server.flask.application
File "/opt/stack/keystone/keystone/assignment/core.py", line 1276, in get_role
Jul 20 12:19:53.695425 n-d-850499-1 devstack@keystone.service[80619]: ERROR keystone.server.flask.application return self.driver.get_role(role_id)
Jul 20 12:19:53.695425 n-d-850499-1 devstack@keystone.service[80619]: ERROR keystone.server.flask.application
File "/opt/stack/keystone/keystone/assignment/role_backends/sql.py", line 70, in get_role
Jul 20 12:19:53.695425 n-d-850499-1 devstack@keystone.service[80619]: ERROR keystone.server.flask.application return self._get_role(session, role_id).to_dict()
Jul 20 12:19:53.695425 n-d-850499-1 devstack@keystone.service[80619]: ERROR keystone.server.flask.application
File "/opt/stack/keystone/keystone/assignment/role_backends/sql.py", line 65, in _get_role
Jul 20 12:19:53.695425 n-d-850499-1 devstack@keystone.service[80619]: ERROR keystone.server.flask.application raise exception.RoleNotFound(role_id=role_id)
Jul 20 12:19:53.695425 n-d-850499-1 devstack@keystone.service[80619]: ERROR keystone.server.flask.application keystone.exception.RoleNotFound: Could not find role: member.
Jul 20 12:19:53.695425 n-d-850499-1 devstack@keystone.service[80619]: ERROR keystone.server.flask.application
Jul 20 12:19:53.695425 n-d-850499-1 devstack@keystone.service[80619]: [pid: 80619|app: 0|req: 157/311] 10.222.0.64 () {56 vars in 1099 bytes} [Wed Jul 20 12:19:53 2022] GET /identity/v3/roles/member => generated 84 bytes in 217 msecs (HTTP/1.1 404) 5 headers in 183 bytes (1 switches on core 0)
Jul 20 12:19:53.698085 n-d-850499-1 devstack@keystone.service[80619]: DEBUG keystone.server.flask.request_processing.middleware.auth_context [None req-c6f2adf8-f306-4bf8-bda8-411580738540 None admin] Authenticating user token {{(pid=80619) process_request /usr/local/lib/python3.8/dist-packages/keystonemiddleware/auth_token/__init__.py:407}}
Jul 20 12:19:53.716052 n-d-850499-1 devstack@keystone.service[80619]: DEBUG dbcounter [-] [80619] Writing DB stats keystone:SELECT=100 {{(pid=80619) stat_writer /usr/local/lib/python3.8/dist-packages/dbcounter.py:114}}
Jul 20 12:19:53.783982 n-d-850499-1 devstack@keystone.service[80618]: DEBUG keystone.server.flask.request_processing.middleware.auth_context [None req-0416323c-717e-4b03-8b4b-cecf26a13539 None admin] Validating token access rules against request {{(pid=80618) validate_allowed_request /usr/local/lib/python3.8/dist-packages/keystonemiddleware/auth_token/__init__.py:545}}
Jul 20 12:19:53.813799 n-d-850499-1 devstack@keystone.service[80619]: DEBUG keystone.server.flask.request_processing.middleware.auth_context [None req-c6f2adf8-f306-4bf8-bda8-411580738540 None admin] Validating token access rules against request {{(pid=80619) validate_allowed_request /usr/local/lib/python3.8/dist-packages/keystonemiddleware/auth_token/__init__.py:545}}
Jul 20 12:19:53.834494 n-d-850499-1 devstack@keystone.service[80618]: DEBUG keystone.server.flask.request_processing.middleware.auth_context [None req-d49fa166-8453-485a-9a61-4bf1bc4d445f None admin] RBAC: auth_context: {'token': , 'domain_id': None, 'trust_id': None, 'trustor_id': None, 'trustee_id': None, 'domain_name': None, 'group_ids': [], 'user_id': '9439cc12435441c5a5b90b8b5a0aea39', 'user_domain_id': 'default', 'system_scope': 'all', 'project_id': None, 'project_domain_id': None, 'roles': ['admin', 'member', 'reader'], 'is_admin_project': True, 'service_user_id': None, 'service_user_domain_id': None, 'service_project_id': None, 'service_project_domain_id': None, 'service_roles': []} {{(pid=80618) fill_context /opt/stack/keystone/keystone/server/flask/request_processing/middleware/auth_context.py:478}}
Jul 20 12:19:53.835369 n-d-850499-1 devstack@keystone.service[80618]: DEBUG keystone.server.flask.request_processing.req_logging [None req-d49fa166-8453-485a-9a61-4bf1bc4d445f None admin] REQUEST_METHOD: `GET` {{(pid=80618) log_request_info /opt/stack/keystone/keystone/server/flask/request_processing/req_logging.py:27}}
Jul 20 12:19:53.835652 n-d-850499-1 devstack@keystone.service[80618]: DEBUG keystone.server.flask.request_processing.req_logging [None req-d49fa166-8453-485a-9a61-4bf1bc4d445f None admin] SCRIPT_NAME: `/identity` {{(pid=80618) log_request_info /opt/stack/keystone/keystone/server/flask/request_processing/req_logging.py:28}}
Jul 20 12:19:53.835978 n-d-850499-1 devstack@keystone.service[80618]: DEBUG keystone.server.flask.request_processing.req_logging [None req-d49fa166-8453-485a-9a61-4bf1bc4d445f None admin] PATH_INFO: `/v3/users/6433faec57534e3684d658f9fc05a0bb` {{(pid=80618) log_request_info /opt/stack/keystone/keystone/server/flask/request_processing/req_logging.py:29}}
Jul 20 12:19:53.837427 n-d-850499-1 devstack@keystone.service[80618]: DEBUG keystone.common.rbac_enforcer.enforcer [None req-d49fa166-8453-485a-9a61-4bf1bc4d445f None admin] RBAC: Authorizing `identity:get_user(user_id=6433faec57534e3684d658f9fc05a0bb)` {{(pid=80618) enforce_call /opt/stack/keystone/keystone/common/rbac_enforcer/enforcer.py:449}}
Jul 20 12:19:53.839142 n-d-850499-1 devstack@keystone.service[80618]: DEBUG keystone.common.rbac_enforcer.enforcer [None req-d49fa166-8453-485a-9a61-4bf1bc4d445f None admin] RBAC: Authorization granted {{(pid=80618) enforce_call /opt/stack/keystone/keystone/common/rbac_enforcer/enforcer.py:457}}
Jul 20 12:19:53.845654 n-d-850499-1 devstack@keystone.service[80618]: [pid: 80618|app: 0|req: 155/312] 10.222.0.64 () {56 vars in 1177 bytes} [Wed Jul 20 12:19:53 2022] GET /identity/v3/users/6433faec57534e3684d658f9fc05a0bb => generated 297 bytes in 215 msecs (HTTP/1.1 200) 5 headers in 177 bytes (1 switches on core 0)
Jul 20 12:19:53.846515 n-d-850499-1 devstack@keystone.service[80618]: DEBUG keystone.server.flask.request_processing.middleware.auth_context [None req-d49fa166-8453-485a-9a61-4bf1bc4d445f None admin] Authenticating user token {{(pid=80618) process_request /usr/local/lib/python3.8/dist-packages/keystonemiddleware/auth_token/__init__.py:407}}
Jul 20 12:19:53.859080 n-d-850499-1 devstack@keystone.service[80619]: DEBUG keystone.server.flask.request_processing.middleware.auth_context [None req-63520a03-662e-44c5-a3b4-7a790d3faa68 None admin] RBAC: auth_context: {'token': , 'domain_id': None, 'trust_id': None, 'trustor_id': None, 'trustee_id': None, 'domain_name': None, 'group_ids': [], 'user_id': '9439cc12435441c5a5b90b8b5a0aea39', 'user_domain_id': 'default', 'system_scope': 'all', 'project_id': None, 'project_domain_id': None, 'roles': ['admin', 'member', 'reader'], 'is_admin_project': True, 'service_user_id': None, 'service_user_domain_id': None, 'service_project_id': None, 'service_project_domain_id': None, 'service_roles': []} {{(pid=80619) fill_context /opt/stack/keystone/keystone/server/flask/request_processing/middleware/auth_context.py:478}}
Jul 20 12:19:53.860468 n-d-850499-1 devstack@keystone.service[80619]: DEBUG keystone.server.flask.request_processing.req_logging [None req-63520a03-662e-44c5-a3b4-7a790d3faa68 None admin] REQUEST_METHOD: `GET` {{(pid=80619) log_request_info /opt/stack/keystone/keystone/server/flask/request_processing/req_logging.py:27}}
Jul 20 12:19:53.860951 n-d-850499-1 devstack@keystone.service[80619]: DEBUG keystone.server.flask.request_processing.req_logging [None req-63520a03-662e-44c5-a3b4-7a790d3faa68 None admin] SCRIPT_NAME: `/identity` {{(pid=80619) log_request_info /opt/stack/keystone/keystone/server/flask/request_processing/req_logging.py:28}}
Jul 20 12:19:53.861721 n-d-850499-1 devstack@keystone.service[80619]: DEBUG keystone.server.flask.request_processing.req_logging [None req-63520a03-662e-44c5-a3b4-7a790d3faa68 None admin] PATH_INFO: `/v3/roles` {{(pid=80619) log_request_info /opt/stack/keystone/keystone/server/flask/request_processing/req_logging.py:29}}
Jul 20 12:19:53.863093 n-d-850499-1 devstack@keystone.service[80619]: DEBUG keystone.common.rbac_enforcer.enforcer [None req-63520a03-662e-44c5-a3b4-7a790d3faa68 None admin] RBAC: Adding query filter params (name=member) {{(pid=80619) _extract_filter_values /opt/stack/keystone/keystone/common/rbac_enforcer/enforcer.py:167}}
Jul 20 12:19:53.863601 n-d-850499-1 devstack@keystone.service[80619]: DEBUG keystone.common.rbac_enforcer.enforcer [None req-63520a03-662e-44c5-a3b4-7a790d3faa68 None admin] RBAC: Authorizing `identity:list_roles()` {{(pid=80619) enforce_call /opt/stack/keystone/keystone/common/rbac_enforcer/enforcer.py:449}}
Jul 20 12:19:53.867261 n-d-850499-1 devstack@keystone.service[80619]: DEBUG keystone.common.rbac_enforcer.enforcer [None req-63520a03-662e-44c5-a3b4-7a790d3faa68 None admin] RBAC: Authorization granted {{(pid=80619) enforce_call /opt/stack/keystone/keystone/common/rbac_enforcer/enforcer.py:457}}
Jul 20 12:19:53.875640 n-d-850499-1 devstack@keystone.service[80618]: DEBUG dbcounter [-] [80618] Writing DB stats keystone:SELECT=100 {{(pid=80618) stat_writer /usr/local/lib/python3.8/dist-packages/dbcounter.py:114}}
Jul 20 12:19:53.883745 n-d-850499-1 devstack@keystone.service[80619]: [pid: 80619|app: 0|req: 158/313] 10.222.0.64 () {56 vars in 1101 bytes} [Wed Jul 20 12:19:53 2022] GET /identity/v3/roles?name=member => generated 341 bytes in 181 msecs (HTTP/1.1 200) 5 headers in 177 bytes (2 switches on core 0)
Jul 20 12:19:53.887409 n-d-850499-1 devstack@keystone.service[80619]: DEBUG keystone.server.flask.request_processing.middleware.auth_context [None req-63520a03-662e-44c5-a3b4-7a790d3faa68 None admin] Authenticating user token {{(pid=80619) process_request /usr/local/lib/python3.8/dist-packages/keystonemiddleware/auth_token/__init__.py:407}}
Jul 20 12:19:53.971026 n-d-850499-1 devstack@keystone.service[80618]: DEBUG keystone.server.flask.request_processing.middleware.auth_context [None req-d49fa166-8453-485a-9a61-4bf1bc4d445f None admin] Validating token access rules against request {{(pid=80618) validate_allowed_request /usr/local/lib/python3.8/dist-packages/keystonemiddleware/auth_token/__init__.py:545}}
Jul 20 12:19:53.986531 n-d-850499-1 devstack@keystone.service[80619]: DEBUG dbcounter [-] [80619] Writing DB stats keystone:SELECT=100 {{(pid=80619) stat_writer /usr/local/lib/python3.8/dist-packages/dbcounter.py:114}}
Jul 20 12:19:54.016909 n-d-850499-1 devstack@keystone.service[80618]: DEBUG keystone.server.flask.request_processing.middleware.auth_context [None req-0049f284-728f-44ca-83c8-16c3ec4ac2fd None admin] RBAC: auth_context: {'token': , 'domain_id': None, 'trust_id': None, 'trustor_id': None, 'trustee_id': None, 'domain_name': None, 'group_ids': [], 'user_id': '9439cc12435441c5a5b90b8b5a0aea39', 'user_domain_id': 'default', 'system_scope': 'all', 'project_id': None, 'project_domain_id': None, 'roles': ['admin', 'member', 'reader'], 'is_admin_project': True, 'service_user_id': None, 'service_user_domain_id': None, 'service_project_id': None, 'service_project_domain_id': None, 'service_roles': []} {{(pid=80618) fill_context /opt/stack/keystone/keystone/server/flask/request_processing/middleware/auth_context.py:478}}
Jul 20 12:19:54.017563 n-d-850499-1 devstack@keystone.service[80618]: DEBUG keystone.server.flask.request_processing.req_logging [None req-0049f284-728f-44ca-83c8-16c3ec4ac2fd None admin] REQUEST_METHOD: `GET` {{(pid=80618) log_request_info /opt/stack/keystone/keystone/server/flask/request_processing/req_logging.py:27}}
Jul 20 12:19:54.017848 n-d-850499-1 devstack@keystone.service[80618]: DEBUG keystone.server.flask.request_processing.req_logging [None req-0049f284-728f-44ca-83c8-16c3ec4ac2fd None admin] SCRIPT_NAME: `/identity` {{(pid=80618) log_request_info /opt/stack/keystone/keystone/server/flask/request_processing/req_logging.py:28}}
Jul 20 12:19:54.018177 n-d-850499-1 devstack@keystone.service[80618]: DEBUG keystone.server.flask.request_processing.req_logging [None req-0049f284-728f-44ca-83c8-16c3ec4ac2fd None admin] PATH_INFO: `/v3/auth/tokens` {{(pid=80618) log_request_info /opt/stack/keystone/keystone/server/flask/request_processing/req_logging.py:29}}
Jul 20 12:19:54.019982 n-d-850499-1 devstack@keystone.service[80619]: DEBUG keystone.server.flask.request_processing.middleware.auth_context [None req-63520a03-662e-44c5-a3b4-7a790d3faa68 None admin] Validating token access rules against request {{(pid=80619) validate_allowed_request /usr/local/lib/python3.8/dist-packages/keystonemiddleware/auth_token/__init__.py:545}}
Jul 20 12:19:54.065599 n-d-850499-1 devstack@keystone.service[80619]: DEBUG keystone.server.flask.request_processing.middleware.auth_context [None req-4989a1ed-d623-47f5-9480-2d47da3f953a None admin] RBAC: auth_context: {'token': , 'domain_id': None, 'trust_id': None, 'trustor_id': None, 'trustee_id': None, 'domain_name': None, 'group_ids': [], 'user_id': '9439cc12435441c5a5b90b8b5a0aea39', 'user_domain_id': 'default', 'system_scope': 'all', 'project_id': None, 'project_domain_id': None, 'roles': ['admin', 'member', 'reader'], 'is_admin_project': True, 'service_user_id': None, 'service_user_domain_id': None, 'service_project_id': None, 'service_project_domain_id': None, 'service_roles': []} {{(pid=80619) fill_context /opt/stack/keystone/keystone/server/flask/request_processing/middleware/auth_context.py:478}}
Jul 20 12:19:54.066590 n-d-850499-1 devstack@keystone.service[80619]: DEBUG keystone.server.flask.request_processing.req_logging [None req-4989a1ed-d623-47f5-9480-2d47da3f953a None admin] REQUEST_METHOD: `GET` {{(pid=80619) log_request_info /opt/stack/keystone/keystone/server/flask/request_processing/req_logging.py:27}}
Jul 20 12:19:54.066873 n-d-850499-1 devstack@keystone.service[80619]: DEBUG keystone.server.flask.request_processing.req_logging [None req-4989a1ed-d623-47f5-9480-2d47da3f953a None admin] SCRIPT_NAME: `/identity` {{(pid=80619) log_request_info /opt/stack/keystone/keystone/server/flask/request_processing/req_logging.py:28}}
Jul 20 12:19:54.067149 n-d-850499-1 devstack@keystone.service[80619]: DEBUG keystone.server.flask.request_processing.req_logging [None req-4989a1ed-d623-47f5-9480-2d47da3f953a None admin] PATH_INFO: `/v3/users/3ff23cd959e648ab873e3254d463ed39` {{(pid=80619) log_request_info /opt/stack/keystone/keystone/server/flask/request_processing/req_logging.py:29}}
Jul 20 12:19:54.068589 n-d-850499-1 devstack@keystone.service[80619]: DEBUG keystone.common.rbac_enforcer.enforcer [None req-4989a1ed-d623-47f5-9480-2d47da3f953a None admin] RBAC: Authorizing `identity:get_user(user_id=3ff23cd959e648ab873e3254d463ed39)` {{(pid=80619) enforce_call /opt/stack/keystone/keystone/common/rbac_enforcer/enforcer.py:449}}
Jul 20 12:19:54.070356 n-d-850499-1 devstack@keystone.service[80619]: DEBUG keystone.common.rbac_enforcer.enforcer [None req-4989a1ed-d623-47f5-9480-2d47da3f953a None admin] RBAC: Authorization granted {{(pid=80619) enforce_call /opt/stack/keystone/keystone/common/rbac_enforcer/enforcer.py:457}}
Jul 20 12:19:54.076678 n-d-850499-1 devstack@keystone.service[80619]: [pid: 80619|app: 0|req: 159/314] 10.222.0.64 () {56 vars in 1177 bytes} [Wed Jul 20 12:19:53 2022] GET /identity/v3/users/3ff23cd959e648ab873e3254d463ed39 => generated 293 bytes in 185 msecs (HTTP/1.1 200) 5 headers in 177 bytes (1 switches on core 0)
Jul 20 12:19:54.079534 n-d-850499-1 devstack@keystone.service[80619]: DEBUG keystone.server.flask.request_processing.middleware.auth_context [None req-4989a1ed-d623-47f5-9480-2d47da3f953a None admin] Authenticating user token {{(pid=80619) process_request /usr/local/lib/python3.8/dist-packages/keystonemiddleware/auth_token/__init__.py:407}}
Jul 20 12:19:54.106111 n-d-850499-1 devstack@keystone.service[80618]: DEBUG keystone.common.rbac_enforcer.enforcer [None req-0049f284-728f-44ca-83c8-16c3ec4ac2fd None admin] RBAC: Authorizing `identity:validate_token()` {{(pid=80618) enforce_call /opt/stack/keystone/keystone/common/rbac_enforcer/enforcer.py:449}}
Jul 20 12:19:54.108047 n-d-850499-1 devstack@keystone.service[80618]: DEBUG keystone.common.rbac_enforcer.enforcer [None req-0049f284-728f-44ca-83c8-16c3ec4ac2fd None admin] RBAC: Authorization granted {{(pid=80618) enforce_call /opt/stack/keystone/keystone/common/rbac_enforcer/enforcer.py:457}}
Jul 20 12:19:54.138605 n-d-850499-1 devstack@keystone.service[80618]: DEBUG dbcounter [-] [80618] Writing DB stats keystone:SELECT=100 {{(pid=80618) stat_writer /usr/local/lib/python3.8/dist-packages/dbcounter.py:114}}
Jul 20 12:19:54.225382 n-d-850499-1 devstack@keystone.service[80619]: DEBUG keystone.server.flask.request_processing.middleware.auth_context [None req-4989a1ed-d623-47f5-9480-2d47da3f953a None admin] Validating token access rules against request {{(pid=80619) validate_allowed_request /usr/local/lib/python3.8/dist-packages/keystonemiddleware/auth_token/__init__.py:545}}
Jul 20 12:19:54.246370 n-d-850499-1 devstack@keystone.service[80618]: [pid: 80618|app: 0|req: 156/315] 10.222.0.64 () {58 vars in 1282 bytes} [Wed Jul 20 12:19:53 2022] GET /identity/v3/auth/tokens => generated 799 bytes in 400 msecs (HTTP/1.1 200) 6 headers in 358 bytes (1 switches on core 0)
Jul 20 12:19:54.252240 n-d-850499-1 devstack@keystone.service[80618]: DEBUG keystone.server.flask.request_processing.middleware.auth_context [None req-0049f284-728f-44ca-83c8-16c3ec4ac2fd None admin] Authenticating user token {{(pid=80618) process_request /usr/local/lib/python3.8/dist-packages/keystonemiddleware/auth_token/__init__.py:407}}
Jul 20 12:19:54.286528 n-d-850499-1 devstack@keystone.service[80619]: DEBUG keystone.server.flask.request_processing.middleware.auth_context [None req-3e1a0a8c-f08a-49f9-96a8-3f6ae4435f55 None admin] RBAC: auth_context: {'token': , 'domain_id': None, 'trust_id': None, 'trustor_id': None, 'trustee_id': None, 'domain_name': None, 'group_ids': [], 'user_id': '9439cc12435441c5a5b90b8b5a0aea39', 'user_domain_id': 'default', 'system_scope': 'all', 'project_id': None, 'project_domain_id': None, 'roles': ['admin', 'member', 'reader'], 'is_admin_project': True, 'service_user_id': None, 'service_user_domain_id': None, 'service_project_id': None, 'service_project_domain_id': None, 'service_roles': []} {{(pid=80619) fill_context /opt/stack/keystone/keystone/server/flask/request_processing/middleware/auth_context.py:478}}
Jul 20 12:19:54.287493 n-d-850499-1 devstack@keystone.service[80619]: DEBUG keystone.server.flask.request_processing.req_logging [None req-3e1a0a8c-f08a-49f9-96a8-3f6ae4435f55 None admin] REQUEST_METHOD: `PUT` {{(pid=80619) log_request_info /opt/stack/keystone/keystone/server/flask/request_processing/req_logging.py:27}}
Jul 20 12:19:54.287853 n-d-850499-1 devstack@keystone.service[80619]: DEBUG keystone.server.flask.request_processing.req_logging [None req-3e1a0a8c-f08a-49f9-96a8-3f6ae4435f55 None admin] SCRIPT_NAME: `/identity` {{(pid=80619) log_request_info /opt/stack/keystone/keystone/server/flask/request_processing/req_logging.py:28}}
Jul 20 12:19:54.288492 n-d-850499-1 devstack@keystone.service[80619]: DEBUG keystone.server.flask.request_processing.req_logging [None req-3e1a0a8c-f08a-49f9-96a8-3f6ae4435f55 None admin] PATH_INFO: `/v3/system/users/3ff23cd959e648ab873e3254d463ed39/roles/dc6ad096966e488db0009c09a1fcffaf` {{(pid=80619) log_request_info /opt/stack/keystone/keystone/server/flask/request_processing/req_logging.py:29}}
Jul 20 12:19:54.291129 n-d-850499-1 devstack@keystone.service[80619]: DEBUG keystone.common.rbac_enforcer.enforcer [None req-3e1a0a8c-f08a-49f9-96a8-3f6ae4435f55 None admin] RBAC: Authorizing `identity:create_system_grant_for_user(user_id=3ff23cd959e648ab873e3254d463ed39, role_id=dc6ad096966e488db0009c09a1fcffaf)` {{(pid=80619) enforce_call /opt/stack/keystone/keystone/common/rbac_enforcer/enforcer.py:449}}
Jul 20 12:19:54.292625 n-d-850499-1 devstack@keystone.service[80619]: DEBUG keystone.common.rbac_enforcer.enforcer [None req-3e1a0a8c-f08a-49f9-96a8-3f6ae4435f55 None admin] RBAC: Authorization granted {{(pid=80619) enforce_call /opt/stack/keystone/keystone/common/rbac_enforcer/enforcer.py:457}}
Jul 20 12:19:54.306016 n-d-850499-1 devstack@keystone.service[80619]: [pid: 80619|app: 0|req: 160/316] 10.222.0.64 () {58 vars in 1334 bytes} [Wed Jul 20 12:19:54 2022] PUT /identity/v3/system/users/3ff23cd959e648ab873e3254d463ed39/roles/dc6ad096966e488db0009c09a1fcffaf => generated 0 bytes in 227 msecs (HTTP/1.1 204) 3 headers in 132 bytes (0 switches on core 0)
Jul 20 12:19:54.383650 n-d-850499-1 devstack@keystone.service[80618]: DEBUG keystone.server.flask.request_processing.middleware.auth_context [None req-0049f284-728f-44ca-83c8-16c3ec4ac2fd None admin] Validating token access rules against request {{(pid=80618) validate_allowed_request /usr/local/lib/python3.8/dist-packages/keystonemiddleware/auth_token/__init__.py:545}}
Jul 20 12:19:54.413358 n-d-850499-1 devstack@keystone.service[80618]: DEBUG dbcounter [-] [80618] Writing DB stats keystone:SELECT=100 {{(pid=80618) stat_writer /usr/local/lib/python3.8/dist-packages/dbcounter.py:114}}
Jul 20 12:19:54.426459 n-d-850499-1 devstack@keystone.service[80618]: DEBUG keystone.server.flask.request_processing.middleware.auth_context [None req-4780567a-141b-4709-a0ea-c0f339846124 None admin] RBAC: auth_context: {'token': , 'domain_id': None, 'trust_id': None, 'trustor_id': None, 'trustee_id': None, 'domain_name': None, 'group_ids': [], 'user_id': '9439cc12435441c5a5b90b8b5a0aea39', 'user_domain_id': 'default', 'system_scope': 'all', 'project_id': None, 'project_domain_id': None, 'roles': ['admin', 'member', 'reader'], 'is_admin_project': True, 'service_user_id': None, 'service_user_domain_id': None, 'service_project_id': None, 'service_project_domain_id': None, 'service_roles': []} {{(pid=80618) fill_context /opt/stack/keystone/keystone/server/flask/request_processing/middleware/auth_context.py:478}}
Jul 20 12:19:54.428288 n-d-850499-1 devstack@keystone.service[80618]: DEBUG keystone.server.flask.request_processing.req_logging [None req-4780567a-141b-4709-a0ea-c0f339846124 None admin] REQUEST_METHOD: `GET` {{(pid=80618) log_request_info /opt/stack/keystone/keystone/server/flask/request_processing/req_logging.py:27}}
Jul 20 12:19:54.428596 n-d-850499-1 devstack@keystone.service[80618]: DEBUG keystone.server.flask.request_processing.req_logging [None req-4780567a-141b-4709-a0ea-c0f339846124 None admin] SCRIPT_NAME: `/identity` {{(pid=80618) log_request_info /opt/stack/keystone/keystone/server/flask/request_processing/req_logging.py:28}}
Jul 20 12:19:54.428927 n-d-850499-1 devstack@keystone.service[80618]: DEBUG keystone.server.flask.request_processing.req_logging [None req-4780567a-141b-4709-a0ea-c0f339846124 None admin] PATH_INFO: `/v3/projects/a6ab448e5a3a4e3bac35eb178b40873b` {{(pid=80618) log_request_info /opt/stack/keystone/keystone/server/flask/request_processing/req_logging.py:29}}
Jul 20 12:19:54.430232 n-d-850499-1 devstack@keystone.service[80618]: DEBUG keystone.common.rbac_enforcer.enforcer [None req-4780567a-141b-4709-a0ea-c0f339846124 None admin] RBAC: Authorizing `identity:get_project(project_id=a6ab448e5a3a4e3bac35eb178b40873b)` {{(pid=80618) enforce_call /opt/stack/keystone/keystone/common/rbac_enforcer/enforcer.py:449}}
Jul 20 12:19:54.431737 n-d-850499-1 devstack@keystone.service[80618]: DEBUG keystone.common.rbac_enforcer.enforcer [None req-4780567a-141b-4709-a0ea-c0f339846124 None admin] RBAC: Authorization granted {{(pid=80618) enforce_call /opt/stack/keystone/keystone/common/rbac_enforcer/enforcer.py:457}}
Jul 20 12:19:54.433836 n-d-850499-1 devstack@keystone.service[80618]: [pid: 80618|app: 0|req: 157/317] 10.222.0.64 () {56 vars in 1186 bytes} [Wed Jul 20 12:19:54 2022] GET /identity/v3/projects/a6ab448e5a3a4e3bac35eb178b40873b => generated 302 bytes in 182 msecs (HTTP/1.1 200) 5 headers in 177 bytes (2 switches on core 0)
Jul 20 12:19:54.444463 n-d-850499-1 devstack@keystone.service[80619]: DEBUG keystone.server.flask.request_processing.middleware.auth_context [None req-3e1a0a8c-f08a-49f9-96a8-3f6ae4435f55 None admin] Authenticating user token {{(pid=80619) process_request /usr/local/lib/python3.8/dist-packages/keystonemiddleware/auth_token/__init__.py:407}}
Jul 20 12:19:54.456417 n-d-850499-1 devstack@keystone.service[80619]: DEBUG dbcounter [-] [80619] Writing DB stats keystone:SELECT=99,keystone:INSERT=1 {{(pid=80619) stat_writer /usr/local/lib/python3.8/dist-packages/dbcounter.py:114}}
Jul 20 12:19:54.562609 n-d-850499-1 devstack@keystone.service[80619]: DEBUG keystone.server.flask.request_processing.middleware.auth_context [None req-3e1a0a8c-f08a-49f9-96a8-3f6ae4435f55 None admin] Validating token access rules against request {{(pid=80619) validate_allowed_request /usr/local/lib/python3.8/dist-packages/keystonemiddleware/auth_token/__init__.py:545}}
Jul 20 12:19:54.598349 n-d-850499-1 devstack@keystone.service[80619]: DEBUG keystone.server.flask.request_processing.middleware.auth_context [None req-6c7ba419-dba5-402a-ba09-bdcd61791651 None admin] RBAC: auth_context: {'token': , 'domain_id': None, 'trust_id': None, 'trustor_id': None, 'trustee_id': None, 'domain_name': None, 'group_ids': [], 'user_id': '9439cc12435441c5a5b90b8b5a0aea39', 'user_domain_id': 'default', 'system_scope': 'all', 'project_id': None, 'project_domain_id': None, 'roles': ['admin', 'member', 'reader'], 'is_admin_project': True, 'service_user_id': None, 'service_user_domain_id': None, 'service_project_id': None, 'service_project_domain_id': None, 'service_roles': []} {{(pid=80619) fill_context /opt/stack/keystone/keystone/server/flask/request_processing/middleware/auth_context.py:478}}
Jul 20 12:19:54.599557 n-d-850499-1 devstack@keystone.service[80619]: DEBUG keystone.server.flask.request_processing.req_logging [None req-6c7ba419-dba5-402a-ba09-bdcd61791651 None admin] REQUEST_METHOD: `GET` {{(pid=80619) log_request_info /opt/stack/keystone/keystone/server/flask/request_processing/req_logging.py:27}}
Jul 20 12:19:54.599557 n-d-850499-1 devstack@keystone.service[80619]: DEBUG keystone.server.flask.request_processing.req_logging [None req-6c7ba419-dba5-402a-ba09-bdcd61791651 None admin] SCRIPT_NAME: `/identity` {{(pid=80619) log_request_info /opt/stack/keystone/keystone/server/flask/request_processing/req_logging.py:28}}
Jul 20 12:19:54.600256 n-d-850499-1 devstack@keystone.service[80619]: DEBUG keystone.server.flask.request_processing.req_logging [None req-6c7ba419-dba5-402a-ba09-bdcd61791651 None admin] PATH_INFO: `/v3/role_assignments` {{(pid=80619) log_request_info /opt/stack/keystone/keystone/server/flask/request_processing/req_logging.py:29}}
Jul 20 12:19:54.600907 n-d-850499-1 devstack@keystone.service[80619]: DEBUG keystone.common.rbac_enforcer.enforcer [None req-6c7ba419-dba5-402a-ba09-bdcd61791651 None admin] RBAC: Adding query filter params (role.id=c0e808e7c8fb46c1958afdfdce6a08cf, scope.project.id=a6ab448e5a3a4e3bac35eb178b40873b, user.id=6433faec57534e3684d658f9fc05a0bb) {{(pid=80619) _extract_filter_values /opt/stack/keystone/keystone/common/rbac_enforcer/enforcer.py:167}}
Jul 20 12:19:54.601230 n-d-850499-1 devstack@keystone.service[80619]: DEBUG keystone.common.rbac_enforcer.enforcer [None req-6c7ba419-dba5-402a-ba09-bdcd61791651 None admin] RBAC: Authorizing `identity:list_role_assignments()` {{(pid=80619) enforce_call /opt/stack/keystone/keystone/common/rbac_enforcer/enforcer.py:449}}
Jul 20 12:19:54.602723 n-d-850499-1 devstack@keystone.service[80619]: DEBUG keystone.common.rbac_enforcer.enforcer [None req-6c7ba419-dba5-402a-ba09-bdcd61791651 None admin] RBAC: Authorization granted {{(pid=80619) enforce_call /opt/stack/keystone/keystone/common/rbac_enforcer/enforcer.py:457}}
Jul 20 12:19:54.609334 n-d-850499-1 devstack@keystone.service[80619]: [pid: 80619|app: 0|req: 161/318] 10.222.0.64 () {56 vars in 1374 bytes} [Wed Jul 20 12:19:54 2022] GET /identity/v3/role_assignments?user.id=6433faec57534e3684d658f9fc05a0bb&scope.project.id=a6ab448e5a3a4e3bac35eb178b40873b&role.id=c0e808e7c8fb46c1958afdfdce6a08cf => generated 608 bytes in 166 msecs (HTTP/1.1 200) 5 headers in 177 bytes (1 switches on core 0)
Jul 20 12:19:55.290961 n-d-850499-1 devstack@keystone.service[80618]: DEBUG keystone.server.flask.request_processing.req_logging [None req-8371402b-e27a-4f95-b6ca-c3edb9e0ac65 None None] REQUEST_METHOD: `GET` {{(pid=80618) log_request_info /opt/stack/keystone/keystone/server/flask/request_processing/req_logging.py:27}}
Jul 20 12:19:55.291529 n-d-850499-1 devstack@keystone.service[80618]: DEBUG keystone.server.flask.request_processing.req_logging [None req-8371402b-e27a-4f95-b6ca-c3edb9e0ac65 None None] SCRIPT_NAME: `/identity` {{(pid=80618) log_request_info /opt/stack/keystone/keystone/server/flask/request_processing/req_logging.py:28}}
Jul 20 12:19:55.291611 n-d-850499-1 devstack@keystone.service[80618]: DEBUG keystone.server.flask.request_processing.req_logging [None req-8371402b-e27a-4f95-b6ca-c3edb9e0ac65 None None] PATH_INFO: `/` {{(pid=80618) log_request_info /opt/stack/keystone/keystone/server/flask/request_processing/req_logging.py:29}}
Jul 20 12:19:55.293119 n-d-850499-1 devstack@keystone.service[80618]: [pid: 80618|app: 0|req: 158/319] 10.222.0.64 () {54 vars in 926 bytes} [Wed Jul 20 12:19:55 2022] GET /identity => generated 270 bytes in 3 msecs (HTTP/1.1 300) 6 headers in 234 bytes (1 switches on core 0)
Jul 20 12:19:55.298288 n-d-850499-1 devstack@keystone.service[80619]: DEBUG keystone.server.flask.request_processing.req_logging [None req-3eb9c2b3-141d-4977-8c20-4b03cda6292e None None] REQUEST_METHOD: `POST` {{(pid=80619) log_request_info /opt/stack/keystone/keystone/server/flask/request_processing/req_logging.py:27}}
Jul 20 12:19:55.298679 n-d-850499-1 devstack@keystone.service[80619]: DEBUG keystone.server.flask.request_processing.req_logging [None req-3eb9c2b3-141d-4977-8c20-4b03cda6292e None None] SCRIPT_NAME: `/identity` {{(pid=80619) log_request_info /opt/stack/keystone/keystone/server/flask/request_processing/req_logging.py:28}}
Jul 20 12:19:55.298837 n-d-850499-1 devstack@keystone.service[80619]: DEBUG keystone.server.flask.request_processing.req_logging [None req-3eb9c2b3-141d-4977-8c20-4b03cda6292e None None] PATH_INFO: `/v3/auth/tokens` {{(pid=80619) log_request_info /opt/stack/keystone/keystone/server/flask/request_processing/req_logging.py:29}}
Jul 20 12:19:55.312778 n-d-850499-1 devstack@keystone.service[80618]: DEBUG keystone.server.flask.request_processing.req_logging [None req-11136e5d-21bb-43db-9c55-7bf0b8ef5f1f None None] REQUEST_METHOD: `GET` {{(pid=80618) log_request_info /opt/stack/keystone/keystone/server/flask/request_processing/req_logging.py:27}}
Jul 20 12:19:55.312778 n-d-850499-1 devstack@keystone.service[80618]: DEBUG keystone.server.flask.request_processing.req_logging [None req-11136e5d-21bb-43db-9c55-7bf0b8ef5f1f None None] SCRIPT_NAME: `/identity` {{(pid=80618) log_request_info /opt/stack/keystone/keystone/server/flask/request_processing/req_logging.py:28}}
Jul 20 12:19:55.312778 n-d-850499-1 devstack@keystone.service[80618]: DEBUG keystone.server.flask.request_processing.req_logging [None req-11136e5d-21bb-43db-9c55-7bf0b8ef5f1f None None] PATH_INFO: `/` {{(pid=80618) log_request_info /opt/stack/keystone/keystone/server/flask/request_processing/req_logging.py:29}}
Jul 20 12:19:55.313930 n-d-850499-1 devstack@keystone.service[80618]: [pid: 80618|app: 0|req: 159/320] 10.222.0.64 () {54 vars in 926 bytes} [Wed Jul 20 12:19:55 2022] GET /identity => generated 270 bytes in 3 msecs (HTTP/1.1 300) 6 headers in 234 bytes (1 switches on core 0)
Jul 20 12:19:55.319685 n-d-850499-1 devstack@keystone.service[80619]: DEBUG keystone.auth.core [None req-3eb9c2b3-141d-4977-8c20-4b03cda6292e None None] MFA Rules not processed for user `9439cc12435441c5a5b90b8b5a0aea39`. Rule list: `[]` (Enabled: `True`). {{(pid=80619) check_auth_methods_against_rules /opt/stack/keystone/keystone/auth/core.py:438}}
Jul 20 12:19:55.321044 n-d-850499-1 devstack@keystone.service[80619]: DEBUG keystone.common.fernet_utils [None req-3eb9c2b3-141d-4977-8c20-4b03cda6292e None None] Loaded 2 Fernet keys from /etc/keystone/fernet-keys/, but `[fernet_tokens] max_active_keys = 3`; perhaps there have not been enough key rotations to reach `max_active_keys` yet? {{(pid=80619) load_keys /opt/stack/keystone/keystone/common/fernet_utils.py:286}}
Jul 20 12:19:55.324584 n-d-850499-1 devstack@keystone.service[80618]: DEBUG keystone.server.flask.request_processing.req_logging [None req-04a3a71c-f72e-47b5-80dc-b4274e9298e2 None None] REQUEST_METHOD: `POST` {{(pid=80618) log_request_info /opt/stack/keystone/keystone/server/flask/request_processing/req_logging.py:27}}
Jul 20 12:19:55.325024 n-d-850499-1 devstack@keystone.service[80618]: DEBUG keystone.server.flask.request_processing.req_logging [None req-04a3a71c-f72e-47b5-80dc-b4274e9298e2 None None] SCRIPT_NAME: `/identity` {{(pid=80618) log_request_info /opt/stack/keystone/keystone/server/flask/request_processing/req_logging.py:28}}
Jul 20 12:19:55.325484 n-d-850499-1 devstack@keystone.service[80618]: DEBUG keystone.server.flask.request_processing.req_logging [None req-04a3a71c-f72e-47b5-80dc-b4274e9298e2 None None] PATH_INFO: `/v3/auth/tokens` {{(pid=80618) log_request_info /opt/stack/keystone/keystone/server/flask/request_processing/req_logging.py:29}}
Jul 20 12:19:55.350701 n-d-850499-1 devstack@keystone.service[80618]: DEBUG keystone.auth.core [None req-04a3a71c-f72e-47b5-80dc-b4274e9298e2 None None] MFA Rules not processed for user `9439cc12435441c5a5b90b8b5a0aea39`. Rule list: `[]` (Enabled: `True`). {{(pid=80618) check_auth_methods_against_rules /opt/stack/keystone/keystone/auth/core.py:438}}
Jul 20 12:19:55.352357 n-d-850499-1 devstack@keystone.service[80618]: DEBUG keystone.common.fernet_utils [None req-04a3a71c-f72e-47b5-80dc-b4274e9298e2 None None] Loaded 2 Fernet keys from /etc/keystone/fernet-keys/, but `[fernet_tokens] max_active_keys = 3`; perhaps there have not been enough key rotations to reach `max_active_keys` yet? {{(pid=80618) load_keys /opt/stack/keystone/keystone/common/fernet_utils.py:286}}
Jul 20 12:19:55.421344 n-d-850499-1 devstack@keystone.service[80619]: DEBUG dbcounter [-] [80619] Writing DB stats keystone:SELECT=100 {{(pid=80619) stat_writer /usr/local/lib/python3.8/dist-packages/dbcounter.py:114}}
Jul 20 12:19:55.429836 n-d-850499-1 devstack@keystone.service[80619]: [pid: 80619|app: 0|req: 162/321] 10.222.0.64 () {58 vars in 1023 bytes} [Wed Jul 20 12:19:55 2022] POST /identity/v3/auth/tokens => generated 799 bytes in 132 msecs (HTTP/1.1 201) 6 headers in 363 bytes (1 switches on core 0)
Jul 20 12:19:55.453204 n-d-850499-1 devstack@keystone.service[80619]: DEBUG keystone.server.flask.request_processing.middleware.auth_context [None req-3eb9c2b3-141d-4977-8c20-4b03cda6292e None None] Authenticating user token {{(pid=80619) process_request /usr/local/lib/python3.8/dist-packages/keystonemiddleware/auth_token/__init__.py:407}}
Jul 20 12:19:55.453538 n-d-850499-1 devstack@keystone.service[80618]: [pid: 80618|app: 0|req: 160/322] 10.222.0.64 () {58 vars in 1023 bytes} [Wed Jul 20 12:19:55 2022] POST /identity/v3/auth/tokens => generated 799 bytes in 131 msecs (HTTP/1.1 201) 6 headers in 363 bytes (1 switches on core 0)
Jul 20 12:19:55.477142 n-d-850499-1 devstack@keystone.service[80618]: DEBUG keystone.server.flask.request_processing.middleware.auth_context [None req-04a3a71c-f72e-47b5-80dc-b4274e9298e2 None None] Authenticating user token {{(pid=80618) process_request /usr/local/lib/python3.8/dist-packages/keystonemiddleware/auth_token/__init__.py:407}}
Jul 20 12:19:55.572446 n-d-850499-1 devstack@keystone.service[80619]: DEBUG keystone.server.flask.request_processing.middleware.auth_context [None req-3eb9c2b3-141d-4977-8c20-4b03cda6292e None None] Validating token access rules against request {{(pid=80619) validate_allowed_request /usr/local/lib/python3.8/dist-packages/keystonemiddleware/auth_token/__init__.py:545}}
Jul 20 12:19:55.590551 n-d-850499-1 devstack@keystone.service[80618]: DEBUG keystone.server.flask.request_processing.middleware.auth_context [None req-04a3a71c-f72e-47b5-80dc-b4274e9298e2 None None] Validating token access rules against request {{(pid=80618) validate_allowed_request /usr/local/lib/python3.8/dist-packages/keystonemiddleware/auth_token/__init__.py:545}}
Jul 20 12:19:55.609907 n-d-850499-1 devstack@keystone.service[80619]: DEBUG keystone.server.flask.request_processing.middleware.auth_context [None req-991e0529-6adf-4ec4-b5a5-554c815e110d None admin] RBAC: auth_context: {'token': , 'domain_id': None, 'trust_id': None, 'trustor_id': None, 'trustee_id': None, 'domain_name': None, 'group_ids': [], 'user_id': '9439cc12435441c5a5b90b8b5a0aea39', 'user_domain_id': 'default', 'system_scope': 'all', 'project_id': None, 'project_domain_id': None, 'roles': ['admin', 'member', 'reader'], 'is_admin_project': True, 'service_user_id': None, 'service_user_domain_id': None, 'service_project_id': None, 'service_project_domain_id': None, 'service_roles': []} {{(pid=80619) fill_context /opt/stack/keystone/keystone/server/flask/request_processing/middleware/auth_context.py:478}}
Jul 20 12:19:55.610755 n-d-850499-1 devstack@keystone.service[80619]: DEBUG keystone.server.flask.request_processing.req_logging [None req-991e0529-6adf-4ec4-b5a5-554c815e110d None admin] REQUEST_METHOD: `GET` {{(pid=80619) log_request_info /opt/stack/keystone/keystone/server/flask/request_processing/req_logging.py:27}}
Jul 20 12:19:55.611042 n-d-850499-1 devstack@keystone.service[80619]: DEBUG keystone.server.flask.request_processing.req_logging [None req-991e0529-6adf-4ec4-b5a5-554c815e110d None admin] SCRIPT_NAME: `/identity` {{(pid=80619) log_request_info /opt/stack/keystone/keystone/server/flask/request_processing/req_logging.py:28}}
Jul 20 12:19:55.611330 n-d-850499-1 devstack@keystone.service[80619]: DEBUG keystone.server.flask.request_processing.req_logging [None req-991e0529-6adf-4ec4-b5a5-554c815e110d None admin] PATH_INFO: `/v3/roles/reader` {{(pid=80619) log_request_info /opt/stack/keystone/keystone/server/flask/request_processing/req_logging.py:29}}
Jul 20 12:19:55.614147 n-d-850499-1 devstack@keystone.service[80618]: DEBUG dbcounter [-] [80618] Writing DB stats keystone:SELECT=100 {{(pid=80618) stat_writer /usr/local/lib/python3.8/dist-packages/dbcounter.py:114}}
Jul 20 12:19:55.625642 n-d-850499-1 devstack@keystone.service[80619]: DEBUG keystone.common.rbac_enforcer.enforcer [None req-991e0529-6adf-4ec4-b5a5-554c815e110d None admin] Extracting inferred target data resulted in "NOT FOUND (404)". {{(pid=80619) enforce_call /opt/stack/keystone/keystone/common/rbac_enforcer/enforcer.py:409}}
Jul 20 12:19:55.631480 n-d-850499-1 devstack@keystone.service[80618]: DEBUG keystone.server.flask.request_processing.middleware.auth_context [None req-0c90034d-5c3d-4793-a7d8-5751c2efc91d None admin] RBAC: auth_context: {'token': , 'domain_id': None, 'trust_id': None, 'trustor_id': None, 'trustee_id': None, 'domain_name': None, 'group_ids': [], 'user_id': '9439cc12435441c5a5b90b8b5a0aea39', 'user_domain_id': 'default', 'system_scope': 'all', 'project_id': None, 'project_domain_id': None, 'roles': ['admin', 'member', 'reader'], 'is_admin_project': True, 'service_user_id': None, 'service_user_domain_id': None, 'service_project_id': None, 'service_project_domain_id': None, 'service_roles': []} {{(pid=80618) fill_context /opt/stack/keystone/keystone/server/flask/request_processing/middleware/auth_context.py:478}}
Jul 20 12:19:55.632542 n-d-850499-1 devstack@keystone.service[80618]: DEBUG keystone.server.flask.request_processing.req_logging [None req-0c90034d-5c3d-4793-a7d8-5751c2efc91d None admin] REQUEST_METHOD: `GET` {{(pid=80618) log_request_info /opt/stack/keystone/keystone/server/flask/request_processing/req_logging.py:27}}
Jul 20 12:19:55.633020 n-d-850499-1 devstack@keystone.service[80618]: DEBUG keystone.server.flask.request_processing.req_logging [None req-0c90034d-5c3d-4793-a7d8-5751c2efc91d None admin] SCRIPT_NAME: `/identity` {{(pid=80618) log_request_info /opt/stack/keystone/keystone/server/flask/request_processing/req_logging.py:28}}
Jul 20 12:19:55.633515 n-d-850499-1 devstack@keystone.service[80618]: DEBUG keystone.server.flask.request_processing.req_logging [None req-0c90034d-5c3d-4793-a7d8-5751c2efc91d None admin] PATH_INFO: `/v3/domains/default` {{(pid=80618) log_request_info /opt/stack/keystone/keystone/server/flask/request_processing/req_logging.py:29}}
Jul 20 12:19:55.634054 n-d-850499-1 devstack@keystone.service[80619]: ERROR keystone.server.flask.application [None req-991e0529-6adf-4ec4-b5a5-554c815e110d None admin] Could not find role: reader.: keystone.exception.RoleNotFound: Could not find role: reader.
Jul 20 12:19:55.634054 n-d-850499-1 devstack@keystone.service[80619]: ERROR keystone.server.flask.application
Traceback (most recent call last):
Jul 20 12:19:55.634054 n-d-850499-1 devstack@keystone.service[80619]: ERROR keystone.server.flask.application
File "/usr/local/lib/python3.8/dist-packages/flask/app.py", line 1523, in full_dispatch_request
Jul 20 12:19:55.634054 n-d-850499-1 devstack@keystone.service[80619]: ERROR keystone.server.flask.application rv = self.dispatch_request()
Jul 20 12:19:55.634054 n-d-850499-1 devstack@keystone.service[80619]: ERROR keystone.server.flask.application
File "/usr/local/lib/python3.8/dist-packages/flask/app.py", line 1509, in dispatch_request
Jul 20 12:19:55.634054 n-d-850499-1 devstack@keystone.service[80619]: ERROR keystone.server.flask.application return self.ensure_sync(self.view_functions[rule.endpoint])(**req.view_args)
Jul 20 12:19:55.634054 n-d-850499-1 devstack@keystone.service[80619]: ERROR keystone.server.flask.application
File "/usr/local/lib/python3.8/dist-packages/flask_restful/__init__.py", line 467, in wrapper
Jul 20 12:19:55.634054 n-d-850499-1 devstack@keystone.service[80619]: ERROR keystone.server.flask.application resp = resource(*args, **kwargs)
Jul 20 12:19:55.634054 n-d-850499-1 devstack@keystone.service[80619]: ERROR keystone.server.flask.application
File "/usr/local/lib/python3.8/dist-packages/flask/views.py", line 84, in view
Jul 20 12:19:55.634054 n-d-850499-1 devstack@keystone.service[80619]: ERROR keystone.server.flask.application return current_app.ensure_sync(self.dispatch_request)(*args, **kwargs)
Jul 20 12:19:55.634054 n-d-850499-1 devstack@keystone.service[80619]: ERROR keystone.server.flask.application
File "/usr/local/lib/python3.8/dist-packages/flask_restful/__init__.py", line 582, in dispatch_request
Jul 20 12:19:55.634054 n-d-850499-1 devstack@keystone.service[80619]: ERROR keystone.server.flask.application resp = meth(*args, **kwargs)
Jul 20 12:19:55.634054 n-d-850499-1 devstack@keystone.service[80619]: ERROR keystone.server.flask.application
File "/opt/stack/keystone/keystone/api/roles.py", line 50, in get
Jul 20 12:19:55.634054 n-d-850499-1 devstack@keystone.service[80619]: ERROR keystone.server.flask.application return self._get_role(role_id)
Jul 20 12:19:55.634054 n-d-850499-1 devstack@keystone.service[80619]: ERROR keystone.server.flask.application
File "/opt/stack/keystone/keystone/api/roles.py", line 70, in _get_role
Jul 20 12:19:55.634054 n-d-850499-1 devstack@keystone.service[80619]: ERROR keystone.server.flask.application ENFORCER.enforce_call(action='identity:get_role')
Jul 20 12:19:55.634953 n-d-850499-1 devstack@keystone.service[80619]: ERROR keystone.server.flask.application
File "/opt/stack/keystone/keystone/common/rbac_enforcer/enforcer.py", line 402, in enforce_call
Jul 20 12:19:55.634953 n-d-850499-1 devstack@keystone.service[80619]: ERROR keystone.server.flask.application policy_dict.update(cls._extract_member_target_data(
Jul 20 12:19:55.634953 n-d-850499-1 devstack@keystone.service[80619]: ERROR keystone.server.flask.application
File "/opt/stack/keystone/keystone/common/rbac_enforcer/enforcer.py", line 234, in _extract_member_target_data
Jul 20 12:19:55.634953 n-d-850499-1 devstack@keystone.service[80619]: ERROR keystone.server.flask.application member_name: func(flask.request.view_args[key])
Jul 20 12:19:55.634953 n-d-850499-1 devstack@keystone.service[80619]: ERROR keystone.server.flask.application
File "/opt/stack/keystone/keystone/common/manager.py", line 115, in wrapped
Jul 20 12:19:55.634953 n-d-850499-1 devstack@keystone.service[80619]: ERROR keystone.server.flask.application __ret_val = __f(*args, **kwargs)
Jul 20 12:19:55.634953 n-d-850499-1 devstack@keystone.service[80619]: ERROR keystone.server.flask.application
File "/usr/local/lib/python3.8/dist-packages/decorator.py", line 232, in fun
Jul 20 12:19:55.634953 n-d-850499-1 devstack@keystone.service[80619]: ERROR keystone.server.flask.application return caller(func, *(extras + args), **kw)
Jul 20 12:19:55.634953 n-d-850499-1 devstack@keystone.service[80619]: ERROR keystone.server.flask.application
File "/usr/local/lib/python3.8/dist-packages/dogpile/cache/region.py", line 1577, in get_or_create_for_user_func
Jul 20 12:19:55.634953 n-d-850499-1 devstack@keystone.service[80619]: ERROR keystone.server.flask.application return self.get_or_create(
Jul 20 12:19:55.634953 n-d-850499-1 devstack@keystone.service[80619]: ERROR keystone.server.flask.application
File "/usr/local/lib/python3.8/dist-packages/dogpile/cache/region.py", line 1042, in get_or_create
Jul 20 12:19:55.634953 n-d-850499-1 devstack@keystone.service[80619]: ERROR keystone.server.flask.application with Lock(
Jul 20 12:19:55.634953 n-d-850499-1 devstack@keystone.service[80619]: ERROR keystone.server.flask.application
File "/usr/local/lib/python3.8/dist-packages/dogpile/lock.py", line 185, in __enter__
