Aug 03 18:07:06.966098 n-d-850468-7 devstack@placement-api.service[105275]: [pid: 105275|app: 0|req: 293/584] 10.222.0.42 () {58 vars in 1362 bytes} [Wed Aug 3 18:07:06 2022] GET /placement/resource_providers/a7ee61dd-6976-4082-b56c-ef552e36286f/aggregates => generated 235 bytes in 26 msecs (HTTP/1.1 404) 5 headers in 202 bytes (1 switches on core 0)
Aug 03 18:07:07.017340 n-d-850468-7 devstack@placement-api.service[105276]: DEBUG placement.requestlog [None req-0ec619a3-c1f9-4e59-b56f-7f6be82e1930 None None] Starting request: 10.222.0.42 "DELETE /placement/resource_providers/a7ee61dd-6976-4082-b56c-ef552e36286f" {{(pid=105276) __call__ /opt/stack/placement/placement/requestlog.py:55}}
Aug 03 18:07:07.066018 n-d-850468-7 devstack@placement-api.service[105276]: DEBUG placement.wsgi_wrapper [None req-0ec619a3-c1f9-4e59-b56f-7f6be82e1930 service placement] Placement API returning an error response: No resource provider with uuid a7ee61dd-6976-4082-b56c-ef552e36286f found for delete {{(pid=105276) call_func /opt/stack/placement/placement/wsgi_wrapper.py:31}}
Aug 03 18:07:07.067497 n-d-850468-7 devstack@placement-api.service[105276]: INFO placement.requestlog [None req-0ec619a3-c1f9-4e59-b56f-7f6be82e1930 service placement] 10.222.0.42 "DELETE /placement/resource_providers/a7ee61dd-6976-4082-b56c-ef552e36286f" status: 404 len: 246 microversion: 1.1
Aug 03 18:07:07.072031 n-d-850468-7 devstack@placement-api.service[105276]: [pid: 105276|app: 0|req: 292/585] 10.222.0.42 () {60 vars in 1351 bytes} [Wed Aug 3 18:07:07 2022] DELETE /placement/resource_providers/a7ee61dd-6976-4082-b56c-ef552e36286f => generated 246 bytes in 54 msecs (HTTP/1.1 404) 6 headers in 231 bytes (1 switches on core 0)
Aug 03 18:07:07.847307 n-d-850468-7 devstack@placement-api.service[105275]: DEBUG placement.requestlog [req-0f42f9ac-acb2-4c70-aa67-8f901a4ac4e1 req-a43c0289-7b38-48b1-afb5-05d9afb68386 None None] Starting request: 10.222.0.84 "GET /placement/resource_providers/e34fac29-4acd-4bd1-a5e9-2142352710db/allocations" {{(pid=105275) __call__ /opt/stack/placement/placement/requestlog.py:55}}
Aug 03 18:07:07.914103 n-d-850468-7 devstack@placement-api.service[105275]: INFO placement.requestlog [req-0f42f9ac-acb2-4c70-aa67-8f901a4ac4e1 req-a43c0289-7b38-48b1-afb5-05d9afb68386 service placement] 10.222.0.84 "GET /placement/resource_providers/e34fac29-4acd-4bd1-a5e9-2142352710db/allocations" status: 200 len: 1049 microversion: 1.0
Aug 03 18:07:07.918007 n-d-850468-7 devstack@placement-api.service[105275]: [pid: 105275|app: 0|req: 294/586] 10.222.0.84 () {58 vars in 1390 bytes} [Wed Aug 3 18:07:07 2022] GET /placement/resource_providers/e34fac29-4acd-4bd1-a5e9-2142352710db/allocations => generated 1049 bytes in 71 msecs (HTTP/1.1 200) 6 headers in 225 bytes (1 switches on core 0)
Aug 03 18:07:12.337563 n-d-850468-7 devstack@placement-api.service[105276]: DEBUG placement.requestlog [req-14ddf542-482b-49dc-9804-bdae0e12af0f req-425cceaa-c71d-4532-bd7b-8cc6238665bb None None] Starting request: 10.222.0.42 "GET /placement/allocation_candidates?limit=1000&resources=DISK_GB%3A1%2CMEMORY_MB%3A1024%2CVCPU%3A1&root_required=%21COMPUTE_STATUS_DISABLED" {{(pid=105276) __call__ /opt/stack/placement/placement/requestlog.py:55}}
Aug 03 18:07:12.415952 n-d-850468-7 devstack@placement-api.service[105276]: DEBUG placement.objects.research_context [req-14ddf542-482b-49dc-9804-bdae0e12af0f req-425cceaa-c71d-4532-bd7b-8cc6238665bb service placement] getting providers with 1 DISK_GB {{(pid=105276) __init__ /opt/stack/placement/placement/objects/research_context.py:136}}
Aug 03 18:07:12.421818 n-d-850468-7 devstack@placement-api.service[105276]: DEBUG placement.objects.research_context [req-14ddf542-482b-49dc-9804-bdae0e12af0f req-425cceaa-c71d-4532-bd7b-8cc6238665bb service placement] getting providers with 1024 MEMORY_MB {{(pid=105276) __init__ /opt/stack/placement/placement/objects/research_context.py:136}}
Aug 03 18:07:12.433970 n-d-850468-7 devstack@placement-api.service[105276]: DEBUG placement.objects.research_context [req-14ddf542-482b-49dc-9804-bdae0e12af0f req-425cceaa-c71d-4532-bd7b-8cc6238665bb service placement] getting providers with 1 VCPU {{(pid=105276) __init__ /opt/stack/placement/placement/objects/research_context.py:136}}
Aug 03 18:07:12.441684 n-d-850468-7 devstack@placement-api.service[105276]: DEBUG placement.objects.research_context [req-14ddf542-482b-49dc-9804-bdae0e12af0f req-425cceaa-c71d-4532-bd7b-8cc6238665bb service placement] found 2 providers with available 1 DISK_GB {{(pid=105276) get_provider_ids_matching /opt/stack/placement/placement/objects/research_context.py:563}}
Aug 03 18:07:12.442137 n-d-850468-7 devstack@placement-api.service[105276]: DEBUG placement.objects.research_context [req-14ddf542-482b-49dc-9804-bdae0e12af0f req-425cceaa-c71d-4532-bd7b-8cc6238665bb service placement] found 2 providers with available 1024 MEMORY_MB {{(pid=105276) get_provider_ids_matching /opt/stack/placement/placement/objects/research_context.py:563}}
Aug 03 18:07:12.442498 n-d-850468-7 devstack@placement-api.service[105276]: DEBUG placement.objects.research_context [req-14ddf542-482b-49dc-9804-bdae0e12af0f req-425cceaa-c71d-4532-bd7b-8cc6238665bb service placement] found 2 providers after filtering by previous result {{(pid=105276) get_provider_ids_matching /opt/stack/placement/placement/objects/research_context.py:594}}
Aug 03 18:07:12.442869 n-d-850468-7 devstack@placement-api.service[105276]: DEBUG placement.objects.research_context [req-14ddf542-482b-49dc-9804-bdae0e12af0f req-425cceaa-c71d-4532-bd7b-8cc6238665bb service placement] found 2 providers with available 1 VCPU {{(pid=105276) get_provider_ids_matching /opt/stack/placement/placement/objects/research_context.py:563}}
Aug 03 18:07:12.443329 n-d-850468-7 devstack@placement-api.service[105276]: DEBUG placement.objects.research_context [req-14ddf542-482b-49dc-9804-bdae0e12af0f req-425cceaa-c71d-4532-bd7b-8cc6238665bb service placement] found 2 providers after filtering by previous result {{(pid=105276) get_provider_ids_matching /opt/stack/placement/placement/objects/research_context.py:594}}
Aug 03 18:07:12.467841 n-d-850468-7 devstack@placement-api.service[105276]: DEBUG placement.objects.allocation_candidate [req-14ddf542-482b-49dc-9804-bdae0e12af0f req-425cceaa-c71d-4532-bd7b-8cc6238665bb service placement] RequestGroup(use_same_provider=False, resources={DISK_GB:1, MEMORY_MB:1024, VCPU:1}, traits=(), aggregates=[]) (suffix '') returned 2 matches {{(pid=105276) _get_by_requests /opt/stack/placement/placement/objects/allocation_candidate.py:156}}
Aug 03 18:07:12.470619 n-d-850468-7 devstack@placement-api.service[105276]: DEBUG placement.objects.allocation_candidate [req-14ddf542-482b-49dc-9804-bdae0e12af0f req-425cceaa-c71d-4532-bd7b-8cc6238665bb service placement] Merging candidates yields 2 allocation requests and 2 provider summaries {{(pid=105276) _merge_candidates /opt/stack/placement/placement/objects/allocation_candidate.py:809}}
Aug 03 18:07:12.474319 n-d-850468-7 devstack@placement-api.service[105276]: INFO placement.requestlog [req-14ddf542-482b-49dc-9804-bdae0e12af0f req-425cceaa-c71d-4532-bd7b-8cc6238665bb service placement] 10.222.0.42 "GET /placement/allocation_candidates?limit=1000&resources=DISK_GB%3A1%2CMEMORY_MB%3A1024%2CVCPU%3A1&root_required=%21COMPUTE_STATUS_DISABLED" status: 200 len: 1311 microversion: 1.36
Aug 03 18:07:12.475524 n-d-850468-7 devstack@placement-api.service[105276]: [pid: 105276|app: 0|req: 293/587] 10.222.0.42 () {60 vars in 1506 bytes} [Wed Aug 3 18:07:12 2022] GET /placement/allocation_candidates?limit=1000&resources=DISK_GB%3A1%2CMEMORY_MB%3A1024%2CVCPU%3A1&root_required=%21COMPUTE_STATUS_DISABLED => generated 1311 bytes in 139 msecs (HTTP/1.1 200) 8 headers in 297 bytes (1 switches on core 0)
Aug 03 18:07:12.596231 n-d-850468-7 devstack@placement-api.service[105275]: DEBUG placement.requestlog [req-14ddf542-482b-49dc-9804-bdae0e12af0f req-28f15273-f76d-4cf0-8ccc-9c54956fd63c None None] Starting request: 10.222.0.42 "GET /placement/allocations/3f0d2f60-4676-43ce-8270-894428bafef8" {{(pid=105275) __call__ /opt/stack/placement/placement/requestlog.py:55}}
Aug 03 18:07:12.610051 n-d-850468-7 devstack@placement-api.service[105275]: INFO placement.requestlog [req-14ddf542-482b-49dc-9804-bdae0e12af0f req-28f15273-f76d-4cf0-8ccc-9c54956fd63c service placement] 10.222.0.42 "GET /placement/allocations/3f0d2f60-4676-43ce-8270-894428bafef8" status: 200 len: 19 microversion: 1.28
Aug 03 18:07:12.615911 n-d-850468-7 devstack@placement-api.service[105275]: [pid: 105275|app: 0|req: 295/588] 10.222.0.42 () {60 vars in 1380 bytes} [Wed Aug 3 18:07:12 2022] GET /placement/allocations/3f0d2f60-4676-43ce-8270-894428bafef8 => generated 19 bytes in 20 msecs (HTTP/1.1 200) 8 headers in 295 bytes (1 switches on core 0)
Aug 03 18:07:12.618248 n-d-850468-7 devstack@placement-api.service[105276]: DEBUG placement.requestlog [req-14ddf542-482b-49dc-9804-bdae0e12af0f req-9700be7d-c59e-43f8-955e-c7d4e7400e44 None None] Starting request: 10.222.0.42 "PUT /placement/allocations/3f0d2f60-4676-43ce-8270-894428bafef8" {{(pid=105276) __call__ /opt/stack/placement/placement/requestlog.py:55}}
Aug 03 18:07:12.730955 n-d-850468-7 devstack@placement-api.service[105276]: DEBUG placement.handlers.allocation [req-14ddf542-482b-49dc-9804-bdae0e12af0f req-9700be7d-c59e-43f8-955e-c7d4e7400e44 service placement] Successfully wrote allocations [, , ] {{(pid=105276) _update_consumers_and_create_allocations /opt/stack/placement/placement/handlers/allocation.py:462}}
Aug 03 18:07:12.736925 n-d-850468-7 devstack@placement-api.service[105276]: INFO placement.requestlog [req-14ddf542-482b-49dc-9804-bdae0e12af0f req-9700be7d-c59e-43f8-955e-c7d4e7400e44 service placement] 10.222.0.42 "PUT /placement/allocations/3f0d2f60-4676-43ce-8270-894428bafef8" status: 204 len: 0 microversion: 1.36
Aug 03 18:07:12.737352 n-d-850468-7 devstack@placement-api.service[105276]: [pid: 105276|app: 0|req: 294/589] 10.222.0.42 () {64 vars in 1433 bytes} [Wed Aug 3 18:07:12 2022] PUT /placement/allocations/3f0d2f60-4676-43ce-8270-894428bafef8 => generated 0 bytes in 119 msecs (HTTP/1.1 204) 5 headers in 199 bytes (2 switches on core 0)
Aug 03 18:07:13.162090 n-d-850468-7 devstack@placement-api.service[105275]: DEBUG placement.requestlog [req-14ddf542-482b-49dc-9804-bdae0e12af0f req-6bb50501-b7b3-420b-806d-8be4c8293015 None None] Starting request: 10.222.0.48 "GET /placement/allocations/3f0d2f60-4676-43ce-8270-894428bafef8" {{(pid=105275) __call__ /opt/stack/placement/placement/requestlog.py:55}}
Aug 03 18:07:13.179388 n-d-850468-7 devstack@placement-api.service[105275]: INFO placement.requestlog [req-14ddf542-482b-49dc-9804-bdae0e12af0f req-6bb50501-b7b3-420b-806d-8be4c8293015 service placement] 10.222.0.48 "GET /placement/allocations/3f0d2f60-4676-43ce-8270-894428bafef8" status: 200 len: 259 microversion: 1.28
Aug 03 18:07:13.180389 n-d-850468-7 devstack@placement-api.service[105275]: [pid: 105275|app: 0|req: 296/590] 10.222.0.48 () {60 vars in 1377 bytes} [Wed Aug 3 18:07:13 2022] GET /placement/allocations/3f0d2f60-4676-43ce-8270-894428bafef8 => generated 259 bytes in 18 msecs (HTTP/1.1 200) 8 headers in 296 bytes (1 switches on core 0)
Aug 03 18:07:13.372287 n-d-850468-7 devstack@placement-api.service[105276]: DEBUG placement.requestlog [req-f4a72092-1916-4997-abe3-59fbf7e01a69 req-feeb1a86-1185-4fc4-be12-18b996f0c8fd None None] Starting request: 10.222.0.84 "DELETE /placement/allocations/81ffc90c-5a1c-4647-99a9-49f52d6961ec" {{(pid=105276) __call__ /opt/stack/placement/placement/requestlog.py:55}}
Aug 03 18:07:13.450343 n-d-850468-7 devstack@placement-api.service[105276]: DEBUG placement.handlers.allocation [req-f4a72092-1916-4997-abe3-59fbf7e01a69 req-feeb1a86-1185-4fc4-be12-18b996f0c8fd service placement] Successfully deleted allocations [, , ] {{(pid=105276) delete_allocations /opt/stack/placement/placement/handlers/allocation.py:627}}
Aug 03 18:07:13.451578 n-d-850468-7 devstack@placement-api.service[105276]: INFO placement.requestlog [req-f4a72092-1916-4997-abe3-59fbf7e01a69 req-feeb1a86-1185-4fc4-be12-18b996f0c8fd service placement] 10.222.0.84 "DELETE /placement/allocations/81ffc90c-5a1c-4647-99a9-49f52d6961ec" status: 204 len: 0 microversion: 1.0
Aug 03 18:07:13.452213 n-d-850468-7 devstack@placement-api.service[105276]: [pid: 105276|app: 0|req: 295/591] 10.222.0.84 () {60 vars in 1355 bytes} [Wed Aug 3 18:07:13 2022] DELETE /placement/allocations/81ffc90c-5a1c-4647-99a9-49f52d6961ec => generated 0 bytes in 81 msecs (HTTP/1.1 204) 5 headers in 198 bytes (1 switches on core 0)
Aug 03 18:07:13.873968 n-d-850468-7 devstack@placement-api.service[105275]: DEBUG placement.requestlog [req-e474f570-4e81-4be4-9862-0e70fc46a64a req-5b035ad0-96e5-4ea8-a4fb-1cdb6fa949f3 None None] Starting request: 10.222.0.42 "GET /placement/allocation_candidates?limit=1000&resources=DISK_GB%3A1%2CMEMORY_MB%3A1024%2CVCPU%3A1&root_required=%21COMPUTE_STATUS_DISABLED" {{(pid=105275) __call__ /opt/stack/placement/placement/requestlog.py:55}}
Aug 03 18:07:14.000505 n-d-850468-7 devstack@placement-api.service[105275]: DEBUG placement.objects.research_context [req-e474f570-4e81-4be4-9862-0e70fc46a64a req-5b035ad0-96e5-4ea8-a4fb-1cdb6fa949f3 service placement] getting providers with 1 DISK_GB {{(pid=105275) __init__ /opt/stack/placement/placement/objects/research_context.py:136}}
Aug 03 18:07:14.008802 n-d-850468-7 devstack@placement-api.service[105275]: DEBUG placement.objects.research_context [req-e474f570-4e81-4be4-9862-0e70fc46a64a req-5b035ad0-96e5-4ea8-a4fb-1cdb6fa949f3 service placement] getting providers with 1024 MEMORY_MB {{(pid=105275) __init__ /opt/stack/placement/placement/objects/research_context.py:136}}
Aug 03 18:07:14.022558 n-d-850468-7 devstack@placement-api.service[105275]: DEBUG placement.objects.research_context [req-e474f570-4e81-4be4-9862-0e70fc46a64a req-5b035ad0-96e5-4ea8-a4fb-1cdb6fa949f3 service placement] getting providers with 1 VCPU {{(pid=105275) __init__ /opt/stack/placement/placement/objects/research_context.py:136}}
Aug 03 18:07:14.038227 n-d-850468-7 devstack@placement-api.service[105275]: DEBUG placement.objects.research_context [req-e474f570-4e81-4be4-9862-0e70fc46a64a req-5b035ad0-96e5-4ea8-a4fb-1cdb6fa949f3 service placement] found 2 providers with available 1 DISK_GB {{(pid=105275) get_provider_ids_matching /opt/stack/placement/placement/objects/research_context.py:563}}
Aug 03 18:07:14.038848 n-d-850468-7 devstack@placement-api.service[105275]: DEBUG placement.objects.research_context [req-e474f570-4e81-4be4-9862-0e70fc46a64a req-5b035ad0-96e5-4ea8-a4fb-1cdb6fa949f3 service placement] found 2 providers with available 1024 MEMORY_MB {{(pid=105275) get_provider_ids_matching /opt/stack/placement/placement/objects/research_context.py:563}}
Aug 03 18:07:14.039278 n-d-850468-7 devstack@placement-api.service[105275]: DEBUG placement.objects.research_context [req-e474f570-4e81-4be4-9862-0e70fc46a64a req-5b035ad0-96e5-4ea8-a4fb-1cdb6fa949f3 service placement] found 2 providers after filtering by previous result {{(pid=105275) get_provider_ids_matching /opt/stack/placement/placement/objects/research_context.py:594}}
Aug 03 18:07:14.039668 n-d-850468-7 devstack@placement-api.service[105275]: DEBUG placement.objects.research_context [req-e474f570-4e81-4be4-9862-0e70fc46a64a req-5b035ad0-96e5-4ea8-a4fb-1cdb6fa949f3 service placement] found 2 providers with available 1 VCPU {{(pid=105275) get_provider_ids_matching /opt/stack/placement/placement/objects/research_context.py:563}}
Aug 03 18:07:14.040085 n-d-850468-7 devstack@placement-api.service[105275]: DEBUG placement.objects.research_context [req-e474f570-4e81-4be4-9862-0e70fc46a64a req-5b035ad0-96e5-4ea8-a4fb-1cdb6fa949f3 service placement] found 2 providers after filtering by previous result {{(pid=105275) get_provider_ids_matching /opt/stack/placement/placement/objects/research_context.py:594}}
Aug 03 18:07:14.055954 n-d-850468-7 devstack@placement-api.service[105275]: DEBUG placement.objects.allocation_candidate [req-e474f570-4e81-4be4-9862-0e70fc46a64a req-5b035ad0-96e5-4ea8-a4fb-1cdb6fa949f3 service placement] RequestGroup(use_same_provider=False, resources={DISK_GB:1, MEMORY_MB:1024, VCPU:1}, traits=(), aggregates=[]) (suffix '') returned 2 matches {{(pid=105275) _get_by_requests /opt/stack/placement/placement/objects/allocation_candidate.py:156}}
Aug 03 18:07:14.056705 n-d-850468-7 devstack@placement-api.service[105275]: DEBUG placement.objects.allocation_candidate [req-e474f570-4e81-4be4-9862-0e70fc46a64a req-5b035ad0-96e5-4ea8-a4fb-1cdb6fa949f3 service placement] Merging candidates yields 2 allocation requests and 2 provider summaries {{(pid=105275) _merge_candidates /opt/stack/placement/placement/objects/allocation_candidate.py:809}}
Aug 03 18:07:14.060054 n-d-850468-7 devstack@placement-api.service[105275]: INFO placement.requestlog [req-e474f570-4e81-4be4-9862-0e70fc46a64a req-5b035ad0-96e5-4ea8-a4fb-1cdb6fa949f3 service placement] 10.222.0.42 "GET /placement/allocation_candidates?limit=1000&resources=DISK_GB%3A1%2CMEMORY_MB%3A1024%2CVCPU%3A1&root_required=%21COMPUTE_STATUS_DISABLED" status: 200 len: 1309 microversion: 1.36
Aug 03 18:07:14.061190 n-d-850468-7 devstack@placement-api.service[105275]: [pid: 105275|app: 0|req: 297/592] 10.222.0.42 () {60 vars in 1506 bytes} [Wed Aug 3 18:07:13 2022] GET /placement/allocation_candidates?limit=1000&resources=DISK_GB%3A1%2CMEMORY_MB%3A1024%2CVCPU%3A1&root_required=%21COMPUTE_STATUS_DISABLED => generated 1309 bytes in 188 msecs (HTTP/1.1 200) 8 headers in 297 bytes (1 switches on core 0)
Aug 03 18:07:14.088466 n-d-850468-7 devstack@placement-api.service[105276]: DEBUG placement.requestlog [req-bf76d9a6-1784-4b0e-b43f-26728f33d9c1 req-6c4ae581-6bd5-4028-a26c-d4051834c7ce None None] Starting request: 10.222.0.48 "GET /placement/allocations/a5ad79a9-2249-4a0d-a036-1bb125d3d604" {{(pid=105276) __call__ /opt/stack/placement/placement/requestlog.py:55}}
Aug 03 18:07:14.117934 n-d-850468-7 devstack@placement-api.service[105276]: INFO placement.requestlog [req-bf76d9a6-1784-4b0e-b43f-26728f33d9c1 req-6c4ae581-6bd5-4028-a26c-d4051834c7ce service placement] 10.222.0.48 "GET /placement/allocations/a5ad79a9-2249-4a0d-a036-1bb125d3d604" status: 200 len: 259 microversion: 1.28
Aug 03 18:07:14.118615 n-d-850468-7 devstack@placement-api.service[105276]: [pid: 105276|app: 0|req: 296/593] 10.222.0.48 () {60 vars in 1377 bytes} [Wed Aug 3 18:07:14 2022] GET /placement/allocations/a5ad79a9-2249-4a0d-a036-1bb125d3d604 => generated 259 bytes in 30 msecs (HTTP/1.1 200) 8 headers in 296 bytes (1 switches on core 0)
Aug 03 18:07:14.136247 n-d-850468-7 devstack@placement-api.service[105275]: DEBUG placement.requestlog [req-bf76d9a6-1784-4b0e-b43f-26728f33d9c1 req-5256147c-2077-44e7-8167-60a3e4dc41b2 None None] Starting request: 10.222.0.48 "GET /placement/allocations/a5ad79a9-2249-4a0d-a036-1bb125d3d604" {{(pid=105275) __call__ /opt/stack/placement/placement/requestlog.py:55}}
Aug 03 18:07:14.170978 n-d-850468-7 devstack@placement-api.service[105275]: INFO placement.requestlog [req-bf76d9a6-1784-4b0e-b43f-26728f33d9c1 req-5256147c-2077-44e7-8167-60a3e4dc41b2 service placement] 10.222.0.48 "GET /placement/allocations/a5ad79a9-2249-4a0d-a036-1bb125d3d604" status: 200 len: 259 microversion: 1.28
Aug 03 18:07:14.171770 n-d-850468-7 devstack@placement-api.service[105275]: [pid: 105275|app: 0|req: 298/594] 10.222.0.48 () {60 vars in 1377 bytes} [Wed Aug 3 18:07:14 2022] GET /placement/allocations/a5ad79a9-2249-4a0d-a036-1bb125d3d604 => generated 259 bytes in 36 msecs (HTTP/1.1 200) 8 headers in 296 bytes (1 switches on core 0)
Aug 03 18:07:14.179945 n-d-850468-7 devstack@placement-api.service[105276]: DEBUG placement.requestlog [req-bf76d9a6-1784-4b0e-b43f-26728f33d9c1 req-a0f6553a-7d37-487f-a2cd-82ff78caa40c None None] Starting request: 10.222.0.48 "GET /placement/allocations/674e4b80-7815-46c4-8d76-ef5e1ac5db79" {{(pid=105276) __call__ /opt/stack/placement/placement/requestlog.py:55}}
Aug 03 18:07:14.184813 n-d-850468-7 devstack@placement-api.service[105275]: DEBUG placement.requestlog [req-e474f570-4e81-4be4-9862-0e70fc46a64a req-072636d0-403f-496d-94c5-69f138d37553 None None] Starting request: 10.222.0.42 "GET /placement/allocations/05fc3841-0c98-46ac-8986-1c8947f80844" {{(pid=105275) __call__ /opt/stack/placement/placement/requestlog.py:55}}
Aug 03 18:07:14.206169 n-d-850468-7 devstack@placement-api.service[105275]: INFO placement.requestlog [req-e474f570-4e81-4be4-9862-0e70fc46a64a req-072636d0-403f-496d-94c5-69f138d37553 service placement] 10.222.0.42 "GET /placement/allocations/05fc3841-0c98-46ac-8986-1c8947f80844" status: 200 len: 19 microversion: 1.28
Aug 03 18:07:14.206356 n-d-850468-7 devstack@placement-api.service[105275]: [pid: 105275|app: 0|req: 299/595] 10.222.0.42 () {60 vars in 1380 bytes} [Wed Aug 3 18:07:14 2022] GET /placement/allocations/05fc3841-0c98-46ac-8986-1c8947f80844 => generated 19 bytes in 22 msecs (HTTP/1.1 200) 8 headers in 295 bytes (1 switches on core 0)
Aug 03 18:07:14.207867 n-d-850468-7 devstack@placement-api.service[105276]: INFO placement.requestlog [req-bf76d9a6-1784-4b0e-b43f-26728f33d9c1 req-a0f6553a-7d37-487f-a2cd-82ff78caa40c service placement] 10.222.0.48 "GET /placement/allocations/674e4b80-7815-46c4-8d76-ef5e1ac5db79" status: 200 len: 259 microversion: 1.28
Aug 03 18:07:14.208407 n-d-850468-7 devstack@placement-api.service[105276]: [pid: 105276|app: 0|req: 297/596] 10.222.0.48 () {60 vars in 1377 bytes} [Wed Aug 3 18:07:14 2022] GET /placement/allocations/674e4b80-7815-46c4-8d76-ef5e1ac5db79 => generated 259 bytes in 29 msecs (HTTP/1.1 200) 8 headers in 296 bytes (1 switches on core 0)
Aug 03 18:07:14.214006 n-d-850468-7 devstack@placement-api.service[105275]: DEBUG placement.requestlog [req-e474f570-4e81-4be4-9862-0e70fc46a64a req-464c9f77-61b0-4c37-9c4e-1d3045045a57 None None] Starting request: 10.222.0.42 "PUT /placement/allocations/05fc3841-0c98-46ac-8986-1c8947f80844" {{(pid=105275) __call__ /opt/stack/placement/placement/requestlog.py:55}}
Aug 03 18:07:14.223010 n-d-850468-7 devstack@placement-api.service[105276]: DEBUG placement.requestlog [req-bf76d9a6-1784-4b0e-b43f-26728f33d9c1 req-2c4bf7b3-c0c6-43f1-9efc-272d8b960194 None None] Starting request: 10.222.0.48 "POST /placement/allocations" {{(pid=105276) __call__ /opt/stack/placement/placement/requestlog.py:55}}
Aug 03 18:07:14.367367 n-d-850468-7 devstack@placement-api.service[105276]: DEBUG placement.handlers.allocation [req-bf76d9a6-1784-4b0e-b43f-26728f33d9c1 req-2c4bf7b3-c0c6-43f1-9efc-272d8b960194 service placement] Successfully wrote allocations [, , , , , ] {{(pid=105276) _update_consumers_and_create_allocations /opt/stack/placement/placement/handlers/allocation.py:572}}
Aug 03 18:07:14.373907 n-d-850468-7 devstack@placement-api.service[105275]: DEBUG placement.objects.allocation [req-e474f570-4e81-4be4-9862-0e70fc46a64a req-464c9f77-61b0-4c37-9c4e-1d3045045a57 service placement] Retrying allocations write on resource provider generation conflict {{(pid=105275) replace_all /opt/stack/placement/placement/objects/allocation.py:509}}
Aug 03 18:07:14.374117 n-d-850468-7 devstack@placement-api.service[105276]: INFO placement.requestlog [req-bf76d9a6-1784-4b0e-b43f-26728f33d9c1 req-2c4bf7b3-c0c6-43f1-9efc-272d8b960194 service placement] 10.222.0.48 "POST /placement/allocations" status: 204 len: 0 microversion: 1.28
Aug 03 18:07:14.374570 n-d-850468-7 devstack@placement-api.service[105276]: [pid: 105276|app: 0|req: 298/597] 10.222.0.48 () {64 vars in 1320 bytes} [Wed Aug 3 18:07:14 2022] POST /placement/allocations => generated 0 bytes in 152 msecs (HTTP/1.1 204) 5 headers in 199 bytes (2 switches on core 0)
Aug 03 18:07:14.411911 n-d-850468-7 devstack@placement-api.service[105275]: DEBUG placement.handlers.allocation [req-e474f570-4e81-4be4-9862-0e70fc46a64a req-464c9f77-61b0-4c37-9c4e-1d3045045a57 service placement] Successfully wrote allocations [, , ] {{(pid=105275) _update_consumers_and_create_allocations /opt/stack/placement/placement/handlers/allocation.py:462}}
Aug 03 18:07:14.420039 n-d-850468-7 devstack@placement-api.service[105275]: INFO placement.requestlog [req-e474f570-4e81-4be4-9862-0e70fc46a64a req-464c9f77-61b0-4c37-9c4e-1d3045045a57 service placement] 10.222.0.42 "PUT /placement/allocations/05fc3841-0c98-46ac-8986-1c8947f80844" status: 204 len: 0 microversion: 1.36
Aug 03 18:07:14.420804 n-d-850468-7 devstack@placement-api.service[105275]: [pid: 105275|app: 0|req: 300/598] 10.222.0.42 () {64 vars in 1433 bytes} [Wed Aug 3 18:07:14 2022] PUT /placement/allocations/05fc3841-0c98-46ac-8986-1c8947f80844 => generated 0 bytes in 207 msecs (HTTP/1.1 204) 5 headers in 199 bytes (1 switches on core 0)
Aug 03 18:07:14.711197 n-d-850468-7 devstack@placement-api.service[105276]: DEBUG placement.requestlog [req-917af41a-dac9-4597-86bb-4fcb363a8ba6 req-daa6f0e1-3242-4df5-9938-4be4de7c3499 None None] Starting request: 10.222.0.48 "GET /placement/resource_providers/46b86b7c-0aa6-4ce3-bf0a-60ed4b4b959e/allocations" {{(pid=105276) __call__ /opt/stack/placement/placement/requestlog.py:55}}
Aug 03 18:07:14.747065 n-d-850468-7 devstack@placement-api.service[105276]: DEBUG dbcounter [-] [105276] Writing DB stats placement:SELECT=79,placement:INSERT=9,placement:DELETE=7,placement:UPDATE=5 {{(pid=105276) stat_writer /usr/local/lib/python3.8/dist-packages/dbcounter.py:114}}
Aug 03 18:07:14.777317 n-d-850468-7 devstack@placement-api.service[105276]: INFO placement.requestlog [req-917af41a-dac9-4597-86bb-4fcb363a8ba6 req-daa6f0e1-3242-4df5-9938-4be4de7c3499 service placement] 10.222.0.48 "GET /placement/resource_providers/46b86b7c-0aa6-4ce3-bf0a-60ed4b4b959e/allocations" status: 200 len: 759 microversion: 1.0
Aug 03 18:07:14.778737 n-d-850468-7 devstack@placement-api.service[105276]: [pid: 105276|app: 0|req: 299/599] 10.222.0.48 () {58 vars in 1390 bytes} [Wed Aug 3 18:07:14 2022] GET /placement/resource_providers/46b86b7c-0aa6-4ce3-bf0a-60ed4b4b959e/allocations => generated 759 bytes in 68 msecs (HTTP/1.1 200) 6 headers in 224 bytes (1 switches on core 0)
Aug 03 18:07:15.273185 n-d-850468-7 devstack@placement-api.service[105275]: DEBUG placement.requestlog [req-e474f570-4e81-4be4-9862-0e70fc46a64a req-08dd4a36-5e57-4ff9-9df5-19bb341b73c5 None None] Starting request: 10.222.0.48 "GET /placement/allocations/05fc3841-0c98-46ac-8986-1c8947f80844" {{(pid=105275) __call__ /opt/stack/placement/placement/requestlog.py:55}}
Aug 03 18:07:15.282454 n-d-850468-7 devstack@placement-api.service[105275]: DEBUG dbcounter [-] [105275] Writing DB stats placement:SELECT=77,placement:INSERT=13,placement:DELETE=5,placement:UPDATE=5 {{(pid=105275) stat_writer /usr/local/lib/python3.8/dist-packages/dbcounter.py:114}}
Aug 03 18:07:15.310948 n-d-850468-7 devstack@placement-api.service[105275]: INFO placement.requestlog [req-e474f570-4e81-4be4-9862-0e70fc46a64a req-08dd4a36-5e57-4ff9-9df5-19bb341b73c5 service placement] 10.222.0.48 "GET /placement/allocations/05fc3841-0c98-46ac-8986-1c8947f80844" status: 200 len: 259 microversion: 1.28
Aug 03 18:07:15.312033 n-d-850468-7 devstack@placement-api.service[105275]: [pid: 105275|app: 0|req: 301/600] 10.222.0.48 () {60 vars in 1377 bytes} [Wed Aug 3 18:07:15 2022] GET /placement/allocations/05fc3841-0c98-46ac-8986-1c8947f80844 => generated 259 bytes in 39 msecs (HTTP/1.1 200) 8 headers in 296 bytes (1 switches on core 0)
Aug 03 18:07:17.569069 n-d-850468-7 devstack@placement-api.service[105276]: DEBUG placement.requestlog [req-efdfdc69-9c66-4c19-a725-ea572ac5f8ab req-e5acf0d7-0ae1-4be6-9510-c61b1679f460 None None] Starting request: 10.222.0.42 "GET /placement/allocation_candidates?limit=1000&resources=DISK_GB%3A1%2CMEMORY_MB%3A1024%2CVCPU%3A1&root_required=%21COMPUTE_STATUS_DISABLED" {{(pid=105276) __call__ /opt/stack/placement/placement/requestlog.py:55}}
Aug 03 18:07:17.707478 n-d-850468-7 devstack@placement-api.service[105276]: DEBUG placement.objects.research_context [req-efdfdc69-9c66-4c19-a725-ea572ac5f8ab req-e5acf0d7-0ae1-4be6-9510-c61b1679f460 service placement] getting providers with 1 DISK_GB {{(pid=105276) __init__ /opt/stack/placement/placement/objects/research_context.py:136}}
Aug 03 18:07:17.729685 n-d-850468-7 devstack@placement-api.service[105276]: DEBUG placement.objects.research_context [req-efdfdc69-9c66-4c19-a725-ea572ac5f8ab req-e5acf0d7-0ae1-4be6-9510-c61b1679f460 service placement] getting providers with 1024 MEMORY_MB {{(pid=105276) __init__ /opt/stack/placement/placement/objects/research_context.py:136}}
Aug 03 18:07:17.757557 n-d-850468-7 devstack@placement-api.service[105276]: DEBUG placement.objects.research_context [req-efdfdc69-9c66-4c19-a725-ea572ac5f8ab req-e5acf0d7-0ae1-4be6-9510-c61b1679f460 service placement] getting providers with 1 VCPU {{(pid=105276) __init__ /opt/stack/placement/placement/objects/research_context.py:136}}
Aug 03 18:07:17.792073 n-d-850468-7 devstack@placement-api.service[105276]: DEBUG placement.objects.research_context [req-efdfdc69-9c66-4c19-a725-ea572ac5f8ab req-e5acf0d7-0ae1-4be6-9510-c61b1679f460 service placement] found 2 providers with available 1 DISK_GB {{(pid=105276) get_provider_ids_matching /opt/stack/placement/placement/objects/research_context.py:563}}
Aug 03 18:07:17.792424 n-d-850468-7 devstack@placement-api.service[105276]: DEBUG placement.objects.research_context [req-efdfdc69-9c66-4c19-a725-ea572ac5f8ab req-e5acf0d7-0ae1-4be6-9510-c61b1679f460 service placement] found 2 providers with available 1024 MEMORY_MB {{(pid=105276) get_provider_ids_matching /opt/stack/placement/placement/objects/research_context.py:563}}
Aug 03 18:07:17.792718 n-d-850468-7 devstack@placement-api.service[105276]: DEBUG placement.objects.research_context [req-efdfdc69-9c66-4c19-a725-ea572ac5f8ab req-e5acf0d7-0ae1-4be6-9510-c61b1679f460 service placement] found 2 providers after filtering by previous result {{(pid=105276) get_provider_ids_matching /opt/stack/placement/placement/objects/research_context.py:594}}
Aug 03 18:07:17.792953 n-d-850468-7 devstack@placement-api.service[105276]: DEBUG placement.objects.research_context [req-efdfdc69-9c66-4c19-a725-ea572ac5f8ab req-e5acf0d7-0ae1-4be6-9510-c61b1679f460 service placement] found 2 providers with available 1 VCPU {{(pid=105276) get_provider_ids_matching /opt/stack/placement/placement/objects/research_context.py:563}}
Aug 03 18:07:17.793217 n-d-850468-7 devstack@placement-api.service[105276]: DEBUG placement.objects.research_context [req-efdfdc69-9c66-4c19-a725-ea572ac5f8ab req-e5acf0d7-0ae1-4be6-9510-c61b1679f460 service placement] found 2 providers after filtering by previous result {{(pid=105276) get_provider_ids_matching /opt/stack/placement/placement/objects/research_context.py:594}}
Aug 03 18:07:17.832067 n-d-850468-7 devstack@placement-api.service[105276]: DEBUG placement.objects.allocation_candidate [req-efdfdc69-9c66-4c19-a725-ea572ac5f8ab req-e5acf0d7-0ae1-4be6-9510-c61b1679f460 service placement] RequestGroup(use_same_provider=False, resources={DISK_GB:1, MEMORY_MB:1024, VCPU:1}, traits=(), aggregates=[]) (suffix '') returned 2 matches {{(pid=105276) _get_by_requests /opt/stack/placement/placement/objects/allocation_candidate.py:156}}
Aug 03 18:07:17.832433 n-d-850468-7 devstack@placement-api.service[105276]: DEBUG placement.objects.allocation_candidate [req-efdfdc69-9c66-4c19-a725-ea572ac5f8ab req-e5acf0d7-0ae1-4be6-9510-c61b1679f460 service placement] Merging candidates yields 2 allocation requests and 2 provider summaries {{(pid=105276) _merge_candidates /opt/stack/placement/placement/objects/allocation_candidate.py:809}}
Aug 03 18:07:17.836003 n-d-850468-7 devstack@placement-api.service[105276]: INFO placement.requestlog [req-efdfdc69-9c66-4c19-a725-ea572ac5f8ab req-e5acf0d7-0ae1-4be6-9510-c61b1679f460 service placement] 10.222.0.42 "GET /placement/allocation_candidates?limit=1000&resources=DISK_GB%3A1%2CMEMORY_MB%3A1024%2CVCPU%3A1&root_required=%21COMPUTE_STATUS_DISABLED" status: 200 len: 1309 microversion: 1.36
Aug 03 18:07:17.836567 n-d-850468-7 devstack@placement-api.service[105276]: [pid: 105276|app: 0|req: 300/601] 10.222.0.42 () {60 vars in 1506 bytes} [Wed Aug 3 18:07:17 2022] GET /placement/allocation_candidates?limit=1000&resources=DISK_GB%3A1%2CMEMORY_MB%3A1024%2CVCPU%3A1&root_required=%21COMPUTE_STATUS_DISABLED => generated 1309 bytes in 268 msecs (HTTP/1.1 200) 8 headers in 297 bytes (1 switches on core 0)
Aug 03 18:07:18.053804 n-d-850468-7 devstack@placement-api.service[105275]: DEBUG placement.requestlog [req-efdfdc69-9c66-4c19-a725-ea572ac5f8ab req-484b6adf-0662-4d7b-8fe7-6a6895efaa18 None None] Starting request: 10.222.0.42 "GET /placement/allocations/60baa997-bab0-4f3a-8eb8-0718cefb22e7" {{(pid=105275) __call__ /opt/stack/placement/placement/requestlog.py:55}}
Aug 03 18:07:18.081538 n-d-850468-7 devstack@placement-api.service[105275]: INFO placement.requestlog [req-efdfdc69-9c66-4c19-a725-ea572ac5f8ab req-484b6adf-0662-4d7b-8fe7-6a6895efaa18 service placement] 10.222.0.42 "GET /placement/allocations/60baa997-bab0-4f3a-8eb8-0718cefb22e7" status: 200 len: 19 microversion: 1.28
Aug 03 18:07:18.088970 n-d-850468-7 devstack@placement-api.service[105276]: DEBUG placement.requestlog [req-efdfdc69-9c66-4c19-a725-ea572ac5f8ab req-ccc6ddec-1a5c-4090-9c62-aaba5295d262 None None] Starting request: 10.222.0.42 "PUT /placement/allocations/60baa997-bab0-4f3a-8eb8-0718cefb22e7" {{(pid=105276) __call__ /opt/stack/placement/placement/requestlog.py:55}}
Aug 03 18:07:18.099416 n-d-850468-7 devstack@placement-api.service[105275]: [pid: 105275|app: 0|req: 302/602] 10.222.0.42 () {60 vars in 1380 bytes} [Wed Aug 3 18:07:18 2022] GET /placement/allocations/60baa997-bab0-4f3a-8eb8-0718cefb22e7 => generated 19 bytes in 46 msecs (HTTP/1.1 200) 8 headers in 295 bytes (2 switches on core 0)
Aug 03 18:07:18.231341 n-d-850468-7 devstack@placement-api.service[105276]: DEBUG placement.handlers.allocation [req-efdfdc69-9c66-4c19-a725-ea572ac5f8ab req-ccc6ddec-1a5c-4090-9c62-aaba5295d262 service placement] Successfully wrote allocations [, , ] {{(pid=105276) _update_consumers_and_create_allocations /opt/stack/placement/placement/handlers/allocation.py:462}}
Aug 03 18:07:18.239322 n-d-850468-7 devstack@placement-api.service[105276]: INFO placement.requestlog [req-efdfdc69-9c66-4c19-a725-ea572ac5f8ab req-ccc6ddec-1a5c-4090-9c62-aaba5295d262 service placement] 10.222.0.42 "PUT /placement/allocations/60baa997-bab0-4f3a-8eb8-0718cefb22e7" status: 204 len: 0 microversion: 1.36
Aug 03 18:07:18.239866 n-d-850468-7 devstack@placement-api.service[105276]: [pid: 105276|app: 0|req: 301/603] 10.222.0.42 () {64 vars in 1433 bytes} [Wed Aug 3 18:07:18 2022] PUT /placement/allocations/60baa997-bab0-4f3a-8eb8-0718cefb22e7 => generated 0 bytes in 151 msecs (HTTP/1.1 204) 5 headers in 199 bytes (1 switches on core 0)
Aug 03 18:07:19.008911 n-d-850468-7 devstack@placement-api.service[105275]: DEBUG placement.requestlog [req-efdfdc69-9c66-4c19-a725-ea572ac5f8ab req-9b80ff65-7935-44a7-9d68-6d4fd3d869cd None None] Starting request: 10.222.0.48 "GET /placement/allocations/60baa997-bab0-4f3a-8eb8-0718cefb22e7" {{(pid=105275) __call__ /opt/stack/placement/placement/requestlog.py:55}}
Aug 03 18:07:19.052928 n-d-850468-7 devstack@placement-api.service[105275]: INFO placement.requestlog [req-efdfdc69-9c66-4c19-a725-ea572ac5f8ab req-9b80ff65-7935-44a7-9d68-6d4fd3d869cd service placement] 10.222.0.48 "GET /placement/allocations/60baa997-bab0-4f3a-8eb8-0718cefb22e7" status: 200 len: 259 microversion: 1.28
Aug 03 18:07:19.053946 n-d-850468-7 devstack@placement-api.service[105275]: [pid: 105275|app: 0|req: 303/604] 10.222.0.48 () {60 vars in 1377 bytes} [Wed Aug 3 18:07:19 2022] GET /placement/allocations/60baa997-bab0-4f3a-8eb8-0718cefb22e7 => generated 259 bytes in 45 msecs (HTTP/1.1 200) 8 headers in 296 bytes (1 switches on core 0)
Aug 03 18:07:28.179105 n-d-850468-7 devstack@placement-api.service[105276]: DEBUG placement.requestlog [req-09d7f840-f75f-46dd-82b3-e6aa0fa5fb59 req-14574310-84f7-4b75-9cf3-10fbe4998390 None None] Starting request: 10.222.0.42 "GET /placement/allocation_candidates?limit=1000&resources=DISK_GB%3A1%2CMEMORY_MB%3A1024%2CVCPU%3A1&root_required=%21COMPUTE_STATUS_DISABLED" {{(pid=105276) __call__ /opt/stack/placement/placement/requestlog.py:55}}
Aug 03 18:07:28.280807 n-d-850468-7 devstack@placement-api.service[105276]: DEBUG placement.objects.research_context [req-09d7f840-f75f-46dd-82b3-e6aa0fa5fb59 req-14574310-84f7-4b75-9cf3-10fbe4998390 service placement] getting providers with 1 DISK_GB {{(pid=105276) __init__ /opt/stack/placement/placement/objects/research_context.py:136}}
Aug 03 18:07:28.294408 n-d-850468-7 devstack@placement-api.service[105276]: DEBUG placement.objects.research_context [req-09d7f840-f75f-46dd-82b3-e6aa0fa5fb59 req-14574310-84f7-4b75-9cf3-10fbe4998390 service placement] getting providers with 1024 MEMORY_MB {{(pid=105276) __init__ /opt/stack/placement/placement/objects/research_context.py:136}}
Aug 03 18:07:28.310246 n-d-850468-7 devstack@placement-api.service[105276]: DEBUG placement.objects.research_context [req-09d7f840-f75f-46dd-82b3-e6aa0fa5fb59 req-14574310-84f7-4b75-9cf3-10fbe4998390 service placement] getting providers with 1 VCPU {{(pid=105276) __init__ /opt/stack/placement/placement/objects/research_context.py:136}}
Aug 03 18:07:28.326302 n-d-850468-7 devstack@placement-api.service[105276]: DEBUG placement.objects.research_context [req-09d7f840-f75f-46dd-82b3-e6aa0fa5fb59 req-14574310-84f7-4b75-9cf3-10fbe4998390 service placement] found 2 providers with available 1 DISK_GB {{(pid=105276) get_provider_ids_matching /opt/stack/placement/placement/objects/research_context.py:563}}
Aug 03 18:07:28.326574 n-d-850468-7 devstack@placement-api.service[105276]: DEBUG placement.objects.research_context [req-09d7f840-f75f-46dd-82b3-e6aa0fa5fb59 req-14574310-84f7-4b75-9cf3-10fbe4998390 service placement] found 2 providers with available 1024 MEMORY_MB {{(pid=105276) get_provider_ids_matching /opt/stack/placement/placement/objects/research_context.py:563}}
Aug 03 18:07:28.327069 n-d-850468-7 devstack@placement-api.service[105276]: DEBUG placement.objects.research_context [req-09d7f840-f75f-46dd-82b3-e6aa0fa5fb59 req-14574310-84f7-4b75-9cf3-10fbe4998390 service placement] found 2 providers after filtering by previous result {{(pid=105276) get_provider_ids_matching /opt/stack/placement/placement/objects/research_context.py:594}}
Aug 03 18:07:28.327488 n-d-850468-7 devstack@placement-api.service[105276]: DEBUG placement.objects.research_context [req-09d7f840-f75f-46dd-82b3-e6aa0fa5fb59 req-14574310-84f7-4b75-9cf3-10fbe4998390 service placement] found 2 providers with available 1 VCPU {{(pid=105276) get_provider_ids_matching /opt/stack/placement/placement/objects/research_context.py:563}}
Aug 03 18:07:28.327915 n-d-850468-7 devstack@placement-api.service[105276]: DEBUG placement.objects.research_context [req-09d7f840-f75f-46dd-82b3-e6aa0fa5fb59 req-14574310-84f7-4b75-9cf3-10fbe4998390 service placement] found 2 providers after filtering by previous result {{(pid=105276) get_provider_ids_matching /opt/stack/placement/placement/objects/research_context.py:594}}
Aug 03 18:07:28.353305 n-d-850468-7 devstack@placement-api.service[105276]: DEBUG placement.objects.allocation_candidate [req-09d7f840-f75f-46dd-82b3-e6aa0fa5fb59 req-14574310-84f7-4b75-9cf3-10fbe4998390 service placement] RequestGroup(use_same_provider=False, resources={DISK_GB:1, MEMORY_MB:1024, VCPU:1}, traits=(), aggregates=[]) (suffix '') returned 2 matches {{(pid=105276) _get_by_requests /opt/stack/placement/placement/objects/allocation_candidate.py:156}}
Aug 03 18:07:28.354007 n-d-850468-7 devstack@placement-api.service[105276]: DEBUG placement.objects.allocation_candidate [req-09d7f840-f75f-46dd-82b3-e6aa0fa5fb59 req-14574310-84f7-4b75-9cf3-10fbe4998390 service placement] Merging candidates yields 2 allocation requests and 2 provider summaries {{(pid=105276) _merge_candidates /opt/stack/placement/placement/objects/allocation_candidate.py:809}}
Aug 03 18:07:28.356489 n-d-850468-7 devstack@placement-api.service[105276]: INFO placement.requestlog [req-09d7f840-f75f-46dd-82b3-e6aa0fa5fb59 req-14574310-84f7-4b75-9cf3-10fbe4998390 service placement] 10.222.0.42 "GET /placement/allocation_candidates?limit=1000&resources=DISK_GB%3A1%2CMEMORY_MB%3A1024%2CVCPU%3A1&root_required=%21COMPUTE_STATUS_DISABLED" status: 200 len: 1309 microversion: 1.36
Aug 03 18:07:28.357668 n-d-850468-7 devstack@placement-api.service[105276]: [pid: 105276|app: 0|req: 302/605] 10.222.0.42 () {60 vars in 1506 bytes} [Wed Aug 3 18:07:28 2022] GET /placement/allocation_candidates?limit=1000&resources=DISK_GB%3A1%2CMEMORY_MB%3A1024%2CVCPU%3A1&root_required=%21COMPUTE_STATUS_DISABLED => generated 1309 bytes in 179 msecs (HTTP/1.1 200) 8 headers in 297 bytes (1 switches on core 0)
Aug 03 18:07:28.465268 n-d-850468-7 devstack@placement-api.service[105275]: DEBUG placement.requestlog [req-09d7f840-f75f-46dd-82b3-e6aa0fa5fb59 req-9f3b7704-ec31-4c9e-9be2-6c00fde5f09a None None] Starting request: 10.222.0.42 "GET /placement/allocations/dc501dec-eb0c-48b1-9d02-b0f1315139af" {{(pid=105275) __call__ /opt/stack/placement/placement/requestlog.py:55}}
Aug 03 18:07:28.478136 n-d-850468-7 devstack@placement-api.service[105275]: INFO placement.requestlog [req-09d7f840-f75f-46dd-82b3-e6aa0fa5fb59 req-9f3b7704-ec31-4c9e-9be2-6c00fde5f09a service placement] 10.222.0.42 "GET /placement/allocations/dc501dec-eb0c-48b1-9d02-b0f1315139af" status: 200 len: 19 microversion: 1.28
Aug 03 18:07:28.484759 n-d-850468-7 devstack@placement-api.service[105275]: [pid: 105275|app: 0|req: 304/606] 10.222.0.42 () {60 vars in 1380 bytes} [Wed Aug 3 18:07:28 2022] GET /placement/allocations/dc501dec-eb0c-48b1-9d02-b0f1315139af => generated 19 bytes in 19 msecs (HTTP/1.1 200) 8 headers in 295 bytes (1 switches on core 0)
Aug 03 18:07:28.486304 n-d-850468-7 devstack@placement-api.service[105276]: DEBUG placement.requestlog [req-09d7f840-f75f-46dd-82b3-e6aa0fa5fb59 req-5b50086d-fa75-4c51-9a3c-1568bba7f22c None None] Starting request: 10.222.0.42 "PUT /placement/allocations/dc501dec-eb0c-48b1-9d02-b0f1315139af" {{(pid=105276) __call__ /opt/stack/placement/placement/requestlog.py:55}}
Aug 03 18:07:28.650603 n-d-850468-7 devstack@placement-api.service[105276]: DEBUG placement.handlers.allocation [req-09d7f840-f75f-46dd-82b3-e6aa0fa5fb59 req-5b50086d-fa75-4c51-9a3c-1568bba7f22c service placement] Successfully wrote allocations [, , ] {{(pid=105276) _update_consumers_and_create_allocations /opt/stack/placement/placement/handlers/allocation.py:462}}
Aug 03 18:07:28.667392 n-d-850468-7 devstack@placement-api.service[105276]: INFO placement.requestlog [req-09d7f840-f75f-46dd-82b3-e6aa0fa5fb59 req-5b50086d-fa75-4c51-9a3c-1568bba7f22c service placement] 10.222.0.42 "PUT /placement/allocations/dc501dec-eb0c-48b1-9d02-b0f1315139af" status: 204 len: 0 microversion: 1.36
Aug 03 18:07:28.669502 n-d-850468-7 devstack@placement-api.service[105276]: [pid: 105276|app: 0|req: 303/607] 10.222.0.42 () {64 vars in 1433 bytes} [Wed Aug 3 18:07:28 2022] PUT /placement/allocations/dc501dec-eb0c-48b1-9d02-b0f1315139af => generated 0 bytes in 183 msecs (HTTP/1.1 204) 5 headers in 199 bytes (1 switches on core 0)
Aug 03 18:07:29.165132 n-d-850468-7 devstack@placement-api.service[105275]: DEBUG placement.requestlog [req-09d7f840-f75f-46dd-82b3-e6aa0fa5fb59 req-3d8cee4a-f0f3-4e9c-982f-b46f59f462fc None None] Starting request: 10.222.0.84 "GET /placement/allocations/dc501dec-eb0c-48b1-9d02-b0f1315139af" {{(pid=105275) __call__ /opt/stack/placement/placement/requestlog.py:55}}
Aug 03 18:07:29.206750 n-d-850468-7 devstack@placement-api.service[105275]: INFO placement.requestlog [req-09d7f840-f75f-46dd-82b3-e6aa0fa5fb59 req-3d8cee4a-f0f3-4e9c-982f-b46f59f462fc service placement] 10.222.0.84 "GET /placement/allocations/dc501dec-eb0c-48b1-9d02-b0f1315139af" status: 200 len: 259 microversion: 1.28
Aug 03 18:07:29.210310 n-d-850468-7 devstack@placement-api.service[105275]: [pid: 105275|app: 0|req: 305/608] 10.222.0.84 () {60 vars in 1377 bytes} [Wed Aug 3 18:07:29 2022] GET /placement/allocations/dc501dec-eb0c-48b1-9d02-b0f1315139af => generated 259 bytes in 45 msecs (HTTP/1.1 200) 8 headers in 296 bytes (1 switches on core 0)
Aug 03 18:07:38.650300 n-d-850468-7 devstack@placement-api.service[105276]: DEBUG dbcounter [-] [105276] Writing DB stats placement:SELECT=54,placement:INSERT=10,placement:DELETE=4,placement:UPDATE=4 {{(pid=105276) stat_writer /usr/local/lib/python3.8/dist-packages/dbcounter.py:114}}
Aug 03 18:07:38.981027 n-d-850468-7 devstack@placement-api.service[105276]: DEBUG placement.requestlog [req-6a88ad5c-93fd-4486-becd-99c110a1d112 req-f46f3199-b051-4381-a46b-3b3e5d5557b5 None None] Starting request: 10.222.0.42 "GET /placement/allocation_candidates?resources=DISK_GB%3A1%2CMEMORY_MB%3A1024%2CVCPU%3A1&root_required=%21COMPUTE_STATUS_DISABLED" {{(pid=105276) __call__ /opt/stack/placement/placement/requestlog.py:55}}
Aug 03 18:07:39.021982 n-d-850468-7 devstack@placement-api.service[105276]: DEBUG placement.objects.research_context [req-6a88ad5c-93fd-4486-becd-99c110a1d112 req-f46f3199-b051-4381-a46b-3b3e5d5557b5 service placement] getting providers with 1 DISK_GB {{(pid=105276) __init__ /opt/stack/placement/placement/objects/research_context.py:136}}
Aug 03 18:07:39.027569 n-d-850468-7 devstack@placement-api.service[105276]: DEBUG placement.objects.research_context [req-6a88ad5c-93fd-4486-becd-99c110a1d112 req-f46f3199-b051-4381-a46b-3b3e5d5557b5 service placement] getting providers with 1024 MEMORY_MB {{(pid=105276) __init__ /opt/stack/placement/placement/objects/research_context.py:136}}
Aug 03 18:07:39.033261 n-d-850468-7 devstack@placement-api.service[105276]: DEBUG placement.objects.research_context [req-6a88ad5c-93fd-4486-becd-99c110a1d112 req-f46f3199-b051-4381-a46b-3b3e5d5557b5 service placement] getting providers with 1 VCPU {{(pid=105276) __init__ /opt/stack/placement/placement/objects/research_context.py:136}}
Aug 03 18:07:39.038676 n-d-850468-7 devstack@placement-api.service[105276]: DEBUG placement.objects.research_context [req-6a88ad5c-93fd-4486-becd-99c110a1d112 req-f46f3199-b051-4381-a46b-3b3e5d5557b5 service placement] found 2 providers with available 1 DISK_GB {{(pid=105276) get_provider_ids_matching /opt/stack/placement/placement/objects/research_context.py:563}}
Aug 03 18:07:39.038979 n-d-850468-7 devstack@placement-api.service[105276]: DEBUG placement.objects.research_context [req-6a88ad5c-93fd-4486-becd-99c110a1d112 req-f46f3199-b051-4381-a46b-3b3e5d5557b5 service placement] found 2 providers with available 1024 MEMORY_MB {{(pid=105276) get_provider_ids_matching /opt/stack/placement/placement/objects/research_context.py:563}}
Aug 03 18:07:39.039246 n-d-850468-7 devstack@placement-api.service[105276]: DEBUG placement.objects.research_context [req-6a88ad5c-93fd-4486-becd-99c110a1d112 req-f46f3199-b051-4381-a46b-3b3e5d5557b5 service placement] found 2 providers after filtering by previous result {{(pid=105276) get_provider_ids_matching /opt/stack/placement/placement/objects/research_context.py:594}}
Aug 03 18:07:39.039499 n-d-850468-7 devstack@placement-api.service[105276]: DEBUG placement.objects.research_context [req-6a88ad5c-93fd-4486-becd-99c110a1d112 req-f46f3199-b051-4381-a46b-3b3e5d5557b5 service placement] found 2 providers with available 1 VCPU {{(pid=105276) get_provider_ids_matching /opt/stack/placement/placement/objects/research_context.py:563}}
Aug 03 18:07:39.039754 n-d-850468-7 devstack@placement-api.service[105276]: DEBUG placement.objects.research_context [req-6a88ad5c-93fd-4486-becd-99c110a1d112 req-f46f3199-b051-4381-a46b-3b3e5d5557b5 service placement] found 2 providers after filtering by previous result {{(pid=105276) get_provider_ids_matching /opt/stack/placement/placement/objects/research_context.py:594}}
Aug 03 18:07:39.051114 n-d-850468-7 devstack@placement-api.service[105276]: DEBUG placement.objects.allocation_candidate [req-6a88ad5c-93fd-4486-becd-99c110a1d112 req-f46f3199-b051-4381-a46b-3b3e5d5557b5 service placement] RequestGroup(use_same_provider=False, resources={DISK_GB:1, MEMORY_MB:1024, VCPU:1}, traits=(), aggregates=[]) (suffix '') returned 2 matches {{(pid=105276) _get_by_requests /opt/stack/placement/placement/objects/allocation_candidate.py:156}}
Aug 03 18:07:39.051609 n-d-850468-7 devstack@placement-api.service[105276]: DEBUG placement.objects.allocation_candidate [req-6a88ad5c-93fd-4486-becd-99c110a1d112 req-f46f3199-b051-4381-a46b-3b3e5d5557b5 service placement] Merging candidates yields 2 allocation requests and 2 provider summaries {{(pid=105276) _merge_candidates /opt/stack/placement/placement/objects/allocation_candidate.py:809}}
Aug 03 18:07:39.053565 n-d-850468-7 devstack@placement-api.service[105276]: INFO placement.requestlog [req-6a88ad5c-93fd-4486-becd-99c110a1d112 req-f46f3199-b051-4381-a46b-3b3e5d5557b5 service placement] 10.222.0.42 "GET /placement/allocation_candidates?resources=DISK_GB%3A1%2CMEMORY_MB%3A1024%2CVCPU%3A1&root_required=%21COMPUTE_STATUS_DISABLED" status: 200 len: 1309 microversion: 1.36
Aug 03 18:07:39.053940 n-d-850468-7 devstack@placement-api.service[105276]: [pid: 105276|app: 0|req: 304/609] 10.222.0.42 () {60 vars in 1484 bytes} [Wed Aug 3 18:07:38 2022] GET /placement/allocation_candidates?resources=DISK_GB%3A1%2CMEMORY_MB%3A1024%2CVCPU%3A1&root_required=%21COMPUTE_STATUS_DISABLED => generated 1309 bytes in 73 msecs (HTTP/1.1 200) 8 headers in 297 bytes (1 switches on core 0)
Aug 03 18:07:39.104470 n-d-850468-7 devstack@placement-api.service[105275]: DEBUG placement.requestlog [req-6a88ad5c-93fd-4486-becd-99c110a1d112 req-a654fdfd-e26f-4be3-a354-ea655361dc99 None None] Starting request: 10.222.0.42 "GET /placement/allocations/e74d8fdf-21cf-4f18-b5a8-dcefaa279344" {{(pid=105275) __call__ /opt/stack/placement/placement/requestlog.py:55}}
