Jul 25 16:59:08.177900 n-d-850468-5 devstack@placement-api.service[112517]: [pid: 112517|app: 0|req: 198/401] 10.222.0.131 () {60 vars in 1360 bytes} [Mon Jul 25 16:59:07 2022] DELETE /placement/allocations/a10c5abf-dd59-4a9b-9469-1f0b6a939a02 => generated 0 bytes in 242 msecs (HTTP/1.1 204) 5 headers in 198 bytes (1 switches on core 0)
Jul 25 16:59:09.236429 n-d-850468-5 devstack@placement-api.service[112518]: DEBUG placement.requestlog [req-6d4047a2-54f7-4c03-bbf6-bdc02ec44d42 req-038e5255-bc3d-4c0a-bfc6-a9fde4384d1d None None] Starting request: 10.222.0.124 "GET /placement/allocation_candidates?limit=1000&resources=DISK_GB%3A1%2CMEMORY_MB%3A1024%2CVCPU%3A1&root_required=%21COMPUTE_STATUS_DISABLED" {{(pid=112518) __call__ /opt/stack/placement/placement/requestlog.py:55}}
Jul 25 16:59:09.281899 n-d-850468-5 devstack@placement-api.service[112518]: DEBUG placement.objects.research_context [req-6d4047a2-54f7-4c03-bbf6-bdc02ec44d42 req-038e5255-bc3d-4c0a-bfc6-a9fde4384d1d service placement] getting providers with 1 DISK_GB {{(pid=112518) __init__ /opt/stack/placement/placement/objects/research_context.py:136}}
Jul 25 16:59:09.289294 n-d-850468-5 devstack@placement-api.service[112518]: DEBUG placement.objects.research_context [req-6d4047a2-54f7-4c03-bbf6-bdc02ec44d42 req-038e5255-bc3d-4c0a-bfc6-a9fde4384d1d service placement] getting providers with 1024 MEMORY_MB {{(pid=112518) __init__ /opt/stack/placement/placement/objects/research_context.py:136}}
Jul 25 16:59:09.304749 n-d-850468-5 devstack@placement-api.service[112518]: DEBUG placement.objects.research_context [req-6d4047a2-54f7-4c03-bbf6-bdc02ec44d42 req-038e5255-bc3d-4c0a-bfc6-a9fde4384d1d service placement] getting providers with 1 VCPU {{(pid=112518) __init__ /opt/stack/placement/placement/objects/research_context.py:136}}
Jul 25 16:59:09.316459 n-d-850468-5 devstack@placement-api.service[112518]: DEBUG placement.objects.research_context [req-6d4047a2-54f7-4c03-bbf6-bdc02ec44d42 req-038e5255-bc3d-4c0a-bfc6-a9fde4384d1d service placement] found 2 providers with available 1 DISK_GB {{(pid=112518) get_provider_ids_matching /opt/stack/placement/placement/objects/research_context.py:563}}
Jul 25 16:59:09.316459 n-d-850468-5 devstack@placement-api.service[112518]: DEBUG placement.objects.research_context [req-6d4047a2-54f7-4c03-bbf6-bdc02ec44d42 req-038e5255-bc3d-4c0a-bfc6-a9fde4384d1d service placement] found 2 providers with available 1024 MEMORY_MB {{(pid=112518) get_provider_ids_matching /opt/stack/placement/placement/objects/research_context.py:563}}
Jul 25 16:59:09.316459 n-d-850468-5 devstack@placement-api.service[112518]: DEBUG placement.objects.research_context [req-6d4047a2-54f7-4c03-bbf6-bdc02ec44d42 req-038e5255-bc3d-4c0a-bfc6-a9fde4384d1d service placement] found 2 providers after filtering by previous result {{(pid=112518) get_provider_ids_matching /opt/stack/placement/placement/objects/research_context.py:594}}
Jul 25 16:59:09.316459 n-d-850468-5 devstack@placement-api.service[112518]: DEBUG placement.objects.research_context [req-6d4047a2-54f7-4c03-bbf6-bdc02ec44d42 req-038e5255-bc3d-4c0a-bfc6-a9fde4384d1d service placement] found 2 providers with available 1 VCPU {{(pid=112518) get_provider_ids_matching /opt/stack/placement/placement/objects/research_context.py:563}}
Jul 25 16:59:09.316459 n-d-850468-5 devstack@placement-api.service[112518]: DEBUG placement.objects.research_context [req-6d4047a2-54f7-4c03-bbf6-bdc02ec44d42 req-038e5255-bc3d-4c0a-bfc6-a9fde4384d1d service placement] found 2 providers after filtering by previous result {{(pid=112518) get_provider_ids_matching /opt/stack/placement/placement/objects/research_context.py:594}}
Jul 25 16:59:09.323195 n-d-850468-5 devstack@placement-api.service[112518]: DEBUG placement.objects.allocation_candidate [req-6d4047a2-54f7-4c03-bbf6-bdc02ec44d42 req-038e5255-bc3d-4c0a-bfc6-a9fde4384d1d service placement] RequestGroup(use_same_provider=False, resources={DISK_GB:1, MEMORY_MB:1024, VCPU:1}, traits=(), aggregates=[]) (suffix '') returned 2 matches {{(pid=112518) _get_by_requests /opt/stack/placement/placement/objects/allocation_candidate.py:156}}
Jul 25 16:59:09.323845 n-d-850468-5 devstack@placement-api.service[112518]: DEBUG placement.objects.allocation_candidate [req-6d4047a2-54f7-4c03-bbf6-bdc02ec44d42 req-038e5255-bc3d-4c0a-bfc6-a9fde4384d1d service placement] Merging candidates yields 2 allocation requests and 2 provider summaries {{(pid=112518) _merge_candidates /opt/stack/placement/placement/objects/allocation_candidate.py:809}}
Jul 25 16:59:09.325449 n-d-850468-5 devstack@placement-api.service[112518]: INFO placement.requestlog [req-6d4047a2-54f7-4c03-bbf6-bdc02ec44d42 req-038e5255-bc3d-4c0a-bfc6-a9fde4384d1d service placement] 10.222.0.124 "GET /placement/allocation_candidates?limit=1000&resources=DISK_GB%3A1%2CMEMORY_MB%3A1024%2CVCPU%3A1&root_required=%21COMPUTE_STATUS_DISABLED" status: 200 len: 1309 microversion: 1.36
Jul 25 16:59:09.326181 n-d-850468-5 devstack@placement-api.service[112518]: [pid: 112518|app: 0|req: 204/402] 10.222.0.124 () {60 vars in 1511 bytes} [Mon Jul 25 16:59:09 2022] GET /placement/allocation_candidates?limit=1000&resources=DISK_GB%3A1%2CMEMORY_MB%3A1024%2CVCPU%3A1&root_required=%21COMPUTE_STATUS_DISABLED => generated 1309 bytes in 90 msecs (HTTP/1.1 200) 8 headers in 297 bytes (1 switches on core 0)
Jul 25 16:59:09.415887 n-d-850468-5 devstack@placement-api.service[112517]: DEBUG placement.requestlog [req-6d4047a2-54f7-4c03-bbf6-bdc02ec44d42 req-aa28d5a5-4a3c-48eb-bdf8-c50aea5b3fa3 None None] Starting request: 10.222.0.124 "GET /placement/allocations/2ed38f6e-87c6-447d-ad74-90c8f316eedd" {{(pid=112517) __call__ /opt/stack/placement/placement/requestlog.py:55}}
Jul 25 16:59:09.439093 n-d-850468-5 devstack@placement-api.service[112517]: INFO placement.requestlog [req-6d4047a2-54f7-4c03-bbf6-bdc02ec44d42 req-aa28d5a5-4a3c-48eb-bdf8-c50aea5b3fa3 service placement] 10.222.0.124 "GET /placement/allocations/2ed38f6e-87c6-447d-ad74-90c8f316eedd" status: 200 len: 19 microversion: 1.28
Jul 25 16:59:09.439862 n-d-850468-5 devstack@placement-api.service[112517]: [pid: 112517|app: 0|req: 199/403] 10.222.0.124 () {60 vars in 1385 bytes} [Mon Jul 25 16:59:09 2022] GET /placement/allocations/2ed38f6e-87c6-447d-ad74-90c8f316eedd => generated 19 bytes in 25 msecs (HTTP/1.1 200) 8 headers in 295 bytes (1 switches on core 0)
Jul 25 16:59:09.447763 n-d-850468-5 devstack@placement-api.service[112518]: DEBUG placement.requestlog [req-6d4047a2-54f7-4c03-bbf6-bdc02ec44d42 req-fab12310-d89f-494c-b20a-580f79cb9d6a None None] Starting request: 10.222.0.124 "PUT /placement/allocations/2ed38f6e-87c6-447d-ad74-90c8f316eedd" {{(pid=112518) __call__ /opt/stack/placement/placement/requestlog.py:55}}
Jul 25 16:59:09.673731 n-d-850468-5 devstack@placement-api.service[112518]: DEBUG placement.handlers.allocation [req-6d4047a2-54f7-4c03-bbf6-bdc02ec44d42 req-fab12310-d89f-494c-b20a-580f79cb9d6a service placement] Successfully wrote allocations [, , ] {{(pid=112518) _update_consumers_and_create_allocations /opt/stack/placement/placement/handlers/allocation.py:462}}
Jul 25 16:59:09.748322 n-d-850468-5 devstack@placement-api.service[112518]: INFO placement.requestlog [req-6d4047a2-54f7-4c03-bbf6-bdc02ec44d42 req-fab12310-d89f-494c-b20a-580f79cb9d6a service placement] 10.222.0.124 "PUT /placement/allocations/2ed38f6e-87c6-447d-ad74-90c8f316eedd" status: 204 len: 0 microversion: 1.36
Jul 25 16:59:09.748950 n-d-850468-5 devstack@placement-api.service[112518]: [pid: 112518|app: 0|req: 205/404] 10.222.0.124 () {64 vars in 1438 bytes} [Mon Jul 25 16:59:09 2022] PUT /placement/allocations/2ed38f6e-87c6-447d-ad74-90c8f316eedd => generated 0 bytes in 301 msecs (HTTP/1.1 204) 5 headers in 199 bytes (2 switches on core 0)
Jul 25 16:59:11.057103 n-d-850468-5 devstack@placement-api.service[112517]: DEBUG placement.requestlog [req-6d4047a2-54f7-4c03-bbf6-bdc02ec44d42 req-47122dbe-3b90-4ab3-b67c-f9ace67b776c None None] Starting request: 10.222.0.136 "GET /placement/allocations/2ed38f6e-87c6-447d-ad74-90c8f316eedd" {{(pid=112517) __call__ /opt/stack/placement/placement/requestlog.py:55}}
Jul 25 16:59:11.133674 n-d-850468-5 devstack@placement-api.service[112517]: INFO placement.requestlog [req-6d4047a2-54f7-4c03-bbf6-bdc02ec44d42 req-47122dbe-3b90-4ab3-b67c-f9ace67b776c service placement] 10.222.0.136 "GET /placement/allocations/2ed38f6e-87c6-447d-ad74-90c8f316eedd" status: 200 len: 259 microversion: 1.28
Jul 25 16:59:11.134392 n-d-850468-5 devstack@placement-api.service[112517]: [pid: 112517|app: 0|req: 200/405] 10.222.0.136 () {60 vars in 1382 bytes} [Mon Jul 25 16:59:11 2022] GET /placement/allocations/2ed38f6e-87c6-447d-ad74-90c8f316eedd => generated 259 bytes in 77 msecs (HTTP/1.1 200) 8 headers in 296 bytes (1 switches on core 0)
Jul 25 16:59:15.529889 n-d-850468-5 devstack@placement-api.service[112518]: DEBUG placement.requestlog [req-c9089e78-878e-4626-8ca7-a098a597068f req-a80e1795-a3e3-4d7a-86eb-cf83ff73eeac None None] Starting request: 10.222.0.131 "DELETE /placement/allocations/95b3063a-20e7-4615-a5a1-a7176a54d068" {{(pid=112518) __call__ /opt/stack/placement/placement/requestlog.py:55}}
Jul 25 16:59:15.659020 n-d-850468-5 devstack@placement-api.service[112517]: DEBUG placement.requestlog [None req-ad49ed04-f10f-4083-9fe5-1535d396fb0c None None] Starting request: 10.222.0.124 "GET /placement/resource_providers/bbdaf4a5-8e1a-40fd-b205-e49356fc891a/aggregates" {{(pid=112517) __call__ /opt/stack/placement/placement/requestlog.py:55}}
Jul 25 16:59:15.747897 n-d-850468-5 devstack@placement-api.service[112518]: DEBUG placement.handlers.allocation [req-c9089e78-878e-4626-8ca7-a098a597068f req-a80e1795-a3e3-4d7a-86eb-cf83ff73eeac service placement] Successfully deleted allocations [, ] {{(pid=112518) delete_allocations /opt/stack/placement/placement/handlers/allocation.py:627}}
Jul 25 16:59:15.748522 n-d-850468-5 devstack@placement-api.service[112518]: INFO placement.requestlog [req-c9089e78-878e-4626-8ca7-a098a597068f req-a80e1795-a3e3-4d7a-86eb-cf83ff73eeac service placement] 10.222.0.131 "DELETE /placement/allocations/95b3063a-20e7-4615-a5a1-a7176a54d068" status: 204 len: 0 microversion: 1.0
Jul 25 16:59:15.749024 n-d-850468-5 devstack@placement-api.service[112518]: [pid: 112518|app: 0|req: 206/406] 10.222.0.131 () {60 vars in 1360 bytes} [Mon Jul 25 16:59:15 2022] DELETE /placement/allocations/95b3063a-20e7-4615-a5a1-a7176a54d068 => generated 0 bytes in 220 msecs (HTTP/1.1 204) 5 headers in 198 bytes (1 switches on core 0)
Jul 25 16:59:15.807983 n-d-850468-5 devstack@placement-api.service[112517]: INFO placement.requestlog [None req-ad49ed04-f10f-4083-9fe5-1535d396fb0c service placement] 10.222.0.124 "GET /placement/resource_providers/bbdaf4a5-8e1a-40fd-b205-e49356fc891a/aggregates" status: 404 len: 235 microversion: 1.1
Jul 25 16:59:15.809276 n-d-850468-5 devstack@placement-api.service[112517]: [pid: 112517|app: 0|req: 201/407] 10.222.0.124 () {58 vars in 1367 bytes} [Mon Jul 25 16:59:15 2022] GET /placement/resource_providers/bbdaf4a5-8e1a-40fd-b205-e49356fc891a/aggregates => generated 235 bytes in 151 msecs (HTTP/1.1 404) 5 headers in 202 bytes (2 switches on core 0)
Jul 25 16:59:15.819460 n-d-850468-5 devstack@placement-api.service[112518]: DEBUG placement.requestlog [None req-ac3e5f9e-5ecb-412f-8682-e0eaf18c6c60 None None] Starting request: 10.222.0.124 "DELETE /placement/resource_providers/bbdaf4a5-8e1a-40fd-b205-e49356fc891a" {{(pid=112518) __call__ /opt/stack/placement/placement/requestlog.py:55}}
Jul 25 16:59:15.866828 n-d-850468-5 devstack@placement-api.service[112518]: DEBUG placement.wsgi_wrapper [None req-ac3e5f9e-5ecb-412f-8682-e0eaf18c6c60 service placement] Placement API returning an error response: No resource provider with uuid bbdaf4a5-8e1a-40fd-b205-e49356fc891a found for delete {{(pid=112518) call_func /opt/stack/placement/placement/wsgi_wrapper.py:31}}
Jul 25 16:59:15.867627 n-d-850468-5 devstack@placement-api.service[112518]: INFO placement.requestlog [None req-ac3e5f9e-5ecb-412f-8682-e0eaf18c6c60 service placement] 10.222.0.124 "DELETE /placement/resource_providers/bbdaf4a5-8e1a-40fd-b205-e49356fc891a" status: 404 len: 246 microversion: 1.1
Jul 25 16:59:15.868011 n-d-850468-5 devstack@placement-api.service[112518]: [pid: 112518|app: 0|req: 207/408] 10.222.0.124 () {60 vars in 1356 bytes} [Mon Jul 25 16:59:15 2022] DELETE /placement/resource_providers/bbdaf4a5-8e1a-40fd-b205-e49356fc891a => generated 246 bytes in 49 msecs (HTTP/1.1 404) 6 headers in 231 bytes (1 switches on core 0)
Jul 25 16:59:17.902253 n-d-850468-5 devstack@placement-api.service[112517]: DEBUG placement.requestlog [None req-bfd9d35f-176c-4ef9-8bb9-33e352829030 None None] Starting request: 10.222.0.124 "GET /placement/resource_providers/63e94f09-040e-4e34-b14f-7a8225aadea4/aggregates" {{(pid=112517) __call__ /opt/stack/placement/placement/requestlog.py:55}}
Jul 25 16:59:17.934757 n-d-850468-5 devstack@placement-api.service[112517]: INFO placement.requestlog [None req-bfd9d35f-176c-4ef9-8bb9-33e352829030 service placement] 10.222.0.124 "GET /placement/resource_providers/63e94f09-040e-4e34-b14f-7a8225aadea4/aggregates" status: 404 len: 235 microversion: 1.1
Jul 25 16:59:17.936016 n-d-850468-5 devstack@placement-api.service[112517]: [pid: 112517|app: 0|req: 202/409] 10.222.0.124 () {58 vars in 1367 bytes} [Mon Jul 25 16:59:17 2022] GET /placement/resource_providers/63e94f09-040e-4e34-b14f-7a8225aadea4/aggregates => generated 235 bytes in 34 msecs (HTTP/1.1 404) 5 headers in 202 bytes (1 switches on core 0)
Jul 25 16:59:17.970087 n-d-850468-5 devstack@placement-api.service[112518]: DEBUG placement.requestlog [None req-6825c82d-ccb1-4099-a631-8a0578c7208a None None] Starting request: 10.222.0.124 "DELETE /placement/resource_providers/63e94f09-040e-4e34-b14f-7a8225aadea4" {{(pid=112518) __call__ /opt/stack/placement/placement/requestlog.py:55}}
Jul 25 16:59:17.984047 n-d-850468-5 devstack@placement-api.service[112518]: DEBUG placement.wsgi_wrapper [None req-6825c82d-ccb1-4099-a631-8a0578c7208a service placement] Placement API returning an error response: No resource provider with uuid 63e94f09-040e-4e34-b14f-7a8225aadea4 found for delete {{(pid=112518) call_func /opt/stack/placement/placement/wsgi_wrapper.py:31}}
Jul 25 16:59:17.985179 n-d-850468-5 devstack@placement-api.service[112518]: INFO placement.requestlog [None req-6825c82d-ccb1-4099-a631-8a0578c7208a service placement] 10.222.0.124 "DELETE /placement/resource_providers/63e94f09-040e-4e34-b14f-7a8225aadea4" status: 404 len: 246 microversion: 1.1
Jul 25 16:59:17.988434 n-d-850468-5 devstack@placement-api.service[112518]: [pid: 112518|app: 0|req: 208/410] 10.222.0.124 () {60 vars in 1356 bytes} [Mon Jul 25 16:59:17 2022] DELETE /placement/resource_providers/63e94f09-040e-4e34-b14f-7a8225aadea4 => generated 246 bytes in 18 msecs (HTTP/1.1 404) 6 headers in 231 bytes (1 switches on core 0)
Jul 25 16:59:23.646520 n-d-850468-5 devstack@placement-api.service[112517]: DEBUG placement.requestlog [req-e1c7046d-4ebb-4912-b097-0832aebad053 req-13af853b-86e8-46be-9f95-1b53f38f4367 None None] Starting request: 10.222.0.131 "GET /placement/resource_providers/abb2bfeb-3bef-4de0-8c3f-47b15644f6cc/allocations" {{(pid=112517) __call__ /opt/stack/placement/placement/requestlog.py:55}}
Jul 25 16:59:23.654478 n-d-850468-5 devstack@placement-api.service[112517]: DEBUG dbcounter [-] [112517] Writing DB stats placement:SELECT=63,placement:DELETE=6,placement:UPDATE=2 {{(pid=112517) stat_writer /usr/local/lib/python3.8/dist-packages/dbcounter.py:114}}
Jul 25 16:59:23.682404 n-d-850468-5 devstack@placement-api.service[112517]: INFO placement.requestlog [req-e1c7046d-4ebb-4912-b097-0832aebad053 req-13af853b-86e8-46be-9f95-1b53f38f4367 service placement] 10.222.0.131 "GET /placement/resource_providers/abb2bfeb-3bef-4de0-8c3f-47b15644f6cc/allocations" status: 200 len: 861 microversion: 1.0
Jul 25 16:59:23.683091 n-d-850468-5 devstack@placement-api.service[112517]: [pid: 112517|app: 0|req: 203/411] 10.222.0.131 () {58 vars in 1395 bytes} [Mon Jul 25 16:59:23 2022] GET /placement/resource_providers/abb2bfeb-3bef-4de0-8c3f-47b15644f6cc/allocations => generated 861 bytes in 37 msecs (HTTP/1.1 200) 6 headers in 224 bytes (1 switches on core 0)
Jul 25 16:59:25.040576 n-d-850468-5 devstack@placement-api.service[112518]: DEBUG placement.requestlog [req-e1c7046d-4ebb-4912-b097-0832aebad053 req-0a7c98a0-a3c1-4516-abf5-174fd3587b26 None None] Starting request: 10.222.0.131 "GET /placement/allocations/5597731e-f030-4534-a7c4-07c5d9fd8be3" {{(pid=112518) __call__ /opt/stack/placement/placement/requestlog.py:55}}
Jul 25 16:59:25.060811 n-d-850468-5 devstack@placement-api.service[112518]: INFO placement.requestlog [req-e1c7046d-4ebb-4912-b097-0832aebad053 req-0a7c98a0-a3c1-4516-abf5-174fd3587b26 service placement] 10.222.0.131 "GET /placement/allocations/5597731e-f030-4534-a7c4-07c5d9fd8be3" status: 200 len: 259 microversion: 1.28
Jul 25 16:59:25.063202 n-d-850468-5 devstack@placement-api.service[112518]: [pid: 112518|app: 0|req: 209/412] 10.222.0.131 () {60 vars in 1382 bytes} [Mon Jul 25 16:59:25 2022] GET /placement/allocations/5597731e-f030-4534-a7c4-07c5d9fd8be3 => generated 259 bytes in 22 msecs (HTTP/1.1 200) 8 headers in 296 bytes (1 switches on core 0)
Jul 25 16:59:26.247829 n-d-850468-5 devstack@placement-api.service[112517]: DEBUG placement.requestlog [req-e1c7046d-4ebb-4912-b097-0832aebad053 req-967cc41d-13e0-489b-8674-9efbff52bd84 None None] Starting request: 10.222.0.131 "PUT /placement/allocations/5597731e-f030-4534-a7c4-07c5d9fd8be3" {{(pid=112517) __call__ /opt/stack/placement/placement/requestlog.py:55}}
Jul 25 16:59:26.424714 n-d-850468-5 devstack@placement-api.service[112517]: DEBUG placement.handlers.allocation [req-e1c7046d-4ebb-4912-b097-0832aebad053 req-967cc41d-13e0-489b-8674-9efbff52bd84 service placement] Successfully wrote allocations [, , ] {{(pid=112517) _update_consumers_and_create_allocations /opt/stack/placement/placement/handlers/allocation.py:462}}
Jul 25 16:59:26.525315 n-d-850468-5 devstack@placement-api.service[112517]: INFO placement.requestlog [req-e1c7046d-4ebb-4912-b097-0832aebad053 req-967cc41d-13e0-489b-8674-9efbff52bd84 service placement] 10.222.0.131 "PUT /placement/allocations/5597731e-f030-4534-a7c4-07c5d9fd8be3" status: 204 len: 0 microversion: 1.28
Jul 25 16:59:26.526908 n-d-850468-5 devstack@placement-api.service[112517]: [pid: 112517|app: 0|req: 204/413] 10.222.0.131 () {64 vars in 1435 bytes} [Mon Jul 25 16:59:26 2022] PUT /placement/allocations/5597731e-f030-4534-a7c4-07c5d9fd8be3 => generated 0 bytes in 279 msecs (HTTP/1.1 204) 5 headers in 199 bytes (1 switches on core 0)
Jul 25 16:59:27.548509 n-d-850468-5 devstack@placement-api.service[112518]: DEBUG placement.requestlog [req-bcf3bb9e-2c12-486a-aff2-0c1cb962212c req-6be5e5cf-4c09-4214-86a9-44c9055cac10 None None] Starting request: 10.222.0.124 "GET /placement/allocation_candidates?limit=1000&resources=DISK_GB%3A1%2CMEMORY_MB%3A1024%2CVCPU%3A1&root_required=%21COMPUTE_STATUS_DISABLED" {{(pid=112518) __call__ /opt/stack/placement/placement/requestlog.py:55}}
Jul 25 16:59:27.665154 n-d-850468-5 devstack@placement-api.service[112518]: DEBUG placement.objects.research_context [req-bcf3bb9e-2c12-486a-aff2-0c1cb962212c req-6be5e5cf-4c09-4214-86a9-44c9055cac10 service placement] getting providers with 1 DISK_GB {{(pid=112518) __init__ /opt/stack/placement/placement/objects/research_context.py:136}}
Jul 25 16:59:27.684268 n-d-850468-5 devstack@placement-api.service[112518]: DEBUG placement.objects.research_context [req-bcf3bb9e-2c12-486a-aff2-0c1cb962212c req-6be5e5cf-4c09-4214-86a9-44c9055cac10 service placement] getting providers with 1024 MEMORY_MB {{(pid=112518) __init__ /opt/stack/placement/placement/objects/research_context.py:136}}
Jul 25 16:59:27.702638 n-d-850468-5 devstack@placement-api.service[112518]: DEBUG dbcounter [-] [112518] Writing DB stats placement:SELECT=88,placement:DELETE=6,placement:INSERT=4,placement:UPDATE=2 {{(pid=112518) stat_writer /usr/local/lib/python3.8/dist-packages/dbcounter.py:114}}
Jul 25 16:59:27.704559 n-d-850468-5 devstack@placement-api.service[112518]: DEBUG placement.objects.research_context [req-bcf3bb9e-2c12-486a-aff2-0c1cb962212c req-6be5e5cf-4c09-4214-86a9-44c9055cac10 service placement] getting providers with 1 VCPU {{(pid=112518) __init__ /opt/stack/placement/placement/objects/research_context.py:136}}
Jul 25 16:59:27.713412 n-d-850468-5 devstack@placement-api.service[112518]: DEBUG placement.objects.research_context [req-bcf3bb9e-2c12-486a-aff2-0c1cb962212c req-6be5e5cf-4c09-4214-86a9-44c9055cac10 service placement] found 2 providers with available 1 DISK_GB {{(pid=112518) get_provider_ids_matching /opt/stack/placement/placement/objects/research_context.py:563}}
Jul 25 16:59:27.715257 n-d-850468-5 devstack@placement-api.service[112518]: DEBUG placement.objects.research_context [req-bcf3bb9e-2c12-486a-aff2-0c1cb962212c req-6be5e5cf-4c09-4214-86a9-44c9055cac10 service placement] found 2 providers with available 1024 MEMORY_MB {{(pid=112518) get_provider_ids_matching /opt/stack/placement/placement/objects/research_context.py:563}}
Jul 25 16:59:27.716010 n-d-850468-5 devstack@placement-api.service[112518]: DEBUG placement.objects.research_context [req-bcf3bb9e-2c12-486a-aff2-0c1cb962212c req-6be5e5cf-4c09-4214-86a9-44c9055cac10 service placement] found 2 providers after filtering by previous result {{(pid=112518) get_provider_ids_matching /opt/stack/placement/placement/objects/research_context.py:594}}
Jul 25 16:59:27.716671 n-d-850468-5 devstack@placement-api.service[112518]: DEBUG placement.objects.research_context [req-bcf3bb9e-2c12-486a-aff2-0c1cb962212c req-6be5e5cf-4c09-4214-86a9-44c9055cac10 service placement] found 2 providers with available 1 VCPU {{(pid=112518) get_provider_ids_matching /opt/stack/placement/placement/objects/research_context.py:563}}
Jul 25 16:59:27.717408 n-d-850468-5 devstack@placement-api.service[112518]: DEBUG placement.objects.research_context [req-bcf3bb9e-2c12-486a-aff2-0c1cb962212c req-6be5e5cf-4c09-4214-86a9-44c9055cac10 service placement] found 2 providers after filtering by previous result {{(pid=112518) get_provider_ids_matching /opt/stack/placement/placement/objects/research_context.py:594}}
Jul 25 16:59:27.733043 n-d-850468-5 devstack@placement-api.service[112518]: DEBUG placement.objects.allocation_candidate [req-bcf3bb9e-2c12-486a-aff2-0c1cb962212c req-6be5e5cf-4c09-4214-86a9-44c9055cac10 service placement] RequestGroup(use_same_provider=False, resources={DISK_GB:1, MEMORY_MB:1024, VCPU:1}, traits=(), aggregates=[]) (suffix '') returned 2 matches {{(pid=112518) _get_by_requests /opt/stack/placement/placement/objects/allocation_candidate.py:156}}
Jul 25 16:59:27.733819 n-d-850468-5 devstack@placement-api.service[112518]: DEBUG placement.objects.allocation_candidate [req-bcf3bb9e-2c12-486a-aff2-0c1cb962212c req-6be5e5cf-4c09-4214-86a9-44c9055cac10 service placement] Merging candidates yields 2 allocation requests and 2 provider summaries {{(pid=112518) _merge_candidates /opt/stack/placement/placement/objects/allocation_candidate.py:809}}
Jul 25 16:59:27.736194 n-d-850468-5 devstack@placement-api.service[112518]: INFO placement.requestlog [req-bcf3bb9e-2c12-486a-aff2-0c1cb962212c req-6be5e5cf-4c09-4214-86a9-44c9055cac10 service placement] 10.222.0.124 "GET /placement/allocation_candidates?limit=1000&resources=DISK_GB%3A1%2CMEMORY_MB%3A1024%2CVCPU%3A1&root_required=%21COMPUTE_STATUS_DISABLED" status: 200 len: 1309 microversion: 1.36
Jul 25 16:59:27.737470 n-d-850468-5 devstack@placement-api.service[112518]: [pid: 112518|app: 0|req: 210/414] 10.222.0.124 () {60 vars in 1511 bytes} [Mon Jul 25 16:59:27 2022] GET /placement/allocation_candidates?limit=1000&resources=DISK_GB%3A1%2CMEMORY_MB%3A1024%2CVCPU%3A1&root_required=%21COMPUTE_STATUS_DISABLED => generated 1309 bytes in 189 msecs (HTTP/1.1 200) 8 headers in 297 bytes (1 switches on core 0)
Jul 25 16:59:27.871249 n-d-850468-5 devstack@placement-api.service[112517]: DEBUG placement.requestlog [req-bcf3bb9e-2c12-486a-aff2-0c1cb962212c req-a330f746-3a39-49f6-8885-76d457c27386 None None] Starting request: 10.222.0.124 "GET /placement/allocations/5b88fbf4-43fa-4686-8bab-1201ebee097b" {{(pid=112517) __call__ /opt/stack/placement/placement/requestlog.py:55}}
Jul 25 16:59:27.892105 n-d-850468-5 devstack@placement-api.service[112517]: INFO placement.requestlog [req-bcf3bb9e-2c12-486a-aff2-0c1cb962212c req-a330f746-3a39-49f6-8885-76d457c27386 service placement] 10.222.0.124 "GET /placement/allocations/5b88fbf4-43fa-4686-8bab-1201ebee097b" status: 200 len: 19 microversion: 1.28
Jul 25 16:59:27.893147 n-d-850468-5 devstack@placement-api.service[112517]: [pid: 112517|app: 0|req: 205/415] 10.222.0.124 () {60 vars in 1385 bytes} [Mon Jul 25 16:59:27 2022] GET /placement/allocations/5b88fbf4-43fa-4686-8bab-1201ebee097b => generated 19 bytes in 22 msecs (HTTP/1.1 200) 8 headers in 295 bytes (1 switches on core 0)
Jul 25 16:59:27.903714 n-d-850468-5 devstack@placement-api.service[112518]: DEBUG placement.requestlog [req-bcf3bb9e-2c12-486a-aff2-0c1cb962212c req-87f6a833-d980-4b9e-9a36-8d9c8e200e7c None None] Starting request: 10.222.0.124 "PUT /placement/allocations/5b88fbf4-43fa-4686-8bab-1201ebee097b" {{(pid=112518) __call__ /opt/stack/placement/placement/requestlog.py:55}}
Jul 25 16:59:28.476811 n-d-850468-5 devstack@placement-api.service[112518]: DEBUG placement.handlers.allocation [req-bcf3bb9e-2c12-486a-aff2-0c1cb962212c req-87f6a833-d980-4b9e-9a36-8d9c8e200e7c service placement] Successfully wrote allocations [, , ] {{(pid=112518) _update_consumers_and_create_allocations /opt/stack/placement/placement/handlers/allocation.py:462}}
Jul 25 16:59:28.655893 n-d-850468-5 devstack@placement-api.service[112518]: INFO placement.requestlog [req-bcf3bb9e-2c12-486a-aff2-0c1cb962212c req-87f6a833-d980-4b9e-9a36-8d9c8e200e7c service placement] 10.222.0.124 "PUT /placement/allocations/5b88fbf4-43fa-4686-8bab-1201ebee097b" status: 204 len: 0 microversion: 1.36
Jul 25 16:59:28.672428 n-d-850468-5 devstack@placement-api.service[112518]: [pid: 112518|app: 0|req: 211/416] 10.222.0.124 () {64 vars in 1438 bytes} [Mon Jul 25 16:59:27 2022] PUT /placement/allocations/5b88fbf4-43fa-4686-8bab-1201ebee097b => generated 0 bytes in 753 msecs (HTTP/1.1 204) 5 headers in 199 bytes (2 switches on core 0)
Jul 25 16:59:28.998348 n-d-850468-5 devstack@placement-api.service[112517]: DEBUG placement.requestlog [req-fac0e78c-6583-41c1-923c-46154ce2fb75 req-240ed448-4963-4baf-b682-8a764f7ffdd3 None None] Starting request: 10.222.0.136 "DELETE /placement/allocations/2ed38f6e-87c6-447d-ad74-90c8f316eedd" {{(pid=112517) __call__ /opt/stack/placement/placement/requestlog.py:55}}
Jul 25 16:59:29.230390 n-d-850468-5 devstack@placement-api.service[112518]: DEBUG placement.requestlog [req-dd36be66-9a48-4ad5-86ac-fa2ce882b883 req-5afff536-02fc-451c-8176-1d14be725bec None None] Starting request: 10.222.0.124 "GET /placement/allocation_candidates?limit=1000&resources=DISK_GB%3A1%2CMEMORY_MB%3A1024%2CVCPU%3A1&root_required=%21COMPUTE_STATUS_DISABLED" {{(pid=112518) __call__ /opt/stack/placement/placement/requestlog.py:55}}
Jul 25 16:59:29.273866 n-d-850468-5 devstack@placement-api.service[112517]: DEBUG placement.handlers.allocation [req-fac0e78c-6583-41c1-923c-46154ce2fb75 req-240ed448-4963-4baf-b682-8a764f7ffdd3 service placement] Successfully deleted allocations [, , ] {{(pid=112517) delete_allocations /opt/stack/placement/placement/handlers/allocation.py:627}}
Jul 25 16:59:29.274706 n-d-850468-5 devstack@placement-api.service[112517]: INFO placement.requestlog [req-fac0e78c-6583-41c1-923c-46154ce2fb75 req-240ed448-4963-4baf-b682-8a764f7ffdd3 service placement] 10.222.0.136 "DELETE /placement/allocations/2ed38f6e-87c6-447d-ad74-90c8f316eedd" status: 204 len: 0 microversion: 1.0
Jul 25 16:59:29.275572 n-d-850468-5 devstack@placement-api.service[112517]: [pid: 112517|app: 0|req: 206/417] 10.222.0.136 () {60 vars in 1360 bytes} [Mon Jul 25 16:59:28 2022] DELETE /placement/allocations/2ed38f6e-87c6-447d-ad74-90c8f316eedd => generated 0 bytes in 277 msecs (HTTP/1.1 204) 5 headers in 198 bytes (1 switches on core 0)
Jul 25 16:59:29.334233 n-d-850468-5 devstack@placement-api.service[112518]: DEBUG placement.objects.research_context [req-dd36be66-9a48-4ad5-86ac-fa2ce882b883 req-5afff536-02fc-451c-8176-1d14be725bec service placement] getting providers with 1 DISK_GB {{(pid=112518) __init__ /opt/stack/placement/placement/objects/research_context.py:136}}
Jul 25 16:59:29.354185 n-d-850468-5 devstack@placement-api.service[112518]: DEBUG placement.objects.research_context [req-dd36be66-9a48-4ad5-86ac-fa2ce882b883 req-5afff536-02fc-451c-8176-1d14be725bec service placement] getting providers with 1024 MEMORY_MB {{(pid=112518) __init__ /opt/stack/placement/placement/objects/research_context.py:136}}
Jul 25 16:59:29.369398 n-d-850468-5 devstack@placement-api.service[112518]: DEBUG placement.objects.research_context [req-dd36be66-9a48-4ad5-86ac-fa2ce882b883 req-5afff536-02fc-451c-8176-1d14be725bec service placement] getting providers with 1 VCPU {{(pid=112518) __init__ /opt/stack/placement/placement/objects/research_context.py:136}}
Jul 25 16:59:29.384400 n-d-850468-5 devstack@placement-api.service[112518]: DEBUG placement.objects.research_context [req-dd36be66-9a48-4ad5-86ac-fa2ce882b883 req-5afff536-02fc-451c-8176-1d14be725bec service placement] found 2 providers with available 1 DISK_GB {{(pid=112518) get_provider_ids_matching /opt/stack/placement/placement/objects/research_context.py:563}}
Jul 25 16:59:29.386562 n-d-850468-5 devstack@placement-api.service[112518]: DEBUG placement.objects.research_context [req-dd36be66-9a48-4ad5-86ac-fa2ce882b883 req-5afff536-02fc-451c-8176-1d14be725bec service placement] found 2 providers with available 1024 MEMORY_MB {{(pid=112518) get_provider_ids_matching /opt/stack/placement/placement/objects/research_context.py:563}}
Jul 25 16:59:29.386562 n-d-850468-5 devstack@placement-api.service[112518]: DEBUG placement.objects.research_context [req-dd36be66-9a48-4ad5-86ac-fa2ce882b883 req-5afff536-02fc-451c-8176-1d14be725bec service placement] found 2 providers after filtering by previous result {{(pid=112518) get_provider_ids_matching /opt/stack/placement/placement/objects/research_context.py:594}}
Jul 25 16:59:29.386562 n-d-850468-5 devstack@placement-api.service[112518]: DEBUG placement.objects.research_context [req-dd36be66-9a48-4ad5-86ac-fa2ce882b883 req-5afff536-02fc-451c-8176-1d14be725bec service placement] found 2 providers with available 1 VCPU {{(pid=112518) get_provider_ids_matching /opt/stack/placement/placement/objects/research_context.py:563}}
Jul 25 16:59:29.387274 n-d-850468-5 devstack@placement-api.service[112518]: DEBUG placement.objects.research_context [req-dd36be66-9a48-4ad5-86ac-fa2ce882b883 req-5afff536-02fc-451c-8176-1d14be725bec service placement] found 2 providers after filtering by previous result {{(pid=112518) get_provider_ids_matching /opt/stack/placement/placement/objects/research_context.py:594}}
Jul 25 16:59:29.420501 n-d-850468-5 devstack@placement-api.service[112518]: DEBUG placement.objects.allocation_candidate [req-dd36be66-9a48-4ad5-86ac-fa2ce882b883 req-5afff536-02fc-451c-8176-1d14be725bec service placement] RequestGroup(use_same_provider=False, resources={DISK_GB:1, MEMORY_MB:1024, VCPU:1}, traits=(), aggregates=[]) (suffix '') returned 2 matches {{(pid=112518) _get_by_requests /opt/stack/placement/placement/objects/allocation_candidate.py:156}}
Jul 25 16:59:29.421726 n-d-850468-5 devstack@placement-api.service[112518]: DEBUG placement.objects.allocation_candidate [req-dd36be66-9a48-4ad5-86ac-fa2ce882b883 req-5afff536-02fc-451c-8176-1d14be725bec service placement] Merging candidates yields 2 allocation requests and 2 provider summaries {{(pid=112518) _merge_candidates /opt/stack/placement/placement/objects/allocation_candidate.py:809}}
Jul 25 16:59:29.422606 n-d-850468-5 devstack@placement-api.service[112518]: INFO placement.requestlog [req-dd36be66-9a48-4ad5-86ac-fa2ce882b883 req-5afff536-02fc-451c-8176-1d14be725bec service placement] 10.222.0.124 "GET /placement/allocation_candidates?limit=1000&resources=DISK_GB%3A1%2CMEMORY_MB%3A1024%2CVCPU%3A1&root_required=%21COMPUTE_STATUS_DISABLED" status: 200 len: 1309 microversion: 1.36
Jul 25 16:59:29.423610 n-d-850468-5 devstack@placement-api.service[112518]: [pid: 112518|app: 0|req: 212/418] 10.222.0.124 () {60 vars in 1511 bytes} [Mon Jul 25 16:59:29 2022] GET /placement/allocation_candidates?limit=1000&resources=DISK_GB%3A1%2CMEMORY_MB%3A1024%2CVCPU%3A1&root_required=%21COMPUTE_STATUS_DISABLED => generated 1309 bytes in 193 msecs (HTTP/1.1 200) 8 headers in 297 bytes (2 switches on core 0)
Jul 25 16:59:29.584839 n-d-850468-5 devstack@placement-api.service[112517]: DEBUG placement.requestlog [req-dd36be66-9a48-4ad5-86ac-fa2ce882b883 req-844c026d-d231-45f6-b503-6fd9dffb7842 None None] Starting request: 10.222.0.124 "GET /placement/allocations/25648fb5-fadd-4775-ae8b-cca2952e75c9" {{(pid=112517) __call__ /opt/stack/placement/placement/requestlog.py:55}}
Jul 25 16:59:29.604834 n-d-850468-5 devstack@placement-api.service[112517]: INFO placement.requestlog [req-dd36be66-9a48-4ad5-86ac-fa2ce882b883 req-844c026d-d231-45f6-b503-6fd9dffb7842 service placement] 10.222.0.124 "GET /placement/allocations/25648fb5-fadd-4775-ae8b-cca2952e75c9" status: 200 len: 19 microversion: 1.28
Jul 25 16:59:29.606353 n-d-850468-5 devstack@placement-api.service[112517]: [pid: 112517|app: 0|req: 207/419] 10.222.0.124 () {60 vars in 1385 bytes} [Mon Jul 25 16:59:29 2022] GET /placement/allocations/25648fb5-fadd-4775-ae8b-cca2952e75c9 => generated 19 bytes in 22 msecs (HTTP/1.1 200) 8 headers in 295 bytes (1 switches on core 0)
Jul 25 16:59:29.618242 n-d-850468-5 devstack@placement-api.service[112518]: DEBUG placement.requestlog [req-dd36be66-9a48-4ad5-86ac-fa2ce882b883 req-ae488f9f-d3b6-4a5f-b91c-8998f9a861ee None None] Starting request: 10.222.0.124 "PUT /placement/allocations/25648fb5-fadd-4775-ae8b-cca2952e75c9" {{(pid=112518) __call__ /opt/stack/placement/placement/requestlog.py:55}}
Jul 25 16:59:29.665114 n-d-850468-5 devstack@placement-api.service[112517]: DEBUG placement.requestlog [req-859979e9-c797-4fcf-a536-c6ee2415bf7d req-6cce6ec8-a53b-464a-8125-2ec3a91fabc3 None None] Starting request: 10.222.0.131 "DELETE /placement/allocations/dd60ac3f-a825-4cc8-a935-08f337ade76e" {{(pid=112517) __call__ /opt/stack/placement/placement/requestlog.py:55}}
Jul 25 16:59:29.864346 n-d-850468-5 devstack@placement-api.service[112518]: DEBUG placement.handlers.allocation [req-dd36be66-9a48-4ad5-86ac-fa2ce882b883 req-ae488f9f-d3b6-4a5f-b91c-8998f9a861ee service placement] Successfully wrote allocations [, , ] {{(pid=112518) _update_consumers_and_create_allocations /opt/stack/placement/placement/handlers/allocation.py:462}}
Jul 25 16:59:29.886658 n-d-850468-5 devstack@placement-api.service[112517]: DEBUG placement.handlers.allocation [req-859979e9-c797-4fcf-a536-c6ee2415bf7d req-6cce6ec8-a53b-464a-8125-2ec3a91fabc3 service placement] Successfully deleted allocations [, , ] {{(pid=112517) delete_allocations /opt/stack/placement/placement/handlers/allocation.py:627}}
Jul 25 16:59:29.886658 n-d-850468-5 devstack@placement-api.service[112517]: INFO placement.requestlog [req-859979e9-c797-4fcf-a536-c6ee2415bf7d req-6cce6ec8-a53b-464a-8125-2ec3a91fabc3 service placement] 10.222.0.131 "DELETE /placement/allocations/dd60ac3f-a825-4cc8-a935-08f337ade76e" status: 204 len: 0 microversion: 1.0
Jul 25 16:59:29.886658 n-d-850468-5 devstack@placement-api.service[112517]: [pid: 112517|app: 0|req: 208/420] 10.222.0.131 () {60 vars in 1360 bytes} [Mon Jul 25 16:59:29 2022] DELETE /placement/allocations/dd60ac3f-a825-4cc8-a935-08f337ade76e => generated 0 bytes in 218 msecs (HTTP/1.1 204) 5 headers in 198 bytes (2 switches on core 0)
Jul 25 16:59:29.978549 n-d-850468-5 devstack@placement-api.service[112518]: INFO placement.requestlog [req-dd36be66-9a48-4ad5-86ac-fa2ce882b883 req-ae488f9f-d3b6-4a5f-b91c-8998f9a861ee service placement] 10.222.0.124 "PUT /placement/allocations/25648fb5-fadd-4775-ae8b-cca2952e75c9" status: 204 len: 0 microversion: 1.36
Jul 25 16:59:29.979743 n-d-850468-5 devstack@placement-api.service[112518]: [pid: 112518|app: 0|req: 213/421] 10.222.0.124 () {64 vars in 1438 bytes} [Mon Jul 25 16:59:29 2022] PUT /placement/allocations/25648fb5-fadd-4775-ae8b-cca2952e75c9 => generated 0 bytes in 366 msecs (HTTP/1.1 204) 5 headers in 199 bytes (1 switches on core 0)
Jul 25 16:59:30.020917 n-d-850468-5 devstack@placement-api.service[112517]: DEBUG placement.requestlog [req-bcf3bb9e-2c12-486a-aff2-0c1cb962212c req-d686420d-9000-400b-b1b4-7cb6742a6d5f None None] Starting request: 10.222.0.136 "GET /placement/allocations/5b88fbf4-43fa-4686-8bab-1201ebee097b" {{(pid=112517) __call__ /opt/stack/placement/placement/requestlog.py:55}}
Jul 25 16:59:30.064218 n-d-850468-5 devstack@placement-api.service[112517]: INFO placement.requestlog [req-bcf3bb9e-2c12-486a-aff2-0c1cb962212c req-d686420d-9000-400b-b1b4-7cb6742a6d5f service placement] 10.222.0.136 "GET /placement/allocations/5b88fbf4-43fa-4686-8bab-1201ebee097b" status: 200 len: 259 microversion: 1.28
Jul 25 16:59:30.067387 n-d-850468-5 devstack@placement-api.service[112517]: [pid: 112517|app: 0|req: 209/422] 10.222.0.136 () {60 vars in 1382 bytes} [Mon Jul 25 16:59:30 2022] GET /placement/allocations/5b88fbf4-43fa-4686-8bab-1201ebee097b => generated 259 bytes in 47 msecs (HTTP/1.1 200) 8 headers in 296 bytes (1 switches on core 0)
Jul 25 16:59:31.293832 n-d-850468-5 devstack@placement-api.service[112518]: DEBUG placement.requestlog [req-dd36be66-9a48-4ad5-86ac-fa2ce882b883 req-174b4fb3-a534-4474-a081-3eb4e07018e1 None None] Starting request: 10.222.0.136 "GET /placement/allocations/25648fb5-fadd-4775-ae8b-cca2952e75c9" {{(pid=112518) __call__ /opt/stack/placement/placement/requestlog.py:55}}
Jul 25 16:59:31.317173 n-d-850468-5 devstack@placement-api.service[112518]: INFO placement.requestlog [req-dd36be66-9a48-4ad5-86ac-fa2ce882b883 req-174b4fb3-a534-4474-a081-3eb4e07018e1 service placement] 10.222.0.136 "GET /placement/allocations/25648fb5-fadd-4775-ae8b-cca2952e75c9" status: 200 len: 259 microversion: 1.28
Jul 25 16:59:31.320094 n-d-850468-5 devstack@placement-api.service[112518]: [pid: 112518|app: 0|req: 214/423] 10.222.0.136 () {60 vars in 1382 bytes} [Mon Jul 25 16:59:31 2022] GET /placement/allocations/25648fb5-fadd-4775-ae8b-cca2952e75c9 => generated 259 bytes in 26 msecs (HTTP/1.1 200) 8 headers in 296 bytes (1 switches on core 0)
Jul 25 16:59:34.419764 n-d-850468-5 devstack@placement-api.service[112517]: DEBUG placement.requestlog [req-fd06a31a-f394-4007-a8b0-1c67a8a3d0dd req-7f5498b1-1f4b-4079-8671-b7283da371dd None None] Starting request: 10.222.0.124 "GET /placement/allocation_candidates?limit=1000&resources=DISK_GB%3A1%2CMEMORY_MB%3A1024%2CVCPU%3A1&root_required=%21COMPUTE_STATUS_DISABLED" {{(pid=112517) __call__ /opt/stack/placement/placement/requestlog.py:55}}
Jul 25 16:59:34.496705 n-d-850468-5 devstack@placement-api.service[112517]: DEBUG placement.objects.research_context [req-fd06a31a-f394-4007-a8b0-1c67a8a3d0dd req-7f5498b1-1f4b-4079-8671-b7283da371dd service placement] getting providers with 1 DISK_GB {{(pid=112517) __init__ /opt/stack/placement/placement/objects/research_context.py:136}}
Jul 25 16:59:34.506553 n-d-850468-5 devstack@placement-api.service[112517]: DEBUG placement.objects.research_context [req-fd06a31a-f394-4007-a8b0-1c67a8a3d0dd req-7f5498b1-1f4b-4079-8671-b7283da371dd service placement] getting providers with 1024 MEMORY_MB {{(pid=112517) __init__ /opt/stack/placement/placement/objects/research_context.py:136}}
Jul 25 16:59:34.513158 n-d-850468-5 devstack@placement-api.service[112517]: DEBUG placement.objects.research_context [req-fd06a31a-f394-4007-a8b0-1c67a8a3d0dd req-7f5498b1-1f4b-4079-8671-b7283da371dd service placement] getting providers with 1 VCPU {{(pid=112517) __init__ /opt/stack/placement/placement/objects/research_context.py:136}}
Jul 25 16:59:34.521188 n-d-850468-5 devstack@placement-api.service[112517]: DEBUG placement.objects.research_context [req-fd06a31a-f394-4007-a8b0-1c67a8a3d0dd req-7f5498b1-1f4b-4079-8671-b7283da371dd service placement] found 2 providers with available 1 DISK_GB {{(pid=112517) get_provider_ids_matching /opt/stack/placement/placement/objects/research_context.py:563}}
Jul 25 16:59:34.521745 n-d-850468-5 devstack@placement-api.service[112517]: DEBUG placement.objects.research_context [req-fd06a31a-f394-4007-a8b0-1c67a8a3d0dd req-7f5498b1-1f4b-4079-8671-b7283da371dd service placement] found 2 providers with available 1024 MEMORY_MB {{(pid=112517) get_provider_ids_matching /opt/stack/placement/placement/objects/research_context.py:563}}
Jul 25 16:59:34.522221 n-d-850468-5 devstack@placement-api.service[112517]: DEBUG placement.objects.research_context [req-fd06a31a-f394-4007-a8b0-1c67a8a3d0dd req-7f5498b1-1f4b-4079-8671-b7283da371dd service placement] found 2 providers after filtering by previous result {{(pid=112517) get_provider_ids_matching /opt/stack/placement/placement/objects/research_context.py:594}}
Jul 25 16:59:34.522681 n-d-850468-5 devstack@placement-api.service[112517]: DEBUG placement.objects.research_context [req-fd06a31a-f394-4007-a8b0-1c67a8a3d0dd req-7f5498b1-1f4b-4079-8671-b7283da371dd service placement] found 2 providers with available 1 VCPU {{(pid=112517) get_provider_ids_matching /opt/stack/placement/placement/objects/research_context.py:563}}
Jul 25 16:59:34.523118 n-d-850468-5 devstack@placement-api.service[112517]: DEBUG placement.objects.research_context [req-fd06a31a-f394-4007-a8b0-1c67a8a3d0dd req-7f5498b1-1f4b-4079-8671-b7283da371dd service placement] found 2 providers after filtering by previous result {{(pid=112517) get_provider_ids_matching /opt/stack/placement/placement/objects/research_context.py:594}}
Jul 25 16:59:34.547885 n-d-850468-5 devstack@placement-api.service[112517]: DEBUG placement.objects.allocation_candidate [req-fd06a31a-f394-4007-a8b0-1c67a8a3d0dd req-7f5498b1-1f4b-4079-8671-b7283da371dd service placement] RequestGroup(use_same_provider=False, resources={DISK_GB:1, MEMORY_MB:1024, VCPU:1}, traits=(), aggregates=[]) (suffix '') returned 2 matches {{(pid=112517) _get_by_requests /opt/stack/placement/placement/objects/allocation_candidate.py:156}}
Jul 25 16:59:34.548509 n-d-850468-5 devstack@placement-api.service[112517]: DEBUG placement.objects.allocation_candidate [req-fd06a31a-f394-4007-a8b0-1c67a8a3d0dd req-7f5498b1-1f4b-4079-8671-b7283da371dd service placement] Merging candidates yields 2 allocation requests and 2 provider summaries {{(pid=112517) _merge_candidates /opt/stack/placement/placement/objects/allocation_candidate.py:809}}
Jul 25 16:59:34.550442 n-d-850468-5 devstack@placement-api.service[112517]: INFO placement.requestlog [req-fd06a31a-f394-4007-a8b0-1c67a8a3d0dd req-7f5498b1-1f4b-4079-8671-b7283da371dd service placement] 10.222.0.124 "GET /placement/allocation_candidates?limit=1000&resources=DISK_GB%3A1%2CMEMORY_MB%3A1024%2CVCPU%3A1&root_required=%21COMPUTE_STATUS_DISABLED" status: 200 len: 1309 microversion: 1.36
Jul 25 16:59:34.563490 n-d-850468-5 devstack@placement-api.service[112517]: [pid: 112517|app: 0|req: 210/424] 10.222.0.124 () {60 vars in 1511 bytes} [Mon Jul 25 16:59:34 2022] GET /placement/allocation_candidates?limit=1000&resources=DISK_GB%3A1%2CMEMORY_MB%3A1024%2CVCPU%3A1&root_required=%21COMPUTE_STATUS_DISABLED => generated 1309 bytes in 144 msecs (HTTP/1.1 200) 8 headers in 297 bytes (1 switches on core 0)
Jul 25 16:59:34.627431 n-d-850468-5 devstack@placement-api.service[112518]: DEBUG placement.requestlog [req-fd06a31a-f394-4007-a8b0-1c67a8a3d0dd req-e1c148ba-af71-42d0-a255-dc91157555ea None None] Starting request: 10.222.0.124 "GET /placement/allocations/d87f3aac-c594-4c0f-94c4-6f63f99e706e" {{(pid=112518) __call__ /opt/stack/placement/placement/requestlog.py:55}}
Jul 25 16:59:34.646963 n-d-850468-5 devstack@placement-api.service[112518]: INFO placement.requestlog [req-fd06a31a-f394-4007-a8b0-1c67a8a3d0dd req-e1c148ba-af71-42d0-a255-dc91157555ea service placement] 10.222.0.124 "GET /placement/allocations/d87f3aac-c594-4c0f-94c4-6f63f99e706e" status: 200 len: 19 microversion: 1.28
Jul 25 16:59:34.647368 n-d-850468-5 devstack@placement-api.service[112518]: [pid: 112518|app: 0|req: 215/425] 10.222.0.124 () {60 vars in 1385 bytes} [Mon Jul 25 16:59:34 2022] GET /placement/allocations/d87f3aac-c594-4c0f-94c4-6f63f99e706e => generated 19 bytes in 20 msecs (HTTP/1.1 200) 8 headers in 295 bytes (1 switches on core 0)
Jul 25 16:59:34.656644 n-d-850468-5 devstack@placement-api.service[112517]: DEBUG placement.requestlog [req-fd06a31a-f394-4007-a8b0-1c67a8a3d0dd req-94c2dd8b-63f1-48d8-812f-0f645a32e48d None None] Starting request: 10.222.0.124 "PUT /placement/allocations/d87f3aac-c594-4c0f-94c4-6f63f99e706e" {{(pid=112517) __call__ /opt/stack/placement/placement/requestlog.py:55}}
Jul 25 16:59:35.097301 n-d-850468-5 devstack@placement-api.service[112517]: DEBUG placement.handlers.allocation [req-fd06a31a-f394-4007-a8b0-1c67a8a3d0dd req-94c2dd8b-63f1-48d8-812f-0f645a32e48d service placement] Successfully wrote allocations [, , ] {{(pid=112517) _update_consumers_and_create_allocations /opt/stack/placement/placement/handlers/allocation.py:462}}
Jul 25 16:59:35.206622 n-d-850468-5 devstack@placement-api.service[112517]: INFO placement.requestlog [req-fd06a31a-f394-4007-a8b0-1c67a8a3d0dd req-94c2dd8b-63f1-48d8-812f-0f645a32e48d service placement] 10.222.0.124 "PUT /placement/allocations/d87f3aac-c594-4c0f-94c4-6f63f99e706e" status: 204 len: 0 microversion: 1.36
Jul 25 16:59:35.212116 n-d-850468-5 devstack@placement-api.service[112517]: [pid: 112517|app: 0|req: 211/426] 10.222.0.124 () {64 vars in 1438 bytes} [Mon Jul 25 16:59:34 2022] PUT /placement/allocations/d87f3aac-c594-4c0f-94c4-6f63f99e706e => generated 0 bytes in 551 msecs (HTTP/1.1 204) 5 headers in 199 bytes (1 switches on core 0)
Jul 25 16:59:36.804971 n-d-850468-5 devstack@placement-api.service[112518]: DEBUG placement.requestlog [req-fd06a31a-f394-4007-a8b0-1c67a8a3d0dd req-17109539-b8c1-4d70-b236-01f4b4f6d394 None None] Starting request: 10.222.0.131 "GET /placement/allocations/d87f3aac-c594-4c0f-94c4-6f63f99e706e" {{(pid=112518) __call__ /opt/stack/placement/placement/requestlog.py:55}}
Jul 25 16:59:36.824451 n-d-850468-5 devstack@placement-api.service[112518]: INFO placement.requestlog [req-fd06a31a-f394-4007-a8b0-1c67a8a3d0dd req-17109539-b8c1-4d70-b236-01f4b4f6d394 service placement] 10.222.0.131 "GET /placement/allocations/d87f3aac-c594-4c0f-94c4-6f63f99e706e" status: 200 len: 259 microversion: 1.28
Jul 25 16:59:36.825189 n-d-850468-5 devstack@placement-api.service[112518]: [pid: 112518|app: 0|req: 216/427] 10.222.0.131 () {60 vars in 1382 bytes} [Mon Jul 25 16:59:36 2022] GET /placement/allocations/d87f3aac-c594-4c0f-94c4-6f63f99e706e => generated 259 bytes in 20 msecs (HTTP/1.1 200) 8 headers in 296 bytes (1 switches on core 0)
Jul 25 16:59:40.035410 n-d-850468-5 devstack@placement-api.service[112517]: DEBUG placement.requestlog [req-a42d3a75-6732-4c4c-99cf-9eca2da6ebd6 req-5ce282cf-6227-4425-ba84-897dac22c722 None None] Starting request: 10.222.0.131 "DELETE /placement/allocations/3dc6963c-583d-4dce-8c29-d0d6596391b7" {{(pid=112517) __call__ /opt/stack/placement/placement/requestlog.py:55}}
Jul 25 16:59:40.295921 n-d-850468-5 devstack@placement-api.service[112517]: DEBUG placement.handlers.allocation [req-a42d3a75-6732-4c4c-99cf-9eca2da6ebd6 req-5ce282cf-6227-4425-ba84-897dac22c722 service placement] Successfully deleted allocations [, , ] {{(pid=112517) delete_allocations /opt/stack/placement/placement/handlers/allocation.py:627}}
Jul 25 16:59:40.296937 n-d-850468-5 devstack@placement-api.service[112517]: INFO placement.requestlog [req-a42d3a75-6732-4c4c-99cf-9eca2da6ebd6 req-5ce282cf-6227-4425-ba84-897dac22c722 service placement] 10.222.0.131 "DELETE /placement/allocations/3dc6963c-583d-4dce-8c29-d0d6596391b7" status: 204 len: 0 microversion: 1.0
Jul 25 16:59:40.297929 n-d-850468-5 devstack@placement-api.service[112517]: [pid: 112517|app: 0|req: 212/428] 10.222.0.131 () {60 vars in 1360 bytes} [Mon Jul 25 16:59:40 2022] DELETE /placement/allocations/3dc6963c-583d-4dce-8c29-d0d6596391b7 => generated 0 bytes in 263 msecs (HTTP/1.1 204) 5 headers in 198 bytes (1 switches on core 0)
Jul 25 16:59:44.366272 n-d-850468-5 devstack@placement-api.service[112518]: DEBUG placement.requestlog [None req-280648cb-495b-4fba-b1cc-d5bd13cdd522 None None] Starting request: 10.222.0.124 "GET /placement/resource_providers/c627261d-2e5d-4d1d-94cd-0a5ffa2804ed/aggregates" {{(pid=112518) __call__ /opt/stack/placement/placement/requestlog.py:55}}
Jul 25 16:59:44.388247 n-d-850468-5 devstack@placement-api.service[112518]: INFO placement.requestlog [None req-280648cb-495b-4fba-b1cc-d5bd13cdd522 service placement] 10.222.0.124 "GET /placement/resource_providers/c627261d-2e5d-4d1d-94cd-0a5ffa2804ed/aggregates" status: 404 len: 235 microversion: 1.1
Jul 25 16:59:44.389911 n-d-850468-5 devstack@placement-api.service[112518]: [pid: 112518|app: 0|req: 217/429] 10.222.0.124 () {58 vars in 1367 bytes} [Mon Jul 25 16:59:44 2022] GET /placement/resource_providers/c627261d-2e5d-4d1d-94cd-0a5ffa2804ed/aggregates => generated 235 bytes in 24 msecs (HTTP/1.1 404) 5 headers in 202 bytes (1 switches on core 0)
Jul 25 16:59:44.403899 n-d-850468-5 devstack@placement-api.service[112517]: DEBUG placement.requestlog [None req-9ffad15f-43fb-4a96-89ef-19d2877a92cd None None] Starting request: 10.222.0.124 "DELETE /placement/resource_providers/c627261d-2e5d-4d1d-94cd-0a5ffa2804ed" {{(pid=112517) __call__ /opt/stack/placement/placement/requestlog.py:55}}
