Jul 25 16:40:00.946547 n-d-850468-5 devstack@placement-api.service[112518]: DEBUG oslo_concurrency.lockutils [-] Acquired lock "trait_sync" {{(pid=112518) lock /usr/local/lib/python3.8/dist-packages/oslo_concurrency/lockutils.py:294}}
Jul 25 16:40:01.006255 n-d-850468-5 devstack@placement-api.service[112517]: INFO dbcounter [-] Registered counter for database placement
Jul 25 16:40:01.006524 n-d-850468-5 devstack@placement-api.service[112518]: INFO dbcounter [-] Registered counter for database placement
Jul 25 16:40:01.039548 n-d-850468-5 devstack@placement-api.service[112517]: DEBUG oslo_db.sqlalchemy.engines [-] MySQL server mode set to STRICT_TRANS_TABLES,STRICT_ALL_TABLES,NO_ZERO_IN_DATE,NO_ZERO_DATE,ERROR_FOR_DIVISION_BY_ZERO,TRADITIONAL,NO_ENGINE_SUBSTITUTION {{(pid=112517) _check_effective_sql_mode /usr/local/lib/python3.8/dist-packages/oslo_db/sqlalchemy/engines.py:314}}
Jul 25 16:40:01.044462 n-d-850468-5 devstack@placement-api.service[112518]: DEBUG oslo_db.sqlalchemy.engines [-] MySQL server mode set to STRICT_TRANS_TABLES,STRICT_ALL_TABLES,NO_ZERO_IN_DATE,NO_ZERO_DATE,ERROR_FOR_DIVISION_BY_ZERO,TRADITIONAL,NO_ENGINE_SUBSTITUTION {{(pid=112518) _check_effective_sql_mode /usr/local/lib/python3.8/dist-packages/oslo_db/sqlalchemy/engines.py:314}}
Jul 25 16:40:01.046282 n-d-850468-5 devstack@placement-api.service[112517]: DEBUG dbcounter [-] [112517] Writer thread running {{(pid=112517) stat_writer /usr/local/lib/python3.8/dist-packages/dbcounter.py:99}}
Jul 25 16:40:01.051431 n-d-850468-5 devstack@placement-api.service[112518]: DEBUG dbcounter [-] [112518] Writer thread running {{(pid=112518) stat_writer /usr/local/lib/python3.8/dist-packages/dbcounter.py:99}}
Jul 25 16:40:01.125414 n-d-850468-5 devstack@placement-api.service[112517]: DEBUG placement.objects.trait [-] Synced traits from os_traits into API DB: {'HW_CPU_X86_AMD_SVM', 'HW_GPU_MAX_DISPLAY_HEADS_8', 'HW_CPU_X86_INTEL_MD_CLEAR', 'HW_GPU_API_OPENGL_V3_2', 'HW_GPU_API_OPENCL_V1_0', 'COMPUTE_SOCKET_PCI_NUMA_AFFINITY', 'HW_CPU_X86_AVX512VPOPCNTDQ', 'HW_GPU_API_OPENCL_V1_1', 'HW_CPU_X86_INTEL_SPEC_CTRL', 'COMPUTE_GRAPHICS_MODEL_BOCHS', 'HW_CPU_X86_CLMUL', 'HW_CPU_X86_SGX', 'COMPUTE_STATUS_DISABLED', 'HW_GPU_RESOLUTION_W7680H4320', 'COMPUTE_SAME_HOST_COLD_MIGRATE', 'HW_CPU_X86_SSE2', 'HW_NIC_OFFLOAD_UCS', 'HW_NIC_SRIOV_QOS_TX', 'HW_CPU_X86_SHA', 'HW_NIC_OFFLOAD_SCS', 'COMPUTE_ACCELERATORS', 'HW_GPU_CUDA_COMPUTE_CAPABILITY_V5_2', 'STORAGE_DISK_HDD', 'HW_GPU_API_OPENGL_V1_1', 'HW_CPU_X86_INTEL_VMX', 'HW_CPU_AARCH64_FCMA', 'HW_CPU_AARCH64_ASIMDHP', 'HW_CPU_AARCH64_SM3', 'HW_CPU_X86_AVX512VNNI', 'HW_GPU_CUDA_SDK_V8_0', 'HW_ARCH_PPC64', 'HW_NIC_DCB_PFC', 'HW_ARCH_SPARC', 'HW_GPU_RESOLUTION_W1920H1080', 'HW_GPU_API_OPENGL_V2_0', 'HW_GPU_CUDA_COMPUTE_CAPABILITY_V7_2', 'COMPUTE_GRAPHICS_MODEL_NONE', 'HW_CPU_X86_FMA4', 'HW_NIC_ACCEL_LZS', 'COMPUTE_STORAGE_BUS_FDC', 'HW_ARCH_XTENSA', 'COMPUTE_STORAGE_BUS_XEN', 'HW_GPU_API_OPENGL_V4_4', 'HW_CPU_X86_PDPE1GB', 'HW_GPU_CUDA_COMPUTE_CAPABILITY_V3_7', 'COMPUTE_NET_VIF_MODEL_SPAPR_VLAN', 'HW_NIC_OFFLOAD_GRE', 'HW_CPU_AARCH64_CPUID', 'HW_ARCH_LM32', 'HW_GPU_API_DIRECT2D', 'HW_NIC_VMDQ', 'HW_CPU_AARCH64_EVTSTRM', 'HW_GPU_MAX_DISPLAY_HEADS_6', 'COMPUTE_GRAPHICS_MODEL_QXL', 'HW_CPU_X86_INTEL_SSBD', 'HW_CPU_PPC64LE_POWER9', 'HW_GPU_API_DIRECT3D_V8_1', 'HW_GPU_CUDA_COMPUTE_CAPABILITY_V3_5', 'HW_CPU_PPC64LE_POWER8', 'COMPUTE_EPHEMERAL_ENCRYPTION_LUKS', 'HW_ARCH_MICROBLAZEEL', 'HW_ARCH_UNICORE32', 'HW_CPU_AARCH64_FPHP', 'HW_CPU_X86_AVX512VBMI2', 'HW_CPU_AARCH64_DCPOP', 'HW_GPU_CUDA_COMPUTE_CAPABILITY_V5_3', 'HW_NIC_ACCEL_ECC', 'HW_CPU_X86_AMD_IBPB', 'HW_GPU_RESOLUTION_W800H600', 'COMPUTE_STORAGE_BUS_UML', 'COMPUTE_SECURITY_TPM_1_2', 'HW_CPU_X86_MMX', 'HW_NIC_OFFLOAD_QINQ', 'COMPUTE_ARCH_RISCV64', 'HW_GPU_API_OPENGL_V2_1', 'HW_CPU_X86_AVX512GFNI', 'COMPUTE_IMAGE_TYPE_RAW', 'HW_NIC_OFFLOAD_RXVLAN', 'COMPUTE_SECURITY_TPM_2_0', 'HW_CPU_X86_ASF', 'HW_CPU_X86_AMD_NO_SSB', 'HW_ARCH_S390X', 'HW_GPU_RESOLUTION_W1600H1200', 'HW_GPU_CUDA_COMPUTE_CAPABILITY_V3_0', 'HW_NIC_SRIOV_MULTIQUEUE', 'HW_CPU_X86_AVX512F', 'COMPUTE_STORAGE_BUS_SATA', 'HW_NIC_OFFLOAD_TCS', 'HW_NIC_OFFLOAD_UFO', 'HW_GPU_API_OPENGL_V1_3', 'HW_NIC_ACCEL_DEFLATE', 'HW_GPU_CUDA_COMPUTE_CAPABILITY_V2_1', 'HW_GPU_API_DIRECT3D_V9_0C', 'COMPUTE_STORAGE_BUS_LXC', 'HW_GPU_API_OPENCL_V2_0', 'COMPUTE_VOLUME_MULTI_ATTACH', 'COMPUTE_EPHEMERAL_ENCRYPTION', 'HW_CPU_X86_F16C', 'HW_GPU_RESOLUTION_W1280H1024', 'HW_GPU_API_OPENCL_V2_2', 'HW_CPU_AMD_SEV', 'HW_GPU_API_OPENGL_V1_4', 'HW_ARCH_SH4', 'HW_GPU_API_DIRECT3D_V10_1', 'HW_CPU_X86_AMD_VIRT_SSBD', 'HW_CPU_AARCH64_ATOMICS', 'HW_GPU_API_DIRECT3D_V9_0', 'HW_CPU_AARCH64_FP', 'HW_GPU_API_OPENGL_V3_0', 'COMPUTE_STORAGE_BUS_USB', 'HW_ARCH_XTENSAEB', 'HW_GPU_CUDA_COMPUTE_CAPABILITY_V2_0', 'HW_GPU_API_OPENGL_V1_5', 'HW_CPU_X86_AVX2', 'HW_GPU_CUDA_SDK_V10_0', 'HW_CPU_X86_SSE42', 'HW_NIC_SRIOV_TRUSTED', 'COMPUTE_NET_VIF_MODEL_E1000E', 'HW_CPU_X86_AVX512DQ', 'HW_GPU_RESOLUTION_W1024H768', 'COMPUTE_NET_VIF_MODEL_VMXNET', 'HW_CPU_AARCH64_SHA3', 'HW_ARCH_M68K', 'COMPUTE_GRAPHICS_MODEL_GOP', 'HW_GPU_API_DIRECT3D_V11_2', 'COMPUTE_IMAGE_TYPE_VHDX', 'COMPUTE_NET_VIF_MODEL_VMXNET3', 'COMPUTE_STORAGE_BUS_VIRTIO', 'COMPUTE_IMAGE_TYPE_ARI', 'HW_ARCH_X86_64', 'HW_CPU_AARCH64_SHA512', 'HW_GPU_MAX_DISPLAY_HEADS_1', 'HW_NIC_SRIOV_QOS_RX', 'HW_CPU_HYPERTHREADING', 'HW_GPU_RESOLUTION_W1920H1200', 'COMPUTE_ARCH_MIPSEL', 'HW_NIC_OFFLOAD_RX', 'HW_GPU_RESOLUTION_W640H480', 'HW_CPU_X86_AMD_SSBD', 'COMPUTE_VOLUME_EXTEND', 'HW_ARCH_MIPS64', 'COMPUTE_NET_VIF_MODEL_VIRTIO', 'HW_CPU_X86_BMI2', 'HW_GPU_CUDA_COMPUTE_CAPABILITY_V6_1', 'COMPUTE_STORAGE_BUS_SCSI', 'HW_GPU_CUDA_COMPUTE_CAPABILITY_V1_0', 'HW_CPU_X86_AVX', 'HW_GPU_API_OPENCL_V1_2', 'HW_ARCH_CRIS', 'HW_GPU_API_DIRECT3D_V11_1', 'HW_ARCH_MICROBLAZE', 'HW_GPU_CUDA_COMPUTE_CAPABILITY_V1_1', 'HW_CPU_X86_TSX', 'HW_CPU_X86_AVX512ER', 'HW_CPU_X86_AVX512IFMA', 'COMPUTE_IMAGE_TYPE_QCOW2', 'HW_CPU_AARCH64_ASIMD', 'HW_NIC_OFFLOAD_GENEVE', 'HW_ARCH_PPC', 'HW_NIC_OFFLOAD_LRO', 'STORAGE_DISK_SSD', 'COMPUTE_ARCH_PPC64LE', 'HW_ARCH_ALPHA', 'COMPUTE_REMOTE_MANAGED_PORTS', 'HW_GPU_RESOLUTION_W320H240', 'COMPUTE_IMAGE_TYPE_AMI', 'COMPUTE_NET_VIF_MODEL_E1000', 'HW_CPU_AARCH64_SHA1', 'COMPUTE_IMAGE_TYPE_VDI', 'HW_GPU_API_OPENCL_V2_1', 'HW_CPU_AARCH64_SVE', 'HW_CPU_AARCH64_SHA2', 'HW_ARCH_I686', 'HW_GPU_CUDA_SDK_V9_1', 'HW_CPU_X86_AVX512VL', 'COMPUTE_IMAGE_TYPE_VHD', 'HW_ARCH_PPCLE', 'HW_CPU_X86_BMI', 'HW_GPU_API_DIRECTX_V12', 'HW_GPU_RESOLUTION_W1600H900', 'HW_NIC_OFFLOAD_TX', 'HW_CPU_X86_3DNOW', 'COMPUTE_NET_ATTACH_INTERFACE_WITH_TAG', 'COMPUTE_VOLUME_ATTACH', 'COMPUTE_GRAPHICS_MODEL_CIRRUS', 'HW_NIC_OFFLOAD_L2CRC', 'HW_GPU_API_DIRECT3D_V9_0L', 'HW_NIC_ACCEL_TLS', 'HW_GPU_CUDA_COMPUTE_CAPABILITY_V5_0', 'HW_NIC_OFFLOAD_SWITCHDEV', 'HW_NIC_OFFLOAD_FDF', 'HW_NUMA_ROOT', 'HW_ARCH_PARISC64', 'HW_CPU_X86_VMX', 'HW_NIC_OFFLOAD_RXHASH', 'HW_GPU_CUDA_SDK_V6_5', 'HW_ARCH_IA64', 'HW_CPU_X86_AVX512VAES', 'COMPUTE_ARCH_X86_64', 'COMPUTE_MIGRATE_AUTO_CONVERGE', 'HW_GPU_RESOLUTION_W1680H1050', 'HW_CPU_AARCH64_SM4', 'HW_GPU_RESOLUTION_W1360H768', 'HW_CPU_X86_ABM', 'HW_GPU_CUDA_SDK_V9_2', 'HW_CPU_X86_SSE', 'HW_CPU_X86_SSE3', 'HW_NIC_OFFLOAD_VXLAN', 'HW_NIC_OFFLOAD_TSO', 'HW_GPU_RESOLUTION_W1024H600', 'COMPUTE_STORAGE_BUS_IDE', 'HW_ARCH_S390', 'HW_CPU_X86_MPX', 'HW_GPU_API_DIRECT3D_V6_0', 'HW_GPU_API_DIRECT3D_V7_0', 'COMPUTE_NET_VIF_MODEL_PCNET', 'COMPUTE_NODE', 'HW_CPU_AARCH64_LRCPC', 'HW_CPU_X86_SSSE3', 'HW_CPU_X86_AVX512CD', 'HW_CPU_X86_STIBP', 'HW_GPU_API_OPENGL_V4_5', 'COMPUTE_RESCUE_BFV', 'COMPUTE_MIGRATE_POST_COPY', 'HW_CPU_X86_AESNI', 'HW_ARCH_MIPSEL', 'HW_GPU_RESOLUTION_W1366H768', 'COMPUTE_IMAGE_TYPE_PLOOP', 'COMPUTE_GRAPHICS_MODEL_VIRTIO', 'HW_GPU_CUDA_COMPUTE_CAPABILITY_V6_0', 'HW_GPU_RESOLUTION_W3840H2160', 'HW_NIC_OFFLOAD_RDMA', 'HW_GPU_CUDA_COMPUTE_CAPABILITY_V6_2', 'COMPUTE_VOLUME_ATTACH_WITH_TAG', 'HW_ARCH_OPENRISC', 'COMPUTE_ARCH_S390X', 'COMPUTE_SECURITY_UEFI_SECURE_BOOT', 'HW_NIC_DCB_QCN', 'COMPUTE_NET_VIF_MODEL_NETFRONT', 'HW_NIC_SRIOV', 'COMPUTE_GRAPHICS_MODEL_VGA', 'HW_CPU_X86_FMA3', 'HW_CPU_X86_AVX512VBMI', 'HW_GPU_API_DIRECT3D_V10_0', 'HW_GPU_API_DIRECTX_V11', 'HW_ARCH_ARMV6', 'COMPUTE_TRUSTED_CERTS', 'HW_GPU_RESOLUTION_W1152H864', 'HW_CPU_AARCH64_CRC32', 'HW_GPU_MAX_DISPLAY_HEADS_4', 'HW_NIC_OFFLOAD_GRO', 'HW_NIC_OFFLOAD_GSO', 'HW_GPU_RESOLUTION_W1280H768', 'HW_NIC_ACCEL_SSL', 'HW_GPU_API_DIRECT3D_V11_3', 'COMPUTE_GRAPHICS_MODEL_XEN', 'HW_NIC_ACCEL_DIFFIEH', 'HW_CPU_AARCH64_JSCVT', 'COMPUTE_FIRMWARE_UEFI', 'HW_NIC_MULTIQUEUE', 'HW_ARCH_SH4EB', 'HW_GPU_CUDA_SDK_V7_5', 'HW_GPU_CUDA_COMPUTE_CAPABILITY_V7_1', 'HW_ARCH_MIPS64EL', 'HW_NIC_ACCEL_IPSEC', 'HW_NIC_OFFLOAD_SG', 'HW_CPU_AARCH64_ASIMDRDM', 'HW_CPU_X86_AVX512BW', 'HW_GPU_RESOLUTION_W1440H900', 'HW_ARCH_PPCEMB', 'HW_GPU_API_OPENGL_V3_3', 'HW_NIC_OFFLOAD_TXUDP', 'HW_CPU_AARCH64_PMULL', 'COMPUTE_DEVICE_TAGGING', 'COMPUTE_GRAPHICS_MODEL_VMVGA', 'HW_GPU_API_OPENGL_V4_1', 'HW_CPU_X86_AMD_SEV', 'HW_GPU_API_OPENGL_V4_2', 'HW_GPU_MAX_DISPLAY_HEADS_2', 'COMPUTE_IMAGE_TYPE_AKI', 'HW_CPU_X86_AVX512PF', 'COMPUTE_NET_VIF_MODEL_NE2K_PCI', 'HW_CPU_X86_TBM', 'HW_GPU_RESOLUTION_W2560H1440', 'COMPUTE_ARCH_AARCH64', 'HW_CPU_X86_SSE41', 'HW_CPU_X86_INTEL_PCID', 'HW_NIC_ACCEL_RSA', 'HW_CPU_AARCH64_ASIMDDP', 'COMPUTE_NET_ATTACH_INTERFACE', 'HW_GPU_API_DIRECT3D_V11_0', 'MISC_SHARES_VIA_AGGREGATE', 'HW_ARCH_ARMV7', 'HW_GPU_API_DIRECT3D_V8_0', 'HW_CPU_X86_SVM', 'HW_GPU_API_DIRECT3D_V9_0B', 'HW_ARCH_MIPS', 'HW_GPU_API_VULKAN', 'HW_ARCH_PPC64LE', 'HW_GPU_RESOLUTION_W1280H720', 'COMPUTE_EPHEMERAL_ENCRYPTION_PLAIN', 'HW_GPU_API_OPENGL_V3_1', 'HW_GPU_API_DIRECT3D_V12_0', 'HW_CPU_X86_AVX512VPCLMULQDQ', 'HW_GPU_API_OPENGL_V4_3', 'HW_CPU_X86_SSE4A', 'COMPUTE_EPHEMERAL_ENCRYPTION_LUKSV2', 'COMPUTE_NET_VIF_MODEL_SRIOV', 'COMPUTE_IMAGE_TYPE_ISO', 'HW_GPU_RESOLUTION_W2560H1600', 'HW_ARCH_AARCH64', 'HW_NIC_OFFLOAD_TXVLAN', 'HW_GPU_API_DXVA', 'HW_ARCH_SPARC64', 'COMPUTE_IMAGE_TYPE_VMDK', 'HW_GPU_CUDA_COMPUTE_CAPABILITY_V1_2', 'HW_GPU_CUDA_COMPUTE_CAPABILITY_V7_0', 'HW_GPU_API_OPENGL_V4_0', 'HW_GPU_API_OPENGL_V1_2', 'COMPUTE_NET_VIF_MODEL_RTL8139', 'HW_ARCH_PARISC', 'HW_GPU_RESOLUTION_W1280H800', 'HW_CPU_X86_AVX512BITALG', 'HW_CPU_X86_XOP', 'HW_GPU_API_DIRECTX_V10', 'HW_GPU_CUDA_COMPUTE_CAPABILITY_V1_3', 'HW_CPU_AARCH64_AES', 'HW_GPU_CUDA_SDK_V9_0', 'COMPUTE_NET_VIF_MODEL_LAN9118', 'HW_ARCH_ARMV7B', 'HW_NIC_OFFLOAD_LSO', 'HW_NIC_PROGRAMMABLE_PIPELINE', 'HW_GPU_CUDA_COMPUTE_CAPABILITY_V3_2', 'COMPUTE_FIRMWARE_BIOS', 'HW_NIC_DCB_ETS'} {{(pid=112517) _trait_sync /opt/stack/placement/placement/objects/trait.py:296}}
Jul 25 16:40:01.212059 n-d-850468-5 devstack@placement-api.service[112517]: DEBUG oslo_concurrency.lockutils [-] Releasing lock "trait_sync" {{(pid=112517) lock /usr/local/lib/python3.8/dist-packages/oslo_concurrency/lockutils.py:312}}
Jul 25 16:40:01.212377 n-d-850468-5 devstack@placement-api.service[112517]: DEBUG oslo_concurrency.lockutils [-] Acquired lock "resource_classes_sync" {{(pid=112517) lock /usr/local/lib/python3.8/dist-packages/oslo_concurrency/lockutils.py:294}}
Jul 25 16:40:01.246637 n-d-850468-5 devstack@placement-api.service[112518]: DEBUG oslo_concurrency.lockutils [-] Releasing lock "trait_sync" {{(pid=112518) lock /usr/local/lib/python3.8/dist-packages/oslo_concurrency/lockutils.py:312}}
Jul 25 16:40:01.246928 n-d-850468-5 devstack@placement-api.service[112518]: DEBUG oslo_concurrency.lockutils [-] Acquired lock "resource_classes_sync" {{(pid=112518) lock /usr/local/lib/python3.8/dist-packages/oslo_concurrency/lockutils.py:294}}
Jul 25 16:40:01.292910 n-d-850468-5 devstack@placement-api.service[112517]: DEBUG placement.objects.resource_class [-] Found existing resource classes in db: [] {{(pid=112517) _resource_classes_sync /opt/stack/placement/placement/objects/resource_class.py:233}}
Jul 25 16:40:01.293120 n-d-850468-5 devstack@placement-api.service[112518]: DEBUG placement.objects.resource_class [-] Found existing resource classes in db: [] {{(pid=112518) _resource_classes_sync /opt/stack/placement/placement/objects/resource_class.py:233}}
Jul 25 16:40:01.296609 n-d-850468-5 devstack@placement-api.service[112517]: DEBUG placement.objects.resource_class [-] Synced resource_classes from os_resource_classes: [{'name': 'VCPU', 'id': 0}, {'name': 'MEMORY_MB', 'id': 1}, {'name': 'DISK_GB', 'id': 2}, {'name': 'PCI_DEVICE', 'id': 3}, {'name': 'SRIOV_NET_VF', 'id': 4}, {'name': 'NUMA_SOCKET', 'id': 5}, {'name': 'NUMA_CORE', 'id': 6}, {'name': 'NUMA_THREAD', 'id': 7}, {'name': 'NUMA_MEMORY_MB', 'id': 8}, {'name': 'IPV4_ADDRESS', 'id': 9}, {'name': 'VGPU', 'id': 10}, {'name': 'VGPU_DISPLAY_HEAD', 'id': 11}, {'name': 'NET_BW_EGR_KILOBIT_PER_SEC', 'id': 12}, {'name': 'NET_BW_IGR_KILOBIT_PER_SEC', 'id': 13}, {'name': 'PCPU', 'id': 14}, {'name': 'MEM_ENCRYPTION_CONTEXT', 'id': 15}, {'name': 'FPGA', 'id': 16}, {'name': 'PGPU', 'id': 17}, {'name': 'NET_PACKET_RATE_KILOPACKET_PER_SEC', 'id': 18}, {'name': 'NET_PACKET_RATE_EGR_KILOPACKET_PER_SEC', 'id': 19}, {'name': 'NET_PACKET_RATE_IGR_KILOPACKET_PER_SEC', 'id': 20}] {{(pid=112517) _resource_classes_sync /opt/stack/placement/placement/objects/resource_class.py:250}}
Jul 25 16:40:01.388974 n-d-850468-5 devstack@placement-api.service[112517]: DEBUG oslo_concurrency.lockutils [-] Releasing lock "resource_classes_sync" {{(pid=112517) lock /usr/local/lib/python3.8/dist-packages/oslo_concurrency/lockutils.py:312}}
Jul 25 16:40:01.389154 n-d-850468-5 devstack@placement-api.service[112517]: WSGI app 0 (mountpoint='') ready in 3 seconds on interpreter 0x55a4766ad9c0 pid: 112517 (default app)
Jul 25 16:40:01.389861 n-d-850468-5 devstack@placement-api.service[112518]: DEBUG oslo_concurrency.lockutils [-] Releasing lock "resource_classes_sync" {{(pid=112518) lock /usr/local/lib/python3.8/dist-packages/oslo_concurrency/lockutils.py:312}}
Jul 25 16:40:01.390112 n-d-850468-5 devstack@placement-api.service[112518]: WSGI app 0 (mountpoint='') ready in 3 seconds on interpreter 0x55a4766ad9c0 pid: 112518 (default app)
Jul 25 16:40:01.390676 n-d-850468-5 devstack@placement-api.service[112517]: DEBUG placement.requestlog [None req-dfa59505-43c1-4366-b7eb-57f000aa91d5 None None] Starting request: 10.222.0.124 "GET /placement/" {{(pid=112517) __call__ /opt/stack/placement/placement/requestlog.py:55}}
Jul 25 16:40:01.405312 n-d-850468-5 devstack@placement-api.service[112517]: INFO placement.requestlog [None req-dfa59505-43c1-4366-b7eb-57f000aa91d5 None None] 10.222.0.124 "GET /placement/" status: 200 len: 136 microversion: 1.0
Jul 25 16:40:01.405644 n-d-850468-5 devstack@placement-api.service[112517]: [pid: 112517|app: 0|req: 1/1] 10.222.0.124 () {50 vars in 781 bytes} [Mon Jul 25 16:40:01 2022] GET /placement => generated 136 bytes in 16 msecs (HTTP/1.1 200) 6 headers in 224 bytes (1 switches on core 0)
Jul 25 16:40:11.295902 n-d-850468-5 devstack@placement-api.service[112518]: DEBUG dbcounter [-] [112518] Writing DB stats placement:SELECT=5,placement:INSERT=2,placement:SET=1 {{(pid=112518) stat_writer /usr/local/lib/python3.8/dist-packages/dbcounter.py:114}}
Jul 25 16:40:11.304559 n-d-850468-5 devstack@placement-api.service[112517]: DEBUG dbcounter [-] [112517] Writing DB stats placement:SELECT=5,placement:INSERT=2,placement:SET=1 {{(pid=112517) stat_writer /usr/local/lib/python3.8/dist-packages/dbcounter.py:114}}
Jul 25 16:40:59.943411 n-d-850468-5 devstack@placement-api.service[112518]: DEBUG placement.requestlog [None req-59e7b6b7-7c4a-4321-bd04-401f791ff4e8 None None] Starting request: 10.222.0.124 "GET /placement/" {{(pid=112518) __call__ /opt/stack/placement/placement/requestlog.py:55}}
Jul 25 16:40:59.965630 n-d-850468-5 devstack@placement-api.service[112518]: INFO placement.requestlog [None req-59e7b6b7-7c4a-4321-bd04-401f791ff4e8 None None] 10.222.0.124 "GET /placement/" status: 200 len: 136 microversion: 1.0
Jul 25 16:40:59.966536 n-d-850468-5 devstack@placement-api.service[112518]: [pid: 112518|app: 0|req: 1/2] 10.222.0.124 () {54 vars in 921 bytes} [Mon Jul 25 16:40:59 2022] GET /placement => generated 136 bytes in 26 msecs (HTTP/1.1 200) 6 headers in 224 bytes (1 switches on core 0)
Jul 25 16:41:04.755428 n-d-850468-5 devstack@placement-api.service[112517]: DEBUG placement.requestlog [None req-e6353499-5aa5-4433-b4d5-1aa8066adaff None None] Starting request: 10.222.0.124 "GET /placement/" {{(pid=112517) __call__ /opt/stack/placement/placement/requestlog.py:55}}
Jul 25 16:41:04.756548 n-d-850468-5 devstack@placement-api.service[112517]: INFO placement.requestlog [None req-e6353499-5aa5-4433-b4d5-1aa8066adaff None None] 10.222.0.124 "GET /placement/" status: 200 len: 136 microversion: 1.0
Jul 25 16:41:04.756925 n-d-850468-5 devstack@placement-api.service[112517]: [pid: 112517|app: 0|req: 2/3] 10.222.0.124 () {54 vars in 921 bytes} [Mon Jul 25 16:41:04 2022] GET /placement => generated 136 bytes in 2 msecs (HTTP/1.1 200) 6 headers in 224 bytes (1 switches on core 0)
Jul 25 16:41:06.158711 n-d-850468-5 devstack@placement-api.service[112518]: DEBUG placement.requestlog [None req-b380c137-fc14-4bda-b137-5dbc3b1ce15a None None] Starting request: 10.222.0.124 "GET /placement/" {{(pid=112518) __call__ /opt/stack/placement/placement/requestlog.py:55}}
Jul 25 16:41:06.159663 n-d-850468-5 devstack@placement-api.service[112518]: INFO placement.requestlog [None req-b380c137-fc14-4bda-b137-5dbc3b1ce15a None None] 10.222.0.124 "GET /placement/" status: 200 len: 136 microversion: 1.0
Jul 25 16:41:06.159983 n-d-850468-5 devstack@placement-api.service[112518]: [pid: 112518|app: 0|req: 2/4] 10.222.0.124 () {54 vars in 921 bytes} [Mon Jul 25 16:41:06 2022] GET /placement => generated 136 bytes in 2 msecs (HTTP/1.1 200) 6 headers in 224 bytes (1 switches on core 0)
Jul 25 16:42:07.006160 n-d-850468-5 devstack@placement-api.service[112517]: DEBUG placement.requestlog [None req-9289b446-8dbc-4d06-8f91-0aa2f7575210 None None] Starting request: 10.222.0.124 "GET /placement//" {{(pid=112517) __call__ /opt/stack/placement/placement/requestlog.py:55}}
Jul 25 16:42:07.007171 n-d-850468-5 devstack@placement-api.service[112517]: INFO placement.requestlog [None req-9289b446-8dbc-4d06-8f91-0aa2f7575210 None None] 10.222.0.124 "GET /placement//" status: 200 len: 136 microversion: 1.0
Jul 25 16:42:07.007703 n-d-850468-5 devstack@placement-api.service[112517]: [pid: 112517|app: 0|req: 3/5] 10.222.0.124 () {56 vars in 1111 bytes} [Mon Jul 25 16:42:07 2022] GET /placement/ => generated 136 bytes in 2 msecs (HTTP/1.1 200) 6 headers in 224 bytes (1 switches on core 0)
Jul 25 16:48:47.736549 n-d-850468-5 devstack@placement-api.service[112518]: DEBUG placement.requestlog [None req-67139852-d116-45c1-af6d-9f6dd543dfd1 None None] Starting request: 10.222.0.136 "GET /placement/" {{(pid=112518) __call__ /opt/stack/placement/placement/requestlog.py:55}}
Jul 25 16:48:47.737494 n-d-850468-5 devstack@placement-api.service[112518]: INFO placement.requestlog [None req-67139852-d116-45c1-af6d-9f6dd543dfd1 None None] 10.222.0.136 "GET /placement/" status: 200 len: 136 microversion: 1.0
Jul 25 16:48:47.737807 n-d-850468-5 devstack@placement-api.service[112518]: [pid: 112518|app: 0|req: 3/6] 10.222.0.136 () {54 vars in 918 bytes} [Mon Jul 25 16:48:47 2022] GET /placement => generated 136 bytes in 2 msecs (HTTP/1.1 200) 6 headers in 224 bytes (1 switches on core 0)
Jul 25 16:48:51.831251 n-d-850468-5 devstack@placement-api.service[112517]: DEBUG placement.requestlog [req-f0878134-b8f1-4799-a6c4-f59e3d2c73c1 req-a7b021d9-ad05-42c0-a7e4-8f0bfaa95f7a None None] Starting request: 10.222.0.136 "GET /placement/resource_providers?in_tree=28a205e4-b389-471e-9112-52c5b48bbd00" {{(pid=112517) __call__ /opt/stack/placement/placement/requestlog.py:55}}
Jul 25 16:48:52.218768 n-d-850468-5 devstack@placement-api.service[112517]: INFO placement.requestlog [req-f0878134-b8f1-4799-a6c4-f59e3d2c73c1 req-a7b021d9-ad05-42c0-a7e4-8f0bfaa95f7a service placement] 10.222.0.136 "GET /placement/resource_providers?in_tree=28a205e4-b389-471e-9112-52c5b48bbd00" status: 200 len: 26 microversion: 1.14
Jul 25 16:48:52.219104 n-d-850468-5 devstack@placement-api.service[112517]: [pid: 112517|app: 0|req: 4/7] 10.222.0.136 () {60 vars in 1381 bytes} [Mon Jul 25 16:48:51 2022] GET /placement/resource_providers?in_tree=28a205e4-b389-471e-9112-52c5b48bbd00 => generated 26 bytes in 388 msecs (HTTP/1.1 200) 6 headers in 224 bytes (1 switches on core 0)
Jul 25 16:48:52.238441 n-d-850468-5 devstack@placement-api.service[112518]: DEBUG placement.requestlog [req-f0878134-b8f1-4799-a6c4-f59e3d2c73c1 req-272cfbed-33cf-4970-8457-db4ddc22111e None None] Starting request: 10.222.0.136 "POST /placement/resource_providers" {{(pid=112518) __call__ /opt/stack/placement/placement/requestlog.py:55}}
Jul 25 16:48:52.629575 n-d-850468-5 devstack@placement-api.service[112518]: INFO placement.requestlog [req-f0878134-b8f1-4799-a6c4-f59e3d2c73c1 req-272cfbed-33cf-4970-8457-db4ddc22111e service placement] 10.222.0.136 "POST /placement/resource_providers" status: 200 len: 836 microversion: 1.20
Jul 25 16:48:52.629992 n-d-850468-5 devstack@placement-api.service[112518]: [pid: 112518|app: 0|req: 4/8] 10.222.0.136 () {64 vars in 1345 bytes} [Mon Jul 25 16:48:52 2022] POST /placement/resource_providers => generated 836 bytes in 392 msecs (HTTP/1.1 200) 9 headers in 393 bytes (2 switches on core 0)
Jul 25 16:48:52.907882 n-d-850468-5 devstack@placement-api.service[112517]: DEBUG placement.requestlog [req-f0878134-b8f1-4799-a6c4-f59e3d2c73c1 req-56362199-f7d7-411e-a9d0-83a88bf19ae6 None None] Starting request: 10.222.0.136 "PUT /placement/resource_providers/28a205e4-b389-471e-9112-52c5b48bbd00/inventories" {{(pid=112517) __call__ /opt/stack/placement/placement/requestlog.py:55}}
Jul 25 16:48:53.011321 n-d-850468-5 devstack@placement-api.service[112517]: INFO placement.requestlog [req-f0878134-b8f1-4799-a6c4-f59e3d2c73c1 req-56362199-f7d7-411e-a9d0-83a88bf19ae6 service placement] 10.222.0.136 "PUT /placement/resource_providers/28a205e4-b389-471e-9112-52c5b48bbd00/inventories" status: 200 len: 397 microversion: 1.26
Jul 25 16:48:53.011763 n-d-850468-5 devstack@placement-api.service[112517]: [pid: 112517|app: 0|req: 5/9] 10.222.0.136 () {64 vars in 1492 bytes} [Mon Jul 25 16:48:52 2022] PUT /placement/resource_providers/28a205e4-b389-471e-9112-52c5b48bbd00/inventories => generated 397 bytes in 104 msecs (HTTP/1.1 200) 8 headers in 296 bytes (1 switches on core 0)
Jul 25 16:48:53.022721 n-d-850468-5 devstack@placement-api.service[112518]: DEBUG placement.requestlog [req-f0878134-b8f1-4799-a6c4-f59e3d2c73c1 req-de6ae7b7-63fb-4b50-b70f-9a50ad2ec093 None None] Starting request: 10.222.0.136 "GET /placement/traits?name=in:COMPUTE_NET_ATTACH_INTERFACE,COMPUTE_DEVICE_TAGGING,COMPUTE_IMAGE_TYPE_VHD,COMPUTE_SECURITY_UEFI_SECURE_BOOT,COMPUTE_IMAGE_TYPE_VHDX,COMPUTE_NODE" {{(pid=112518) __call__ /opt/stack/placement/placement/requestlog.py:55}}
Jul 25 16:48:53.042156 n-d-850468-5 devstack@placement-api.service[112518]: INFO placement.requestlog [req-f0878134-b8f1-4799-a6c4-f59e3d2c73c1 req-de6ae7b7-63fb-4b50-b70f-9a50ad2ec093 service placement] 10.222.0.136 "GET /placement/traits?name=in:COMPUTE_NET_ATTACH_INTERFACE,COMPUTE_DEVICE_TAGGING,COMPUTE_IMAGE_TYPE_VHD,COMPUTE_SECURITY_UEFI_SECURE_BOOT,COMPUTE_IMAGE_TYPE_VHDX,COMPUTE_NODE" status: 200 len: 176 microversion: 1.6
Jul 25 16:48:53.042473 n-d-850468-5 devstack@placement-api.service[112518]: [pid: 112518|app: 0|req: 5/10] 10.222.0.136 () {60 vars in 1562 bytes} [Mon Jul 25 16:48:53 2022] GET /placement/traits?name=in:COMPUTE_NET_ATTACH_INTERFACE,COMPUTE_DEVICE_TAGGING,COMPUTE_IMAGE_TYPE_VHD,COMPUTE_SECURITY_UEFI_SECURE_BOOT,COMPUTE_IMAGE_TYPE_VHDX,COMPUTE_NODE => generated 176 bytes in 21 msecs (HTTP/1.1 200) 6 headers in 224 bytes (1 switches on core 0)
Jul 25 16:48:53.049739 n-d-850468-5 devstack@placement-api.service[112517]: DEBUG placement.requestlog [req-f0878134-b8f1-4799-a6c4-f59e3d2c73c1 req-5b7b924f-742d-48d3-bee8-7eb771529554 None None] Starting request: 10.222.0.136 "PUT /placement/resource_providers/28a205e4-b389-471e-9112-52c5b48bbd00/traits" {{(pid=112517) __call__ /opt/stack/placement/placement/requestlog.py:55}}
Jul 25 16:48:53.166920 n-d-850468-5 devstack@placement-api.service[112517]: INFO placement.requestlog [req-f0878134-b8f1-4799-a6c4-f59e3d2c73c1 req-5b7b924f-742d-48d3-bee8-7eb771529554 service placement] 10.222.0.136 "PUT /placement/resource_providers/28a205e4-b389-471e-9112-52c5b48bbd00/traits" status: 200 len: 211 microversion: 1.6
Jul 25 16:48:53.167236 n-d-850468-5 devstack@placement-api.service[112517]: [pid: 112517|app: 0|req: 6/11] 10.222.0.136 () {64 vars in 1476 bytes} [Mon Jul 25 16:48:53 2022] PUT /placement/resource_providers/28a205e4-b389-471e-9112-52c5b48bbd00/traits => generated 211 bytes in 118 msecs (HTTP/1.1 200) 6 headers in 224 bytes (1 switches on core 0)
Jul 25 16:48:55.536828 n-d-850468-5 devstack@placement-api.service[112518]: DEBUG placement.requestlog [None req-da8eee89-9610-4a75-b6ac-40ef928958c8 None None] Starting request: 10.222.0.131 "GET /placement/" {{(pid=112518) __call__ /opt/stack/placement/placement/requestlog.py:55}}
Jul 25 16:48:55.537826 n-d-850468-5 devstack@placement-api.service[112518]: INFO placement.requestlog [None req-da8eee89-9610-4a75-b6ac-40ef928958c8 None None] 10.222.0.131 "GET /placement/" status: 200 len: 136 microversion: 1.0
Jul 25 16:48:55.538139 n-d-850468-5 devstack@placement-api.service[112518]: [pid: 112518|app: 0|req: 6/12] 10.222.0.131 () {54 vars in 918 bytes} [Mon Jul 25 16:48:55 2022] GET /placement => generated 136 bytes in 2 msecs (HTTP/1.1 200) 6 headers in 224 bytes (1 switches on core 0)
Jul 25 16:49:03.038681 n-d-850468-5 devstack@placement-api.service[112518]: DEBUG dbcounter [-] [112518] Writing DB stats placement:SELECT=3,placement:INSERT=1,placement:UPDATE=1 {{(pid=112518) stat_writer /usr/local/lib/python3.8/dist-packages/dbcounter.py:114}}
Jul 25 16:49:03.099922 n-d-850468-5 devstack@placement-api.service[112517]: DEBUG dbcounter [-] [112517] Writing DB stats placement:SELECT=13,placement:INSERT=9,placement:UPDATE=2 {{(pid=112517) stat_writer /usr/local/lib/python3.8/dist-packages/dbcounter.py:114}}
Jul 25 16:49:04.276231 n-d-850468-5 devstack@placement-api.service[112517]: DEBUG placement.requestlog [req-a21b1928-4cc0-465d-84b8-322e442db9b2 req-c98f8568-7e86-463f-bf12-48085663f5ab None None] Starting request: 10.222.0.131 "GET /placement/resource_providers?in_tree=abb2bfeb-3bef-4de0-8c3f-47b15644f6cc" {{(pid=112517) __call__ /opt/stack/placement/placement/requestlog.py:55}}
Jul 25 16:49:04.343110 n-d-850468-5 devstack@placement-api.service[112517]: INFO placement.requestlog [req-a21b1928-4cc0-465d-84b8-322e442db9b2 req-c98f8568-7e86-463f-bf12-48085663f5ab service placement] 10.222.0.131 "GET /placement/resource_providers?in_tree=abb2bfeb-3bef-4de0-8c3f-47b15644f6cc" status: 200 len: 26 microversion: 1.14
Jul 25 16:49:04.343436 n-d-850468-5 devstack@placement-api.service[112517]: [pid: 112517|app: 0|req: 7/13] 10.222.0.131 () {60 vars in 1381 bytes} [Mon Jul 25 16:49:04 2022] GET /placement/resource_providers?in_tree=abb2bfeb-3bef-4de0-8c3f-47b15644f6cc => generated 26 bytes in 68 msecs (HTTP/1.1 200) 6 headers in 224 bytes (1 switches on core 0)
Jul 25 16:49:04.350874 n-d-850468-5 devstack@placement-api.service[112518]: DEBUG placement.requestlog [req-a21b1928-4cc0-465d-84b8-322e442db9b2 req-5f955b83-c0ac-4182-beab-70385100e493 None None] Starting request: 10.222.0.131 "POST /placement/resource_providers" {{(pid=112518) __call__ /opt/stack/placement/placement/requestlog.py:55}}
Jul 25 16:49:04.452751 n-d-850468-5 devstack@placement-api.service[112518]: INFO placement.requestlog [req-a21b1928-4cc0-465d-84b8-322e442db9b2 req-5f955b83-c0ac-4182-beab-70385100e493 service placement] 10.222.0.131 "POST /placement/resource_providers" status: 200 len: 836 microversion: 1.20
Jul 25 16:49:04.453162 n-d-850468-5 devstack@placement-api.service[112518]: [pid: 112518|app: 0|req: 7/14] 10.222.0.131 () {64 vars in 1345 bytes} [Mon Jul 25 16:49:04 2022] POST /placement/resource_providers => generated 836 bytes in 103 msecs (HTTP/1.1 200) 9 headers in 393 bytes (2 switches on core 0)
Jul 25 16:49:04.689435 n-d-850468-5 devstack@placement-api.service[112517]: DEBUG placement.requestlog [req-a21b1928-4cc0-465d-84b8-322e442db9b2 req-2dc82ecc-65e8-4131-90f2-50f3e8112c0d None None] Starting request: 10.222.0.131 "PUT /placement/resource_providers/abb2bfeb-3bef-4de0-8c3f-47b15644f6cc/inventories" {{(pid=112517) __call__ /opt/stack/placement/placement/requestlog.py:55}}
Jul 25 16:49:04.789934 n-d-850468-5 devstack@placement-api.service[112517]: INFO placement.requestlog [req-a21b1928-4cc0-465d-84b8-322e442db9b2 req-2dc82ecc-65e8-4131-90f2-50f3e8112c0d service placement] 10.222.0.131 "PUT /placement/resource_providers/abb2bfeb-3bef-4de0-8c3f-47b15644f6cc/inventories" status: 200 len: 397 microversion: 1.26
Jul 25 16:49:04.790336 n-d-850468-5 devstack@placement-api.service[112517]: [pid: 112517|app: 0|req: 8/15] 10.222.0.131 () {64 vars in 1492 bytes} [Mon Jul 25 16:49:04 2022] PUT /placement/resource_providers/abb2bfeb-3bef-4de0-8c3f-47b15644f6cc/inventories => generated 397 bytes in 101 msecs (HTTP/1.1 200) 8 headers in 296 bytes (2 switches on core 0)
Jul 25 16:49:04.818800 n-d-850468-5 devstack@placement-api.service[112518]: DEBUG placement.requestlog [req-a21b1928-4cc0-465d-84b8-322e442db9b2 req-f3451f04-3719-43d3-843b-e6f5d2ad3877 None None] Starting request: 10.222.0.131 "GET /placement/traits?name=in:COMPUTE_IMAGE_TYPE_VHDX,COMPUTE_NODE,COMPUTE_SECURITY_UEFI_SECURE_BOOT,COMPUTE_IMAGE_TYPE_VHD,COMPUTE_DEVICE_TAGGING,COMPUTE_NET_ATTACH_INTERFACE" {{(pid=112518) __call__ /opt/stack/placement/placement/requestlog.py:55}}
Jul 25 16:49:04.831866 n-d-850468-5 devstack@placement-api.service[112518]: INFO placement.requestlog [req-a21b1928-4cc0-465d-84b8-322e442db9b2 req-f3451f04-3719-43d3-843b-e6f5d2ad3877 service placement] 10.222.0.131 "GET /placement/traits?name=in:COMPUTE_IMAGE_TYPE_VHDX,COMPUTE_NODE,COMPUTE_SECURITY_UEFI_SECURE_BOOT,COMPUTE_IMAGE_TYPE_VHD,COMPUTE_DEVICE_TAGGING,COMPUTE_NET_ATTACH_INTERFACE" status: 200 len: 176 microversion: 1.6
Jul 25 16:49:04.832610 n-d-850468-5 devstack@placement-api.service[112518]: [pid: 112518|app: 0|req: 8/16] 10.222.0.131 () {60 vars in 1562 bytes} [Mon Jul 25 16:49:04 2022] GET /placement/traits?name=in:COMPUTE_IMAGE_TYPE_VHDX,COMPUTE_NODE,COMPUTE_SECURITY_UEFI_SECURE_BOOT,COMPUTE_IMAGE_TYPE_VHD,COMPUTE_DEVICE_TAGGING,COMPUTE_NET_ATTACH_INTERFACE => generated 176 bytes in 14 msecs (HTTP/1.1 200) 6 headers in 224 bytes (2 switches on core 0)
Jul 25 16:49:04.849908 n-d-850468-5 devstack@placement-api.service[112517]: DEBUG placement.requestlog [req-a21b1928-4cc0-465d-84b8-322e442db9b2 req-d98aa79c-a51a-4150-8bdc-9d52de19c5e7 None None] Starting request: 10.222.0.131 "PUT /placement/resource_providers/abb2bfeb-3bef-4de0-8c3f-47b15644f6cc/traits" {{(pid=112517) __call__ /opt/stack/placement/placement/requestlog.py:55}}
Jul 25 16:49:04.960977 n-d-850468-5 devstack@placement-api.service[112517]: INFO placement.requestlog [req-a21b1928-4cc0-465d-84b8-322e442db9b2 req-d98aa79c-a51a-4150-8bdc-9d52de19c5e7 service placement] 10.222.0.131 "PUT /placement/resource_providers/abb2bfeb-3bef-4de0-8c3f-47b15644f6cc/traits" status: 200 len: 211 microversion: 1.6
Jul 25 16:49:04.961278 n-d-850468-5 devstack@placement-api.service[112517]: [pid: 112517|app: 0|req: 9/17] 10.222.0.131 () {64 vars in 1476 bytes} [Mon Jul 25 16:49:04 2022] PUT /placement/resource_providers/abb2bfeb-3bef-4de0-8c3f-47b15644f6cc/traits => generated 211 bytes in 112 msecs (HTTP/1.1 200) 6 headers in 224 bytes (1 switches on core 0)
Jul 25 16:49:14.831253 n-d-850468-5 devstack@placement-api.service[112518]: DEBUG dbcounter [-] [112518] Writing DB stats placement:SELECT=3,placement:INSERT=1,placement:UPDATE=1 {{(pid=112518) stat_writer /usr/local/lib/python3.8/dist-packages/dbcounter.py:114}}
Jul 25 16:49:14.881380 n-d-850468-5 devstack@placement-api.service[112517]: DEBUG dbcounter [-] [112517] Writing DB stats placement:SELECT=13,placement:INSERT=9,placement:UPDATE=2 {{(pid=112517) stat_writer /usr/local/lib/python3.8/dist-packages/dbcounter.py:114}}
Jul 25 16:49:48.019889 n-d-850468-5 devstack@placement-api.service[112518]: DEBUG placement.requestlog [req-9ca9dc79-9f59-4b8c-b84a-26a798baf4d6 req-d1852c42-b91f-4891-91b5-560634d51952 None None] Starting request: 10.222.0.136 "GET /placement/resource_providers/28a205e4-b389-471e-9112-52c5b48bbd00/allocations" {{(pid=112518) __call__ /opt/stack/placement/placement/requestlog.py:55}}
Jul 25 16:49:48.046319 n-d-850468-5 devstack@placement-api.service[112518]: INFO placement.requestlog [req-9ca9dc79-9f59-4b8c-b84a-26a798baf4d6 req-d1852c42-b91f-4891-91b5-560634d51952 service placement] 10.222.0.136 "GET /placement/resource_providers/28a205e4-b389-471e-9112-52c5b48bbd00/allocations" status: 200 len: 54 microversion: 1.0
Jul 25 16:49:48.046667 n-d-850468-5 devstack@placement-api.service[112518]: [pid: 112518|app: 0|req: 9/18] 10.222.0.136 () {58 vars in 1395 bytes} [Mon Jul 25 16:49:48 2022] GET /placement/resource_providers/28a205e4-b389-471e-9112-52c5b48bbd00/allocations => generated 54 bytes in 27 msecs (HTTP/1.1 200) 6 headers in 223 bytes (1 switches on core 0)
Jul 25 16:49:56.743341 n-d-850468-5 devstack@placement-api.service[112517]: DEBUG placement.requestlog [req-cf38b268-09e9-4c2e-9b8c-95b97bb32abd req-0137565a-70eb-4c67-90ae-c1a578df5200 None None] Starting request: 10.222.0.131 "GET /placement/resource_providers/abb2bfeb-3bef-4de0-8c3f-47b15644f6cc/allocations" {{(pid=112517) __call__ /opt/stack/placement/placement/requestlog.py:55}}
Jul 25 16:49:56.762700 n-d-850468-5 devstack@placement-api.service[112517]: INFO placement.requestlog [req-cf38b268-09e9-4c2e-9b8c-95b97bb32abd req-0137565a-70eb-4c67-90ae-c1a578df5200 service placement] 10.222.0.131 "GET /placement/resource_providers/abb2bfeb-3bef-4de0-8c3f-47b15644f6cc/allocations" status: 200 len: 54 microversion: 1.0
Jul 25 16:49:56.763029 n-d-850468-5 devstack@placement-api.service[112517]: [pid: 112517|app: 0|req: 10/19] 10.222.0.131 () {58 vars in 1395 bytes} [Mon Jul 25 16:49:56 2022] GET /placement/resource_providers/abb2bfeb-3bef-4de0-8c3f-47b15644f6cc/allocations => generated 54 bytes in 20 msecs (HTTP/1.1 200) 6 headers in 223 bytes (1 switches on core 0)
Jul 25 16:49:58.041548 n-d-850468-5 devstack@placement-api.service[112518]: DEBUG dbcounter [-] [112518] Writing DB stats placement:SELECT=4 {{(pid=112518) stat_writer /usr/local/lib/python3.8/dist-packages/dbcounter.py:114}}
Jul 25 16:50:06.760444 n-d-850468-5 devstack@placement-api.service[112517]: DEBUG dbcounter [-] [112517] Writing DB stats placement:SELECT=4 {{(pid=112517) stat_writer /usr/local/lib/python3.8/dist-packages/dbcounter.py:114}}
Jul 25 16:50:27.401957 n-d-850468-5 devstack@placement-api.service[112518]: DEBUG placement.requestlog [None req-47df7d3f-cf1a-4869-815b-63392cb094c2 None None] Starting request: 10.222.0.124 "GET /placement/" {{(pid=112518) __call__ /opt/stack/placement/placement/requestlog.py:55}}
Jul 25 16:50:27.402937 n-d-850468-5 devstack@placement-api.service[112518]: INFO placement.requestlog [None req-47df7d3f-cf1a-4869-815b-63392cb094c2 None None] 10.222.0.124 "GET /placement/" status: 200 len: 136 microversion: 1.0
Jul 25 16:50:27.403257 n-d-850468-5 devstack@placement-api.service[112518]: [pid: 112518|app: 0|req: 10/20] 10.222.0.124 () {54 vars in 921 bytes} [Mon Jul 25 16:50:27 2022] GET /placement => generated 136 bytes in 2 msecs (HTTP/1.1 200) 6 headers in 224 bytes (1 switches on core 0)
Jul 25 16:50:48.925997 n-d-850468-5 devstack@placement-api.service[112517]: DEBUG placement.requestlog [req-686e3510-3777-4200-ab23-49e2bbd997ca req-453a2dd0-30ab-4294-9412-a928800889b0 None None] Starting request: 10.222.0.136 "GET /placement/resource_providers/28a205e4-b389-471e-9112-52c5b48bbd00/allocations" {{(pid=112517) __call__ /opt/stack/placement/placement/requestlog.py:55}}
Jul 25 16:50:48.941891 n-d-850468-5 devstack@placement-api.service[112517]: INFO placement.requestlog [req-686e3510-3777-4200-ab23-49e2bbd997ca req-453a2dd0-30ab-4294-9412-a928800889b0 service placement] 10.222.0.136 "GET /placement/resource_providers/28a205e4-b389-471e-9112-52c5b48bbd00/allocations" status: 200 len: 54 microversion: 1.0
Jul 25 16:50:48.942246 n-d-850468-5 devstack@placement-api.service[112517]: [pid: 112517|app: 0|req: 11/21] 10.222.0.136 () {58 vars in 1395 bytes} [Mon Jul 25 16:50:48 2022] GET /placement/resource_providers/28a205e4-b389-471e-9112-52c5b48bbd00/allocations => generated 54 bytes in 17 msecs (HTTP/1.1 200) 6 headers in 223 bytes (2 switches on core 0)
Jul 25 16:50:57.032074 n-d-850468-5 devstack@placement-api.service[112518]: DEBUG placement.requestlog [req-971f8041-a287-4dd0-bd9c-9bda0cd422cb req-4c852033-6a3f-496f-8d60-a8437d9b590e None None] Starting request: 10.222.0.131 "GET /placement/resource_providers/abb2bfeb-3bef-4de0-8c3f-47b15644f6cc/allocations" {{(pid=112518) __call__ /opt/stack/placement/placement/requestlog.py:55}}
Jul 25 16:50:57.048678 n-d-850468-5 devstack@placement-api.service[112518]: INFO placement.requestlog [req-971f8041-a287-4dd0-bd9c-9bda0cd422cb req-4c852033-6a3f-496f-8d60-a8437d9b590e service placement] 10.222.0.131 "GET /placement/resource_providers/abb2bfeb-3bef-4de0-8c3f-47b15644f6cc/allocations" status: 200 len: 54 microversion: 1.0
Jul 25 16:50:57.049019 n-d-850468-5 devstack@placement-api.service[112518]: [pid: 112518|app: 0|req: 11/22] 10.222.0.131 () {58 vars in 1395 bytes} [Mon Jul 25 16:50:57 2022] GET /placement/resource_providers/abb2bfeb-3bef-4de0-8c3f-47b15644f6cc/allocations => generated 54 bytes in 17 msecs (HTTP/1.1 200) 6 headers in 223 bytes (1 switches on core 0)
Jul 25 16:50:58.940232 n-d-850468-5 devstack@placement-api.service[112517]: DEBUG dbcounter [-] [112517] Writing DB stats placement:SELECT=4 {{(pid=112517) stat_writer /usr/local/lib/python3.8/dist-packages/dbcounter.py:114}}
Jul 25 16:51:07.046858 n-d-850468-5 devstack@placement-api.service[112518]: DEBUG dbcounter [-] [112518] Writing DB stats placement:SELECT=4 {{(pid=112518) stat_writer /usr/local/lib/python3.8/dist-packages/dbcounter.py:114}}
Jul 25 16:51:13.742876 n-d-850468-5 devstack@placement-api.service[112517]: DEBUG placement.requestlog [None req-0dec1142-3256-4a3d-9096-5b8d7ab7c888 None None] Starting request: 10.222.0.124 "GET /placement/" {{(pid=112517) __call__ /opt/stack/placement/placement/requestlog.py:55}}
Jul 25 16:51:13.743865 n-d-850468-5 devstack@placement-api.service[112517]: INFO placement.requestlog [None req-0dec1142-3256-4a3d-9096-5b8d7ab7c888 None None] 10.222.0.124 "GET /placement/" status: 200 len: 136 microversion: 1.0
Jul 25 16:51:13.744440 n-d-850468-5 devstack@placement-api.service[112517]: [pid: 112517|app: 0|req: 12/23] 10.222.0.124 () {54 vars in 912 bytes} [Mon Jul 25 16:51:13 2022] GET /placement => generated 136 bytes in 2 msecs (HTTP/1.1 200) 6 headers in 224 bytes (1 switches on core 0)
Jul 25 16:51:13.755588 n-d-850468-5 devstack@placement-api.service[112518]: DEBUG placement.requestlog [req-9a10cab5-6e9b-4cef-ad59-7fbe111e0cc9 req-697fdecd-29a6-4c7b-8b3f-54f25b13afce None None] Starting request: 10.222.0.124 "GET /placement/resource_providers?name=n-h1-850468-5" {{(pid=112518) __call__ /opt/stack/placement/placement/requestlog.py:55}}
Jul 25 16:51:13.845970 n-d-850468-5 devstack@placement-api.service[112517]: DEBUG placement.requestlog [req-5bc3f36a-5c7c-459e-b0a8-36867aa36d23 req-2c6ffa99-9761-451b-98dc-b5576fe61083 None None] Starting request: 10.222.0.124 "GET /placement/allocation_candidates?limit=1000&resources=DISK_GB%3A1%2CMEMORY_MB%3A1024%2CVCPU%3A1&root_required=%21COMPUTE_STATUS_DISABLED" {{(pid=112517) __call__ /opt/stack/placement/placement/requestlog.py:55}}
Jul 25 16:51:13.921004 n-d-850468-5 devstack@placement-api.service[112518]: INFO placement.requestlog [req-9a10cab5-6e9b-4cef-ad59-7fbe111e0cc9 req-697fdecd-29a6-4c7b-8b3f-54f25b13afce service placement] 10.222.0.124 "GET /placement/resource_providers?name=n-h1-850468-5" status: 200 len: 440 microversion: 1.0
Jul 25 16:51:13.921822 n-d-850468-5 devstack@placement-api.service[112518]: [pid: 112518|app: 0|req: 12/24] 10.222.0.124 () {58 vars in 1279 bytes} [Mon Jul 25 16:51:13 2022] GET /placement/resource_providers?name=n-h1-850468-5 => generated 440 bytes in 166 msecs (HTTP/1.1 200) 6 headers in 224 bytes (2 switches on core 0)
Jul 25 16:51:13.929551 n-d-850468-5 devstack@placement-api.service[112518]: DEBUG placement.requestlog [req-9a10cab5-6e9b-4cef-ad59-7fbe111e0cc9 req-2c7d8357-f004-49fd-8900-4cae13be1336 None None] Starting request: 10.222.0.124 "GET /placement/resource_providers/28a205e4-b389-471e-9112-52c5b48bbd00/aggregates" {{(pid=112518) __call__ /opt/stack/placement/placement/requestlog.py:55}}
Jul 25 16:51:13.948773 n-d-850468-5 devstack@placement-api.service[112518]: INFO placement.requestlog [req-9a10cab5-6e9b-4cef-ad59-7fbe111e0cc9 req-2c7d8357-f004-49fd-8900-4cae13be1336 service placement] 10.222.0.124 "GET /placement/resource_providers/28a205e4-b389-471e-9112-52c5b48bbd00/aggregates" status: 200 len: 53 microversion: 1.19
Jul 25 16:51:13.956560 n-d-850468-5 devstack@placement-api.service[112518]: [pid: 112518|app: 0|req: 13/25] 10.222.0.124 () {60 vars in 1430 bytes} [Mon Jul 25 16:51:13 2022] GET /placement/resource_providers/28a205e4-b389-471e-9112-52c5b48bbd00/aggregates => generated 53 bytes in 27 msecs (HTTP/1.1 200) 8 headers in 295 bytes (1 switches on core 0)
Jul 25 16:51:13.957363 n-d-850468-5 devstack@placement-api.service[112518]: DEBUG placement.requestlog [req-9a10cab5-6e9b-4cef-ad59-7fbe111e0cc9 req-5851807a-c2ac-48e8-9bef-d50461801644 None None] Starting request: 10.222.0.124 "PUT /placement/resource_providers/28a205e4-b389-471e-9112-52c5b48bbd00/aggregates" {{(pid=112518) __call__ /opt/stack/placement/placement/requestlog.py:55}}
Jul 25 16:51:13.981606 n-d-850468-5 devstack@placement-api.service[112517]: DEBUG placement.objects.research_context [req-5bc3f36a-5c7c-459e-b0a8-36867aa36d23 req-2c6ffa99-9761-451b-98dc-b5576fe61083 service placement] getting providers with 1 DISK_GB {{(pid=112517) __init__ /opt/stack/placement/placement/objects/research_context.py:136}}
Jul 25 16:51:13.988704 n-d-850468-5 devstack@placement-api.service[112518]: DEBUG placement.objects.resource_provider [req-9a10cab5-6e9b-4cef-ad59-7fbe111e0cc9 req-5851807a-c2ac-48e8-9bef-d50461801644 service placement] _ensure_aggregate() did not find aggregate 6c67f1ba-5f7a-499c-81ef-34932770860e. Attempting to create it. {{(pid=112518) _ensure_aggregate /opt/stack/placement/placement/objects/resource_provider.py:321}}
Jul 25 16:51:13.991243 n-d-850468-5 devstack@placement-api.service[112518]: DEBUG placement.objects.resource_provider [req-9a10cab5-6e9b-4cef-ad59-7fbe111e0cc9 req-5851807a-c2ac-48e8-9bef-d50461801644 service placement] _ensure_aggregate() created new aggregate 6c67f1ba-5f7a-499c-81ef-34932770860e (id=1). {{(pid=112518) _ensure_aggregate /opt/stack/placement/placement/objects/resource_provider.py:327}}
Jul 25 16:51:13.991355 n-d-850468-5 devstack@placement-api.service[112517]: DEBUG placement.objects.research_context [req-5bc3f36a-5c7c-459e-b0a8-36867aa36d23 req-2c6ffa99-9761-451b-98dc-b5576fe61083 service placement] getting providers with 1024 MEMORY_MB {{(pid=112517) __init__ /opt/stack/placement/placement/objects/research_context.py:136}}
Jul 25 16:51:13.993466 n-d-850468-5 devstack@placement-api.service[112518]: DEBUG placement.objects.resource_provider [req-9a10cab5-6e9b-4cef-ad59-7fbe111e0cc9 req-5851807a-c2ac-48e8-9bef-d50461801644 service placement] Setting aggregates for provider 28a205e4-b389-471e-9112-52c5b48bbd00. Successfully associated aggregate 6c67f1ba-5f7a-499c-81ef-34932770860e. {{(pid=112518) _set_aggregates /opt/stack/placement/placement/objects/resource_provider.py:389}}
Jul 25 16:51:13.996595 n-d-850468-5 devstack@placement-api.service[112517]: DEBUG placement.objects.research_context [req-5bc3f36a-5c7c-459e-b0a8-36867aa36d23 req-2c6ffa99-9761-451b-98dc-b5576fe61083 service placement] getting providers with 1 VCPU {{(pid=112517) __init__ /opt/stack/placement/placement/objects/research_context.py:136}}
Jul 25 16:51:14.002360 n-d-850468-5 devstack@placement-api.service[112517]: DEBUG placement.objects.research_context [req-5bc3f36a-5c7c-459e-b0a8-36867aa36d23 req-2c6ffa99-9761-451b-98dc-b5576fe61083 service placement] found 2 providers with available 1 DISK_GB {{(pid=112517) get_provider_ids_matching /opt/stack/placement/placement/objects/research_context.py:563}}
Jul 25 16:51:14.002847 n-d-850468-5 devstack@placement-api.service[112517]: DEBUG placement.objects.research_context [req-5bc3f36a-5c7c-459e-b0a8-36867aa36d23 req-2c6ffa99-9761-451b-98dc-b5576fe61083 service placement] found 2 providers with available 1024 MEMORY_MB {{(pid=112517) get_provider_ids_matching /opt/stack/placement/placement/objects/research_context.py:563}}
Jul 25 16:51:14.003460 n-d-850468-5 devstack@placement-api.service[112517]: DEBUG placement.objects.research_context [req-5bc3f36a-5c7c-459e-b0a8-36867aa36d23 req-2c6ffa99-9761-451b-98dc-b5576fe61083 service placement] found 2 providers after filtering by previous result {{(pid=112517) get_provider_ids_matching /opt/stack/placement/placement/objects/research_context.py:594}}
Jul 25 16:51:14.003900 n-d-850468-5 devstack@placement-api.service[112517]: DEBUG placement.objects.research_context [req-5bc3f36a-5c7c-459e-b0a8-36867aa36d23 req-2c6ffa99-9761-451b-98dc-b5576fe61083 service placement] found 2 providers with available 1 VCPU {{(pid=112517) get_provider_ids_matching /opt/stack/placement/placement/objects/research_context.py:563}}
Jul 25 16:51:14.004369 n-d-850468-5 devstack@placement-api.service[112517]: DEBUG placement.objects.research_context [req-5bc3f36a-5c7c-459e-b0a8-36867aa36d23 req-2c6ffa99-9761-451b-98dc-b5576fe61083 service placement] found 2 providers after filtering by previous result {{(pid=112517) get_provider_ids_matching /opt/stack/placement/placement/objects/research_context.py:594}}
Jul 25 16:51:14.022554 n-d-850468-5 devstack@placement-api.service[112517]: DEBUG placement.objects.allocation_candidate [req-5bc3f36a-5c7c-459e-b0a8-36867aa36d23 req-2c6ffa99-9761-451b-98dc-b5576fe61083 service placement] RequestGroup(use_same_provider=False, resources={DISK_GB:1, MEMORY_MB:1024, VCPU:1}, traits=(), aggregates=[]) (suffix '') returned 2 matches {{(pid=112517) _get_by_requests /opt/stack/placement/placement/objects/allocation_candidate.py:156}}
Jul 25 16:51:14.022947 n-d-850468-5 devstack@placement-api.service[112517]: DEBUG placement.objects.allocation_candidate [req-5bc3f36a-5c7c-459e-b0a8-36867aa36d23 req-2c6ffa99-9761-451b-98dc-b5576fe61083 service placement] Merging candidates yields 2 allocation requests and 2 provider summaries {{(pid=112517) _merge_candidates /opt/stack/placement/placement/objects/allocation_candidate.py:809}}
Jul 25 16:51:14.024761 n-d-850468-5 devstack@placement-api.service[112517]: INFO placement.requestlog [req-5bc3f36a-5c7c-459e-b0a8-36867aa36d23 req-2c6ffa99-9761-451b-98dc-b5576fe61083 service placement] 10.222.0.124 "GET /placement/allocation_candidates?limit=1000&resources=DISK_GB%3A1%2CMEMORY_MB%3A1024%2CVCPU%3A1&root_required=%21COMPUTE_STATUS_DISABLED" status: 200 len: 1303 microversion: 1.36
Jul 25 16:51:14.025125 n-d-850468-5 devstack@placement-api.service[112517]: [pid: 112517|app: 0|req: 13/26] 10.222.0.124 () {60 vars in 1511 bytes} [Mon Jul 25 16:51:13 2022] GET /placement/allocation_candidates?limit=1000&resources=DISK_GB%3A1%2CMEMORY_MB%3A1024%2CVCPU%3A1&root_required=%21COMPUTE_STATUS_DISABLED => generated 1303 bytes in 179 msecs (HTTP/1.1 200) 8 headers in 297 bytes (2 switches on core 0)
Jul 25 16:51:14.084543 n-d-850468-5 devstack@placement-api.service[112518]: INFO placement.requestlog [req-9a10cab5-6e9b-4cef-ad59-7fbe111e0cc9 req-5851807a-c2ac-48e8-9bef-d50461801644 service placement] 10.222.0.124 "PUT /placement/resource_providers/28a205e4-b389-471e-9112-52c5b48bbd00/aggregates" status: 200 len: 91 microversion: 1.19
Jul 25 16:51:14.085292 n-d-850468-5 devstack@placement-api.service[112518]: [pid: 112518|app: 0|req: 14/27] 10.222.0.124 () {64 vars in 1482 bytes} [Mon Jul 25 16:51:13 2022] PUT /placement/resource_providers/28a205e4-b389-471e-9112-52c5b48bbd00/aggregates => generated 91 bytes in 128 msecs (HTTP/1.1 200) 8 headers in 295 bytes (1 switches on core 0)
Jul 25 16:51:14.205710 n-d-850468-5 devstack@placement-api.service[112517]: DEBUG placement.requestlog [req-5bc3f36a-5c7c-459e-b0a8-36867aa36d23 req-4eeedeaf-6cce-4470-9c26-58da7550cd55 None None] Starting request: 10.222.0.124 "GET /placement/allocations/32af7393-628c-4d3d-9070-ff170fa99f80" {{(pid=112517) __call__ /opt/stack/placement/placement/requestlog.py:55}}
Jul 25 16:51:14.228722 n-d-850468-5 devstack@placement-api.service[112517]: INFO placement.requestlog [req-5bc3f36a-5c7c-459e-b0a8-36867aa36d23 req-4eeedeaf-6cce-4470-9c26-58da7550cd55 service placement] 10.222.0.124 "GET /placement/allocations/32af7393-628c-4d3d-9070-ff170fa99f80" status: 200 len: 19 microversion: 1.28
Jul 25 16:51:14.229114 n-d-850468-5 devstack@placement-api.service[112517]: [pid: 112517|app: 0|req: 14/28] 10.222.0.124 () {60 vars in 1385 bytes} [Mon Jul 25 16:51:14 2022] GET /placement/allocations/32af7393-628c-4d3d-9070-ff170fa99f80 => generated 19 bytes in 25 msecs (HTTP/1.1 200) 8 headers in 295 bytes (1 switches on core 0)
Jul 25 16:51:14.235828 n-d-850468-5 devstack@placement-api.service[112518]: DEBUG placement.requestlog [req-5bc3f36a-5c7c-459e-b0a8-36867aa36d23 req-e254ef0d-e1fc-4ec8-ac43-36b5a872d90f None None] Starting request: 10.222.0.124 "PUT /placement/allocations/32af7393-628c-4d3d-9070-ff170fa99f80" {{(pid=112518) __call__ /opt/stack/placement/placement/requestlog.py:55}}
