Jul 20 19:27:38.566854 n-d-850468-4 devstack@placement-api.service[105867]: DEBUG placement.requestlog [req-2e67dfc1-f914-4e06-a6f0-527d6cd903eb req-8ea07443-14a0-4f12-a57d-77024d7f38e3 None None] Starting request: 10.222.0.15 "GET /placement/allocations/6885d225-d543-4ae6-b463-bec1cd31f1d3" {{(pid=105867) __call__ /opt/stack/placement/placement/requestlog.py:55}}
Jul 20 19:27:38.600517 n-d-850468-4 devstack@placement-api.service[105867]: INFO placement.requestlog [req-2e67dfc1-f914-4e06-a6f0-527d6cd903eb req-8ea07443-14a0-4f12-a57d-77024d7f38e3 service placement] 10.222.0.15 "GET /placement/allocations/6885d225-d543-4ae6-b463-bec1cd31f1d3" status: 200 len: 259 microversion: 1.28
Jul 20 19:27:38.601723 n-d-850468-4 devstack@placement-api.service[105867]: [pid: 105867|app: 0|req: 575/1163] 10.222.0.15 () {60 vars in 1377 bytes} [Wed Jul 20 19:27:38 2022] GET /placement/allocations/6885d225-d543-4ae6-b463-bec1cd31f1d3 => generated 259 bytes in 36 msecs (HTTP/1.1 200) 8 headers in 296 bytes (1 switches on core 0)
Jul 20 19:27:38.609576 n-d-850468-4 devstack@placement-api.service[105868]: DEBUG placement.requestlog [req-2e67dfc1-f914-4e06-a6f0-527d6cd903eb req-d615ccbe-9992-46bb-9e8c-ef3df0011c40 None None] Starting request: 10.222.0.15 "GET /placement/allocations/c7b44ba4-124e-4653-8519-99bb9b0c6627" {{(pid=105868) __call__ /opt/stack/placement/placement/requestlog.py:55}}
Jul 20 19:27:38.653973 n-d-850468-4 devstack@placement-api.service[105868]: INFO placement.requestlog [req-2e67dfc1-f914-4e06-a6f0-527d6cd903eb req-d615ccbe-9992-46bb-9e8c-ef3df0011c40 service placement] 10.222.0.15 "GET /placement/allocations/c7b44ba4-124e-4653-8519-99bb9b0c6627" status: 200 len: 259 microversion: 1.28
Jul 20 19:27:38.654679 n-d-850468-4 devstack@placement-api.service[105868]: [pid: 105868|app: 0|req: 589/1164] 10.222.0.15 () {60 vars in 1377 bytes} [Wed Jul 20 19:27:38 2022] GET /placement/allocations/c7b44ba4-124e-4653-8519-99bb9b0c6627 => generated 259 bytes in 45 msecs (HTTP/1.1 200) 8 headers in 296 bytes (2 switches on core 0)
Jul 20 19:27:38.683345 n-d-850468-4 devstack@placement-api.service[105867]: DEBUG placement.requestlog [req-2e67dfc1-f914-4e06-a6f0-527d6cd903eb req-5b130c95-c067-465f-819f-c8ef98216e40 None None] Starting request: 10.222.0.15 "GET /placement/allocations/b13c4b9e-6da3-41a6-92e2-ae4abab2388b" {{(pid=105867) __call__ /opt/stack/placement/placement/requestlog.py:55}}
Jul 20 19:27:38.718010 n-d-850468-4 devstack@placement-api.service[105867]: INFO placement.requestlog [req-2e67dfc1-f914-4e06-a6f0-527d6cd903eb req-5b130c95-c067-465f-819f-c8ef98216e40 service placement] 10.222.0.15 "GET /placement/allocations/b13c4b9e-6da3-41a6-92e2-ae4abab2388b" status: 200 len: 259 microversion: 1.28
Jul 20 19:27:38.719348 n-d-850468-4 devstack@placement-api.service[105867]: [pid: 105867|app: 0|req: 576/1165] 10.222.0.15 () {60 vars in 1377 bytes} [Wed Jul 20 19:27:38 2022] GET /placement/allocations/b13c4b9e-6da3-41a6-92e2-ae4abab2388b => generated 259 bytes in 36 msecs (HTTP/1.1 200) 8 headers in 296 bytes (1 switches on core 0)
Jul 20 19:27:38.728340 n-d-850468-4 devstack@placement-api.service[105868]: DEBUG placement.requestlog [req-2e67dfc1-f914-4e06-a6f0-527d6cd903eb req-f77df872-b911-48cb-8354-f9a75d352860 None None] Starting request: 10.222.0.15 "GET /placement/allocations/19936be5-a61f-4bdf-a1a7-7013ea610b62" {{(pid=105868) __call__ /opt/stack/placement/placement/requestlog.py:55}}
Jul 20 19:27:38.815764 n-d-850468-4 devstack@placement-api.service[105868]: INFO placement.requestlog [req-2e67dfc1-f914-4e06-a6f0-527d6cd903eb req-f77df872-b911-48cb-8354-f9a75d352860 service placement] 10.222.0.15 "GET /placement/allocations/19936be5-a61f-4bdf-a1a7-7013ea610b62" status: 200 len: 259 microversion: 1.28
Jul 20 19:27:38.822121 n-d-850468-4 devstack@placement-api.service[105868]: [pid: 105868|app: 0|req: 590/1166] 10.222.0.15 () {60 vars in 1377 bytes} [Wed Jul 20 19:27:38 2022] GET /placement/allocations/19936be5-a61f-4bdf-a1a7-7013ea610b62 => generated 259 bytes in 95 msecs (HTTP/1.1 200) 8 headers in 296 bytes (1 switches on core 0)
Jul 20 19:27:38.840954 n-d-850468-4 devstack@placement-api.service[105867]: DEBUG placement.requestlog [req-2e67dfc1-f914-4e06-a6f0-527d6cd903eb req-54fd9cb5-71f7-479c-bd57-ae4d887deedc None None] Starting request: 10.222.0.15 "GET /placement/allocations/57423dcd-9914-4560-9027-ff9ba08fe26d" {{(pid=105867) __call__ /opt/stack/placement/placement/requestlog.py:55}}
Jul 20 19:27:38.898715 n-d-850468-4 devstack@placement-api.service[105867]: INFO placement.requestlog [req-2e67dfc1-f914-4e06-a6f0-527d6cd903eb req-54fd9cb5-71f7-479c-bd57-ae4d887deedc service placement] 10.222.0.15 "GET /placement/allocations/57423dcd-9914-4560-9027-ff9ba08fe26d" status: 200 len: 259 microversion: 1.28
Jul 20 19:27:38.903618 n-d-850468-4 devstack@placement-api.service[105867]: [pid: 105867|app: 0|req: 577/1167] 10.222.0.15 () {60 vars in 1377 bytes} [Wed Jul 20 19:27:38 2022] GET /placement/allocations/57423dcd-9914-4560-9027-ff9ba08fe26d => generated 259 bytes in 66 msecs (HTTP/1.1 200) 8 headers in 296 bytes (1 switches on core 0)
Jul 20 19:27:39.170284 n-d-850468-4 devstack@placement-api.service[105868]: DEBUG placement.requestlog [req-2e67dfc1-f914-4e06-a6f0-527d6cd903eb req-ddcf414a-6d85-4de5-b62a-0634ba02beea None None] Starting request: 10.222.0.15 "GET /placement/resource_providers/d916b44a-0653-4109-b0a7-1bbcf66e7470/allocations" {{(pid=105868) __call__ /opt/stack/placement/placement/requestlog.py:55}}
Jul 20 19:27:39.215603 n-d-850468-4 devstack@placement-api.service[105868]: INFO placement.requestlog [req-2e67dfc1-f914-4e06-a6f0-527d6cd903eb req-ddcf414a-6d85-4de5-b62a-0634ba02beea service placement] 10.222.0.15 "GET /placement/resource_providers/d916b44a-0653-4109-b0a7-1bbcf66e7470/allocations" status: 200 len: 558 microversion: 1.0
Jul 20 19:27:39.230375 n-d-850468-4 devstack@placement-api.service[105868]: [pid: 105868|app: 0|req: 591/1168] 10.222.0.15 () {58 vars in 1390 bytes} [Wed Jul 20 19:27:39 2022] GET /placement/resource_providers/d916b44a-0653-4109-b0a7-1bbcf66e7470/allocations => generated 558 bytes in 61 msecs (HTTP/1.1 200) 6 headers in 224 bytes (1 switches on core 0)
Jul 20 19:27:39.266594 n-d-850468-4 devstack@placement-api.service[105867]: DEBUG placement.requestlog [req-2e67dfc1-f914-4e06-a6f0-527d6cd903eb req-cc26a63a-3b77-4b2a-b15d-2fbe24c1218f None None] Starting request: 10.222.0.15 "GET /placement/allocations/6885d225-d543-4ae6-b463-bec1cd31f1d3" {{(pid=105867) __call__ /opt/stack/placement/placement/requestlog.py:55}}
Jul 20 19:27:39.289157 n-d-850468-4 devstack@placement-api.service[105867]: INFO placement.requestlog [req-2e67dfc1-f914-4e06-a6f0-527d6cd903eb req-cc26a63a-3b77-4b2a-b15d-2fbe24c1218f service placement] 10.222.0.15 "GET /placement/allocations/6885d225-d543-4ae6-b463-bec1cd31f1d3" status: 200 len: 259 microversion: 1.28
Jul 20 19:27:39.290555 n-d-850468-4 devstack@placement-api.service[105867]: [pid: 105867|app: 0|req: 578/1169] 10.222.0.15 () {60 vars in 1377 bytes} [Wed Jul 20 19:27:39 2022] GET /placement/allocations/6885d225-d543-4ae6-b463-bec1cd31f1d3 => generated 259 bytes in 25 msecs (HTTP/1.1 200) 8 headers in 296 bytes (1 switches on core 0)
Jul 20 19:27:39.523326 n-d-850468-4 devstack@placement-api.service[105868]: DEBUG placement.requestlog [req-2e67dfc1-f914-4e06-a6f0-527d6cd903eb req-4fbd9d27-1707-457b-8061-2e57bf1cd545 None None] Starting request: 10.222.0.15 "GET /placement/allocations/c7b44ba4-124e-4653-8519-99bb9b0c6627" {{(pid=105868) __call__ /opt/stack/placement/placement/requestlog.py:55}}
Jul 20 19:27:39.553626 n-d-850468-4 devstack@placement-api.service[105868]: INFO placement.requestlog [req-2e67dfc1-f914-4e06-a6f0-527d6cd903eb req-4fbd9d27-1707-457b-8061-2e57bf1cd545 service placement] 10.222.0.15 "GET /placement/allocations/c7b44ba4-124e-4653-8519-99bb9b0c6627" status: 200 len: 259 microversion: 1.28
Jul 20 19:27:39.554420 n-d-850468-4 devstack@placement-api.service[105868]: [pid: 105868|app: 0|req: 592/1170] 10.222.0.15 () {60 vars in 1377 bytes} [Wed Jul 20 19:27:39 2022] GET /placement/allocations/c7b44ba4-124e-4653-8519-99bb9b0c6627 => generated 259 bytes in 31 msecs (HTTP/1.1 200) 8 headers in 296 bytes (1 switches on core 0)
Jul 20 19:27:39.562262 n-d-850468-4 devstack@placement-api.service[105867]: DEBUG placement.requestlog [req-2e67dfc1-f914-4e06-a6f0-527d6cd903eb req-20ba6d7b-1bab-4029-80e9-b2ba6ecbf2b0 None None] Starting request: 10.222.0.15 "GET /placement/allocations/b13c4b9e-6da3-41a6-92e2-ae4abab2388b" {{(pid=105867) __call__ /opt/stack/placement/placement/requestlog.py:55}}
Jul 20 19:27:39.615745 n-d-850468-4 devstack@placement-api.service[105867]: INFO placement.requestlog [req-2e67dfc1-f914-4e06-a6f0-527d6cd903eb req-20ba6d7b-1bab-4029-80e9-b2ba6ecbf2b0 service placement] 10.222.0.15 "GET /placement/allocations/b13c4b9e-6da3-41a6-92e2-ae4abab2388b" status: 200 len: 259 microversion: 1.28
Jul 20 19:27:39.628561 n-d-850468-4 devstack@placement-api.service[105867]: [pid: 105867|app: 0|req: 579/1171] 10.222.0.15 () {60 vars in 1377 bytes} [Wed Jul 20 19:27:39 2022] GET /placement/allocations/b13c4b9e-6da3-41a6-92e2-ae4abab2388b => generated 259 bytes in 65 msecs (HTTP/1.1 200) 8 headers in 296 bytes (1 switches on core 0)
Jul 20 19:27:39.628967 n-d-850468-4 devstack@placement-api.service[105868]: DEBUG placement.requestlog [req-2e67dfc1-f914-4e06-a6f0-527d6cd903eb req-d6a1b14e-f7ee-4782-9262-811a277575b8 None None] Starting request: 10.222.0.15 "GET /placement/allocations/19936be5-a61f-4bdf-a1a7-7013ea610b62" {{(pid=105868) __call__ /opt/stack/placement/placement/requestlog.py:55}}
Jul 20 19:27:39.657296 n-d-850468-4 devstack@placement-api.service[105867]: DEBUG placement.requestlog [req-913ff178-f6a5-41b1-92c5-d7dbd36cc9bc req-bf4af936-d622-4c21-9fb8-e8d3d802db31 None None] Starting request: 10.222.0.15 "GET /placement/resource_providers/d916b44a-0653-4109-b0a7-1bbcf66e7470/allocations" {{(pid=105867) __call__ /opt/stack/placement/placement/requestlog.py:55}}
Jul 20 19:27:39.677853 n-d-850468-4 devstack@placement-api.service[105868]: INFO placement.requestlog [req-2e67dfc1-f914-4e06-a6f0-527d6cd903eb req-d6a1b14e-f7ee-4782-9262-811a277575b8 service placement] 10.222.0.15 "GET /placement/allocations/19936be5-a61f-4bdf-a1a7-7013ea610b62" status: 200 len: 259 microversion: 1.28
Jul 20 19:27:39.680683 n-d-850468-4 devstack@placement-api.service[105868]: [pid: 105868|app: 0|req: 593/1172] 10.222.0.15 () {60 vars in 1377 bytes} [Wed Jul 20 19:27:39 2022] GET /placement/allocations/19936be5-a61f-4bdf-a1a7-7013ea610b62 => generated 259 bytes in 53 msecs (HTTP/1.1 200) 8 headers in 296 bytes (1 switches on core 0)
Jul 20 19:27:39.689977 n-d-850468-4 devstack@placement-api.service[105868]: DEBUG placement.requestlog [req-2e67dfc1-f914-4e06-a6f0-527d6cd903eb req-6139ec7d-a3cf-4446-8b34-5a61fbc7fe61 None None] Starting request: 10.222.0.15 "GET /placement/allocations/57423dcd-9914-4560-9027-ff9ba08fe26d" {{(pid=105868) __call__ /opt/stack/placement/placement/requestlog.py:55}}
Jul 20 19:27:39.704919 n-d-850468-4 devstack@placement-api.service[105867]: INFO placement.requestlog [req-913ff178-f6a5-41b1-92c5-d7dbd36cc9bc req-bf4af936-d622-4c21-9fb8-e8d3d802db31 service placement] 10.222.0.15 "GET /placement/resource_providers/d916b44a-0653-4109-b0a7-1bbcf66e7470/allocations" status: 200 len: 558 microversion: 1.0
Jul 20 19:27:39.706257 n-d-850468-4 devstack@placement-api.service[105867]: [pid: 105867|app: 0|req: 580/1173] 10.222.0.15 () {58 vars in 1390 bytes} [Wed Jul 20 19:27:39 2022] GET /placement/resource_providers/d916b44a-0653-4109-b0a7-1bbcf66e7470/allocations => generated 558 bytes in 49 msecs (HTTP/1.1 200) 6 headers in 224 bytes (2 switches on core 0)
Jul 20 19:27:39.726918 n-d-850468-4 devstack@placement-api.service[105868]: INFO placement.requestlog [req-2e67dfc1-f914-4e06-a6f0-527d6cd903eb req-6139ec7d-a3cf-4446-8b34-5a61fbc7fe61 service placement] 10.222.0.15 "GET /placement/allocations/57423dcd-9914-4560-9027-ff9ba08fe26d" status: 200 len: 259 microversion: 1.28
Jul 20 19:27:39.728116 n-d-850468-4 devstack@placement-api.service[105868]: [pid: 105868|app: 0|req: 594/1174] 10.222.0.15 () {60 vars in 1377 bytes} [Wed Jul 20 19:27:39 2022] GET /placement/allocations/57423dcd-9914-4560-9027-ff9ba08fe26d => generated 259 bytes in 38 msecs (HTTP/1.1 200) 8 headers in 296 bytes (2 switches on core 0)
Jul 20 19:27:39.793851 n-d-850468-4 devstack@placement-api.service[105867]: DEBUG placement.requestlog [req-913ff178-f6a5-41b1-92c5-d7dbd36cc9bc req-991c309b-fe2e-42fe-bbf1-7f3a04c4f3f3 None None] Starting request: 10.222.0.15 "GET /placement/resource_providers/d916b44a-0653-4109-b0a7-1bbcf66e7470/allocations" {{(pid=105867) __call__ /opt/stack/placement/placement/requestlog.py:55}}
Jul 20 19:27:39.825023 n-d-850468-4 devstack@placement-api.service[105867]: INFO placement.requestlog [req-913ff178-f6a5-41b1-92c5-d7dbd36cc9bc req-991c309b-fe2e-42fe-bbf1-7f3a04c4f3f3 service placement] 10.222.0.15 "GET /placement/resource_providers/d916b44a-0653-4109-b0a7-1bbcf66e7470/allocations" status: 200 len: 558 microversion: 1.0
Jul 20 19:27:39.825854 n-d-850468-4 devstack@placement-api.service[105867]: [pid: 105867|app: 0|req: 581/1175] 10.222.0.15 () {58 vars in 1390 bytes} [Wed Jul 20 19:27:39 2022] GET /placement/resource_providers/d916b44a-0653-4109-b0a7-1bbcf66e7470/allocations => generated 558 bytes in 32 msecs (HTTP/1.1 200) 6 headers in 224 bytes (1 switches on core 0)
Jul 20 19:27:40.075336 n-d-850468-4 devstack@placement-api.service[105868]: DEBUG placement.requestlog [req-913ff178-f6a5-41b1-92c5-d7dbd36cc9bc req-2ab2129e-a0ba-4219-81c0-3e9a1140fd62 None None] Starting request: 10.222.0.15 "GET /placement/allocations/6885d225-d543-4ae6-b463-bec1cd31f1d3" {{(pid=105868) __call__ /opt/stack/placement/placement/requestlog.py:55}}
Jul 20 19:27:40.098351 n-d-850468-4 devstack@placement-api.service[105868]: DEBUG dbcounter [-] [105868] Writing DB stats placement:SELECT=96,placement:DELETE=2,placement:UPDATE=2 {{(pid=105868) stat_writer /usr/local/lib/python3.8/dist-packages/dbcounter.py:114}}
Jul 20 19:27:40.145911 n-d-850468-4 devstack@placement-api.service[105868]: INFO placement.requestlog [req-913ff178-f6a5-41b1-92c5-d7dbd36cc9bc req-2ab2129e-a0ba-4219-81c0-3e9a1140fd62 service placement] 10.222.0.15 "GET /placement/allocations/6885d225-d543-4ae6-b463-bec1cd31f1d3" status: 200 len: 259 microversion: 1.28
Jul 20 19:27:40.146916 n-d-850468-4 devstack@placement-api.service[105868]: [pid: 105868|app: 0|req: 595/1176] 10.222.0.15 () {60 vars in 1377 bytes} [Wed Jul 20 19:27:40 2022] GET /placement/allocations/6885d225-d543-4ae6-b463-bec1cd31f1d3 => generated 259 bytes in 73 msecs (HTTP/1.1 200) 8 headers in 296 bytes (1 switches on core 0)
Jul 20 19:27:40.154304 n-d-850468-4 devstack@placement-api.service[105867]: DEBUG placement.requestlog [req-913ff178-f6a5-41b1-92c5-d7dbd36cc9bc req-5c537c4e-657d-4e73-ae10-10bffc1304ce None None] Starting request: 10.222.0.15 "GET /placement/allocations/c7b44ba4-124e-4653-8519-99bb9b0c6627" {{(pid=105867) __call__ /opt/stack/placement/placement/requestlog.py:55}}
Jul 20 19:27:40.199210 n-d-850468-4 devstack@placement-api.service[105867]: INFO placement.requestlog [req-913ff178-f6a5-41b1-92c5-d7dbd36cc9bc req-5c537c4e-657d-4e73-ae10-10bffc1304ce service placement] 10.222.0.15 "GET /placement/allocations/c7b44ba4-124e-4653-8519-99bb9b0c6627" status: 200 len: 259 microversion: 1.28
Jul 20 19:27:40.200290 n-d-850468-4 devstack@placement-api.service[105867]: [pid: 105867|app: 0|req: 582/1177] 10.222.0.15 () {60 vars in 1377 bytes} [Wed Jul 20 19:27:40 2022] GET /placement/allocations/c7b44ba4-124e-4653-8519-99bb9b0c6627 => generated 259 bytes in 46 msecs (HTTP/1.1 200) 8 headers in 296 bytes (1 switches on core 0)
Jul 20 19:27:40.207439 n-d-850468-4 devstack@placement-api.service[105868]: DEBUG placement.requestlog [req-913ff178-f6a5-41b1-92c5-d7dbd36cc9bc req-e220e08d-1fb6-45a5-943b-3a12b3efe0ca None None] Starting request: 10.222.0.15 "GET /placement/allocations/b13c4b9e-6da3-41a6-92e2-ae4abab2388b" {{(pid=105868) __call__ /opt/stack/placement/placement/requestlog.py:55}}
Jul 20 19:27:40.234616 n-d-850468-4 devstack@placement-api.service[105868]: INFO placement.requestlog [req-913ff178-f6a5-41b1-92c5-d7dbd36cc9bc req-e220e08d-1fb6-45a5-943b-3a12b3efe0ca service placement] 10.222.0.15 "GET /placement/allocations/b13c4b9e-6da3-41a6-92e2-ae4abab2388b" status: 200 len: 259 microversion: 1.28
Jul 20 19:27:40.235745 n-d-850468-4 devstack@placement-api.service[105868]: [pid: 105868|app: 0|req: 596/1178] 10.222.0.15 () {60 vars in 1377 bytes} [Wed Jul 20 19:27:40 2022] GET /placement/allocations/b13c4b9e-6da3-41a6-92e2-ae4abab2388b => generated 259 bytes in 29 msecs (HTTP/1.1 200) 8 headers in 296 bytes (1 switches on core 0)
Jul 20 19:27:40.243456 n-d-850468-4 devstack@placement-api.service[105867]: DEBUG placement.requestlog [req-913ff178-f6a5-41b1-92c5-d7dbd36cc9bc req-75ae0195-79d6-4312-b70a-2be8074d0bd8 None None] Starting request: 10.222.0.15 "GET /placement/allocations/19936be5-a61f-4bdf-a1a7-7013ea610b62" {{(pid=105867) __call__ /opt/stack/placement/placement/requestlog.py:55}}
Jul 20 19:27:40.268857 n-d-850468-4 devstack@placement-api.service[105867]: INFO placement.requestlog [req-913ff178-f6a5-41b1-92c5-d7dbd36cc9bc req-75ae0195-79d6-4312-b70a-2be8074d0bd8 service placement] 10.222.0.15 "GET /placement/allocations/19936be5-a61f-4bdf-a1a7-7013ea610b62" status: 200 len: 259 microversion: 1.28
Jul 20 19:27:40.270261 n-d-850468-4 devstack@placement-api.service[105867]: [pid: 105867|app: 0|req: 583/1179] 10.222.0.15 () {60 vars in 1377 bytes} [Wed Jul 20 19:27:40 2022] GET /placement/allocations/19936be5-a61f-4bdf-a1a7-7013ea610b62 => generated 259 bytes in 27 msecs (HTTP/1.1 200) 8 headers in 296 bytes (2 switches on core 0)
Jul 20 19:27:40.278312 n-d-850468-4 devstack@placement-api.service[105868]: DEBUG placement.requestlog [req-913ff178-f6a5-41b1-92c5-d7dbd36cc9bc req-f9a2a85f-a43d-44f7-ada5-d4cb74616bbe None None] Starting request: 10.222.0.15 "GET /placement/allocations/57423dcd-9914-4560-9027-ff9ba08fe26d" {{(pid=105868) __call__ /opt/stack/placement/placement/requestlog.py:55}}
Jul 20 19:27:40.312001 n-d-850468-4 devstack@placement-api.service[105868]: INFO placement.requestlog [req-913ff178-f6a5-41b1-92c5-d7dbd36cc9bc req-f9a2a85f-a43d-44f7-ada5-d4cb74616bbe service placement] 10.222.0.15 "GET /placement/allocations/57423dcd-9914-4560-9027-ff9ba08fe26d" status: 200 len: 259 microversion: 1.28
Jul 20 19:27:40.313411 n-d-850468-4 devstack@placement-api.service[105868]: [pid: 105868|app: 0|req: 597/1180] 10.222.0.15 () {60 vars in 1377 bytes} [Wed Jul 20 19:27:40 2022] GET /placement/allocations/57423dcd-9914-4560-9027-ff9ba08fe26d => generated 259 bytes in 35 msecs (HTTP/1.1 200) 8 headers in 296 bytes (1 switches on core 0)
Jul 20 19:27:43.042761 n-d-850468-4 devstack@placement-api.service[105867]: DEBUG placement.requestlog [req-8531ab92-70a8-444e-8f72-150549831c1c req-384ba035-f084-4629-9aca-514ccfc4afec None None] Starting request: 10.222.0.23 "GET /placement/allocations/873078f1-10fd-4133-bc83-f5fcf689dc2f" {{(pid=105867) __call__ /opt/stack/placement/placement/requestlog.py:55}}
Jul 20 19:27:43.075606 n-d-850468-4 devstack@placement-api.service[105867]: INFO placement.requestlog [req-8531ab92-70a8-444e-8f72-150549831c1c req-384ba035-f084-4629-9aca-514ccfc4afec service placement] 10.222.0.23 "GET /placement/allocations/873078f1-10fd-4133-bc83-f5fcf689dc2f" status: 200 len: 259 microversion: 1.28
Jul 20 19:27:43.076388 n-d-850468-4 devstack@placement-api.service[105867]: [pid: 105867|app: 0|req: 584/1181] 10.222.0.23 () {60 vars in 1377 bytes} [Wed Jul 20 19:27:43 2022] GET /placement/allocations/873078f1-10fd-4133-bc83-f5fcf689dc2f => generated 259 bytes in 34 msecs (HTTP/1.1 200) 8 headers in 296 bytes (1 switches on core 0)
Jul 20 19:27:53.189141 n-d-850468-4 devstack@placement-api.service[105868]: DEBUG placement.requestlog [req-c01f42e9-bcc2-4f8b-b1d2-ce85e80900b2 req-7b58d51d-4256-4591-95af-b93d32cc9a29 None None] Starting request: 10.222.0.42 "GET /placement/allocation_candidates?limit=1000&resources=MEMORY_MB%3A1024%2CVCPU%3A1&root_required=%21COMPUTE_STATUS_DISABLED" {{(pid=105868) __call__ /opt/stack/placement/placement/requestlog.py:55}}
Jul 20 19:27:53.307289 n-d-850468-4 devstack@placement-api.service[105868]: DEBUG placement.objects.research_context [req-c01f42e9-bcc2-4f8b-b1d2-ce85e80900b2 req-7b58d51d-4256-4591-95af-b93d32cc9a29 service placement] getting providers with 1024 MEMORY_MB {{(pid=105868) __init__ /opt/stack/placement/placement/objects/research_context.py:136}}
Jul 20 19:27:53.316506 n-d-850468-4 devstack@placement-api.service[105867]: DEBUG placement.requestlog [None req-915184e5-3f58-435d-8ba7-ad8d82f1cd62 None None] Starting request: 10.222.0.42 "GET /placement/resource_providers/9bade98d-9c3b-484a-b37d-85d8381bc71b/aggregates" {{(pid=105867) __call__ /opt/stack/placement/placement/requestlog.py:55}}
Jul 20 19:27:53.333073 n-d-850468-4 devstack@placement-api.service[105868]: DEBUG placement.objects.research_context [req-c01f42e9-bcc2-4f8b-b1d2-ce85e80900b2 req-7b58d51d-4256-4591-95af-b93d32cc9a29 service placement] getting providers with 1 VCPU {{(pid=105868) __init__ /opt/stack/placement/placement/objects/research_context.py:136}}
Jul 20 19:27:53.336498 n-d-850468-4 devstack@placement-api.service[105867]: INFO placement.requestlog [None req-915184e5-3f58-435d-8ba7-ad8d82f1cd62 service placement] 10.222.0.42 "GET /placement/resource_providers/9bade98d-9c3b-484a-b37d-85d8381bc71b/aggregates" status: 404 len: 235 microversion: 1.1
Jul 20 19:27:53.354980 n-d-850468-4 devstack@placement-api.service[105867]: [pid: 105867|app: 0|req: 585/1182] 10.222.0.42 () {58 vars in 1362 bytes} [Wed Jul 20 19:27:53 2022] GET /placement/resource_providers/9bade98d-9c3b-484a-b37d-85d8381bc71b/aggregates => generated 235 bytes in 39 msecs (HTTP/1.1 404) 5 headers in 202 bytes (2 switches on core 0)
Jul 20 19:27:53.361223 n-d-850468-4 devstack@placement-api.service[105868]: DEBUG placement.objects.research_context [req-c01f42e9-bcc2-4f8b-b1d2-ce85e80900b2 req-7b58d51d-4256-4591-95af-b93d32cc9a29 service placement] found 2 providers with available 1024 MEMORY_MB {{(pid=105868) get_provider_ids_matching /opt/stack/placement/placement/objects/research_context.py:563}}
Jul 20 19:27:53.362325 n-d-850468-4 devstack@placement-api.service[105868]: DEBUG placement.objects.research_context [req-c01f42e9-bcc2-4f8b-b1d2-ce85e80900b2 req-7b58d51d-4256-4591-95af-b93d32cc9a29 service placement] found 2 providers with available 1 VCPU {{(pid=105868) get_provider_ids_matching /opt/stack/placement/placement/objects/research_context.py:563}}
Jul 20 19:27:53.364842 n-d-850468-4 devstack@placement-api.service[105868]: DEBUG placement.objects.research_context [req-c01f42e9-bcc2-4f8b-b1d2-ce85e80900b2 req-7b58d51d-4256-4591-95af-b93d32cc9a29 service placement] found 2 providers after filtering by previous result {{(pid=105868) get_provider_ids_matching /opt/stack/placement/placement/objects/research_context.py:594}}
Jul 20 19:27:53.400346 n-d-850468-4 devstack@placement-api.service[105868]: DEBUG placement.objects.allocation_candidate [req-c01f42e9-bcc2-4f8b-b1d2-ce85e80900b2 req-7b58d51d-4256-4591-95af-b93d32cc9a29 service placement] RequestGroup(use_same_provider=False, resources={MEMORY_MB:1024, VCPU:1}, traits=(), aggregates=[]) (suffix '') returned 2 matches {{(pid=105868) _get_by_requests /opt/stack/placement/placement/objects/allocation_candidate.py:156}}
Jul 20 19:27:53.401131 n-d-850468-4 devstack@placement-api.service[105868]: DEBUG placement.objects.allocation_candidate [req-c01f42e9-bcc2-4f8b-b1d2-ce85e80900b2 req-7b58d51d-4256-4591-95af-b93d32cc9a29 service placement] Merging candidates yields 2 allocation requests and 2 provider summaries {{(pid=105868) _merge_candidates /opt/stack/placement/placement/objects/allocation_candidate.py:809}}
Jul 20 19:27:53.405942 n-d-850468-4 devstack@placement-api.service[105868]: INFO placement.requestlog [req-c01f42e9-bcc2-4f8b-b1d2-ce85e80900b2 req-7b58d51d-4256-4591-95af-b93d32cc9a29 service placement] 10.222.0.42 "GET /placement/allocation_candidates?limit=1000&resources=MEMORY_MB%3A1024%2CVCPU%3A1&root_required=%21COMPUTE_STATUS_DISABLED" status: 200 len: 1281 microversion: 1.36
Jul 20 19:27:53.406739 n-d-850468-4 devstack@placement-api.service[105868]: [pid: 105868|app: 0|req: 598/1183] 10.222.0.42 () {60 vars in 1478 bytes} [Wed Jul 20 19:27:53 2022] GET /placement/allocation_candidates?limit=1000&resources=MEMORY_MB%3A1024%2CVCPU%3A1&root_required=%21COMPUTE_STATUS_DISABLED => generated 1281 bytes in 218 msecs (HTTP/1.1 200) 8 headers in 297 bytes (1 switches on core 0)
Jul 20 19:27:53.487179 n-d-850468-4 devstack@placement-api.service[105867]: DEBUG placement.requestlog [None req-6c00f391-f079-450e-8963-da211dc762da None None] Starting request: 10.222.0.42 "DELETE /placement/resource_providers/9bade98d-9c3b-484a-b37d-85d8381bc71b" {{(pid=105867) __call__ /opt/stack/placement/placement/requestlog.py:55}}
Jul 20 19:27:53.503867 n-d-850468-4 devstack@placement-api.service[105867]: DEBUG placement.wsgi_wrapper [None req-6c00f391-f079-450e-8963-da211dc762da service placement] Placement API returning an error response: No resource provider with uuid 9bade98d-9c3b-484a-b37d-85d8381bc71b found for delete {{(pid=105867) call_func /opt/stack/placement/placement/wsgi_wrapper.py:31}}
Jul 20 19:27:53.504647 n-d-850468-4 devstack@placement-api.service[105867]: INFO placement.requestlog [None req-6c00f391-f079-450e-8963-da211dc762da service placement] 10.222.0.42 "DELETE /placement/resource_providers/9bade98d-9c3b-484a-b37d-85d8381bc71b" status: 404 len: 246 microversion: 1.1
Jul 20 19:27:53.509131 n-d-850468-4 devstack@placement-api.service[105867]: [pid: 105867|app: 0|req: 586/1184] 10.222.0.42 () {60 vars in 1351 bytes} [Wed Jul 20 19:27:53 2022] DELETE /placement/resource_providers/9bade98d-9c3b-484a-b37d-85d8381bc71b => generated 246 bytes in 19 msecs (HTTP/1.1 404) 6 headers in 231 bytes (1 switches on core 0)
Jul 20 19:27:53.589881 n-d-850468-4 devstack@placement-api.service[105868]: DEBUG placement.requestlog [req-c01f42e9-bcc2-4f8b-b1d2-ce85e80900b2 req-41388d1f-6217-4efc-8f07-c8fc672cfb97 None None] Starting request: 10.222.0.42 "GET /placement/allocations/eb667468-05d0-42b5-819d-890eb80c999b" {{(pid=105868) __call__ /opt/stack/placement/placement/requestlog.py:55}}
Jul 20 19:27:53.610815 n-d-850468-4 devstack@placement-api.service[105868]: INFO placement.requestlog [req-c01f42e9-bcc2-4f8b-b1d2-ce85e80900b2 req-41388d1f-6217-4efc-8f07-c8fc672cfb97 service placement] 10.222.0.42 "GET /placement/allocations/eb667468-05d0-42b5-819d-890eb80c999b" status: 200 len: 19 microversion: 1.28
Jul 20 19:27:53.611812 n-d-850468-4 devstack@placement-api.service[105868]: [pid: 105868|app: 0|req: 599/1185] 10.222.0.42 () {60 vars in 1380 bytes} [Wed Jul 20 19:27:53 2022] GET /placement/allocations/eb667468-05d0-42b5-819d-890eb80c999b => generated 19 bytes in 26 msecs (HTTP/1.1 200) 8 headers in 295 bytes (1 switches on core 0)
Jul 20 19:27:53.634337 n-d-850468-4 devstack@placement-api.service[105867]: DEBUG placement.requestlog [req-c01f42e9-bcc2-4f8b-b1d2-ce85e80900b2 req-719eb51a-71e9-452b-a972-c1a6de69a658 None None] Starting request: 10.222.0.42 "PUT /placement/allocations/eb667468-05d0-42b5-819d-890eb80c999b" {{(pid=105867) __call__ /opt/stack/placement/placement/requestlog.py:55}}
Jul 20 19:27:53.927261 n-d-850468-4 devstack@placement-api.service[105867]: DEBUG placement.handlers.allocation [req-c01f42e9-bcc2-4f8b-b1d2-ce85e80900b2 req-719eb51a-71e9-452b-a972-c1a6de69a658 service placement] Successfully wrote allocations [, ] {{(pid=105867) _update_consumers_and_create_allocations /opt/stack/placement/placement/handlers/allocation.py:462}}
Jul 20 19:27:54.131841 n-d-850468-4 devstack@placement-api.service[105867]: INFO placement.requestlog [req-c01f42e9-bcc2-4f8b-b1d2-ce85e80900b2 req-719eb51a-71e9-452b-a972-c1a6de69a658 service placement] 10.222.0.42 "PUT /placement/allocations/eb667468-05d0-42b5-819d-890eb80c999b" status: 204 len: 0 microversion: 1.36
Jul 20 19:27:54.141522 n-d-850468-4 devstack@placement-api.service[105867]: [pid: 105867|app: 0|req: 587/1186] 10.222.0.42 () {64 vars in 1433 bytes} [Wed Jul 20 19:27:53 2022] PUT /placement/allocations/eb667468-05d0-42b5-819d-890eb80c999b => generated 0 bytes in 498 msecs (HTTP/1.1 204) 5 headers in 199 bytes (2 switches on core 0)
Jul 20 19:27:56.100464 n-d-850468-4 devstack@placement-api.service[105868]: DEBUG placement.requestlog [req-c01f42e9-bcc2-4f8b-b1d2-ce85e80900b2 req-d54c7125-e778-4a0f-ad2f-d1f16889ba37 None None] Starting request: 10.222.0.23 "GET /placement/allocations/eb667468-05d0-42b5-819d-890eb80c999b" {{(pid=105868) __call__ /opt/stack/placement/placement/requestlog.py:55}}
Jul 20 19:27:56.131086 n-d-850468-4 devstack@placement-api.service[105868]: INFO placement.requestlog [req-c01f42e9-bcc2-4f8b-b1d2-ce85e80900b2 req-d54c7125-e778-4a0f-ad2f-d1f16889ba37 service placement] 10.222.0.23 "GET /placement/allocations/eb667468-05d0-42b5-819d-890eb80c999b" status: 200 len: 245 microversion: 1.28
Jul 20 19:27:56.132974 n-d-850468-4 devstack@placement-api.service[105868]: [pid: 105868|app: 0|req: 600/1187] 10.222.0.23 () {60 vars in 1377 bytes} [Wed Jul 20 19:27:56 2022] GET /placement/allocations/eb667468-05d0-42b5-819d-890eb80c999b => generated 245 bytes in 33 msecs (HTTP/1.1 200) 8 headers in 296 bytes (1 switches on core 0)
Jul 20 19:27:57.053265 n-d-850468-4 devstack@placement-api.service[105867]: DEBUG placement.requestlog [req-660b7d1c-35fe-4517-9867-499870f187a2 req-8c4f5e11-efc0-4fed-bcf5-96dad0f48e4c None None] Starting request: 10.222.0.42 "GET /placement/allocation_candidates?limit=1000&resources=DISK_GB%3A1%2CMEMORY_MB%3A1024%2CVCPU%3A1&root_required=%21COMPUTE_STATUS_DISABLED" {{(pid=105867) __call__ /opt/stack/placement/placement/requestlog.py:55}}
Jul 20 19:27:57.157468 n-d-850468-4 devstack@placement-api.service[105867]: DEBUG dbcounter [-] [105867] Writing DB stats placement:SELECT=85,placement:INSERT=7,placement:DELETE=4,placement:UPDATE=4 {{(pid=105867) stat_writer /usr/local/lib/python3.8/dist-packages/dbcounter.py:114}}
Jul 20 19:27:57.164887 n-d-850468-4 devstack@placement-api.service[105867]: DEBUG placement.objects.research_context [req-660b7d1c-35fe-4517-9867-499870f187a2 req-8c4f5e11-efc0-4fed-bcf5-96dad0f48e4c service placement] getting providers with 1 DISK_GB {{(pid=105867) __init__ /opt/stack/placement/placement/objects/research_context.py:136}}
Jul 20 19:27:57.197040 n-d-850468-4 devstack@placement-api.service[105867]: DEBUG placement.objects.research_context [req-660b7d1c-35fe-4517-9867-499870f187a2 req-8c4f5e11-efc0-4fed-bcf5-96dad0f48e4c service placement] getting providers with 1024 MEMORY_MB {{(pid=105867) __init__ /opt/stack/placement/placement/objects/research_context.py:136}}
Jul 20 19:27:57.209859 n-d-850468-4 devstack@placement-api.service[105867]: DEBUG placement.objects.research_context [req-660b7d1c-35fe-4517-9867-499870f187a2 req-8c4f5e11-efc0-4fed-bcf5-96dad0f48e4c service placement] getting providers with 1 VCPU {{(pid=105867) __init__ /opt/stack/placement/placement/objects/research_context.py:136}}
Jul 20 19:27:57.260503 n-d-850468-4 devstack@placement-api.service[105867]: DEBUG placement.objects.research_context [req-660b7d1c-35fe-4517-9867-499870f187a2 req-8c4f5e11-efc0-4fed-bcf5-96dad0f48e4c service placement] found 2 providers with available 1 DISK_GB {{(pid=105867) get_provider_ids_matching /opt/stack/placement/placement/objects/research_context.py:563}}
Jul 20 19:27:57.261008 n-d-850468-4 devstack@placement-api.service[105867]: DEBUG placement.objects.research_context [req-660b7d1c-35fe-4517-9867-499870f187a2 req-8c4f5e11-efc0-4fed-bcf5-96dad0f48e4c service placement] found 2 providers with available 1024 MEMORY_MB {{(pid=105867) get_provider_ids_matching /opt/stack/placement/placement/objects/research_context.py:563}}
Jul 20 19:27:57.261602 n-d-850468-4 devstack@placement-api.service[105867]: DEBUG placement.objects.research_context [req-660b7d1c-35fe-4517-9867-499870f187a2 req-8c4f5e11-efc0-4fed-bcf5-96dad0f48e4c service placement] found 2 providers after filtering by previous result {{(pid=105867) get_provider_ids_matching /opt/stack/placement/placement/objects/research_context.py:594}}
Jul 20 19:27:57.263165 n-d-850468-4 devstack@placement-api.service[105867]: DEBUG placement.objects.research_context [req-660b7d1c-35fe-4517-9867-499870f187a2 req-8c4f5e11-efc0-4fed-bcf5-96dad0f48e4c service placement] found 2 providers with available 1 VCPU {{(pid=105867) get_provider_ids_matching /opt/stack/placement/placement/objects/research_context.py:563}}
Jul 20 19:27:57.263696 n-d-850468-4 devstack@placement-api.service[105867]: DEBUG placement.objects.research_context [req-660b7d1c-35fe-4517-9867-499870f187a2 req-8c4f5e11-efc0-4fed-bcf5-96dad0f48e4c service placement] found 2 providers after filtering by previous result {{(pid=105867) get_provider_ids_matching /opt/stack/placement/placement/objects/research_context.py:594}}
Jul 20 19:27:57.300980 n-d-850468-4 devstack@placement-api.service[105867]: DEBUG placement.objects.allocation_candidate [req-660b7d1c-35fe-4517-9867-499870f187a2 req-8c4f5e11-efc0-4fed-bcf5-96dad0f48e4c service placement] RequestGroup(use_same_provider=False, resources={DISK_GB:1, MEMORY_MB:1024, VCPU:1}, traits=(), aggregates=[]) (suffix '') returned 2 matches {{(pid=105867) _get_by_requests /opt/stack/placement/placement/objects/allocation_candidate.py:156}}
Jul 20 19:27:57.302298 n-d-850468-4 devstack@placement-api.service[105867]: DEBUG placement.objects.allocation_candidate [req-660b7d1c-35fe-4517-9867-499870f187a2 req-8c4f5e11-efc0-4fed-bcf5-96dad0f48e4c service placement] Merging candidates yields 2 allocation requests and 2 provider summaries {{(pid=105867) _merge_candidates /opt/stack/placement/placement/objects/allocation_candidate.py:809}}
Jul 20 19:27:57.312813 n-d-850468-4 devstack@placement-api.service[105867]: INFO placement.requestlog [req-660b7d1c-35fe-4517-9867-499870f187a2 req-8c4f5e11-efc0-4fed-bcf5-96dad0f48e4c service placement] 10.222.0.42 "GET /placement/allocation_candidates?limit=1000&resources=DISK_GB%3A1%2CMEMORY_MB%3A1024%2CVCPU%3A1&root_required=%21COMPUTE_STATUS_DISABLED" status: 200 len: 1309 microversion: 1.36
Jul 20 19:27:57.313552 n-d-850468-4 devstack@placement-api.service[105867]: [pid: 105867|app: 0|req: 588/1188] 10.222.0.42 () {60 vars in 1506 bytes} [Wed Jul 20 19:27:57 2022] GET /placement/allocation_candidates?limit=1000&resources=DISK_GB%3A1%2CMEMORY_MB%3A1024%2CVCPU%3A1&root_required=%21COMPUTE_STATUS_DISABLED => generated 1309 bytes in 260 msecs (HTTP/1.1 200) 8 headers in 297 bytes (1 switches on core 0)
Jul 20 19:27:57.460095 n-d-850468-4 devstack@placement-api.service[105868]: DEBUG placement.requestlog [req-660b7d1c-35fe-4517-9867-499870f187a2 req-5e15df84-d644-4b1b-bcf2-ff9db4ddff1d None None] Starting request: 10.222.0.42 "GET /placement/allocations/efe96678-21b4-40ed-b81d-ad22531d490f" {{(pid=105868) __call__ /opt/stack/placement/placement/requestlog.py:55}}
Jul 20 19:27:57.491405 n-d-850468-4 devstack@placement-api.service[105868]: INFO placement.requestlog [req-660b7d1c-35fe-4517-9867-499870f187a2 req-5e15df84-d644-4b1b-bcf2-ff9db4ddff1d service placement] 10.222.0.42 "GET /placement/allocations/efe96678-21b4-40ed-b81d-ad22531d490f" status: 200 len: 19 microversion: 1.28
Jul 20 19:27:57.491405 n-d-850468-4 devstack@placement-api.service[105868]: [pid: 105868|app: 0|req: 601/1189] 10.222.0.42 () {60 vars in 1380 bytes} [Wed Jul 20 19:27:57 2022] GET /placement/allocations/efe96678-21b4-40ed-b81d-ad22531d490f => generated 19 bytes in 32 msecs (HTTP/1.1 200) 8 headers in 295 bytes (2 switches on core 0)
Jul 20 19:27:57.500318 n-d-850468-4 devstack@placement-api.service[105867]: DEBUG placement.requestlog [req-660b7d1c-35fe-4517-9867-499870f187a2 req-61b17c39-6592-4213-9bcc-c1543d5f4d49 None None] Starting request: 10.222.0.42 "PUT /placement/allocations/efe96678-21b4-40ed-b81d-ad22531d490f" {{(pid=105867) __call__ /opt/stack/placement/placement/requestlog.py:55}}
Jul 20 19:27:57.594290 n-d-850468-4 devstack@placement-api.service[105868]: DEBUG placement.requestlog [req-c01f42e9-bcc2-4f8b-b1d2-ce85e80900b2 req-7da31420-e7de-421c-a8bd-2421423abdf1 None None] Starting request: 10.222.0.23 "GET /placement/resource_providers/ec0150f1-32a7-4263-812c-5b8324ffed58/allocations" {{(pid=105868) __call__ /opt/stack/placement/placement/requestlog.py:55}}
Jul 20 19:27:57.666223 n-d-850468-4 devstack@placement-api.service[105868]: INFO placement.requestlog [req-c01f42e9-bcc2-4f8b-b1d2-ce85e80900b2 req-7da31420-e7de-421c-a8bd-2421423abdf1 service placement] 10.222.0.23 "GET /placement/resource_providers/ec0150f1-32a7-4263-812c-5b8324ffed58/allocations" status: 200 len: 847 microversion: 1.0
Jul 20 19:27:57.669044 n-d-850468-4 devstack@placement-api.service[105868]: [pid: 105868|app: 0|req: 602/1190] 10.222.0.23 () {58 vars in 1390 bytes} [Wed Jul 20 19:27:57 2022] GET /placement/resource_providers/ec0150f1-32a7-4263-812c-5b8324ffed58/allocations => generated 847 bytes in 75 msecs (HTTP/1.1 200) 6 headers in 224 bytes (2 switches on core 0)
Jul 20 19:27:57.674168 n-d-850468-4 devstack@placement-api.service[105868]: DEBUG placement.requestlog [req-c01f42e9-bcc2-4f8b-b1d2-ce85e80900b2 req-2d241340-028c-4631-b6e2-971948f82712 None None] Starting request: 10.222.0.23 "GET /placement/allocations/7d05f828-57c7-42e4-9833-4236fb94c339" {{(pid=105868) __call__ /opt/stack/placement/placement/requestlog.py:55}}
Jul 20 19:27:57.738780 n-d-850468-4 devstack@placement-api.service[105868]: INFO placement.requestlog [req-c01f42e9-bcc2-4f8b-b1d2-ce85e80900b2 req-2d241340-028c-4631-b6e2-971948f82712 service placement] 10.222.0.23 "GET /placement/allocations/7d05f828-57c7-42e4-9833-4236fb94c339" status: 200 len: 259 microversion: 1.28
Jul 20 19:27:57.741191 n-d-850468-4 devstack@placement-api.service[105868]: [pid: 105868|app: 0|req: 603/1191] 10.222.0.23 () {60 vars in 1377 bytes} [Wed Jul 20 19:27:57 2022] GET /placement/allocations/7d05f828-57c7-42e4-9833-4236fb94c339 => generated 259 bytes in 67 msecs (HTTP/1.1 200) 8 headers in 296 bytes (2 switches on core 0)
Jul 20 19:27:57.749997 n-d-850468-4 devstack@placement-api.service[105868]: DEBUG placement.requestlog [req-c01f42e9-bcc2-4f8b-b1d2-ce85e80900b2 req-d726f896-9423-4ab9-8b80-02762ac4177b None None] Starting request: 10.222.0.23 "GET /placement/allocations/eb667468-05d0-42b5-819d-890eb80c999b" {{(pid=105868) __call__ /opt/stack/placement/placement/requestlog.py:55}}
Jul 20 19:27:57.851878 n-d-850468-4 devstack@placement-api.service[105868]: INFO placement.requestlog [req-c01f42e9-bcc2-4f8b-b1d2-ce85e80900b2 req-d726f896-9423-4ab9-8b80-02762ac4177b service placement] 10.222.0.23 "GET /placement/allocations/eb667468-05d0-42b5-819d-890eb80c999b" status: 200 len: 245 microversion: 1.28
Jul 20 19:27:57.856137 n-d-850468-4 devstack@placement-api.service[105868]: [pid: 105868|app: 0|req: 604/1192] 10.222.0.23 () {60 vars in 1377 bytes} [Wed Jul 20 19:27:57 2022] GET /placement/allocations/eb667468-05d0-42b5-819d-890eb80c999b => generated 245 bytes in 106 msecs (HTTP/1.1 200) 8 headers in 296 bytes (1 switches on core 0)
Jul 20 19:27:57.863387 n-d-850468-4 devstack@placement-api.service[105868]: DEBUG placement.requestlog [req-c01f42e9-bcc2-4f8b-b1d2-ce85e80900b2 req-ef4055c7-0f04-4cbc-b397-fa25c502fbac None None] Starting request: 10.222.0.23 "GET /placement/allocations/46a5a1f2-2528-47d0-ae2e-9bab076f81ec" {{(pid=105868) __call__ /opt/stack/placement/placement/requestlog.py:55}}
Jul 20 19:27:57.965500 n-d-850468-4 devstack@placement-api.service[105868]: INFO placement.requestlog [req-c01f42e9-bcc2-4f8b-b1d2-ce85e80900b2 req-ef4055c7-0f04-4cbc-b397-fa25c502fbac service placement] 10.222.0.23 "GET /placement/allocations/46a5a1f2-2528-47d0-ae2e-9bab076f81ec" status: 200 len: 259 microversion: 1.28
Jul 20 19:27:57.966766 n-d-850468-4 devstack@placement-api.service[105868]: [pid: 105868|app: 0|req: 605/1193] 10.222.0.23 () {60 vars in 1377 bytes} [Wed Jul 20 19:27:57 2022] GET /placement/allocations/46a5a1f2-2528-47d0-ae2e-9bab076f81ec => generated 259 bytes in 103 msecs (HTTP/1.1 200) 8 headers in 296 bytes (1 switches on core 0)
Jul 20 19:27:57.974190 n-d-850468-4 devstack@placement-api.service[105868]: DEBUG placement.requestlog [req-c01f42e9-bcc2-4f8b-b1d2-ce85e80900b2 req-bcf94ed8-20a6-434b-b864-7a2f2a91cb6b None None] Starting request: 10.222.0.23 "GET /placement/allocations/371dbe4f-d900-4459-9432-c2c803f373eb" {{(pid=105868) __call__ /opt/stack/placement/placement/requestlog.py:55}}
Jul 20 19:27:57.974867 n-d-850468-4 devstack@placement-api.service[105867]: DEBUG placement.handlers.allocation [req-660b7d1c-35fe-4517-9867-499870f187a2 req-61b17c39-6592-4213-9bcc-c1543d5f4d49 service placement] Successfully wrote allocations [, , ] {{(pid=105867) _update_consumers_and_create_allocations /opt/stack/placement/placement/handlers/allocation.py:462}}
Jul 20 19:27:58.022839 n-d-850468-4 devstack@placement-api.service[105868]: INFO placement.requestlog [req-c01f42e9-bcc2-4f8b-b1d2-ce85e80900b2 req-bcf94ed8-20a6-434b-b864-7a2f2a91cb6b service placement] 10.222.0.23 "GET /placement/allocations/371dbe4f-d900-4459-9432-c2c803f373eb" status: 200 len: 259 microversion: 1.28
Jul 20 19:27:58.023808 n-d-850468-4 devstack@placement-api.service[105868]: [pid: 105868|app: 0|req: 606/1194] 10.222.0.23 () {60 vars in 1377 bytes} [Wed Jul 20 19:27:57 2022] GET /placement/allocations/371dbe4f-d900-4459-9432-c2c803f373eb => generated 259 bytes in 50 msecs (HTTP/1.1 200) 8 headers in 296 bytes (1 switches on core 0)
Jul 20 19:27:58.031951 n-d-850468-4 devstack@placement-api.service[105868]: DEBUG placement.requestlog [req-c01f42e9-bcc2-4f8b-b1d2-ce85e80900b2 req-16007871-263b-49c5-89e5-13beff315f90 None None] Starting request: 10.222.0.23 "GET /placement/allocations/873078f1-10fd-4133-bc83-f5fcf689dc2f" {{(pid=105868) __call__ /opt/stack/placement/placement/requestlog.py:55}}
Jul 20 19:27:58.057625 n-d-850468-4 devstack@placement-api.service[105868]: INFO placement.requestlog [req-c01f42e9-bcc2-4f8b-b1d2-ce85e80900b2 req-16007871-263b-49c5-89e5-13beff315f90 service placement] 10.222.0.23 "GET /placement/allocations/873078f1-10fd-4133-bc83-f5fcf689dc2f" status: 200 len: 259 microversion: 1.28
Jul 20 19:27:58.058780 n-d-850468-4 devstack@placement-api.service[105868]: [pid: 105868|app: 0|req: 607/1195] 10.222.0.23 () {60 vars in 1377 bytes} [Wed Jul 20 19:27:58 2022] GET /placement/allocations/873078f1-10fd-4133-bc83-f5fcf689dc2f => generated 259 bytes in 27 msecs (HTTP/1.1 200) 8 headers in 296 bytes (2 switches on core 0)
Jul 20 19:27:58.066227 n-d-850468-4 devstack@placement-api.service[105868]: DEBUG placement.requestlog [req-c01f42e9-bcc2-4f8b-b1d2-ce85e80900b2 req-a0f0266c-7dcc-4033-b65e-9b57f1d16afb None None] Starting request: 10.222.0.23 "GET /placement/allocations/30cb7540-a362-481f-8481-1d95928f9d8c" {{(pid=105868) __call__ /opt/stack/placement/placement/requestlog.py:55}}
Jul 20 19:27:58.101044 n-d-850468-4 devstack@placement-api.service[105868]: INFO placement.requestlog [req-c01f42e9-bcc2-4f8b-b1d2-ce85e80900b2 req-a0f0266c-7dcc-4033-b65e-9b57f1d16afb service placement] 10.222.0.23 "GET /placement/allocations/30cb7540-a362-481f-8481-1d95928f9d8c" status: 200 len: 259 microversion: 1.28
Jul 20 19:27:58.104483 n-d-850468-4 devstack@placement-api.service[105868]: [pid: 105868|app: 0|req: 608/1196] 10.222.0.23 () {60 vars in 1377 bytes} [Wed Jul 20 19:27:58 2022] GET /placement/allocations/30cb7540-a362-481f-8481-1d95928f9d8c => generated 259 bytes in 38 msecs (HTTP/1.1 200) 8 headers in 296 bytes (1 switches on core 0)
Jul 20 19:27:58.114115 n-d-850468-4 devstack@placement-api.service[105868]: DEBUG placement.requestlog [req-c01f42e9-bcc2-4f8b-b1d2-ce85e80900b2 req-3b252517-953c-4208-b7cb-2e489f0382ac None None] Starting request: 10.222.0.23 "GET /placement/allocations/06d1faee-e425-4639-b2f6-324aeaa7ed4c" {{(pid=105868) __call__ /opt/stack/placement/placement/requestlog.py:55}}
Jul 20 19:27:58.132266 n-d-850468-4 devstack@placement-api.service[105867]: INFO placement.requestlog [req-660b7d1c-35fe-4517-9867-499870f187a2 req-61b17c39-6592-4213-9bcc-c1543d5f4d49 service placement] 10.222.0.42 "PUT /placement/allocations/efe96678-21b4-40ed-b81d-ad22531d490f" status: 204 len: 0 microversion: 1.36
Jul 20 19:27:58.136569 n-d-850468-4 devstack@placement-api.service[105867]: [pid: 105867|app: 0|req: 589/1197] 10.222.0.42 () {64 vars in 1433 bytes} [Wed Jul 20 19:27:57 2022] PUT /placement/allocations/efe96678-21b4-40ed-b81d-ad22531d490f => generated 0 bytes in 636 msecs (HTTP/1.1 204) 5 headers in 199 bytes (2 switches on core 0)
Jul 20 19:27:58.160891 n-d-850468-4 devstack@placement-api.service[105868]: INFO placement.requestlog [req-c01f42e9-bcc2-4f8b-b1d2-ce85e80900b2 req-3b252517-953c-4208-b7cb-2e489f0382ac service placement] 10.222.0.23 "GET /placement/allocations/06d1faee-e425-4639-b2f6-324aeaa7ed4c" status: 200 len: 259 microversion: 1.28
Jul 20 19:27:58.163616 n-d-850468-4 devstack@placement-api.service[105868]: [pid: 105868|app: 0|req: 609/1198] 10.222.0.23 () {60 vars in 1377 bytes} [Wed Jul 20 19:27:58 2022] GET /placement/allocations/06d1faee-e425-4639-b2f6-324aeaa7ed4c => generated 259 bytes in 48 msecs (HTTP/1.1 200) 8 headers in 296 bytes (2 switches on core 0)
Jul 20 19:27:58.184210 n-d-850468-4 devstack@placement-api.service[105867]: DEBUG placement.requestlog [req-c01f42e9-bcc2-4f8b-b1d2-ce85e80900b2 req-4fca0094-0efa-40c5-b1ee-c931d1c5a58d None None] Starting request: 10.222.0.23 "GET /placement/allocations/f4939681-0361-4f7d-b72a-7029be35565e" {{(pid=105867) __call__ /opt/stack/placement/placement/requestlog.py:55}}
Jul 20 19:27:58.230857 n-d-850468-4 devstack@placement-api.service[105867]: INFO placement.requestlog [req-c01f42e9-bcc2-4f8b-b1d2-ce85e80900b2 req-4fca0094-0efa-40c5-b1ee-c931d1c5a58d service placement] 10.222.0.23 "GET /placement/allocations/f4939681-0361-4f7d-b72a-7029be35565e" status: 200 len: 259 microversion: 1.28
Jul 20 19:27:58.234826 n-d-850468-4 devstack@placement-api.service[105867]: [pid: 105867|app: 0|req: 590/1199] 10.222.0.23 () {60 vars in 1377 bytes} [Wed Jul 20 19:27:58 2022] GET /placement/allocations/f4939681-0361-4f7d-b72a-7029be35565e => generated 259 bytes in 51 msecs (HTTP/1.1 200) 8 headers in 296 bytes (1 switches on core 0)
Jul 20 19:28:01.214385 n-d-850468-4 devstack@placement-api.service[105868]: DEBUG placement.requestlog [req-660b7d1c-35fe-4517-9867-499870f187a2 req-6049cdf3-904e-4eec-b6e7-5077fcf7f572 None None] Starting request: 10.222.0.15 "GET /placement/allocations/efe96678-21b4-40ed-b81d-ad22531d490f" {{(pid=105868) __call__ /opt/stack/placement/placement/requestlog.py:55}}
Jul 20 19:28:01.517066 n-d-850468-4 devstack@placement-api.service[105868]: INFO placement.requestlog [req-660b7d1c-35fe-4517-9867-499870f187a2 req-6049cdf3-904e-4eec-b6e7-5077fcf7f572 service placement] 10.222.0.15 "GET /placement/allocations/efe96678-21b4-40ed-b81d-ad22531d490f" status: 200 len: 259 microversion: 1.28
Jul 20 19:28:01.517066 n-d-850468-4 devstack@placement-api.service[105868]: [pid: 105868|app: 0|req: 610/1200] 10.222.0.15 () {60 vars in 1377 bytes} [Wed Jul 20 19:28:01 2022] GET /placement/allocations/efe96678-21b4-40ed-b81d-ad22531d490f => generated 259 bytes in 301 msecs (HTTP/1.1 200) 8 headers in 296 bytes (1 switches on core 0)
Jul 20 19:28:02.240771 n-d-850468-4 devstack@placement-api.service[105867]: DEBUG placement.requestlog [req-660b7d1c-35fe-4517-9867-499870f187a2 req-379c3b76-98b7-4803-a222-dfba351ddf42 None None] Starting request: 10.222.0.15 "GET /placement/resource_providers?in_tree=d916b44a-0653-4109-b0a7-1bbcf66e7470" {{(pid=105867) __call__ /opt/stack/placement/placement/requestlog.py:55}}
Jul 20 19:28:02.276994 n-d-850468-4 devstack@placement-api.service[105867]: INFO placement.requestlog [req-660b7d1c-35fe-4517-9867-499870f187a2 req-379c3b76-98b7-4803-a222-dfba351ddf42 service placement] 10.222.0.15 "GET /placement/resource_providers?in_tree=d916b44a-0653-4109-b0a7-1bbcf66e7470" status: 200 len: 863 microversion: 1.14
Jul 20 19:28:02.277407 n-d-850468-4 devstack@placement-api.service[105867]: [pid: 105867|app: 0|req: 591/1201] 10.222.0.15 () {60 vars in 1376 bytes} [Wed Jul 20 19:28:02 2022] GET /placement/resource_providers?in_tree=d916b44a-0653-4109-b0a7-1bbcf66e7470 => generated 863 bytes in 37 msecs (HTTP/1.1 200) 6 headers in 225 bytes (1 switches on core 0)
Jul 20 19:28:02.294640 n-d-850468-4 devstack@placement-api.service[105868]: DEBUG placement.requestlog [req-660b7d1c-35fe-4517-9867-499870f187a2 req-764bc085-eb3b-46c9-82f2-37eab68e4df6 None None] Starting request: 10.222.0.15 "GET /placement/resource_providers/d916b44a-0653-4109-b0a7-1bbcf66e7470/inventories" {{(pid=105868) __call__ /opt/stack/placement/placement/requestlog.py:55}}
Jul 20 19:28:02.326118 n-d-850468-4 devstack@placement-api.service[105868]: INFO placement.requestlog [req-660b7d1c-35fe-4517-9867-499870f187a2 req-764bc085-eb3b-46c9-82f2-37eab68e4df6 service placement] 10.222.0.15 "GET /placement/resource_providers/d916b44a-0653-4109-b0a7-1bbcf66e7470/inventories" status: 200 len: 398 microversion: 1.0
Jul 20 19:28:02.328687 n-d-850468-4 devstack@placement-api.service[105868]: [pid: 105868|app: 0|req: 611/1202] 10.222.0.15 () {58 vars in 1390 bytes} [Wed Jul 20 19:28:02 2022] GET /placement/resource_providers/d916b44a-0653-4109-b0a7-1bbcf66e7470/inventories => generated 398 bytes in 34 msecs (HTTP/1.1 200) 6 headers in 224 bytes (1 switches on core 0)
