Jul 20 19:28:24.322327 n-d-850468-4 devstack@placement-api.service[105868]: DEBUG placement.requestlog [req-290de52a-d53f-4bb2-b026-f14e7e5adc5d req-9e418c76-4deb-4c2a-8e6a-5f98478237aa None None] Starting request: 10.222.0.15 "GET /placement/allocations/c7b44ba4-124e-4653-8519-99bb9b0c6627" {{(pid=105868) __call__ /opt/stack/placement/placement/requestlog.py:55}}
Jul 20 19:28:24.356553 n-d-850468-4 devstack@placement-api.service[105868]: INFO placement.requestlog [req-290de52a-d53f-4bb2-b026-f14e7e5adc5d req-9e418c76-4deb-4c2a-8e6a-5f98478237aa service placement] 10.222.0.15 "GET /placement/allocations/c7b44ba4-124e-4653-8519-99bb9b0c6627" status: 200 len: 259 microversion: 1.28
Jul 20 19:28:24.357325 n-d-850468-4 devstack@placement-api.service[105868]: [pid: 105868|app: 0|req: 632/1237] 10.222.0.15 () {60 vars in 1377 bytes} [Wed Jul 20 19:28:24 2022] GET /placement/allocations/c7b44ba4-124e-4653-8519-99bb9b0c6627 => generated 259 bytes in 36 msecs (HTTP/1.1 200) 8 headers in 296 bytes (2 switches on core 0)
Jul 20 19:28:24.392318 n-d-850468-4 devstack@placement-api.service[105868]: DEBUG placement.requestlog [req-290de52a-d53f-4bb2-b026-f14e7e5adc5d req-a2414e8b-b2f9-406b-a117-148349f407ba None None] Starting request: 10.222.0.15 "GET /placement/allocations/b13c4b9e-6da3-41a6-92e2-ae4abab2388b" {{(pid=105868) __call__ /opt/stack/placement/placement/requestlog.py:55}}
Jul 20 19:28:24.392318 n-d-850468-4 devstack@placement-api.service[105868]: INFO placement.requestlog [req-290de52a-d53f-4bb2-b026-f14e7e5adc5d req-a2414e8b-b2f9-406b-a117-148349f407ba service placement] 10.222.0.15 "GET /placement/allocations/b13c4b9e-6da3-41a6-92e2-ae4abab2388b" status: 200 len: 259 microversion: 1.28
Jul 20 19:28:24.392979 n-d-850468-4 devstack@placement-api.service[105868]: [pid: 105868|app: 0|req: 633/1238] 10.222.0.15 () {60 vars in 1377 bytes} [Wed Jul 20 19:28:24 2022] GET /placement/allocations/b13c4b9e-6da3-41a6-92e2-ae4abab2388b => generated 259 bytes in 27 msecs (HTTP/1.1 200) 8 headers in 296 bytes (1 switches on core 0)
Jul 20 19:28:24.421828 n-d-850468-4 devstack@placement-api.service[105868]: DEBUG placement.requestlog [req-38367ed5-b30e-4c36-ba0c-52e8663e3d77 req-7401f553-d174-46a0-8422-7b4527778f94 None None] Starting request: 10.222.0.23 "GET /placement/resource_providers/ec0150f1-32a7-4263-812c-5b8324ffed58/allocations" {{(pid=105868) __call__ /opt/stack/placement/placement/requestlog.py:55}}
Jul 20 19:28:24.459698 n-d-850468-4 devstack@placement-api.service[105868]: INFO placement.requestlog [req-38367ed5-b30e-4c36-ba0c-52e8663e3d77 req-7401f553-d174-46a0-8422-7b4527778f94 service placement] 10.222.0.23 "GET /placement/resource_providers/ec0150f1-32a7-4263-812c-5b8324ffed58/allocations" status: 200 len: 1150 microversion: 1.0
Jul 20 19:28:24.460467 n-d-850468-4 devstack@placement-api.service[105868]: [pid: 105868|app: 0|req: 634/1239] 10.222.0.23 () {58 vars in 1390 bytes} [Wed Jul 20 19:28:24 2022] GET /placement/resource_providers/ec0150f1-32a7-4263-812c-5b8324ffed58/allocations => generated 1150 bytes in 39 msecs (HTTP/1.1 200) 6 headers in 225 bytes (1 switches on core 0)
Jul 20 19:28:24.698056 n-d-850468-4 devstack@placement-api.service[105867]: DEBUG placement.handlers.allocation [req-775b90a9-2a68-4747-8aa9-489ef0a7e3c5 req-083d8f39-7f7c-4436-8bfa-470023f37298 service placement] Successfully deleted allocations [, , ] {{(pid=105867) delete_allocations /opt/stack/placement/placement/handlers/allocation.py:627}}
Jul 20 19:28:24.698056 n-d-850468-4 devstack@placement-api.service[105867]: INFO placement.requestlog [req-775b90a9-2a68-4747-8aa9-489ef0a7e3c5 req-083d8f39-7f7c-4436-8bfa-470023f37298 service placement] 10.222.0.15 "DELETE /placement/allocations/19936be5-a61f-4bdf-a1a7-7013ea610b62" status: 204 len: 0 microversion: 1.0
Jul 20 19:28:24.698056 n-d-850468-4 devstack@placement-api.service[105867]: [pid: 105867|app: 0|req: 606/1240] 10.222.0.15 () {60 vars in 1355 bytes} [Wed Jul 20 19:28:24 2022] DELETE /placement/allocations/19936be5-a61f-4bdf-a1a7-7013ea610b62 => generated 0 bytes in 505 msecs (HTTP/1.1 204) 5 headers in 198 bytes (2 switches on core 0)
Jul 20 19:28:24.845487 n-d-850468-4 devstack@placement-api.service[105868]: DEBUG placement.requestlog [req-290de52a-d53f-4bb2-b026-f14e7e5adc5d req-6d3d9465-5ebb-4d3b-a8b1-60f7bb7eb745 None None] Starting request: 10.222.0.15 "GET /placement/allocations/19936be5-a61f-4bdf-a1a7-7013ea610b62" {{(pid=105868) __call__ /opt/stack/placement/placement/requestlog.py:55}}
Jul 20 19:28:24.911411 n-d-850468-4 devstack@placement-api.service[105868]: INFO placement.requestlog [req-290de52a-d53f-4bb2-b026-f14e7e5adc5d req-6d3d9465-5ebb-4d3b-a8b1-60f7bb7eb745 service placement] 10.222.0.15 "GET /placement/allocations/19936be5-a61f-4bdf-a1a7-7013ea610b62" status: 200 len: 19 microversion: 1.28
Jul 20 19:28:24.912229 n-d-850468-4 devstack@placement-api.service[105868]: [pid: 105868|app: 0|req: 635/1241] 10.222.0.15 () {60 vars in 1377 bytes} [Wed Jul 20 19:28:24 2022] GET /placement/allocations/19936be5-a61f-4bdf-a1a7-7013ea610b62 => generated 19 bytes in 67 msecs (HTTP/1.1 200) 8 headers in 295 bytes (1 switches on core 0)
Jul 20 19:28:25.013784 n-d-850468-4 devstack@placement-api.service[105867]: DEBUG placement.requestlog [req-049af684-6f30-4807-b50f-e5d8502a26ef req-8f14ff83-1116-47b0-b16b-afc1ce7e5714 None None] Starting request: 10.222.0.42 "GET /placement/allocation_candidates?limit=1000&resources=DISK_GB%3A1%2CMEMORY_MB%3A1024%2CVCPU%3A1&root_required=%21COMPUTE_STATUS_DISABLED" {{(pid=105867) __call__ /opt/stack/placement/placement/requestlog.py:55}}
Jul 20 19:28:25.034954 n-d-850468-4 devstack@placement-api.service[105867]: DEBUG dbcounter [-] [105867] Writing DB stats placement:SELECT=78,placement:INSERT=12,placement:DELETE=6,placement:UPDATE=4 {{(pid=105867) stat_writer /usr/local/lib/python3.8/dist-packages/dbcounter.py:114}}
Jul 20 19:28:25.047462 n-d-850468-4 devstack@placement-api.service[105868]: DEBUG placement.requestlog [req-38367ed5-b30e-4c36-ba0c-52e8663e3d77 req-61f6dbc6-fbb2-4ea4-93eb-f0391a857660 None None] Starting request: 10.222.0.23 "GET /placement/allocations/7d05f828-57c7-42e4-9833-4236fb94c339" {{(pid=105868) __call__ /opt/stack/placement/placement/requestlog.py:55}}
Jul 20 19:28:25.076060 n-d-850468-4 devstack@placement-api.service[105868]: INFO placement.requestlog [req-38367ed5-b30e-4c36-ba0c-52e8663e3d77 req-61f6dbc6-fbb2-4ea4-93eb-f0391a857660 service placement] 10.222.0.23 "GET /placement/allocations/7d05f828-57c7-42e4-9833-4236fb94c339" status: 200 len: 259 microversion: 1.28
Jul 20 19:28:25.076782 n-d-850468-4 devstack@placement-api.service[105868]: [pid: 105868|app: 0|req: 636/1242] 10.222.0.23 () {60 vars in 1377 bytes} [Wed Jul 20 19:28:25 2022] GET /placement/allocations/7d05f828-57c7-42e4-9833-4236fb94c339 => generated 259 bytes in 30 msecs (HTTP/1.1 200) 8 headers in 296 bytes (2 switches on core 0)
Jul 20 19:28:25.077872 n-d-850468-4 devstack@placement-api.service[105868]: DEBUG placement.requestlog [req-bd11c14c-2db4-43c9-8898-28d3b6dcf2dd req-cea302ac-d7ea-40e9-a4a5-1c771a193180 None None] Starting request: 10.222.0.23 "GET /placement/allocations/416b4363-e778-43d9-a112-d487191ba461" {{(pid=105868) __call__ /opt/stack/placement/placement/requestlog.py:55}}
Jul 20 19:28:25.103196 n-d-850468-4 devstack@placement-api.service[105868]: INFO placement.requestlog [req-bd11c14c-2db4-43c9-8898-28d3b6dcf2dd req-cea302ac-d7ea-40e9-a4a5-1c771a193180 service placement] 10.222.0.23 "GET /placement/allocations/416b4363-e778-43d9-a112-d487191ba461" status: 200 len: 259 microversion: 1.28
Jul 20 19:28:25.104358 n-d-850468-4 devstack@placement-api.service[105868]: [pid: 105868|app: 0|req: 637/1243] 10.222.0.23 () {60 vars in 1377 bytes} [Wed Jul 20 19:28:25 2022] GET /placement/allocations/416b4363-e778-43d9-a112-d487191ba461 => generated 259 bytes in 27 msecs (HTTP/1.1 200) 8 headers in 296 bytes (1 switches on core 0)
Jul 20 19:28:25.105151 n-d-850468-4 devstack@placement-api.service[105868]: DEBUG placement.requestlog [req-38367ed5-b30e-4c36-ba0c-52e8663e3d77 req-6ff12a07-fced-478c-9433-9081fbb62612 None None] Starting request: 10.222.0.23 "GET /placement/allocations/416b4363-e778-43d9-a112-d487191ba461" {{(pid=105868) __call__ /opt/stack/placement/placement/requestlog.py:55}}
Jul 20 19:28:25.116357 n-d-850468-4 devstack@placement-api.service[105867]: DEBUG placement.objects.research_context [req-049af684-6f30-4807-b50f-e5d8502a26ef req-8f14ff83-1116-47b0-b16b-afc1ce7e5714 service placement] getting providers with 1 DISK_GB {{(pid=105867) __init__ /opt/stack/placement/placement/objects/research_context.py:136}}
Jul 20 19:28:25.122285 n-d-850468-4 devstack@placement-api.service[105868]: INFO placement.requestlog [req-38367ed5-b30e-4c36-ba0c-52e8663e3d77 req-6ff12a07-fced-478c-9433-9081fbb62612 service placement] 10.222.0.23 "GET /placement/allocations/416b4363-e778-43d9-a112-d487191ba461" status: 200 len: 259 microversion: 1.28
Jul 20 19:28:25.123166 n-d-850468-4 devstack@placement-api.service[105868]: [pid: 105868|app: 0|req: 638/1244] 10.222.0.23 () {60 vars in 1377 bytes} [Wed Jul 20 19:28:25 2022] GET /placement/allocations/416b4363-e778-43d9-a112-d487191ba461 => generated 259 bytes in 18 msecs (HTTP/1.1 200) 8 headers in 296 bytes (1 switches on core 0)
Jul 20 19:28:25.128645 n-d-850468-4 devstack@placement-api.service[105867]: DEBUG placement.objects.research_context [req-049af684-6f30-4807-b50f-e5d8502a26ef req-8f14ff83-1116-47b0-b16b-afc1ce7e5714 service placement] getting providers with 1024 MEMORY_MB {{(pid=105867) __init__ /opt/stack/placement/placement/objects/research_context.py:136}}
Jul 20 19:28:25.135595 n-d-850468-4 devstack@placement-api.service[105867]: DEBUG placement.objects.research_context [req-049af684-6f30-4807-b50f-e5d8502a26ef req-8f14ff83-1116-47b0-b16b-afc1ce7e5714 service placement] getting providers with 1 VCPU {{(pid=105867) __init__ /opt/stack/placement/placement/objects/research_context.py:136}}
Jul 20 19:28:25.150840 n-d-850468-4 devstack@placement-api.service[105867]: DEBUG placement.objects.research_context [req-049af684-6f30-4807-b50f-e5d8502a26ef req-8f14ff83-1116-47b0-b16b-afc1ce7e5714 service placement] found 2 providers with available 1 DISK_GB {{(pid=105867) get_provider_ids_matching /opt/stack/placement/placement/objects/research_context.py:563}}
Jul 20 19:28:25.150840 n-d-850468-4 devstack@placement-api.service[105867]: DEBUG placement.objects.research_context [req-049af684-6f30-4807-b50f-e5d8502a26ef req-8f14ff83-1116-47b0-b16b-afc1ce7e5714 service placement] found 2 providers with available 1024 MEMORY_MB {{(pid=105867) get_provider_ids_matching /opt/stack/placement/placement/objects/research_context.py:563}}
Jul 20 19:28:25.150840 n-d-850468-4 devstack@placement-api.service[105867]: DEBUG placement.objects.research_context [req-049af684-6f30-4807-b50f-e5d8502a26ef req-8f14ff83-1116-47b0-b16b-afc1ce7e5714 service placement] found 2 providers after filtering by previous result {{(pid=105867) get_provider_ids_matching /opt/stack/placement/placement/objects/research_context.py:594}}
Jul 20 19:28:25.150840 n-d-850468-4 devstack@placement-api.service[105867]: DEBUG placement.objects.research_context [req-049af684-6f30-4807-b50f-e5d8502a26ef req-8f14ff83-1116-47b0-b16b-afc1ce7e5714 service placement] found 2 providers with available 1 VCPU {{(pid=105867) get_provider_ids_matching /opt/stack/placement/placement/objects/research_context.py:563}}
Jul 20 19:28:25.150840 n-d-850468-4 devstack@placement-api.service[105867]: DEBUG placement.objects.research_context [req-049af684-6f30-4807-b50f-e5d8502a26ef req-8f14ff83-1116-47b0-b16b-afc1ce7e5714 service placement] found 2 providers after filtering by previous result {{(pid=105867) get_provider_ids_matching /opt/stack/placement/placement/objects/research_context.py:594}}
Jul 20 19:28:25.154406 n-d-850468-4 devstack@placement-api.service[105868]: DEBUG placement.requestlog [req-38367ed5-b30e-4c36-ba0c-52e8663e3d77 req-dcc3172c-8c29-48ca-9584-020401b2d32b None None] Starting request: 10.222.0.23 "GET /placement/allocations/9e819f64-6718-467a-a823-dfc3a2beb0e2" {{(pid=105868) __call__ /opt/stack/placement/placement/requestlog.py:55}}
Jul 20 19:28:25.168629 n-d-850468-4 devstack@placement-api.service[105867]: DEBUG placement.objects.allocation_candidate [req-049af684-6f30-4807-b50f-e5d8502a26ef req-8f14ff83-1116-47b0-b16b-afc1ce7e5714 service placement] RequestGroup(use_same_provider=False, resources={DISK_GB:1, MEMORY_MB:1024, VCPU:1}, traits=(), aggregates=[]) (suffix '') returned 2 matches {{(pid=105867) _get_by_requests /opt/stack/placement/placement/objects/allocation_candidate.py:156}}
Jul 20 19:28:25.170270 n-d-850468-4 devstack@placement-api.service[105867]: DEBUG placement.objects.allocation_candidate [req-049af684-6f30-4807-b50f-e5d8502a26ef req-8f14ff83-1116-47b0-b16b-afc1ce7e5714 service placement] Merging candidates yields 2 allocation requests and 2 provider summaries {{(pid=105867) _merge_candidates /opt/stack/placement/placement/objects/allocation_candidate.py:809}}
Jul 20 19:28:25.172231 n-d-850468-4 devstack@placement-api.service[105867]: INFO placement.requestlog [req-049af684-6f30-4807-b50f-e5d8502a26ef req-8f14ff83-1116-47b0-b16b-afc1ce7e5714 service placement] 10.222.0.42 "GET /placement/allocation_candidates?limit=1000&resources=DISK_GB%3A1%2CMEMORY_MB%3A1024%2CVCPU%3A1&root_required=%21COMPUTE_STATUS_DISABLED" status: 200 len: 1312 microversion: 1.36
Jul 20 19:28:25.173127 n-d-850468-4 devstack@placement-api.service[105867]: [pid: 105867|app: 0|req: 607/1245] 10.222.0.42 () {60 vars in 1506 bytes} [Wed Jul 20 19:28:25 2022] GET /placement/allocation_candidates?limit=1000&resources=DISK_GB%3A1%2CMEMORY_MB%3A1024%2CVCPU%3A1&root_required=%21COMPUTE_STATUS_DISABLED => generated 1312 bytes in 160 msecs (HTTP/1.1 200) 8 headers in 297 bytes (1 switches on core 0)
Jul 20 19:28:25.203193 n-d-850468-4 devstack@placement-api.service[105868]: INFO placement.requestlog [req-38367ed5-b30e-4c36-ba0c-52e8663e3d77 req-dcc3172c-8c29-48ca-9584-020401b2d32b service placement] 10.222.0.23 "GET /placement/allocations/9e819f64-6718-467a-a823-dfc3a2beb0e2" status: 200 len: 259 microversion: 1.28
Jul 20 19:28:25.203193 n-d-850468-4 devstack@placement-api.service[105868]: [pid: 105868|app: 0|req: 639/1246] 10.222.0.23 () {60 vars in 1377 bytes} [Wed Jul 20 19:28:25 2022] GET /placement/allocations/9e819f64-6718-467a-a823-dfc3a2beb0e2 => generated 259 bytes in 43 msecs (HTTP/1.1 200) 8 headers in 296 bytes (2 switches on core 0)
Jul 20 19:28:25.209713 n-d-850468-4 devstack@placement-api.service[105867]: DEBUG placement.requestlog [req-38367ed5-b30e-4c36-ba0c-52e8663e3d77 req-1e8c4d22-b392-4ffa-b81c-dfc2e4abbd87 None None] Starting request: 10.222.0.23 "GET /placement/allocations/d460fd95-adb1-42f5-acd5-5d594e5c72c8" {{(pid=105867) __call__ /opt/stack/placement/placement/requestlog.py:55}}
Jul 20 19:28:25.226655 n-d-850468-4 devstack@placement-api.service[105867]: INFO placement.requestlog [req-38367ed5-b30e-4c36-ba0c-52e8663e3d77 req-1e8c4d22-b392-4ffa-b81c-dfc2e4abbd87 service placement] 10.222.0.23 "GET /placement/allocations/d460fd95-adb1-42f5-acd5-5d594e5c72c8" status: 200 len: 259 microversion: 1.28
Jul 20 19:28:25.227501 n-d-850468-4 devstack@placement-api.service[105867]: [pid: 105867|app: 0|req: 608/1247] 10.222.0.23 () {60 vars in 1377 bytes} [Wed Jul 20 19:28:25 2022] GET /placement/allocations/d460fd95-adb1-42f5-acd5-5d594e5c72c8 => generated 259 bytes in 18 msecs (HTTP/1.1 200) 8 headers in 296 bytes (1 switches on core 0)
Jul 20 19:28:25.262065 n-d-850468-4 devstack@placement-api.service[105868]: DEBUG placement.requestlog [req-38367ed5-b30e-4c36-ba0c-52e8663e3d77 req-250f8b9c-4037-45bd-a271-ea03b24b1212 None None] Starting request: 10.222.0.23 "GET /placement/allocations/eb667468-05d0-42b5-819d-890eb80c999b" {{(pid=105868) __call__ /opt/stack/placement/placement/requestlog.py:55}}
Jul 20 19:28:25.273123 n-d-850468-4 devstack@placement-api.service[105868]: INFO placement.requestlog [req-38367ed5-b30e-4c36-ba0c-52e8663e3d77 req-250f8b9c-4037-45bd-a271-ea03b24b1212 service placement] 10.222.0.23 "GET /placement/allocations/eb667468-05d0-42b5-819d-890eb80c999b" status: 200 len: 245 microversion: 1.28
Jul 20 19:28:25.273974 n-d-850468-4 devstack@placement-api.service[105868]: [pid: 105868|app: 0|req: 640/1248] 10.222.0.23 () {60 vars in 1377 bytes} [Wed Jul 20 19:28:25 2022] GET /placement/allocations/eb667468-05d0-42b5-819d-890eb80c999b => generated 245 bytes in 23 msecs (HTTP/1.1 200) 8 headers in 296 bytes (1 switches on core 0)
Jul 20 19:28:25.285342 n-d-850468-4 devstack@placement-api.service[105867]: DEBUG placement.requestlog [req-38367ed5-b30e-4c36-ba0c-52e8663e3d77 req-de83a6ea-c5f8-4203-bc76-455a268121a6 None None] Starting request: 10.222.0.23 "GET /placement/allocations/46a5a1f2-2528-47d0-ae2e-9bab076f81ec" {{(pid=105867) __call__ /opt/stack/placement/placement/requestlog.py:55}}
Jul 20 19:28:25.288537 n-d-850468-4 devstack@placement-api.service[105868]: DEBUG placement.requestlog [req-049af684-6f30-4807-b50f-e5d8502a26ef req-0b5fec39-ad9c-49e1-97f6-40bb62cdcabf None None] Starting request: 10.222.0.42 "GET /placement/allocations/ce04789d-2266-4859-9e20-ed915fbc956d" {{(pid=105868) __call__ /opt/stack/placement/placement/requestlog.py:55}}
Jul 20 19:28:25.301429 n-d-850468-4 devstack@placement-api.service[105868]: INFO placement.requestlog [req-049af684-6f30-4807-b50f-e5d8502a26ef req-0b5fec39-ad9c-49e1-97f6-40bb62cdcabf service placement] 10.222.0.42 "GET /placement/allocations/ce04789d-2266-4859-9e20-ed915fbc956d" status: 200 len: 19 microversion: 1.28
Jul 20 19:28:25.302020 n-d-850468-4 devstack@placement-api.service[105868]: [pid: 105868|app: 0|req: 641/1249] 10.222.0.42 () {60 vars in 1380 bytes} [Wed Jul 20 19:28:25 2022] GET /placement/allocations/ce04789d-2266-4859-9e20-ed915fbc956d => generated 19 bytes in 14 msecs (HTTP/1.1 200) 8 headers in 295 bytes (1 switches on core 0)
Jul 20 19:28:25.307294 n-d-850468-4 devstack@placement-api.service[105867]: INFO placement.requestlog [req-38367ed5-b30e-4c36-ba0c-52e8663e3d77 req-de83a6ea-c5f8-4203-bc76-455a268121a6 service placement] 10.222.0.23 "GET /placement/allocations/46a5a1f2-2528-47d0-ae2e-9bab076f81ec" status: 200 len: 259 microversion: 1.28
Jul 20 19:28:25.308340 n-d-850468-4 devstack@placement-api.service[105868]: DEBUG placement.requestlog [req-049af684-6f30-4807-b50f-e5d8502a26ef req-3da2f841-f7af-4def-831e-9fdab624038d None None] Starting request: 10.222.0.42 "PUT /placement/allocations/ce04789d-2266-4859-9e20-ed915fbc956d" {{(pid=105868) __call__ /opt/stack/placement/placement/requestlog.py:55}}
Jul 20 19:28:25.308802 n-d-850468-4 devstack@placement-api.service[105867]: [pid: 105867|app: 0|req: 609/1250] 10.222.0.23 () {60 vars in 1377 bytes} [Wed Jul 20 19:28:25 2022] GET /placement/allocations/46a5a1f2-2528-47d0-ae2e-9bab076f81ec => generated 259 bytes in 25 msecs (HTTP/1.1 200) 8 headers in 296 bytes (1 switches on core 0)
Jul 20 19:28:25.335384 n-d-850468-4 devstack@placement-api.service[105867]: DEBUG placement.requestlog [req-38367ed5-b30e-4c36-ba0c-52e8663e3d77 req-dc7c6ec3-8ca2-441a-acbf-e2e70e9f5380 None None] Starting request: 10.222.0.23 "GET /placement/allocations/371dbe4f-d900-4459-9432-c2c803f373eb" {{(pid=105867) __call__ /opt/stack/placement/placement/requestlog.py:55}}
Jul 20 19:28:25.373011 n-d-850468-4 devstack@placement-api.service[105867]: INFO placement.requestlog [req-38367ed5-b30e-4c36-ba0c-52e8663e3d77 req-dc7c6ec3-8ca2-441a-acbf-e2e70e9f5380 service placement] 10.222.0.23 "GET /placement/allocations/371dbe4f-d900-4459-9432-c2c803f373eb" status: 200 len: 259 microversion: 1.28
Jul 20 19:28:25.374126 n-d-850468-4 devstack@placement-api.service[105867]: [pid: 105867|app: 0|req: 610/1251] 10.222.0.23 () {60 vars in 1377 bytes} [Wed Jul 20 19:28:25 2022] GET /placement/allocations/371dbe4f-d900-4459-9432-c2c803f373eb => generated 259 bytes in 39 msecs (HTTP/1.1 200) 8 headers in 296 bytes (2 switches on core 0)
Jul 20 19:28:25.382979 n-d-850468-4 devstack@placement-api.service[105867]: DEBUG placement.requestlog [req-38367ed5-b30e-4c36-ba0c-52e8663e3d77 req-d8b9f673-1099-404c-bae3-0cbdf109794b None None] Starting request: 10.222.0.23 "GET /placement/allocations/873078f1-10fd-4133-bc83-f5fcf689dc2f" {{(pid=105867) __call__ /opt/stack/placement/placement/requestlog.py:55}}
Jul 20 19:28:25.412756 n-d-850468-4 devstack@placement-api.service[105867]: INFO placement.requestlog [req-38367ed5-b30e-4c36-ba0c-52e8663e3d77 req-d8b9f673-1099-404c-bae3-0cbdf109794b service placement] 10.222.0.23 "GET /placement/allocations/873078f1-10fd-4133-bc83-f5fcf689dc2f" status: 200 len: 259 microversion: 1.28
Jul 20 19:28:25.417249 n-d-850468-4 devstack@placement-api.service[105867]: [pid: 105867|app: 0|req: 611/1252] 10.222.0.23 () {60 vars in 1377 bytes} [Wed Jul 20 19:28:25 2022] GET /placement/allocations/873078f1-10fd-4133-bc83-f5fcf689dc2f => generated 259 bytes in 35 msecs (HTTP/1.1 200) 8 headers in 296 bytes (2 switches on core 0)
Jul 20 19:28:25.442713 n-d-850468-4 devstack@placement-api.service[105867]: DEBUG placement.requestlog [req-38367ed5-b30e-4c36-ba0c-52e8663e3d77 req-fb744c13-2cf0-4010-8b20-3492a294f1f8 None None] Starting request: 10.222.0.23 "GET /placement/allocations/30cb7540-a362-481f-8481-1d95928f9d8c" {{(pid=105867) __call__ /opt/stack/placement/placement/requestlog.py:55}}
Jul 20 19:28:25.459193 n-d-850468-4 devstack@placement-api.service[105867]: INFO placement.requestlog [req-38367ed5-b30e-4c36-ba0c-52e8663e3d77 req-fb744c13-2cf0-4010-8b20-3492a294f1f8 service placement] 10.222.0.23 "GET /placement/allocations/30cb7540-a362-481f-8481-1d95928f9d8c" status: 200 len: 259 microversion: 1.28
Jul 20 19:28:25.459625 n-d-850468-4 devstack@placement-api.service[105867]: [pid: 105867|app: 0|req: 612/1253] 10.222.0.23 () {60 vars in 1377 bytes} [Wed Jul 20 19:28:25 2022] GET /placement/allocations/30cb7540-a362-481f-8481-1d95928f9d8c => generated 259 bytes in 17 msecs (HTTP/1.1 200) 8 headers in 296 bytes (2 switches on core 0)
Jul 20 19:28:25.479925 n-d-850468-4 devstack@placement-api.service[105867]: DEBUG placement.requestlog [req-38367ed5-b30e-4c36-ba0c-52e8663e3d77 req-e178aa52-b806-4453-8eae-acdbf4d8b565 None None] Starting request: 10.222.0.23 "GET /placement/allocations/06d1faee-e425-4639-b2f6-324aeaa7ed4c" {{(pid=105867) __call__ /opt/stack/placement/placement/requestlog.py:55}}
Jul 20 19:28:25.499295 n-d-850468-4 devstack@placement-api.service[105867]: INFO placement.requestlog [req-38367ed5-b30e-4c36-ba0c-52e8663e3d77 req-e178aa52-b806-4453-8eae-acdbf4d8b565 service placement] 10.222.0.23 "GET /placement/allocations/06d1faee-e425-4639-b2f6-324aeaa7ed4c" status: 200 len: 259 microversion: 1.28
Jul 20 19:28:25.500296 n-d-850468-4 devstack@placement-api.service[105867]: [pid: 105867|app: 0|req: 613/1254] 10.222.0.23 () {60 vars in 1377 bytes} [Wed Jul 20 19:28:25 2022] GET /placement/allocations/06d1faee-e425-4639-b2f6-324aeaa7ed4c => generated 259 bytes in 21 msecs (HTTP/1.1 200) 8 headers in 296 bytes (2 switches on core 0)
Jul 20 19:28:25.509643 n-d-850468-4 devstack@placement-api.service[105867]: DEBUG placement.requestlog [req-38367ed5-b30e-4c36-ba0c-52e8663e3d77 req-90a8f918-63d2-496c-9c03-000c59c48a60 None None] Starting request: 10.222.0.23 "GET /placement/allocations/f4939681-0361-4f7d-b72a-7029be35565e" {{(pid=105867) __call__ /opt/stack/placement/placement/requestlog.py:55}}
Jul 20 19:28:25.542662 n-d-850468-4 devstack@placement-api.service[105867]: INFO placement.requestlog [req-38367ed5-b30e-4c36-ba0c-52e8663e3d77 req-90a8f918-63d2-496c-9c03-000c59c48a60 service placement] 10.222.0.23 "GET /placement/allocations/f4939681-0361-4f7d-b72a-7029be35565e" status: 200 len: 259 microversion: 1.28
Jul 20 19:28:25.545313 n-d-850468-4 devstack@placement-api.service[105867]: [pid: 105867|app: 0|req: 614/1255] 10.222.0.23 () {60 vars in 1377 bytes} [Wed Jul 20 19:28:25 2022] GET /placement/allocations/f4939681-0361-4f7d-b72a-7029be35565e => generated 259 bytes in 36 msecs (HTTP/1.1 200) 8 headers in 296 bytes (2 switches on core 0)
Jul 20 19:28:25.570818 n-d-850468-4 devstack@placement-api.service[105867]: DEBUG placement.requestlog [req-290de52a-d53f-4bb2-b026-f14e7e5adc5d req-98bea7f7-d3f1-4625-830d-b5c299186e93 None None] Starting request: 10.222.0.15 "GET /placement/allocations/57423dcd-9914-4560-9027-ff9ba08fe26d" {{(pid=105867) __call__ /opt/stack/placement/placement/requestlog.py:55}}
Jul 20 19:28:25.598194 n-d-850468-4 devstack@placement-api.service[105867]: INFO placement.requestlog [req-290de52a-d53f-4bb2-b026-f14e7e5adc5d req-98bea7f7-d3f1-4625-830d-b5c299186e93 service placement] 10.222.0.15 "GET /placement/allocations/57423dcd-9914-4560-9027-ff9ba08fe26d" status: 200 len: 259 microversion: 1.28
Jul 20 19:28:25.599245 n-d-850468-4 devstack@placement-api.service[105867]: [pid: 105867|app: 0|req: 615/1256] 10.222.0.15 () {60 vars in 1377 bytes} [Wed Jul 20 19:28:25 2022] GET /placement/allocations/57423dcd-9914-4560-9027-ff9ba08fe26d => generated 259 bytes in 29 msecs (HTTP/1.1 200) 8 headers in 296 bytes (1 switches on core 0)
Jul 20 19:28:25.659362 n-d-850468-4 devstack@placement-api.service[105868]: DEBUG placement.handlers.allocation [req-049af684-6f30-4807-b50f-e5d8502a26ef req-3da2f841-f7af-4def-831e-9fdab624038d service placement] Successfully wrote allocations [, , ] {{(pid=105868) _update_consumers_and_create_allocations /opt/stack/placement/placement/handlers/allocation.py:462}}
Jul 20 19:28:25.797848 n-d-850468-4 devstack@placement-api.service[105868]: INFO placement.requestlog [req-049af684-6f30-4807-b50f-e5d8502a26ef req-3da2f841-f7af-4def-831e-9fdab624038d service placement] 10.222.0.42 "PUT /placement/allocations/ce04789d-2266-4859-9e20-ed915fbc956d" status: 204 len: 0 microversion: 1.36
Jul 20 19:28:25.798742 n-d-850468-4 devstack@placement-api.service[105868]: [pid: 105868|app: 0|req: 642/1257] 10.222.0.42 () {64 vars in 1433 bytes} [Wed Jul 20 19:28:25 2022] PUT /placement/allocations/ce04789d-2266-4859-9e20-ed915fbc956d => generated 0 bytes in 491 msecs (HTTP/1.1 204) 5 headers in 199 bytes (1 switches on core 0)
Jul 20 19:28:25.920063 n-d-850468-4 devstack@placement-api.service[105867]: DEBUG placement.requestlog [req-5d2434f6-6dc7-4300-a43f-d10dc2efc948 req-fbd2449f-a500-4492-b22d-33b94a5892e0 None None] Starting request: 10.222.0.23 "GET /placement/allocations/d460fd95-adb1-42f5-acd5-5d594e5c72c8" {{(pid=105867) __call__ /opt/stack/placement/placement/requestlog.py:55}}
Jul 20 19:28:25.936893 n-d-850468-4 devstack@placement-api.service[105867]: INFO placement.requestlog [req-5d2434f6-6dc7-4300-a43f-d10dc2efc948 req-fbd2449f-a500-4492-b22d-33b94a5892e0 service placement] 10.222.0.23 "GET /placement/allocations/d460fd95-adb1-42f5-acd5-5d594e5c72c8" status: 200 len: 259 microversion: 1.28
Jul 20 19:28:25.937421 n-d-850468-4 devstack@placement-api.service[105867]: [pid: 105867|app: 0|req: 616/1258] 10.222.0.23 () {60 vars in 1377 bytes} [Wed Jul 20 19:28:25 2022] GET /placement/allocations/d460fd95-adb1-42f5-acd5-5d594e5c72c8 => generated 259 bytes in 18 msecs (HTTP/1.1 200) 8 headers in 296 bytes (1 switches on core 0)
Jul 20 19:28:25.982694 n-d-850468-4 devstack@placement-api.service[105868]: DEBUG placement.requestlog [req-290de52a-d53f-4bb2-b026-f14e7e5adc5d req-0a6b2eb7-b4ef-4120-81e4-ff1542e7cd15 None None] Starting request: 10.222.0.15 "DELETE /placement/allocations/c7b44ba4-124e-4653-8519-99bb9b0c6627" {{(pid=105868) __call__ /opt/stack/placement/placement/requestlog.py:55}}
Jul 20 19:28:26.268237 n-d-850468-4 devstack@placement-api.service[105867]: DEBUG placement.requestlog [req-bd11c14c-2db4-43c9-8898-28d3b6dcf2dd req-b1ff59fe-b95d-4dbe-802c-bb19059e14c2 None None] Starting request: 10.222.0.23 "GET /placement/resource_providers/ec0150f1-32a7-4263-812c-5b8324ffed58/allocations" {{(pid=105867) __call__ /opt/stack/placement/placement/requestlog.py:55}}
Jul 20 19:28:26.322074 n-d-850468-4 devstack@placement-api.service[105867]: INFO placement.requestlog [req-bd11c14c-2db4-43c9-8898-28d3b6dcf2dd req-b1ff59fe-b95d-4dbe-802c-bb19059e14c2 service placement] 10.222.0.23 "GET /placement/resource_providers/ec0150f1-32a7-4263-812c-5b8324ffed58/allocations" status: 200 len: 1150 microversion: 1.0
Jul 20 19:28:26.325677 n-d-850468-4 devstack@placement-api.service[105867]: [pid: 105867|app: 0|req: 617/1259] 10.222.0.23 () {58 vars in 1390 bytes} [Wed Jul 20 19:28:26 2022] GET /placement/resource_providers/ec0150f1-32a7-4263-812c-5b8324ffed58/allocations => generated 1150 bytes in 58 msecs (HTTP/1.1 200) 6 headers in 225 bytes (1 switches on core 0)
Jul 20 19:28:26.334694 n-d-850468-4 devstack@placement-api.service[105867]: DEBUG placement.requestlog [req-bd11c14c-2db4-43c9-8898-28d3b6dcf2dd req-6a1b1d9d-81e6-47fd-9830-e538d8df34ca None None] Starting request: 10.222.0.23 "GET /placement/allocations/7d05f828-57c7-42e4-9833-4236fb94c339" {{(pid=105867) __call__ /opt/stack/placement/placement/requestlog.py:55}}
Jul 20 19:28:26.366604 n-d-850468-4 devstack@placement-api.service[105867]: INFO placement.requestlog [req-bd11c14c-2db4-43c9-8898-28d3b6dcf2dd req-6a1b1d9d-81e6-47fd-9830-e538d8df34ca service placement] 10.222.0.23 "GET /placement/allocations/7d05f828-57c7-42e4-9833-4236fb94c339" status: 200 len: 259 microversion: 1.28
Jul 20 19:28:26.367460 n-d-850468-4 devstack@placement-api.service[105867]: [pid: 105867|app: 0|req: 618/1260] 10.222.0.23 () {60 vars in 1377 bytes} [Wed Jul 20 19:28:26 2022] GET /placement/allocations/7d05f828-57c7-42e4-9833-4236fb94c339 => generated 259 bytes in 33 msecs (HTTP/1.1 200) 8 headers in 296 bytes (2 switches on core 0)
Jul 20 19:28:26.380002 n-d-850468-4 devstack@placement-api.service[105867]: DEBUG placement.requestlog [req-bd11c14c-2db4-43c9-8898-28d3b6dcf2dd req-ec3eb16e-1b79-499c-b989-47d095d3452a None None] Starting request: 10.222.0.23 "GET /placement/allocations/416b4363-e778-43d9-a112-d487191ba461" {{(pid=105867) __call__ /opt/stack/placement/placement/requestlog.py:55}}
Jul 20 19:28:26.388177 n-d-850468-4 devstack@placement-api.service[105868]: DEBUG placement.handlers.allocation [req-290de52a-d53f-4bb2-b026-f14e7e5adc5d req-0a6b2eb7-b4ef-4120-81e4-ff1542e7cd15 service placement] Successfully deleted allocations [, , ] {{(pid=105868) delete_allocations /opt/stack/placement/placement/handlers/allocation.py:627}}
Jul 20 19:28:26.392965 n-d-850468-4 devstack@placement-api.service[105868]: INFO placement.requestlog [req-290de52a-d53f-4bb2-b026-f14e7e5adc5d req-0a6b2eb7-b4ef-4120-81e4-ff1542e7cd15 service placement] 10.222.0.15 "DELETE /placement/allocations/c7b44ba4-124e-4653-8519-99bb9b0c6627" status: 204 len: 0 microversion: 1.0
Jul 20 19:28:26.392965 n-d-850468-4 devstack@placement-api.service[105868]: [pid: 105868|app: 0|req: 643/1261] 10.222.0.15 () {60 vars in 1355 bytes} [Wed Jul 20 19:28:25 2022] DELETE /placement/allocations/c7b44ba4-124e-4653-8519-99bb9b0c6627 => generated 0 bytes in 407 msecs (HTTP/1.1 204) 5 headers in 198 bytes (1 switches on core 0)
Jul 20 19:28:26.433136 n-d-850468-4 devstack@placement-api.service[105867]: INFO placement.requestlog [req-bd11c14c-2db4-43c9-8898-28d3b6dcf2dd req-ec3eb16e-1b79-499c-b989-47d095d3452a service placement] 10.222.0.23 "GET /placement/allocations/416b4363-e778-43d9-a112-d487191ba461" status: 200 len: 259 microversion: 1.28
Jul 20 19:28:26.433793 n-d-850468-4 devstack@placement-api.service[105867]: [pid: 105867|app: 0|req: 619/1262] 10.222.0.23 () {60 vars in 1377 bytes} [Wed Jul 20 19:28:26 2022] GET /placement/allocations/416b4363-e778-43d9-a112-d487191ba461 => generated 259 bytes in 55 msecs (HTTP/1.1 200) 8 headers in 296 bytes (2 switches on core 0)
Jul 20 19:28:26.443411 n-d-850468-4 devstack@placement-api.service[105868]: DEBUG placement.requestlog [req-bd11c14c-2db4-43c9-8898-28d3b6dcf2dd req-c1f98963-a460-4dac-8ce8-9399630550f8 None None] Starting request: 10.222.0.23 "GET /placement/allocations/9e819f64-6718-467a-a823-dfc3a2beb0e2" {{(pid=105868) __call__ /opt/stack/placement/placement/requestlog.py:55}}
Jul 20 19:28:26.465893 n-d-850468-4 devstack@placement-api.service[105868]: INFO placement.requestlog [req-bd11c14c-2db4-43c9-8898-28d3b6dcf2dd req-c1f98963-a460-4dac-8ce8-9399630550f8 service placement] 10.222.0.23 "GET /placement/allocations/9e819f64-6718-467a-a823-dfc3a2beb0e2" status: 200 len: 259 microversion: 1.28
Jul 20 19:28:26.467726 n-d-850468-4 devstack@placement-api.service[105868]: [pid: 105868|app: 0|req: 644/1263] 10.222.0.23 () {60 vars in 1377 bytes} [Wed Jul 20 19:28:26 2022] GET /placement/allocations/9e819f64-6718-467a-a823-dfc3a2beb0e2 => generated 259 bytes in 23 msecs (HTTP/1.1 200) 8 headers in 296 bytes (1 switches on core 0)
Jul 20 19:28:26.485006 n-d-850468-4 devstack@placement-api.service[105867]: DEBUG placement.requestlog [req-bd11c14c-2db4-43c9-8898-28d3b6dcf2dd req-d87948c9-690e-4db1-b460-261c2aca47e1 None None] Starting request: 10.222.0.23 "GET /placement/allocations/d460fd95-adb1-42f5-acd5-5d594e5c72c8" {{(pid=105867) __call__ /opt/stack/placement/placement/requestlog.py:55}}
Jul 20 19:28:26.511702 n-d-850468-4 devstack@placement-api.service[105867]: INFO placement.requestlog [req-bd11c14c-2db4-43c9-8898-28d3b6dcf2dd req-d87948c9-690e-4db1-b460-261c2aca47e1 service placement] 10.222.0.23 "GET /placement/allocations/d460fd95-adb1-42f5-acd5-5d594e5c72c8" status: 200 len: 259 microversion: 1.28
Jul 20 19:28:26.512441 n-d-850468-4 devstack@placement-api.service[105867]: [pid: 105867|app: 0|req: 620/1264] 10.222.0.23 () {60 vars in 1377 bytes} [Wed Jul 20 19:28:26 2022] GET /placement/allocations/d460fd95-adb1-42f5-acd5-5d594e5c72c8 => generated 259 bytes in 28 msecs (HTTP/1.1 200) 8 headers in 296 bytes (1 switches on core 0)
Jul 20 19:28:26.541398 n-d-850468-4 devstack@placement-api.service[105868]: DEBUG placement.requestlog [req-bd11c14c-2db4-43c9-8898-28d3b6dcf2dd req-fdded2ab-e120-4534-b8f4-76db5b50e4eb None None] Starting request: 10.222.0.23 "GET /placement/allocations/eb667468-05d0-42b5-819d-890eb80c999b" {{(pid=105868) __call__ /opt/stack/placement/placement/requestlog.py:55}}
Jul 20 19:28:26.566469 n-d-850468-4 devstack@placement-api.service[105867]: DEBUG placement.requestlog [req-bd11c14c-2db4-43c9-8898-28d3b6dcf2dd req-eab562de-76ee-494c-bf7f-847f150a43c7 None None] Starting request: 10.222.0.15 "GET /placement/allocations/b17ba6f8-05e8-43cf-bab6-c66dfccfb229" {{(pid=105867) __call__ /opt/stack/placement/placement/requestlog.py:55}}
Jul 20 19:28:26.586760 n-d-850468-4 devstack@placement-api.service[105868]: INFO placement.requestlog [req-bd11c14c-2db4-43c9-8898-28d3b6dcf2dd req-fdded2ab-e120-4534-b8f4-76db5b50e4eb service placement] 10.222.0.23 "GET /placement/allocations/eb667468-05d0-42b5-819d-890eb80c999b" status: 200 len: 245 microversion: 1.28
Jul 20 19:28:26.587710 n-d-850468-4 devstack@placement-api.service[105868]: [pid: 105868|app: 0|req: 645/1265] 10.222.0.23 () {60 vars in 1377 bytes} [Wed Jul 20 19:28:26 2022] GET /placement/allocations/eb667468-05d0-42b5-819d-890eb80c999b => generated 245 bytes in 47 msecs (HTTP/1.1 200) 8 headers in 296 bytes (1 switches on core 0)
Jul 20 19:28:26.596567 n-d-850468-4 devstack@placement-api.service[105868]: DEBUG placement.requestlog [req-bd11c14c-2db4-43c9-8898-28d3b6dcf2dd req-51a0bbe1-17aa-4482-9fb5-949118b8b78a None None] Starting request: 10.222.0.23 "GET /placement/allocations/46a5a1f2-2528-47d0-ae2e-9bab076f81ec" {{(pid=105868) __call__ /opt/stack/placement/placement/requestlog.py:55}}
Jul 20 19:28:26.620534 n-d-850468-4 devstack@placement-api.service[105867]: INFO placement.requestlog [req-bd11c14c-2db4-43c9-8898-28d3b6dcf2dd req-eab562de-76ee-494c-bf7f-847f150a43c7 service placement] 10.222.0.15 "GET /placement/allocations/b17ba6f8-05e8-43cf-bab6-c66dfccfb229" status: 200 len: 259 microversion: 1.28
Jul 20 19:28:26.621089 n-d-850468-4 devstack@placement-api.service[105867]: [pid: 105867|app: 0|req: 621/1266] 10.222.0.15 () {60 vars in 1377 bytes} [Wed Jul 20 19:28:26 2022] GET /placement/allocations/b17ba6f8-05e8-43cf-bab6-c66dfccfb229 => generated 259 bytes in 55 msecs (HTTP/1.1 200) 8 headers in 296 bytes (1 switches on core 0)
Jul 20 19:28:26.623891 n-d-850468-4 devstack@placement-api.service[105868]: INFO placement.requestlog [req-bd11c14c-2db4-43c9-8898-28d3b6dcf2dd req-51a0bbe1-17aa-4482-9fb5-949118b8b78a service placement] 10.222.0.23 "GET /placement/allocations/46a5a1f2-2528-47d0-ae2e-9bab076f81ec" status: 200 len: 259 microversion: 1.28
Jul 20 19:28:26.624597 n-d-850468-4 devstack@placement-api.service[105868]: [pid: 105868|app: 0|req: 646/1267] 10.222.0.23 () {60 vars in 1377 bytes} [Wed Jul 20 19:28:26 2022] GET /placement/allocations/46a5a1f2-2528-47d0-ae2e-9bab076f81ec => generated 259 bytes in 28 msecs (HTTP/1.1 200) 8 headers in 296 bytes (1 switches on core 0)
Jul 20 19:28:26.634736 n-d-850468-4 devstack@placement-api.service[105867]: DEBUG placement.requestlog [req-bd11c14c-2db4-43c9-8898-28d3b6dcf2dd req-89fdf99b-e1af-49a4-b2d7-a4383d46fd63 None None] Starting request: 10.222.0.23 "GET /placement/allocations/371dbe4f-d900-4459-9432-c2c803f373eb" {{(pid=105867) __call__ /opt/stack/placement/placement/requestlog.py:55}}
Jul 20 19:28:26.661292 n-d-850468-4 devstack@placement-api.service[105867]: INFO placement.requestlog [req-bd11c14c-2db4-43c9-8898-28d3b6dcf2dd req-89fdf99b-e1af-49a4-b2d7-a4383d46fd63 service placement] 10.222.0.23 "GET /placement/allocations/371dbe4f-d900-4459-9432-c2c803f373eb" status: 200 len: 259 microversion: 1.28
Jul 20 19:28:26.661292 n-d-850468-4 devstack@placement-api.service[105867]: [pid: 105867|app: 0|req: 622/1268] 10.222.0.23 () {60 vars in 1377 bytes} [Wed Jul 20 19:28:26 2022] GET /placement/allocations/371dbe4f-d900-4459-9432-c2c803f373eb => generated 259 bytes in 25 msecs (HTTP/1.1 200) 8 headers in 296 bytes (2 switches on core 0)
Jul 20 19:28:26.668394 n-d-850468-4 devstack@placement-api.service[105868]: DEBUG placement.requestlog [req-bd11c14c-2db4-43c9-8898-28d3b6dcf2dd req-367e54ea-231a-4eec-a3e8-3655abc31df2 None None] Starting request: 10.222.0.23 "GET /placement/allocations/873078f1-10fd-4133-bc83-f5fcf689dc2f" {{(pid=105868) __call__ /opt/stack/placement/placement/requestlog.py:55}}
Jul 20 19:28:26.727351 n-d-850468-4 devstack@placement-api.service[105868]: INFO placement.requestlog [req-bd11c14c-2db4-43c9-8898-28d3b6dcf2dd req-367e54ea-231a-4eec-a3e8-3655abc31df2 service placement] 10.222.0.23 "GET /placement/allocations/873078f1-10fd-4133-bc83-f5fcf689dc2f" status: 200 len: 259 microversion: 1.28
Jul 20 19:28:26.727935 n-d-850468-4 devstack@placement-api.service[105868]: [pid: 105868|app: 0|req: 647/1269] 10.222.0.23 () {60 vars in 1377 bytes} [Wed Jul 20 19:28:26 2022] GET /placement/allocations/873078f1-10fd-4133-bc83-f5fcf689dc2f => generated 259 bytes in 58 msecs (HTTP/1.1 200) 8 headers in 296 bytes (2 switches on core 0)
Jul 20 19:28:26.738597 n-d-850468-4 devstack@placement-api.service[105867]: DEBUG placement.requestlog [req-bd11c14c-2db4-43c9-8898-28d3b6dcf2dd req-278f25da-2a9d-41a6-80a7-a30962328d66 None None] Starting request: 10.222.0.23 "GET /placement/allocations/30cb7540-a362-481f-8481-1d95928f9d8c" {{(pid=105867) __call__ /opt/stack/placement/placement/requestlog.py:55}}
Jul 20 19:28:26.763354 n-d-850468-4 devstack@placement-api.service[105867]: INFO placement.requestlog [req-bd11c14c-2db4-43c9-8898-28d3b6dcf2dd req-278f25da-2a9d-41a6-80a7-a30962328d66 service placement] 10.222.0.23 "GET /placement/allocations/30cb7540-a362-481f-8481-1d95928f9d8c" status: 200 len: 259 microversion: 1.28
Jul 20 19:28:26.764179 n-d-850468-4 devstack@placement-api.service[105867]: [pid: 105867|app: 0|req: 623/1270] 10.222.0.23 () {60 vars in 1377 bytes} [Wed Jul 20 19:28:26 2022] GET /placement/allocations/30cb7540-a362-481f-8481-1d95928f9d8c => generated 259 bytes in 26 msecs (HTTP/1.1 200) 8 headers in 296 bytes (1 switches on core 0)
Jul 20 19:28:26.775459 n-d-850468-4 devstack@placement-api.service[105868]: DEBUG placement.requestlog [req-bd11c14c-2db4-43c9-8898-28d3b6dcf2dd req-826dd04b-0f9f-4fda-89a1-fbfa5108d81f None None] Starting request: 10.222.0.23 "GET /placement/allocations/06d1faee-e425-4639-b2f6-324aeaa7ed4c" {{(pid=105868) __call__ /opt/stack/placement/placement/requestlog.py:55}}
Jul 20 19:28:26.793667 n-d-850468-4 devstack@placement-api.service[105868]: INFO placement.requestlog [req-bd11c14c-2db4-43c9-8898-28d3b6dcf2dd req-826dd04b-0f9f-4fda-89a1-fbfa5108d81f service placement] 10.222.0.23 "GET /placement/allocations/06d1faee-e425-4639-b2f6-324aeaa7ed4c" status: 200 len: 259 microversion: 1.28
Jul 20 19:28:26.794529 n-d-850468-4 devstack@placement-api.service[105868]: [pid: 105868|app: 0|req: 648/1271] 10.222.0.23 () {60 vars in 1377 bytes} [Wed Jul 20 19:28:26 2022] GET /placement/allocations/06d1faee-e425-4639-b2f6-324aeaa7ed4c => generated 259 bytes in 19 msecs (HTTP/1.1 200) 8 headers in 296 bytes (1 switches on core 0)
Jul 20 19:28:26.802287 n-d-850468-4 devstack@placement-api.service[105867]: DEBUG placement.requestlog [req-bd11c14c-2db4-43c9-8898-28d3b6dcf2dd req-7d798142-19d4-4e9a-a909-a96d15a31fe8 None None] Starting request: 10.222.0.23 "GET /placement/allocations/f4939681-0361-4f7d-b72a-7029be35565e" {{(pid=105867) __call__ /opt/stack/placement/placement/requestlog.py:55}}
Jul 20 19:28:26.825688 n-d-850468-4 devstack@placement-api.service[105867]: INFO placement.requestlog [req-bd11c14c-2db4-43c9-8898-28d3b6dcf2dd req-7d798142-19d4-4e9a-a909-a96d15a31fe8 service placement] 10.222.0.23 "GET /placement/allocations/f4939681-0361-4f7d-b72a-7029be35565e" status: 200 len: 259 microversion: 1.28
Jul 20 19:28:26.826255 n-d-850468-4 devstack@placement-api.service[105867]: [pid: 105867|app: 0|req: 624/1272] 10.222.0.23 () {60 vars in 1377 bytes} [Wed Jul 20 19:28:26 2022] GET /placement/allocations/f4939681-0361-4f7d-b72a-7029be35565e => generated 259 bytes in 24 msecs (HTTP/1.1 200) 8 headers in 296 bytes (1 switches on core 0)
Jul 20 19:28:27.160219 n-d-850468-4 devstack@placement-api.service[105868]: DEBUG placement.requestlog [req-5d2434f6-6dc7-4300-a43f-d10dc2efc948 req-b6c5b853-701b-4aef-a689-f0631e444e11 None None] Starting request: 10.222.0.23 "GET /placement/resource_providers/ec0150f1-32a7-4263-812c-5b8324ffed58/allocations" {{(pid=105868) __call__ /opt/stack/placement/placement/requestlog.py:55}}
Jul 20 19:28:27.185468 n-d-850468-4 devstack@placement-api.service[105868]: INFO placement.requestlog [req-5d2434f6-6dc7-4300-a43f-d10dc2efc948 req-b6c5b853-701b-4aef-a689-f0631e444e11 service placement] 10.222.0.23 "GET /placement/resource_providers/ec0150f1-32a7-4263-812c-5b8324ffed58/allocations" status: 200 len: 1150 microversion: 1.0
Jul 20 19:28:27.185902 n-d-850468-4 devstack@placement-api.service[105868]: [pid: 105868|app: 0|req: 649/1273] 10.222.0.23 () {58 vars in 1390 bytes} [Wed Jul 20 19:28:27 2022] GET /placement/resource_providers/ec0150f1-32a7-4263-812c-5b8324ffed58/allocations => generated 1150 bytes in 26 msecs (HTTP/1.1 200) 6 headers in 225 bytes (1 switches on core 0)
Jul 20 19:28:27.196732 n-d-850468-4 devstack@placement-api.service[105867]: DEBUG placement.requestlog [req-5d2434f6-6dc7-4300-a43f-d10dc2efc948 req-16c23031-1616-4782-b355-32a0b080e820 None None] Starting request: 10.222.0.23 "GET /placement/allocations/7d05f828-57c7-42e4-9833-4236fb94c339" {{(pid=105867) __call__ /opt/stack/placement/placement/requestlog.py:55}}
Jul 20 19:28:27.215363 n-d-850468-4 devstack@placement-api.service[105867]: INFO placement.requestlog [req-5d2434f6-6dc7-4300-a43f-d10dc2efc948 req-16c23031-1616-4782-b355-32a0b080e820 service placement] 10.222.0.23 "GET /placement/allocations/7d05f828-57c7-42e4-9833-4236fb94c339" status: 200 len: 259 microversion: 1.28
Jul 20 19:28:27.216287 n-d-850468-4 devstack@placement-api.service[105867]: [pid: 105867|app: 0|req: 625/1274] 10.222.0.23 () {60 vars in 1377 bytes} [Wed Jul 20 19:28:27 2022] GET /placement/allocations/7d05f828-57c7-42e4-9833-4236fb94c339 => generated 259 bytes in 20 msecs (HTTP/1.1 200) 8 headers in 296 bytes (1 switches on core 0)
Jul 20 19:28:27.229067 n-d-850468-4 devstack@placement-api.service[105868]: DEBUG placement.requestlog [req-5d2434f6-6dc7-4300-a43f-d10dc2efc948 req-bf59cc95-a1ec-4a26-8d66-7d60b9be2c7b None None] Starting request: 10.222.0.23 "GET /placement/allocations/416b4363-e778-43d9-a112-d487191ba461" {{(pid=105868) __call__ /opt/stack/placement/placement/requestlog.py:55}}
Jul 20 19:28:27.246037 n-d-850468-4 devstack@placement-api.service[105868]: INFO placement.requestlog [req-5d2434f6-6dc7-4300-a43f-d10dc2efc948 req-bf59cc95-a1ec-4a26-8d66-7d60b9be2c7b service placement] 10.222.0.23 "GET /placement/allocations/416b4363-e778-43d9-a112-d487191ba461" status: 200 len: 259 microversion: 1.28
Jul 20 19:28:27.246657 n-d-850468-4 devstack@placement-api.service[105868]: [pid: 105868|app: 0|req: 650/1275] 10.222.0.23 () {60 vars in 1377 bytes} [Wed Jul 20 19:28:27 2022] GET /placement/allocations/416b4363-e778-43d9-a112-d487191ba461 => generated 259 bytes in 18 msecs (HTTP/1.1 200) 8 headers in 296 bytes (2 switches on core 0)
Jul 20 19:28:27.262738 n-d-850468-4 devstack@placement-api.service[105867]: DEBUG placement.requestlog [req-5d2434f6-6dc7-4300-a43f-d10dc2efc948 req-bd8509e4-fa8f-44f8-9434-baf31d528f19 None None] Starting request: 10.222.0.23 "GET /placement/allocations/9e819f64-6718-467a-a823-dfc3a2beb0e2" {{(pid=105867) __call__ /opt/stack/placement/placement/requestlog.py:55}}
Jul 20 19:28:27.281221 n-d-850468-4 devstack@placement-api.service[105867]: INFO placement.requestlog [req-5d2434f6-6dc7-4300-a43f-d10dc2efc948 req-bd8509e4-fa8f-44f8-9434-baf31d528f19 service placement] 10.222.0.23 "GET /placement/allocations/9e819f64-6718-467a-a823-dfc3a2beb0e2" status: 200 len: 259 microversion: 1.28
Jul 20 19:28:27.282270 n-d-850468-4 devstack@placement-api.service[105867]: [pid: 105867|app: 0|req: 626/1276] 10.222.0.23 () {60 vars in 1377 bytes} [Wed Jul 20 19:28:27 2022] GET /placement/allocations/9e819f64-6718-467a-a823-dfc3a2beb0e2 => generated 259 bytes in 20 msecs (HTTP/1.1 200) 8 headers in 296 bytes (1 switches on core 0)
Jul 20 19:28:27.293554 n-d-850468-4 devstack@placement-api.service[105868]: DEBUG placement.requestlog [req-5d2434f6-6dc7-4300-a43f-d10dc2efc948 req-cdc06645-71fc-4b4f-93d2-01991b61b28d None None] Starting request: 10.222.0.23 "GET /placement/allocations/d460fd95-adb1-42f5-acd5-5d594e5c72c8" {{(pid=105868) __call__ /opt/stack/placement/placement/requestlog.py:55}}
Jul 20 19:28:27.309539 n-d-850468-4 devstack@placement-api.service[105868]: INFO placement.requestlog [req-5d2434f6-6dc7-4300-a43f-d10dc2efc948 req-cdc06645-71fc-4b4f-93d2-01991b61b28d service placement] 10.222.0.23 "GET /placement/allocations/d460fd95-adb1-42f5-acd5-5d594e5c72c8" status: 200 len: 259 microversion: 1.28
Jul 20 19:28:27.310047 n-d-850468-4 devstack@placement-api.service[105868]: [pid: 105868|app: 0|req: 651/1277] 10.222.0.23 () {60 vars in 1377 bytes} [Wed Jul 20 19:28:27 2022] GET /placement/allocations/d460fd95-adb1-42f5-acd5-5d594e5c72c8 => generated 259 bytes in 17 msecs (HTTP/1.1 200) 8 headers in 296 bytes (1 switches on core 0)
Jul 20 19:28:27.325601 n-d-850468-4 devstack@placement-api.service[105867]: DEBUG placement.requestlog [req-5d2434f6-6dc7-4300-a43f-d10dc2efc948 req-9b4f1120-7b12-43cd-9edd-48f0977341a9 None None] Starting request: 10.222.0.23 "GET /placement/allocations/eb667468-05d0-42b5-819d-890eb80c999b" {{(pid=105867) __call__ /opt/stack/placement/placement/requestlog.py:55}}
Jul 20 19:28:27.344522 n-d-850468-4 devstack@placement-api.service[105867]: INFO placement.requestlog [req-5d2434f6-6dc7-4300-a43f-d10dc2efc948 req-9b4f1120-7b12-43cd-9edd-48f0977341a9 service placement] 10.222.0.23 "GET /placement/allocations/eb667468-05d0-42b5-819d-890eb80c999b" status: 200 len: 245 microversion: 1.28
Jul 20 19:28:27.345064 n-d-850468-4 devstack@placement-api.service[105867]: [pid: 105867|app: 0|req: 627/1278] 10.222.0.23 () {60 vars in 1377 bytes} [Wed Jul 20 19:28:27 2022] GET /placement/allocations/eb667468-05d0-42b5-819d-890eb80c999b => generated 245 bytes in 20 msecs (HTTP/1.1 200) 8 headers in 296 bytes (1 switches on core 0)
Jul 20 19:28:27.359602 n-d-850468-4 devstack@placement-api.service[105868]: DEBUG placement.requestlog [req-5d2434f6-6dc7-4300-a43f-d10dc2efc948 req-55bdfece-ce48-4b91-a968-531fa0ad8564 None None] Starting request: 10.222.0.23 "GET /placement/allocations/46a5a1f2-2528-47d0-ae2e-9bab076f81ec" {{(pid=105868) __call__ /opt/stack/placement/placement/requestlog.py:55}}
Jul 20 19:28:27.385517 n-d-850468-4 devstack@placement-api.service[105868]: INFO placement.requestlog [req-5d2434f6-6dc7-4300-a43f-d10dc2efc948 req-55bdfece-ce48-4b91-a968-531fa0ad8564 service placement] 10.222.0.23 "GET /placement/allocations/46a5a1f2-2528-47d0-ae2e-9bab076f81ec" status: 200 len: 259 microversion: 1.28
Jul 20 19:28:27.386418 n-d-850468-4 devstack@placement-api.service[105868]: [pid: 105868|app: 0|req: 652/1279] 10.222.0.23 () {60 vars in 1377 bytes} [Wed Jul 20 19:28:27 2022] GET /placement/allocations/46a5a1f2-2528-47d0-ae2e-9bab076f81ec => generated 259 bytes in 27 msecs (HTTP/1.1 200) 8 headers in 296 bytes (1 switches on core 0)
Jul 20 19:28:27.396844 n-d-850468-4 devstack@placement-api.service[105867]: DEBUG placement.requestlog [req-5d2434f6-6dc7-4300-a43f-d10dc2efc948 req-1b3ffc70-c776-47c3-ae7f-0a210bdf5998 None None] Starting request: 10.222.0.23 "GET /placement/allocations/371dbe4f-d900-4459-9432-c2c803f373eb" {{(pid=105867) __call__ /opt/stack/placement/placement/requestlog.py:55}}
Jul 20 19:28:27.418728 n-d-850468-4 devstack@placement-api.service[105867]: INFO placement.requestlog [req-5d2434f6-6dc7-4300-a43f-d10dc2efc948 req-1b3ffc70-c776-47c3-ae7f-0a210bdf5998 service placement] 10.222.0.23 "GET /placement/allocations/371dbe4f-d900-4459-9432-c2c803f373eb" status: 200 len: 259 microversion: 1.28
