Jul 20 15:11:03.573172 n-d-850468-3 devstack@n-api.service[104115]: DEBUG nova.api.openstack.wsgi_app [-] oslo_messaging_rabbit.ssl_enforce_fips_mode = False {{(pid=104115) log_opt_values /usr/local/lib/python3.8/dist-packages/oslo_config/cfg.py:2609}}
Jul 20 15:11:03.573495 n-d-850468-3 devstack@n-api.service[104115]: DEBUG nova.api.openstack.wsgi_app [-] oslo_messaging_rabbit.ssl_key_file = {{(pid=104115) log_opt_values /usr/local/lib/python3.8/dist-packages/oslo_config/cfg.py:2609}}
Jul 20 15:11:03.573806 n-d-850468-3 devstack@n-api.service[104115]: DEBUG nova.api.openstack.wsgi_app [-] oslo_messaging_rabbit.ssl_version = {{(pid=104115) log_opt_values /usr/local/lib/python3.8/dist-packages/oslo_config/cfg.py:2609}}
Jul 20 15:11:03.574161 n-d-850468-3 devstack@n-api.service[104115]: DEBUG nova.api.openstack.wsgi_app [-] oslo_messaging_notifications.driver = ['messagingv2'] {{(pid=104115) log_opt_values /usr/local/lib/python3.8/dist-packages/oslo_config/cfg.py:2609}}
Jul 20 15:11:03.574465 n-d-850468-3 devstack@n-api.service[104115]: DEBUG nova.api.openstack.wsgi_app [-] oslo_messaging_notifications.retry = -1 {{(pid=104115) log_opt_values /usr/local/lib/python3.8/dist-packages/oslo_config/cfg.py:2609}}
Jul 20 15:11:03.574802 n-d-850468-3 devstack@n-api.service[104115]: DEBUG nova.api.openstack.wsgi_app [-] oslo_messaging_notifications.topics = ['notifications'] {{(pid=104115) log_opt_values /usr/local/lib/python3.8/dist-packages/oslo_config/cfg.py:2609}}
Jul 20 15:11:03.575125 n-d-850468-3 devstack@n-api.service[104115]: DEBUG nova.api.openstack.wsgi_app [-] oslo_messaging_notifications.transport_url = **** {{(pid=104115) log_opt_values /usr/local/lib/python3.8/dist-packages/oslo_config/cfg.py:2609}}
Jul 20 15:11:03.575432 n-d-850468-3 devstack@n-api.service[104115]: DEBUG nova.api.openstack.wsgi_app [-] oslo_reports.file_event_handler = None {{(pid=104115) log_opt_values /usr/local/lib/python3.8/dist-packages/oslo_config/cfg.py:2609}}
Jul 20 15:11:03.575725 n-d-850468-3 devstack@n-api.service[104115]: DEBUG nova.api.openstack.wsgi_app [-] oslo_reports.file_event_handler_interval = 1 {{(pid=104115) log_opt_values /usr/local/lib/python3.8/dist-packages/oslo_config/cfg.py:2609}}
Jul 20 15:11:03.576022 n-d-850468-3 devstack@n-api.service[104115]: DEBUG nova.api.openstack.wsgi_app [-] oslo_reports.log_dir = None {{(pid=104115) log_opt_values /usr/local/lib/python3.8/dist-packages/oslo_config/cfg.py:2609}}
Jul 20 15:11:03.576258 n-d-850468-3 devstack@n-api.service[104115]: DEBUG nova.api.openstack.wsgi_app [-] ******************************************************************************** {{(pid=104115) log_opt_values /usr/local/lib/python3.8/dist-packages/oslo_config/cfg.py:2613}}
Jul 20 15:11:03.640330 n-d-850468-3 devstack@n-api.service[104115]: INFO dbcounter [None req-123cbbea-4f00-4b64-b2d2-1e6169ca7c38 None None] Registered counter for database nova_api
Jul 20 15:11:03.758643 n-d-850468-3 devstack@n-api.service[104115]: DEBUG oslo_db.sqlalchemy.engines [None req-123cbbea-4f00-4b64-b2d2-1e6169ca7c38 None None] MySQL server mode set to STRICT_TRANS_TABLES,STRICT_ALL_TABLES,NO_ZERO_IN_DATE,NO_ZERO_DATE,ERROR_FOR_DIVISION_BY_ZERO,TRADITIONAL,NO_ENGINE_SUBSTITUTION {{(pid=104115) _check_effective_sql_mode /usr/local/lib/python3.8/dist-packages/oslo_db/sqlalchemy/engines.py:314}}
Jul 20 15:11:03.766490 n-d-850468-3 devstack@n-api.service[104115]: DEBUG dbcounter [-] [104115] Writer thread running {{(pid=104115) stat_writer /usr/local/lib/python3.8/dist-packages/dbcounter.py:99}}
Jul 20 15:11:03.829384 n-d-850468-3 devstack@n-api.service[104115]: DEBUG nova.context [None req-123cbbea-4f00-4b64-b2d2-1e6169ca7c38 None None] Found 2 cells: 00000000-0000-0000-0000-000000000000(cell0),f8e3817e-d60f-45ac-bd59-ebb07ca85682(cell1) {{(pid=104115) load_cells /opt/stack/nova/nova/context.py:464}}
Jul 20 15:11:03.833775 n-d-850468-3 devstack@n-api.service[104115]: DEBUG oslo_concurrency.lockutils [None req-123cbbea-4f00-4b64-b2d2-1e6169ca7c38 None None] Lock "00000000-0000-0000-0000-000000000000" acquired by "nova.context.set_target_cell..get_or_set_cached_cell_and_set_connections" :: waited 0.000s {{(pid=104115) inner /usr/local/lib/python3.8/dist-packages/oslo_concurrency/lockutils.py:386}}
Jul 20 15:11:03.835773 n-d-850468-3 devstack@n-api.service[104115]: DEBUG oslo_concurrency.lockutils [None req-123cbbea-4f00-4b64-b2d2-1e6169ca7c38 None None] Lock "00000000-0000-0000-0000-000000000000" "released" by "nova.context.set_target_cell..get_or_set_cached_cell_and_set_connections" :: held 0.002s {{(pid=104115) inner /usr/local/lib/python3.8/dist-packages/oslo_concurrency/lockutils.py:400}}
Jul 20 15:11:03.836751 n-d-850468-3 devstack@n-api.service[104115]: DEBUG oslo_concurrency.lockutils [None req-123cbbea-4f00-4b64-b2d2-1e6169ca7c38 None None] Lock "f8e3817e-d60f-45ac-bd59-ebb07ca85682" acquired by "nova.context.set_target_cell..get_or_set_cached_cell_and_set_connections" :: waited 0.000s {{(pid=104115) inner /usr/local/lib/python3.8/dist-packages/oslo_concurrency/lockutils.py:386}}
Jul 20 15:11:03.839091 n-d-850468-3 devstack@n-api.service[104115]: DEBUG oslo_concurrency.lockutils [None req-123cbbea-4f00-4b64-b2d2-1e6169ca7c38 None None] Lock "f8e3817e-d60f-45ac-bd59-ebb07ca85682" "released" by "nova.context.set_target_cell..get_or_set_cached_cell_and_set_connections" :: held 0.002s {{(pid=104115) inner /usr/local/lib/python3.8/dist-packages/oslo_concurrency/lockutils.py:400}}
Jul 20 15:11:03.841277 n-d-850468-3 devstack@n-api.service[104115]: INFO dbcounter [None req-123cbbea-4f00-4b64-b2d2-1e6169ca7c38 None None] Registered counter for database nova_cell0
Jul 20 15:11:03.845675 n-d-850468-3 devstack@n-api.service[104115]: INFO dbcounter [None req-123cbbea-4f00-4b64-b2d2-1e6169ca7c38 None None] Registered counter for database nova_cell1
Jul 20 15:11:03.850033 n-d-850468-3 devstack@n-api.service[104116]: WARNING keystonemiddleware.auth_token [None req-adbab25b-875d-4abb-b913-bbb06cf7f2a3 None None] AuthToken middleware is set with keystone_authtoken.service_token_roles_required set to False. This is backwards compatible but deprecated behaviour. Please set this to True.
Jul 20 15:11:03.858845 n-d-850468-3 devstack@n-api.service[104115]: DEBUG oslo_db.sqlalchemy.engines [None req-123cbbea-4f00-4b64-b2d2-1e6169ca7c38 None None] MySQL server mode set to STRICT_TRANS_TABLES,STRICT_ALL_TABLES,NO_ZERO_IN_DATE,NO_ZERO_DATE,ERROR_FOR_DIVISION_BY_ZERO,TRADITIONAL,NO_ENGINE_SUBSTITUTION {{(pid=104115) _check_effective_sql_mode /usr/local/lib/python3.8/dist-packages/oslo_db/sqlalchemy/engines.py:314}}
Jul 20 15:11:03.859239 n-d-850468-3 devstack@n-api.service[104116]: WARNING keystonemiddleware.auth_token [None req-adbab25b-875d-4abb-b913-bbb06cf7f2a3 None None] Configuring www_authenticate_uri to point to the public identity endpoint is required; clients may not be able to authenticate against an admin endpoint
Jul 20 15:11:03.861909 n-d-850468-3 devstack@n-api.service[104115]: DEBUG oslo_db.sqlalchemy.engines [None req-123cbbea-4f00-4b64-b2d2-1e6169ca7c38 None None] MySQL server mode set to STRICT_TRANS_TABLES,STRICT_ALL_TABLES,NO_ZERO_IN_DATE,NO_ZERO_DATE,ERROR_FOR_DIVISION_BY_ZERO,TRADITIONAL,NO_ENGINE_SUBSTITUTION {{(pid=104115) _check_effective_sql_mode /usr/local/lib/python3.8/dist-packages/oslo_db/sqlalchemy/engines.py:314}}
Jul 20 15:11:03.873855 n-d-850468-3 devstack@n-api.service[104115]: DEBUG dbcounter [-] [104115] Writer thread running {{(pid=104115) stat_writer /usr/local/lib/python3.8/dist-packages/dbcounter.py:99}}
Jul 20 15:11:03.874378 n-d-850468-3 devstack@n-api.service[104115]: DEBUG dbcounter [-] [104115] Writer thread running {{(pid=104115) stat_writer /usr/local/lib/python3.8/dist-packages/dbcounter.py:99}}
Jul 20 15:11:04.149445 n-d-850468-3 devstack@n-api.service[104115]: INFO dbcounter [None req-123cbbea-4f00-4b64-b2d2-1e6169ca7c38 None None] Registered counter for database nova_cell0
Jul 20 15:11:04.161540 n-d-850468-3 devstack@n-api.service[104115]: DEBUG oslo_db.sqlalchemy.engines [None req-123cbbea-4f00-4b64-b2d2-1e6169ca7c38 None None] MySQL server mode set to STRICT_TRANS_TABLES,STRICT_ALL_TABLES,NO_ZERO_IN_DATE,NO_ZERO_DATE,ERROR_FOR_DIVISION_BY_ZERO,TRADITIONAL,NO_ENGINE_SUBSTITUTION {{(pid=104115) _check_effective_sql_mode /usr/local/lib/python3.8/dist-packages/oslo_db/sqlalchemy/engines.py:314}}
Jul 20 15:11:04.169724 n-d-850468-3 devstack@n-api.service[104115]: DEBUG dbcounter [-] [104115] Writer thread running {{(pid=104115) stat_writer /usr/local/lib/python3.8/dist-packages/dbcounter.py:99}}
Jul 20 15:11:04.471175 n-d-850468-3 devstack@n-api.service[104116]: WARNING keystonemiddleware.auth_token [None req-adbab25b-875d-4abb-b913-bbb06cf7f2a3 None None] AuthToken middleware is set with keystone_authtoken.service_token_roles_required set to False. This is backwards compatible but deprecated behaviour. Please set this to True.
Jul 20 15:11:04.482600 n-d-850468-3 devstack@n-api.service[104116]: WARNING keystonemiddleware.auth_token [None req-adbab25b-875d-4abb-b913-bbb06cf7f2a3 None None] Configuring www_authenticate_uri to point to the public identity endpoint is required; clients may not be able to authenticate against an admin endpoint
Jul 20 15:11:04.493746 n-d-850468-3 devstack@n-api.service[104116]: WSGI app 0 (mountpoint='') ready in 6 seconds on interpreter 0x5641ab0dc9c0 pid: 104116 (default app)
Jul 20 15:11:04.497547 n-d-850468-3 devstack@n-api.service[104116]: DEBUG nova.api.openstack.wsgi [None req-adbab25b-875d-4abb-b913-bbb06cf7f2a3 None None] Calling method '>' {{(pid=104116) _process_stack /opt/stack/nova/nova/api/openstack/wsgi.py:513}}
Jul 20 15:11:04.499842 n-d-850468-3 devstack@n-api.service[104116]: INFO nova.api.openstack.requestlog [None req-adbab25b-875d-4abb-b913-bbb06cf7f2a3 None None] 10.222.0.96 "GET /compute/v2.1/" status: 200 len: 388 microversion: 2.1 time: 0.003464
Jul 20 15:11:04.500589 n-d-850468-3 devstack@n-api.service[104116]: [pid: 104116|app: 0|req: 1/1] 10.222.0.96 () {50 vars in 788 bytes} [Wed Jul 20 15:11:04 2022] GET /compute/v2.1/ => generated 388 bytes in 6 msecs (HTTP/1.1 200) 9 headers in 357 bytes (1 switches on core 0)
Jul 20 15:11:04.630715 n-d-850468-3 devstack@n-api.service[104115]: WARNING keystonemiddleware.auth_token [None req-123cbbea-4f00-4b64-b2d2-1e6169ca7c38 None None] AuthToken middleware is set with keystone_authtoken.service_token_roles_required set to False. This is backwards compatible but deprecated behaviour. Please set this to True.
Jul 20 15:11:04.638865 n-d-850468-3 devstack@n-api.service[104115]: WARNING keystonemiddleware.auth_token [None req-123cbbea-4f00-4b64-b2d2-1e6169ca7c38 None None] Configuring www_authenticate_uri to point to the public identity endpoint is required; clients may not be able to authenticate against an admin endpoint
Jul 20 15:11:04.995588 n-d-850468-3 devstack@n-api.service[104115]: WARNING keystonemiddleware.auth_token [None req-123cbbea-4f00-4b64-b2d2-1e6169ca7c38 None None] AuthToken middleware is set with keystone_authtoken.service_token_roles_required set to False. This is backwards compatible but deprecated behaviour. Please set this to True.
Jul 20 15:11:05.002653 n-d-850468-3 devstack@n-api.service[104115]: WARNING keystonemiddleware.auth_token [None req-123cbbea-4f00-4b64-b2d2-1e6169ca7c38 None None] Configuring www_authenticate_uri to point to the public identity endpoint is required; clients may not be able to authenticate against an admin endpoint
Jul 20 15:11:05.008458 n-d-850468-3 devstack@n-api.service[104115]: WSGI app 0 (mountpoint='') ready in 7 seconds on interpreter 0x5641ab0dc9c0 pid: 104115 (default app)
Jul 20 15:12:37.648743 n-d-850468-3 devstack@n-api.service[104116]: DEBUG nova.api.openstack.wsgi [None req-adbab25b-875d-4abb-b913-bbb06cf7f2a3 None None] Calling method '>' {{(pid=104116) _process_stack /opt/stack/nova/nova/api/openstack/wsgi.py:513}}
Jul 20 15:12:37.650686 n-d-850468-3 devstack@n-api.service[104116]: INFO nova.api.openstack.requestlog [None req-adbab25b-875d-4abb-b913-bbb06cf7f2a3 None None] 10.222.0.96 "GET /compute/v2.1" status: 200 len: 388 microversion: 2.1 time: 0.002222
Jul 20 15:12:37.651368 n-d-850468-3 devstack@n-api.service[104116]: [pid: 104116|app: 0|req: 2/2] 10.222.0.96 () {54 vars in 930 bytes} [Wed Jul 20 15:12:37 2022] GET /compute/v2.1 => generated 388 bytes in 3 msecs (HTTP/1.1 200) 9 headers in 357 bytes (1 switches on core 0)
Jul 20 15:12:37.664681 n-d-850468-3 devstack@n-api.service[104115]: DEBUG dbcounter [-] [104115] Writing DB stats nova_api:SELECT=3 {{(pid=104115) stat_writer /usr/local/lib/python3.8/dist-packages/dbcounter.py:114}}
Jul 20 15:12:37.665674 n-d-850468-3 devstack@n-api.service[104115]: DEBUG dbcounter [-] [104115] Writing DB stats nova_cell1:SELECT=3 {{(pid=104115) stat_writer /usr/local/lib/python3.8/dist-packages/dbcounter.py:114}}
Jul 20 15:12:37.666594 n-d-850468-3 devstack@n-api.service[104115]: DEBUG dbcounter [-] [104115] Writing DB stats nova_cell0:SELECT=3 {{(pid=104115) stat_writer /usr/local/lib/python3.8/dist-packages/dbcounter.py:114}}
Jul 20 15:12:37.667714 n-d-850468-3 devstack@n-api.service[104115]: DEBUG dbcounter [-] [104115] Writing DB stats nova_cell0:SELECT=3 {{(pid=104115) stat_writer /usr/local/lib/python3.8/dist-packages/dbcounter.py:114}}
Jul 20 15:12:38.699142 n-d-850468-3 devstack@n-api.service[104115]: DEBUG nova.api.openstack.wsgi [None req-411406a1-855c-40c9-8386-a9ad90e51c58 admin admin] Calling method '>' {{(pid=104115) _process_stack /opt/stack/nova/nova/api/openstack/wsgi.py:513}}
Jul 20 15:12:38.733749 n-d-850468-3 devstack@n-api.service[104115]: INFO nova.api.openstack.requestlog [None req-411406a1-855c-40c9-8386-a9ad90e51c58 admin admin] 10.222.0.96 "GET /compute/v2.1/flavors/detail?is_public=True" status: 200 len: 15 microversion: 2.61 time: 1.074726
Jul 20 15:12:38.736004 n-d-850468-3 devstack@n-api.service[104115]: [pid: 104115|app: 0|req: 1/3] 10.222.0.96 () {60 vars in 1291 bytes} [Wed Jul 20 15:12:37 2022] GET /compute/v2.1/flavors/detail?is_public=True => generated 15 bytes in 1077 msecs (HTTP/1.1 200) 9 headers in 358 bytes (1 switches on core 0)
Jul 20 15:12:41.684072 n-d-850468-3 devstack@n-api.service[104116]: DEBUG nova.api.openstack.wsgi [None req-adbab25b-875d-4abb-b913-bbb06cf7f2a3 None None] Calling method '>' {{(pid=104116) _process_stack /opt/stack/nova/nova/api/openstack/wsgi.py:513}}
Jul 20 15:12:41.686308 n-d-850468-3 devstack@n-api.service[104116]: INFO nova.api.openstack.requestlog [None req-adbab25b-875d-4abb-b913-bbb06cf7f2a3 None None] 10.222.0.96 "GET /compute/v2.1" status: 200 len: 388 microversion: 2.1 time: 0.002897
Jul 20 15:12:41.687339 n-d-850468-3 devstack@n-api.service[104116]: [pid: 104116|app: 0|req: 3/4] 10.222.0.96 () {54 vars in 930 bytes} [Wed Jul 20 15:12:41 2022] GET /compute/v2.1 => generated 388 bytes in 5 msecs (HTTP/1.1 200) 9 headers in 357 bytes (1 switches on core 0)
Jul 20 15:12:42.306356 n-d-850468-3 devstack@n-api.service[104115]: DEBUG nova.api.openstack.wsgi [None req-c7af5f2a-c173-4530-b96e-5619d909a474 admin admin] Action: 'create', calling method: >, body: {"flavor": {"OS-FLV-EXT-DATA:ephemeral": 0, "os-flavor-access:is_public": true, "vcpus": 1, "rxtx_factor": 1.0, "swap": 0, "ram": 256, "id": "c1", "name": "cirros256", "disk": 1}} {{(pid=104115) _process_stack /opt/stack/nova/nova/api/openstack/wsgi.py:511}}
Jul 20 15:12:42.335455 n-d-850468-3 devstack@n-api.service[104115]: /usr/local/lib/python3.8/dist-packages/oslo_policy/policy.py:1129: UserWarning: Policy "os_compute_api:os-flavor-manage:create": "rule:context_is_admin" failed scope check. The token used to make the request was project scoped but the policy requires ['system'] scope. This behavior may change in the future where using the intended scope is required
Jul 20 15:12:42.335455 n-d-850468-3 devstack@n-api.service[104115]: warnings.warn(msg)
Jul 20 15:12:42.376895 n-d-850468-3 devstack@n-api.service[104115]: INFO nova.api.openstack.requestlog [None req-c7af5f2a-c173-4530-b96e-5619d909a474 admin admin] 10.222.0.96 "POST /compute/v2.1/flavors" status: 200 len: 407 microversion: 2.61 time: 0.678424
Jul 20 15:12:42.377477 n-d-850468-3 devstack@n-api.service[104115]: [pid: 104115|app: 0|req: 2/5] 10.222.0.96 () {64 vars in 1282 bytes} [Wed Jul 20 15:12:41 2022] POST /compute/v2.1/flavors => generated 407 bytes in 680 msecs (HTTP/1.1 200) 9 headers in 359 bytes (1 switches on core 0)
Jul 20 15:12:42.403110 n-d-850468-3 devstack@n-api.service[104116]: DEBUG dbcounter [-] [104116] Writing DB stats nova_api:SELECT=3 {{(pid=104116) stat_writer /usr/local/lib/python3.8/dist-packages/dbcounter.py:114}}
Jul 20 15:12:42.404737 n-d-850468-3 devstack@n-api.service[104116]: DEBUG dbcounter [-] [104116] Writing DB stats nova_cell1:SELECT=3 {{(pid=104116) stat_writer /usr/local/lib/python3.8/dist-packages/dbcounter.py:114}}
Jul 20 15:12:42.406365 n-d-850468-3 devstack@n-api.service[104116]: DEBUG dbcounter [-] [104116] Writing DB stats nova_cell0:SELECT=3 {{(pid=104116) stat_writer /usr/local/lib/python3.8/dist-packages/dbcounter.py:114}}
Jul 20 15:12:42.407578 n-d-850468-3 devstack@n-api.service[104116]: DEBUG dbcounter [-] [104116] Writing DB stats nova_cell0:SELECT=6,nova_cell0:INSERT=1 {{(pid=104116) stat_writer /usr/local/lib/python3.8/dist-packages/dbcounter.py:114}}
Jul 20 15:12:42.819827 n-d-850468-3 devstack@n-api.service[104116]: DEBUG nova.api.openstack.wsgi [None req-f9616e8c-bd84-4de9-b1bb-1083273bb0d1 admin admin] Action: 'create', calling method: >, body: {"extra_specs": {"hw_rng:allowed": "True"}} {{(pid=104116) _process_stack /opt/stack/nova/nova/api/openstack/wsgi.py:511}}
Jul 20 15:12:42.824358 n-d-850468-3 devstack@n-api.service[104116]: /usr/local/lib/python3.8/dist-packages/oslo_policy/policy.py:1129: UserWarning: Policy "os_compute_api:os-flavor-extra-specs:create": "rule:context_is_admin" failed scope check. The token used to make the request was project scoped but the policy requires ['system'] scope. This behavior may change in the future where using the intended scope is required
Jul 20 15:12:42.824358 n-d-850468-3 devstack@n-api.service[104116]: warnings.warn(msg)
Jul 20 15:12:42.909965 n-d-850468-3 devstack@n-api.service[104116]: INFO nova.api.openstack.requestlog [None req-f9616e8c-bd84-4de9-b1bb-1083273bb0d1 admin admin] 10.222.0.96 "POST /compute/v2.1/flavors/c1/os-extra_specs" status: 200 len: 43 microversion: 2.61 time: 0.516518
Jul 20 15:12:42.910982 n-d-850468-3 devstack@n-api.service[104116]: [pid: 104116|app: 0|req: 4/6] 10.222.0.96 () {64 vars in 1335 bytes} [Wed Jul 20 15:12:42 2022] POST /compute/v2.1/flavors/c1/os-extra_specs => generated 43 bytes in 519 msecs (HTTP/1.1 200) 9 headers in 358 bytes (1 switches on core 0)
Jul 20 15:12:46.011042 n-d-850468-3 devstack@n-api.service[104115]: DEBUG nova.api.openstack.wsgi [None req-c7af5f2a-c173-4530-b96e-5619d909a474 admin admin] Calling method '>' {{(pid=104115) _process_stack /opt/stack/nova/nova/api/openstack/wsgi.py:513}}
Jul 20 15:12:46.014696 n-d-850468-3 devstack@n-api.service[104115]: INFO nova.api.openstack.requestlog [None req-c7af5f2a-c173-4530-b96e-5619d909a474 admin admin] 10.222.0.96 "GET /compute/v2.1" status: 200 len: 388 microversion: 2.1 time: 0.004123
Jul 20 15:12:46.015738 n-d-850468-3 devstack@n-api.service[104115]: [pid: 104115|app: 0|req: 3/7] 10.222.0.96 () {54 vars in 930 bytes} [Wed Jul 20 15:12:46 2022] GET /compute/v2.1 => generated 388 bytes in 7 msecs (HTTP/1.1 200) 9 headers in 357 bytes (1 switches on core 0)
Jul 20 15:12:47.177369 n-d-850468-3 devstack@n-api.service[104116]: DEBUG nova.api.openstack.wsgi [None req-5f72cd63-2f81-4085-bc8c-29581352a5ce admin admin] Action: 'create', calling method: >, body: {"flavor": {"ram": 512, "rxtx_factor": 1.0, "disk": 5, "name": "ds512M", "os-flavor-access:is_public": true, "vcpus": 1, "id": "d1", "OS-FLV-EXT-DATA:ephemeral": 0, "swap": 0}} {{(pid=104116) _process_stack /opt/stack/nova/nova/api/openstack/wsgi.py:511}}
Jul 20 15:12:47.201438 n-d-850468-3 devstack@n-api.service[104116]: /usr/local/lib/python3.8/dist-packages/oslo_policy/policy.py:1129: UserWarning: Policy "os_compute_api:os-flavor-manage:create": "rule:context_is_admin" failed scope check. The token used to make the request was project scoped but the policy requires ['system'] scope. This behavior may change in the future where using the intended scope is required
Jul 20 15:12:47.201438 n-d-850468-3 devstack@n-api.service[104116]: warnings.warn(msg)
Jul 20 15:12:47.261133 n-d-850468-3 devstack@n-api.service[104116]: INFO nova.api.openstack.requestlog [None req-5f72cd63-2f81-4085-bc8c-29581352a5ce admin admin] 10.222.0.96 "POST /compute/v2.1/flavors" status: 200 len: 404 microversion: 2.61 time: 1.235763
Jul 20 15:12:47.263189 n-d-850468-3 devstack@n-api.service[104116]: [pid: 104116|app: 0|req: 5/8] 10.222.0.96 () {64 vars in 1282 bytes} [Wed Jul 20 15:12:46 2022] POST /compute/v2.1/flavors => generated 404 bytes in 1239 msecs (HTTP/1.1 200) 9 headers in 359 bytes (1 switches on core 0)
Jul 20 15:12:47.295787 n-d-850468-3 devstack@n-api.service[104115]: DEBUG nova.api.openstack.wsgi [None req-f65cc6bf-9d06-4148-b73a-353f567aa416 admin admin] Action: 'create', calling method: >, body: {"extra_specs": {"hw_rng:allowed": "True"}} {{(pid=104115) _process_stack /opt/stack/nova/nova/api/openstack/wsgi.py:511}}
Jul 20 15:12:47.314042 n-d-850468-3 devstack@n-api.service[104115]: /usr/local/lib/python3.8/dist-packages/oslo_policy/policy.py:1129: UserWarning: Policy "os_compute_api:os-flavor-extra-specs:create": "rule:context_is_admin" failed scope check. The token used to make the request was project scoped but the policy requires ['system'] scope. This behavior may change in the future where using the intended scope is required
Jul 20 15:12:47.314042 n-d-850468-3 devstack@n-api.service[104115]: warnings.warn(msg)
Jul 20 15:12:47.384947 n-d-850468-3 devstack@n-api.service[104115]: INFO nova.api.openstack.requestlog [None req-f65cc6bf-9d06-4148-b73a-353f567aa416 admin admin] 10.222.0.96 "POST /compute/v2.1/flavors/d1/os-extra_specs" status: 200 len: 43 microversion: 2.61 time: 0.105277
Jul 20 15:12:47.402048 n-d-850468-3 devstack@n-api.service[104115]: [pid: 104115|app: 0|req: 4/9] 10.222.0.96 () {64 vars in 1335 bytes} [Wed Jul 20 15:12:47 2022] POST /compute/v2.1/flavors/d1/os-extra_specs => generated 43 bytes in 124 msecs (HTTP/1.1 200) 9 headers in 358 bytes (1 switches on core 0)
Jul 20 15:12:50.002778 n-d-850468-3 devstack@n-api.service[104116]: DEBUG nova.api.openstack.wsgi [None req-5f72cd63-2f81-4085-bc8c-29581352a5ce admin admin] Calling method '>' {{(pid=104116) _process_stack /opt/stack/nova/nova/api/openstack/wsgi.py:513}}
Jul 20 15:12:50.004850 n-d-850468-3 devstack@n-api.service[104116]: INFO nova.api.openstack.requestlog [None req-5f72cd63-2f81-4085-bc8c-29581352a5ce admin admin] 10.222.0.96 "GET /compute/v2.1" status: 200 len: 388 microversion: 2.1 time: 0.002416
Jul 20 15:12:50.006120 n-d-850468-3 devstack@n-api.service[104116]: [pid: 104116|app: 0|req: 6/10] 10.222.0.96 () {54 vars in 930 bytes} [Wed Jul 20 15:12:50 2022] GET /compute/v2.1 => generated 388 bytes in 4 msecs (HTTP/1.1 200) 9 headers in 357 bytes (2 switches on core 0)
Jul 20 15:12:50.600016 n-d-850468-3 devstack@n-api.service[104115]: DEBUG nova.api.openstack.wsgi [None req-92ad2fae-b768-4be2-88bb-7476bb88c7bb admin admin] Action: 'create', calling method: >, body: {"flavor": {"disk": 10, "vcpus": 1, "OS-FLV-EXT-DATA:ephemeral": 0, "os-flavor-access:is_public": true, "swap": 0, "rxtx_factor": 1.0, "id": "d2", "ram": 1024, "name": "ds1G"}} {{(pid=104115) _process_stack /opt/stack/nova/nova/api/openstack/wsgi.py:511}}
Jul 20 15:12:50.627532 n-d-850468-3 devstack@n-api.service[104115]: INFO nova.api.openstack.requestlog [None req-92ad2fae-b768-4be2-88bb-7476bb88c7bb admin admin] 10.222.0.96 "POST /compute/v2.1/flavors" status: 200 len: 404 microversion: 2.61 time: 0.613811
Jul 20 15:12:50.641260 n-d-850468-3 devstack@n-api.service[104116]: DEBUG nova.api.openstack.wsgi [None req-00a699dd-c3f9-4169-9a53-ef4d6e42c505 admin admin] Action: 'create', calling method: >, body: {"extra_specs": {"hw_rng:allowed": "True"}} {{(pid=104116) _process_stack /opt/stack/nova/nova/api/openstack/wsgi.py:511}}
Jul 20 15:12:50.646250 n-d-850468-3 devstack@n-api.service[104115]: [pid: 104115|app: 0|req: 5/11] 10.222.0.96 () {64 vars in 1282 bytes} [Wed Jul 20 15:12:50 2022] POST /compute/v2.1/flavors => generated 404 bytes in 632 msecs (HTTP/1.1 200) 9 headers in 359 bytes (1 switches on core 0)
Jul 20 15:12:50.674309 n-d-850468-3 devstack@n-api.service[104116]: INFO nova.api.openstack.requestlog [None req-00a699dd-c3f9-4169-9a53-ef4d6e42c505 admin admin] 10.222.0.96 "POST /compute/v2.1/flavors/d2/os-extra_specs" status: 200 len: 43 microversion: 2.61 time: 0.036981
Jul 20 15:12:50.681450 n-d-850468-3 devstack@n-api.service[104116]: [pid: 104116|app: 0|req: 7/12] 10.222.0.96 () {64 vars in 1335 bytes} [Wed Jul 20 15:12:50 2022] POST /compute/v2.1/flavors/d2/os-extra_specs => generated 43 bytes in 45 msecs (HTTP/1.1 200) 9 headers in 358 bytes (1 switches on core 0)
Jul 20 15:12:53.255064 n-d-850468-3 devstack@n-api.service[104115]: DEBUG nova.api.openstack.wsgi [None req-92ad2fae-b768-4be2-88bb-7476bb88c7bb admin admin] Calling method '>' {{(pid=104115) _process_stack /opt/stack/nova/nova/api/openstack/wsgi.py:513}}
Jul 20 15:12:53.256011 n-d-850468-3 devstack@n-api.service[104115]: INFO nova.api.openstack.requestlog [None req-92ad2fae-b768-4be2-88bb-7476bb88c7bb admin admin] 10.222.0.96 "GET /compute/v2.1" status: 200 len: 388 microversion: 2.1 time: 0.001531
Jul 20 15:12:53.259617 n-d-850468-3 devstack@n-api.service[104115]: [pid: 104115|app: 0|req: 6/13] 10.222.0.96 () {54 vars in 930 bytes} [Wed Jul 20 15:12:53 2022] GET /compute/v2.1 => generated 388 bytes in 5 msecs (HTTP/1.1 200) 9 headers in 357 bytes (2 switches on core 0)
Jul 20 15:12:53.901962 n-d-850468-3 devstack@n-api.service[104116]: DEBUG nova.api.openstack.wsgi [None req-212caa74-8eca-4c1d-8209-2d982921b8ba admin admin] Action: 'create', calling method: >, body: {"flavor": {"ram": 2048, "name": "ds2G", "id": "d3", "OS-FLV-EXT-DATA:ephemeral": 0, "rxtx_factor": 1.0, "os-flavor-access:is_public": true, "swap": 0, "disk": 10, "vcpus": 2}} {{(pid=104116) _process_stack /opt/stack/nova/nova/api/openstack/wsgi.py:511}}
Jul 20 15:12:53.923771 n-d-850468-3 devstack@n-api.service[104116]: INFO nova.api.openstack.requestlog [None req-212caa74-8eca-4c1d-8209-2d982921b8ba admin admin] 10.222.0.96 "POST /compute/v2.1/flavors" status: 200 len: 404 microversion: 2.61 time: 0.660290
Jul 20 15:12:53.924352 n-d-850468-3 devstack@n-api.service[104116]: [pid: 104116|app: 0|req: 8/14] 10.222.0.96 () {64 vars in 1282 bytes} [Wed Jul 20 15:12:53 2022] POST /compute/v2.1/flavors => generated 404 bytes in 662 msecs (HTTP/1.1 200) 9 headers in 359 bytes (2 switches on core 0)
Jul 20 15:12:53.937272 n-d-850468-3 devstack@n-api.service[104115]: DEBUG nova.api.openstack.wsgi [None req-9e93ca49-31e9-4714-ba41-eb842760030f admin admin] Action: 'create', calling method: >, body: {"extra_specs": {"hw_rng:allowed": "True"}} {{(pid=104115) _process_stack /opt/stack/nova/nova/api/openstack/wsgi.py:511}}
Jul 20 15:12:53.964911 n-d-850468-3 devstack@n-api.service[104115]: INFO nova.api.openstack.requestlog [None req-9e93ca49-31e9-4714-ba41-eb842760030f admin admin] 10.222.0.96 "POST /compute/v2.1/flavors/d3/os-extra_specs" status: 200 len: 43 microversion: 2.61 time: 0.031722
Jul 20 15:12:53.965932 n-d-850468-3 devstack@n-api.service[104115]: [pid: 104115|app: 0|req: 7/15] 10.222.0.96 () {64 vars in 1335 bytes} [Wed Jul 20 15:12:53 2022] POST /compute/v2.1/flavors/d3/os-extra_specs => generated 43 bytes in 33 msecs (HTTP/1.1 200) 9 headers in 358 bytes (1 switches on core 0)
Jul 20 15:12:56.675643 n-d-850468-3 devstack@n-api.service[104116]: DEBUG nova.api.openstack.wsgi [None req-212caa74-8eca-4c1d-8209-2d982921b8ba admin admin] Calling method '>' {{(pid=104116) _process_stack /opt/stack/nova/nova/api/openstack/wsgi.py:513}}
Jul 20 15:12:56.677709 n-d-850468-3 devstack@n-api.service[104116]: INFO nova.api.openstack.requestlog [None req-212caa74-8eca-4c1d-8209-2d982921b8ba admin admin] 10.222.0.96 "GET /compute/v2.1" status: 200 len: 388 microversion: 2.1 time: 0.002912
Jul 20 15:12:56.678834 n-d-850468-3 devstack@n-api.service[104116]: [pid: 104116|app: 0|req: 9/16] 10.222.0.96 () {54 vars in 930 bytes} [Wed Jul 20 15:12:56 2022] GET /compute/v2.1 => generated 388 bytes in 10 msecs (HTTP/1.1 200) 9 headers in 357 bytes (1 switches on core 0)
Jul 20 15:12:57.562717 n-d-850468-3 devstack@n-api.service[104115]: DEBUG nova.api.openstack.wsgi [None req-919c018f-9113-4a6e-a9eb-1364c9dcdc14 admin admin] Action: 'create', calling method: >, body: {"flavor": {"ram": 4096, "rxtx_factor": 1.0, "id": "d4", "vcpus": 4, "swap": 0, "disk": 20, "name": "ds4G", "os-flavor-access:is_public": true, "OS-FLV-EXT-DATA:ephemeral": 0}} {{(pid=104115) _process_stack /opt/stack/nova/nova/api/openstack/wsgi.py:511}}
Jul 20 15:12:57.595040 n-d-850468-3 devstack@n-api.service[104115]: INFO nova.api.openstack.requestlog [None req-919c018f-9113-4a6e-a9eb-1364c9dcdc14 admin admin] 10.222.0.96 "POST /compute/v2.1/flavors" status: 200 len: 404 microversion: 2.61 time: 0.909271
Jul 20 15:12:57.596460 n-d-850468-3 devstack@n-api.service[104115]: [pid: 104115|app: 0|req: 8/17] 10.222.0.96 () {64 vars in 1282 bytes} [Wed Jul 20 15:12:56 2022] POST /compute/v2.1/flavors => generated 404 bytes in 911 msecs (HTTP/1.1 200) 9 headers in 359 bytes (1 switches on core 0)
Jul 20 15:12:57.621063 n-d-850468-3 devstack@n-api.service[104116]: DEBUG nova.api.openstack.wsgi [None req-d2c80af5-abe5-43c9-8608-ddb28c41067a admin admin] Action: 'create', calling method: >, body: {"extra_specs": {"hw_rng:allowed": "True"}} {{(pid=104116) _process_stack /opt/stack/nova/nova/api/openstack/wsgi.py:511}}
Jul 20 15:12:57.670954 n-d-850468-3 devstack@n-api.service[104116]: INFO nova.api.openstack.requestlog [None req-d2c80af5-abe5-43c9-8608-ddb28c41067a admin admin] 10.222.0.96 "POST /compute/v2.1/flavors/d4/os-extra_specs" status: 200 len: 43 microversion: 2.61 time: 0.057977
Jul 20 15:12:57.672698 n-d-850468-3 devstack@n-api.service[104116]: [pid: 104116|app: 0|req: 10/18] 10.222.0.96 () {64 vars in 1335 bytes} [Wed Jul 20 15:12:57 2022] POST /compute/v2.1/flavors/d4/os-extra_specs => generated 43 bytes in 61 msecs (HTTP/1.1 200) 9 headers in 358 bytes (1 switches on core 0)
Jul 20 15:13:00.946262 n-d-850468-3 devstack@n-api.service[104115]: DEBUG nova.api.openstack.wsgi [None req-919c018f-9113-4a6e-a9eb-1364c9dcdc14 admin admin] Calling method '>' {{(pid=104115) _process_stack /opt/stack/nova/nova/api/openstack/wsgi.py:513}}
Jul 20 15:13:00.949221 n-d-850468-3 devstack@n-api.service[104115]: INFO nova.api.openstack.requestlog [None req-919c018f-9113-4a6e-a9eb-1364c9dcdc14 admin admin] 10.222.0.96 "GET /compute/v2.1" status: 200 len: 388 microversion: 2.1 time: 0.003657
Jul 20 15:13:00.950837 n-d-850468-3 devstack@n-api.service[104115]: [pid: 104115|app: 0|req: 9/19] 10.222.0.96 () {54 vars in 930 bytes} [Wed Jul 20 15:13:00 2022] GET /compute/v2.1 => generated 388 bytes in 6 msecs (HTTP/1.1 200) 9 headers in 357 bytes (1 switches on core 0)
Jul 20 15:13:01.877756 n-d-850468-3 devstack@n-api.service[104116]: DEBUG nova.api.openstack.wsgi [None req-353a8128-f097-43a1-8377-ce373dcd0ba8 admin admin] Calling method '>' {{(pid=104116) _process_stack /opt/stack/nova/nova/api/openstack/wsgi.py:513}}
Jul 20 15:13:01.926330 n-d-850468-3 devstack@n-api.service[104116]: INFO nova.api.openstack.requestlog [None req-353a8128-f097-43a1-8377-ce373dcd0ba8 admin admin] 10.222.0.96 "GET /compute/v2.1/flavors/detail?is_public=True" status: 200 len: 2106 microversion: 2.61 time: 0.967953
Jul 20 15:13:01.944710 n-d-850468-3 devstack@n-api.service[104116]: [pid: 104116|app: 0|req: 11/20] 10.222.0.96 () {60 vars in 1291 bytes} [Wed Jul 20 15:13:00 2022] GET /compute/v2.1/flavors/detail?is_public=True => generated 2106 bytes in 984 msecs (HTTP/1.1 200) 9 headers in 360 bytes (1 switches on core 0)
Jul 20 15:13:04.607345 n-d-850468-3 devstack@n-api.service[104115]: DEBUG nova.api.openstack.wsgi [None req-919c018f-9113-4a6e-a9eb-1364c9dcdc14 admin admin] Calling method '>' {{(pid=104115) _process_stack /opt/stack/nova/nova/api/openstack/wsgi.py:513}}
Jul 20 15:13:04.609133 n-d-850468-3 devstack@n-api.service[104115]: INFO nova.api.openstack.requestlog [None req-919c018f-9113-4a6e-a9eb-1364c9dcdc14 admin admin] 10.222.0.96 "GET /compute/v2.1" status: 200 len: 388 microversion: 2.1 time: 0.002879
Jul 20 15:13:04.609878 n-d-850468-3 devstack@n-api.service[104115]: [pid: 104115|app: 0|req: 10/21] 10.222.0.96 () {54 vars in 930 bytes} [Wed Jul 20 15:13:04 2022] GET /compute/v2.1 => generated 388 bytes in 5 msecs (HTTP/1.1 200) 9 headers in 357 bytes (1 switches on core 0)
Jul 20 15:13:05.253783 n-d-850468-3 devstack@n-api.service[104116]: DEBUG nova.api.openstack.wsgi [None req-d73818db-f0c7-4417-89c8-87b1c84f9296 admin admin] Action: 'create', calling method: >, body: {"flavor": {"rxtx_factor": 1.0, "os-flavor-access:is_public": true, "ram": 512, "OS-FLV-EXT-DATA:ephemeral": 0, "name": "m1.tiny", "id": "1", "disk": 1, "swap": 0, "vcpus": 1}} {{(pid=104116) _process_stack /opt/stack/nova/nova/api/openstack/wsgi.py:511}}
Jul 20 15:13:05.277778 n-d-850468-3 devstack@n-api.service[104116]: INFO nova.api.openstack.requestlog [None req-d73818db-f0c7-4417-89c8-87b1c84f9296 admin admin] 10.222.0.96 "POST /compute/v2.1/flavors" status: 200 len: 402 microversion: 2.61 time: 0.660834
Jul 20 15:13:05.278325 n-d-850468-3 devstack@n-api.service[104116]: [pid: 104116|app: 0|req: 12/22] 10.222.0.96 () {64 vars in 1282 bytes} [Wed Jul 20 15:13:04 2022] POST /compute/v2.1/flavors => generated 402 bytes in 662 msecs (HTTP/1.1 200) 9 headers in 359 bytes (2 switches on core 0)
Jul 20 15:13:05.291535 n-d-850468-3 devstack@n-api.service[104115]: DEBUG nova.api.openstack.wsgi [None req-2345e43b-0aab-46db-9f56-b9399fd68d2a admin admin] Action: 'create', calling method: >, body: {"extra_specs": {"hw_rng:allowed": "True"}} {{(pid=104115) _process_stack /opt/stack/nova/nova/api/openstack/wsgi.py:511}}
Jul 20 15:13:05.320378 n-d-850468-3 devstack@n-api.service[104115]: INFO nova.api.openstack.requestlog [None req-2345e43b-0aab-46db-9f56-b9399fd68d2a admin admin] 10.222.0.96 "POST /compute/v2.1/flavors/1/os-extra_specs" status: 200 len: 43 microversion: 2.61 time: 0.032711
Jul 20 15:13:05.321202 n-d-850468-3 devstack@n-api.service[104115]: [pid: 104115|app: 0|req: 11/23] 10.222.0.96 () {64 vars in 1332 bytes} [Wed Jul 20 15:13:05 2022] POST /compute/v2.1/flavors/1/os-extra_specs => generated 43 bytes in 34 msecs (HTTP/1.1 200) 9 headers in 358 bytes (1 switches on core 0)
Jul 20 15:13:08.138910 n-d-850468-3 devstack@n-api.service[104116]: DEBUG nova.api.openstack.wsgi [None req-d73818db-f0c7-4417-89c8-87b1c84f9296 admin admin] Calling method '>' {{(pid=104116) _process_stack /opt/stack/nova/nova/api/openstack/wsgi.py:513}}
Jul 20 15:13:08.140150 n-d-850468-3 devstack@n-api.service[104116]: INFO nova.api.openstack.requestlog [None req-d73818db-f0c7-4417-89c8-87b1c84f9296 admin admin] 10.222.0.96 "GET /compute/v2.1" status: 200 len: 388 microversion: 2.1 time: 0.001710
Jul 20 15:13:08.140741 n-d-850468-3 devstack@n-api.service[104116]: [pid: 104116|app: 0|req: 13/24] 10.222.0.96 () {54 vars in 930 bytes} [Wed Jul 20 15:13:08 2022] GET /compute/v2.1 => generated 388 bytes in 3 msecs (HTTP/1.1 200) 9 headers in 357 bytes (1 switches on core 0)
Jul 20 15:13:08.810501 n-d-850468-3 devstack@n-api.service[104115]: DEBUG nova.api.openstack.wsgi [None req-328f9f77-72df-44ad-96a7-65fa38d9bfb7 admin admin] Action: 'create', calling method: >, body: {"flavor": {"disk": 20, "os-flavor-access:is_public": true, "OS-FLV-EXT-DATA:ephemeral": 0, "rxtx_factor": 1.0, "vcpus": 1, "name": "m1.small", "swap": 0, "ram": 2048, "id": "2"}} {{(pid=104115) _process_stack /opt/stack/nova/nova/api/openstack/wsgi.py:511}}
Jul 20 15:13:08.816239 n-d-850468-3 devstack@n-api.service[104115]: DEBUG dbcounter [-] [104115] Writing DB stats nova_api:SELECT=30,nova_api:INSERT=6,nova_api:SAVEPOINT=3,nova_api:RELEASE=3 {{(pid=104115) stat_writer /usr/local/lib/python3.8/dist-packages/dbcounter.py:114}}
Jul 20 15:13:08.839757 n-d-850468-3 devstack@n-api.service[104115]: INFO nova.api.openstack.requestlog [None req-328f9f77-72df-44ad-96a7-65fa38d9bfb7 admin admin] 10.222.0.96 "POST /compute/v2.1/flavors" status: 200 len: 405 microversion: 2.61 time: 0.690029
Jul 20 15:13:08.840610 n-d-850468-3 devstack@n-api.service[104115]: [pid: 104115|app: 0|req: 12/25] 10.222.0.96 () {64 vars in 1282 bytes} [Wed Jul 20 15:13:08 2022] POST /compute/v2.1/flavors => generated 405 bytes in 693 msecs (HTTP/1.1 200) 9 headers in 359 bytes (1 switches on core 0)
Jul 20 15:13:08.862587 n-d-850468-3 devstack@n-api.service[104116]: DEBUG nova.api.openstack.wsgi [None req-0a66b012-f20f-4f18-b783-a4ee8fca7431 admin admin] Action: 'create', calling method: >, body: {"extra_specs": {"hw_rng:allowed": "True"}} {{(pid=104116) _process_stack /opt/stack/nova/nova/api/openstack/wsgi.py:511}}
Jul 20 15:13:08.901321 n-d-850468-3 devstack@n-api.service[104116]: INFO nova.api.openstack.requestlog [None req-0a66b012-f20f-4f18-b783-a4ee8fca7431 admin admin] 10.222.0.96 "POST /compute/v2.1/flavors/2/os-extra_specs" status: 200 len: 43 microversion: 2.61 time: 0.046368
Jul 20 15:13:08.902127 n-d-850468-3 devstack@n-api.service[104116]: [pid: 104116|app: 0|req: 14/26] 10.222.0.96 () {64 vars in 1332 bytes} [Wed Jul 20 15:13:08 2022] POST /compute/v2.1/flavors/2/os-extra_specs => generated 43 bytes in 48 msecs (HTTP/1.1 200) 9 headers in 358 bytes (1 switches on core 0)
Jul 20 15:13:11.576512 n-d-850468-3 devstack@n-api.service[104115]: DEBUG nova.api.openstack.wsgi [None req-328f9f77-72df-44ad-96a7-65fa38d9bfb7 admin admin] Calling method '>' {{(pid=104115) _process_stack /opt/stack/nova/nova/api/openstack/wsgi.py:513}}
Jul 20 15:13:11.578725 n-d-850468-3 devstack@n-api.service[104115]: INFO nova.api.openstack.requestlog [None req-328f9f77-72df-44ad-96a7-65fa38d9bfb7 admin admin] 10.222.0.96 "GET /compute/v2.1" status: 200 len: 388 microversion: 2.1 time: 0.002841
Jul 20 15:13:11.579469 n-d-850468-3 devstack@n-api.service[104115]: [pid: 104115|app: 0|req: 13/27] 10.222.0.96 () {54 vars in 930 bytes} [Wed Jul 20 15:13:11 2022] GET /compute/v2.1 => generated 388 bytes in 5 msecs (HTTP/1.1 200) 9 headers in 357 bytes (1 switches on core 0)
Jul 20 15:13:12.185027 n-d-850468-3 devstack@n-api.service[104116]: DEBUG nova.api.openstack.wsgi [None req-bf3fb37d-5a7a-478a-8c47-0a4cfd4cad1b admin admin] Action: 'create', calling method: >, body: {"flavor": {"OS-FLV-EXT-DATA:ephemeral": 0, "disk": 40, "vcpus": 2, "ram": 4096, "rxtx_factor": 1.0, "os-flavor-access:is_public": true, "name": "m1.medium", "swap": 0, "id": "3"}} {{(pid=104116) _process_stack /opt/stack/nova/nova/api/openstack/wsgi.py:511}}
Jul 20 15:13:12.210398 n-d-850468-3 devstack@n-api.service[104116]: INFO nova.api.openstack.requestlog [None req-bf3fb37d-5a7a-478a-8c47-0a4cfd4cad1b admin admin] 10.222.0.96 "POST /compute/v2.1/flavors" status: 200 len: 406 microversion: 2.61 time: 0.620534
Jul 20 15:13:12.211247 n-d-850468-3 devstack@n-api.service[104116]: [pid: 104116|app: 0|req: 15/28] 10.222.0.96 () {64 vars in 1282 bytes} [Wed Jul 20 15:13:11 2022] POST /compute/v2.1/flavors => generated 406 bytes in 622 msecs (HTTP/1.1 200) 9 headers in 359 bytes (1 switches on core 0)
Jul 20 15:13:12.229428 n-d-850468-3 devstack@n-api.service[104115]: DEBUG nova.api.openstack.wsgi [None req-24207ea7-da86-446e-984c-064b3d89bc49 admin admin] Action: 'create', calling method: >, body: {"extra_specs": {"hw_rng:allowed": "True"}} {{(pid=104115) _process_stack /opt/stack/nova/nova/api/openstack/wsgi.py:511}}
Jul 20 15:13:12.268177 n-d-850468-3 devstack@n-api.service[104115]: INFO nova.api.openstack.requestlog [None req-24207ea7-da86-446e-984c-064b3d89bc49 admin admin] 10.222.0.96 "POST /compute/v2.1/flavors/3/os-extra_specs" status: 200 len: 43 microversion: 2.61 time: 0.043240
Jul 20 15:13:12.269258 n-d-850468-3 devstack@n-api.service[104115]: [pid: 104115|app: 0|req: 14/29] 10.222.0.96 () {64 vars in 1332 bytes} [Wed Jul 20 15:13:12 2022] POST /compute/v2.1/flavors/3/os-extra_specs => generated 43 bytes in 45 msecs (HTTP/1.1 200) 9 headers in 358 bytes (1 switches on core 0)
Jul 20 15:13:14.899536 n-d-850468-3 devstack@n-api.service[104116]: DEBUG nova.api.openstack.wsgi [None req-bf3fb37d-5a7a-478a-8c47-0a4cfd4cad1b admin admin] Calling method '>' {{(pid=104116) _process_stack /opt/stack/nova/nova/api/openstack/wsgi.py:513}}
Jul 20 15:13:14.902567 n-d-850468-3 devstack@n-api.service[104116]: INFO nova.api.openstack.requestlog [None req-bf3fb37d-5a7a-478a-8c47-0a4cfd4cad1b admin admin] 10.222.0.96 "GET /compute/v2.1" status: 200 len: 388 microversion: 2.1 time: 0.003701
Jul 20 15:13:14.903695 n-d-850468-3 devstack@n-api.service[104116]: [pid: 104116|app: 0|req: 16/30] 10.222.0.96 () {54 vars in 930 bytes} [Wed Jul 20 15:13:14 2022] GET /compute/v2.1 => generated 388 bytes in 6 msecs (HTTP/1.1 200) 9 headers in 357 bytes (1 switches on core 0)
Jul 20 15:13:15.643655 n-d-850468-3 devstack@n-api.service[104115]: DEBUG nova.api.openstack.wsgi [None req-b342d049-370a-4583-ab8e-ec97317dd6e3 admin admin] Action: 'create', calling method: >, body: {"flavor": {"ram": 8192, "vcpus": 4, "id": "4", "name": "m1.large", "rxtx_factor": 1.0, "os-flavor-access:is_public": true, "swap": 0, "OS-FLV-EXT-DATA:ephemeral": 0, "disk": 80}} {{(pid=104115) _process_stack /opt/stack/nova/nova/api/openstack/wsgi.py:511}}
Jul 20 15:13:15.675052 n-d-850468-3 devstack@n-api.service[104115]: INFO nova.api.openstack.requestlog [None req-b342d049-370a-4583-ab8e-ec97317dd6e3 admin admin] 10.222.0.96 "POST /compute/v2.1/flavors" status: 200 len: 405 microversion: 2.61 time: 0.764452
Jul 20 15:13:15.675948 n-d-850468-3 devstack@n-api.service[104115]: [pid: 104115|app: 0|req: 15/31] 10.222.0.96 () {64 vars in 1282 bytes} [Wed Jul 20 15:13:14 2022] POST /compute/v2.1/flavors => generated 405 bytes in 766 msecs (HTTP/1.1 200) 9 headers in 359 bytes (1 switches on core 0)
Jul 20 15:13:15.703118 n-d-850468-3 devstack@n-api.service[104116]: DEBUG nova.api.openstack.wsgi [None req-fd8fc803-86eb-411b-8b2e-1507e8934e6b admin admin] Action: 'create', calling method: >, body: {"extra_specs": {"hw_rng:allowed": "True"}} {{(pid=104116) _process_stack /opt/stack/nova/nova/api/openstack/wsgi.py:511}}
Jul 20 15:13:15.750435 n-d-850468-3 devstack@n-api.service[104116]: INFO nova.api.openstack.requestlog [None req-fd8fc803-86eb-411b-8b2e-1507e8934e6b admin admin] 10.222.0.96 "POST /compute/v2.1/flavors/4/os-extra_specs" status: 200 len: 43 microversion: 2.61 time: 0.060493
Jul 20 15:13:15.751449 n-d-850468-3 devstack@n-api.service[104116]: [pid: 104116|app: 0|req: 17/32] 10.222.0.96 () {64 vars in 1332 bytes} [Wed Jul 20 15:13:15 2022] POST /compute/v2.1/flavors/4/os-extra_specs => generated 43 bytes in 63 msecs (HTTP/1.1 200) 9 headers in 358 bytes (2 switches on core 0)
Jul 20 15:13:18.467502 n-d-850468-3 devstack@n-api.service[104115]: DEBUG nova.api.openstack.wsgi [None req-b342d049-370a-4583-ab8e-ec97317dd6e3 admin admin] Calling method '>' {{(pid=104115) _process_stack /opt/stack/nova/nova/api/openstack/wsgi.py:513}}
Jul 20 15:13:18.468571 n-d-850468-3 devstack@n-api.service[104115]: INFO nova.api.openstack.requestlog [None req-b342d049-370a-4583-ab8e-ec97317dd6e3 admin admin] 10.222.0.96 "GET /compute/v2.1" status: 200 len: 388 microversion: 2.1 time: 0.001749
Jul 20 15:13:18.469025 n-d-850468-3 devstack@n-api.service[104115]: [pid: 104115|app: 0|req: 16/33] 10.222.0.96 () {54 vars in 930 bytes} [Wed Jul 20 15:13:18 2022] GET /compute/v2.1 => generated 388 bytes in 3 msecs (HTTP/1.1 200) 9 headers in 357 bytes (2 switches on core 0)
Jul 20 15:13:19.059598 n-d-850468-3 devstack@n-api.service[104116]: DEBUG nova.api.openstack.wsgi [None req-ec1242d1-dd12-4b14-a17c-427127a4a0e0 admin admin] Action: 'create', calling method: >, body: {"flavor": {"vcpus": 8, "os-flavor-access:is_public": true, "rxtx_factor": 1.0, "swap": 0, "ram": 16384, "OS-FLV-EXT-DATA:ephemeral": 0, "id": "5", "name": "m1.xlarge", "disk": 160}} {{(pid=104116) _process_stack /opt/stack/nova/nova/api/openstack/wsgi.py:511}}
Jul 20 15:13:19.067761 n-d-850468-3 devstack@n-api.service[104116]: DEBUG dbcounter [-] [104116] Writing DB stats nova_api:SELECT=45,nova_api:SAVEPOINT=5,nova_api:INSERT=9,nova_api:RELEASE=5 {{(pid=104116) stat_writer /usr/local/lib/python3.8/dist-packages/dbcounter.py:114}}
Jul 20 15:13:19.087574 n-d-850468-3 devstack@n-api.service[104116]: INFO nova.api.openstack.requestlog [None req-ec1242d1-dd12-4b14-a17c-427127a4a0e0 admin admin] 10.222.0.96 "POST /compute/v2.1/flavors" status: 200 len: 408 microversion: 2.61 time: 0.607430
Jul 20 15:13:19.088363 n-d-850468-3 devstack@n-api.service[104116]: [pid: 104116|app: 0|req: 18/34] 10.222.0.96 () {64 vars in 1282 bytes} [Wed Jul 20 15:13:18 2022] POST /compute/v2.1/flavors => generated 408 bytes in 609 msecs (HTTP/1.1 200) 9 headers in 359 bytes (1 switches on core 0)
Jul 20 15:13:19.109472 n-d-850468-3 devstack@n-api.service[104115]: DEBUG nova.api.openstack.wsgi [None req-328fd861-62b8-401f-8c6f-d91058722dfc admin admin] Action: 'create', calling method: >, body: {"extra_specs": {"hw_rng:allowed": "True"}} {{(pid=104115) _process_stack /opt/stack/nova/nova/api/openstack/wsgi.py:511}}
Jul 20 15:13:19.152718 n-d-850468-3 devstack@n-api.service[104115]: INFO nova.api.openstack.requestlog [None req-328fd861-62b8-401f-8c6f-d91058722dfc admin admin] 10.222.0.96 "POST /compute/v2.1/flavors/5/os-extra_specs" status: 200 len: 43 microversion: 2.61 time: 0.049152
Jul 20 15:13:19.153396 n-d-850468-3 devstack@n-api.service[104115]: [pid: 104115|app: 0|req: 17/35] 10.222.0.96 () {64 vars in 1332 bytes} [Wed Jul 20 15:13:19 2022] POST /compute/v2.1/flavors/5/os-extra_specs => generated 43 bytes in 52 msecs (HTTP/1.1 200) 9 headers in 358 bytes (2 switches on core 0)
Jul 20 15:13:43.144907 n-d-850468-3 devstack@n-api.service[104116]: DEBUG nova.api.openstack.wsgi [None req-ec1242d1-dd12-4b14-a17c-427127a4a0e0 admin admin] Calling method '>' {{(pid=104116) _process_stack /opt/stack/nova/nova/api/openstack/wsgi.py:513}}
Jul 20 15:13:43.146348 n-d-850468-3 devstack@n-api.service[104116]: INFO nova.api.openstack.requestlog [None req-ec1242d1-dd12-4b14-a17c-427127a4a0e0 admin admin] 10.222.0.96 "GET /compute/v2.1" status: 200 len: 388 microversion: 2.1 time: 0.002087
Jul 20 15:13:43.146964 n-d-850468-3 devstack@n-api.service[104116]: [pid: 104116|app: 0|req: 19/36] 10.222.0.96 () {54 vars in 930 bytes} [Wed Jul 20 15:13:43 2022] GET /compute/v2.1 => generated 388 bytes in 3 msecs (HTTP/1.1 200) 9 headers in 357 bytes (1 switches on core 0)
Jul 20 15:13:43.158943 n-d-850468-3 devstack@n-api.service[104115]: DEBUG dbcounter [-] [104115] Writing DB stats nova_api:INSERT=4,nova_api:SELECT=17,nova_api:SAVEPOINT=2,nova_api:RELEASE=2 {{(pid=104115) stat_writer /usr/local/lib/python3.8/dist-packages/dbcounter.py:114}}
Jul 20 15:13:43.722802 n-d-850468-3 devstack@n-api.service[104115]: DEBUG nova.api.openstack.wsgi [None req-04cc3462-07d8-4fc8-b7e3-58539ee97ca6 admin admin] Calling method '>' {{(pid=104115) _process_stack /opt/stack/nova/nova/api/openstack/wsgi.py:513}}
Jul 20 15:13:43.741607 n-d-850468-3 devstack@n-api.service[104115]: INFO nova.api.openstack.requestlog [None req-04cc3462-07d8-4fc8-b7e3-58539ee97ca6 admin admin] 10.222.0.96 "GET /compute/v2.1/flavors/detail?is_public=True" status: 200 len: 4202 microversion: 2.61 time: 0.587122
Jul 20 15:13:43.742440 n-d-850468-3 devstack@n-api.service[104115]: [pid: 104115|app: 0|req: 18/37] 10.222.0.96 () {60 vars in 1291 bytes} [Wed Jul 20 15:13:43 2022] GET /compute/v2.1/flavors/detail?is_public=True => generated 4202 bytes in 589 msecs (HTTP/1.1 200) 9 headers in 360 bytes (2 switches on core 0)
Jul 20 15:13:44.946365 n-d-850468-3 devstack@n-api.service[104116]: DEBUG nova.api.openstack.wsgi [None req-ec1242d1-dd12-4b14-a17c-427127a4a0e0 admin admin] Calling method '>' {{(pid=104116) _process_stack /opt/stack/nova/nova/api/openstack/wsgi.py:513}}
Jul 20 15:13:44.947465 n-d-850468-3 devstack@n-api.service[104116]: INFO nova.api.openstack.requestlog [None req-ec1242d1-dd12-4b14-a17c-427127a4a0e0 admin admin] 10.222.0.96 "GET /compute/v2.1" status: 200 len: 388 microversion: 2.1 time: 0.001775
Jul 20 15:13:44.947951 n-d-850468-3 devstack@n-api.service[104116]: [pid: 104116|app: 0|req: 20/38] 10.222.0.96 () {56 vars in 1074 bytes} [Wed Jul 20 15:13:44 2022] GET /compute/v2.1 => generated 388 bytes in 3 msecs (HTTP/1.1 200) 9 headers in 357 bytes (1 switches on core 0)
Jul 20 15:13:45.604258 n-d-850468-3 devstack@n-api.service[104115]: DEBUG nova.api.openstack.wsgi [None req-ab5c8aa3-3b80-41c7-b5ec-ab434099b36d admin admin] Calling method '>' {{(pid=104115) _process_stack /opt/stack/nova/nova/api/openstack/wsgi.py:513}}
Jul 20 15:13:45.611090 n-d-850468-3 devstack@n-api.service[104115]: INFO nova.api.openstack.wsgi [None req-ab5c8aa3-3b80-41c7-b5ec-ab434099b36d admin admin] HTTP exception thrown: Flavor 42 could not be found.
Jul 20 15:13:45.614633 n-d-850468-3 devstack@n-api.service[104115]: DEBUG nova.api.openstack.wsgi [None req-ab5c8aa3-3b80-41c7-b5ec-ab434099b36d admin admin] Request method failure captured:
Jul 20 15:13:45.614633 n-d-850468-3 devstack@n-api.service[104115]: request: GET /compute/v2.1/flavors/42 HTTP/1.1
Jul 20 15:13:45.614633 n-d-850468-3 devstack@n-api.service[104115]: Accept: application/json
Jul 20 15:13:45.614633 n-d-850468-3 devstack@n-api.service[104115]: Accept-Encoding: gzip, deflate
Jul 20 15:13:45.614633 n-d-850468-3 devstack@n-api.service[104115]: Connection: keep-alive
