Aug 26 19:03:46.285301 n-d-850468-19 devstack@placement-api.service[119771]: DEBUG placement.requestlog [req-a405abb9-f760-45e2-b92a-54884de572ac req-3b3f7bc7-aef5-4f29-8af4-5d26cd09771c None None] Starting request: 10.222.0.15 "GET /placement/allocations/058584bf-3a1f-4f83-91a2-0dbcb67e5828" {{(pid=119771) __call__ /opt/stack/placement/placement/requestlog.py:55}}
Aug 26 19:03:46.306664 n-d-850468-19 devstack@placement-api.service[119771]: INFO placement.requestlog [req-a405abb9-f760-45e2-b92a-54884de572ac req-3b3f7bc7-aef5-4f29-8af4-5d26cd09771c service placement] 10.222.0.15 "GET /placement/allocations/058584bf-3a1f-4f83-91a2-0dbcb67e5828" status: 200 len: 258 microversion: 1.28
Aug 26 19:03:46.307573 n-d-850468-19 devstack@placement-api.service[119771]: [pid: 119771|app: 0|req: 84/170] 10.222.0.15 () {60 vars in 1377 bytes} [Fri Aug 26 19:03:46 2022] GET /placement/allocations/058584bf-3a1f-4f83-91a2-0dbcb67e5828 => generated 258 bytes in 24 msecs (HTTP/1.1 200) 8 headers in 296 bytes (1 switches on core 0)
Aug 26 19:03:46.497419 n-d-850468-19 devstack@placement-api.service[119770]: DEBUG placement.requestlog [req-423f89fc-aad2-417f-b6fa-b7825471cf7f req-41b7b7db-123b-46fd-bc2e-d2140906a5c4 None None] Starting request: 10.222.0.16 "GET /placement/allocations/ace4a74b-3d88-41cf-80a7-2cad0097c327" {{(pid=119770) __call__ /opt/stack/placement/placement/requestlog.py:55}}
Aug 26 19:03:46.504992 n-d-850468-19 devstack@placement-api.service[119770]: INFO placement.requestlog [req-423f89fc-aad2-417f-b6fa-b7825471cf7f req-41b7b7db-123b-46fd-bc2e-d2140906a5c4 service placement] 10.222.0.16 "GET /placement/allocations/ace4a74b-3d88-41cf-80a7-2cad0097c327" status: 200 len: 259 microversion: 1.28
Aug 26 19:03:46.505678 n-d-850468-19 devstack@placement-api.service[119770]: [pid: 119770|app: 0|req: 87/171] 10.222.0.16 () {60 vars in 1380 bytes} [Fri Aug 26 19:03:46 2022] GET /placement/allocations/ace4a74b-3d88-41cf-80a7-2cad0097c327 => generated 259 bytes in 23 msecs (HTTP/1.1 200) 8 headers in 296 bytes (1 switches on core 0)
Aug 26 19:03:46.517456 n-d-850468-19 devstack@placement-api.service[119771]: DEBUG placement.requestlog [req-423f89fc-aad2-417f-b6fa-b7825471cf7f req-a9939a50-8926-4caf-960e-badd9543f07b None None] Starting request: 10.222.0.16 "GET /placement/allocations/ace4a74b-3d88-41cf-80a7-2cad0097c327" {{(pid=119771) __call__ /opt/stack/placement/placement/requestlog.py:55}}
Aug 26 19:03:46.550189 n-d-850468-19 devstack@placement-api.service[119771]: INFO placement.requestlog [req-423f89fc-aad2-417f-b6fa-b7825471cf7f req-a9939a50-8926-4caf-960e-badd9543f07b service placement] 10.222.0.16 "GET /placement/allocations/ace4a74b-3d88-41cf-80a7-2cad0097c327" status: 200 len: 259 microversion: 1.28
Aug 26 19:03:46.555510 n-d-850468-19 devstack@placement-api.service[119770]: DEBUG placement.requestlog [req-423f89fc-aad2-417f-b6fa-b7825471cf7f req-020b1d96-658b-40f0-b04a-fbff442bc288 None None] Starting request: 10.222.0.16 "GET /placement/allocations/3ac22cc8-ae98-4de8-8686-034faa4d4b5f" {{(pid=119770) __call__ /opt/stack/placement/placement/requestlog.py:55}}
Aug 26 19:03:46.555790 n-d-850468-19 devstack@placement-api.service[119771]: [pid: 119771|app: 0|req: 85/172] 10.222.0.16 () {60 vars in 1380 bytes} [Fri Aug 26 19:03:46 2022] GET /placement/allocations/ace4a74b-3d88-41cf-80a7-2cad0097c327 => generated 259 bytes in 38 msecs (HTTP/1.1 200) 8 headers in 296 bytes (1 switches on core 0)
Aug 26 19:03:46.579054 n-d-850468-19 devstack@placement-api.service[119770]: INFO placement.requestlog [req-423f89fc-aad2-417f-b6fa-b7825471cf7f req-020b1d96-658b-40f0-b04a-fbff442bc288 service placement] 10.222.0.16 "GET /placement/allocations/3ac22cc8-ae98-4de8-8686-034faa4d4b5f" status: 200 len: 19 microversion: 1.28
Aug 26 19:03:46.579864 n-d-850468-19 devstack@placement-api.service[119770]: [pid: 119770|app: 0|req: 88/173] 10.222.0.16 () {60 vars in 1380 bytes} [Fri Aug 26 19:03:46 2022] GET /placement/allocations/3ac22cc8-ae98-4de8-8686-034faa4d4b5f => generated 19 bytes in 24 msecs (HTTP/1.1 200) 8 headers in 295 bytes (1 switches on core 0)
Aug 26 19:03:46.591048 n-d-850468-19 devstack@placement-api.service[119771]: DEBUG placement.requestlog [req-423f89fc-aad2-417f-b6fa-b7825471cf7f req-ead17436-28bd-473d-9c4b-d39090c47209 None None] Starting request: 10.222.0.16 "POST /placement/allocations" {{(pid=119771) __call__ /opt/stack/placement/placement/requestlog.py:55}}
Aug 26 19:03:46.822835 n-d-850468-19 devstack@placement-api.service[119771]: DEBUG placement.handlers.allocation [req-423f89fc-aad2-417f-b6fa-b7825471cf7f req-ead17436-28bd-473d-9c4b-d39090c47209 service placement] Successfully wrote allocations [, , , , , ] {{(pid=119771) _update_consumers_and_create_allocations /opt/stack/placement/placement/handlers/allocation.py:572}}
Aug 26 19:03:46.955515 n-d-850468-19 devstack@placement-api.service[119771]: INFO placement.requestlog [req-423f89fc-aad2-417f-b6fa-b7825471cf7f req-ead17436-28bd-473d-9c4b-d39090c47209 service placement] 10.222.0.16 "POST /placement/allocations" status: 204 len: 0 microversion: 1.28
Aug 26 19:03:46.958148 n-d-850468-19 devstack@placement-api.service[119771]: [pid: 119771|app: 0|req: 86/174] 10.222.0.16 () {64 vars in 1323 bytes} [Fri Aug 26 19:03:46 2022] POST /placement/allocations => generated 0 bytes in 365 msecs (HTTP/1.1 204) 5 headers in 199 bytes (2 switches on core 0)
Aug 26 19:03:46.999248 n-d-850468-19 devstack@placement-api.service[119770]: DEBUG placement.requestlog [req-423f89fc-aad2-417f-b6fa-b7825471cf7f req-c1a811e4-2515-4cf8-9a6b-6185b3946d36 None None] Starting request: 10.222.0.16 "GET /placement/allocations/ace4a74b-3d88-41cf-80a7-2cad0097c327" {{(pid=119770) __call__ /opt/stack/placement/placement/requestlog.py:55}}
Aug 26 19:03:47.011300 n-d-850468-19 devstack@placement-api.service[119770]: INFO placement.requestlog [req-423f89fc-aad2-417f-b6fa-b7825471cf7f req-c1a811e4-2515-4cf8-9a6b-6185b3946d36 service placement] 10.222.0.16 "GET /placement/allocations/ace4a74b-3d88-41cf-80a7-2cad0097c327" status: 200 len: 19 microversion: 1.28
Aug 26 19:03:47.016929 n-d-850468-19 devstack@placement-api.service[119770]: [pid: 119770|app: 0|req: 89/175] 10.222.0.16 () {60 vars in 1380 bytes} [Fri Aug 26 19:03:46 2022] GET /placement/allocations/ace4a74b-3d88-41cf-80a7-2cad0097c327 => generated 19 bytes in 16 msecs (HTTP/1.1 200) 8 headers in 295 bytes (1 switches on core 0)
Aug 26 19:03:47.018324 n-d-850468-19 devstack@placement-api.service[119771]: DEBUG placement.requestlog [req-423f89fc-aad2-417f-b6fa-b7825471cf7f req-96ad62d3-10a0-4cb8-99ab-752b30c3fbfe None None] Starting request: 10.222.0.16 "PUT /placement/allocations/ace4a74b-3d88-41cf-80a7-2cad0097c327" {{(pid=119771) __call__ /opt/stack/placement/placement/requestlog.py:55}}
Aug 26 19:03:47.224934 n-d-850468-19 devstack@placement-api.service[119771]: DEBUG placement.handlers.allocation [req-423f89fc-aad2-417f-b6fa-b7825471cf7f req-96ad62d3-10a0-4cb8-99ab-752b30c3fbfe service placement] Successfully wrote allocations [, , ] {{(pid=119771) _update_consumers_and_create_allocations /opt/stack/placement/placement/handlers/allocation.py:462}}
Aug 26 19:03:47.287004 n-d-850468-19 devstack@placement-api.service[119771]: INFO placement.requestlog [req-423f89fc-aad2-417f-b6fa-b7825471cf7f req-96ad62d3-10a0-4cb8-99ab-752b30c3fbfe service placement] 10.222.0.16 "PUT /placement/allocations/ace4a74b-3d88-41cf-80a7-2cad0097c327" status: 204 len: 0 microversion: 1.28
Aug 26 19:03:47.288054 n-d-850468-19 devstack@placement-api.service[119771]: [pid: 119771|app: 0|req: 87/176] 10.222.0.16 () {64 vars in 1433 bytes} [Fri Aug 26 19:03:47 2022] PUT /placement/allocations/ace4a74b-3d88-41cf-80a7-2cad0097c327 => generated 0 bytes in 270 msecs (HTTP/1.1 204) 5 headers in 199 bytes (2 switches on core 0)
Aug 26 19:03:47.692136 n-d-850468-19 devstack@placement-api.service[119770]: DEBUG placement.requestlog [req-2ed4cf14-f92a-4265-8cce-4bf115fcc036 req-c20b2178-eaa6-4563-ace3-60ff58c99831 None None] Starting request: 10.222.0.15 "GET /placement/resource_providers/3d5f4e58-0ff7-4bf7-825b-7caa094dd5a4/allocations" {{(pid=119770) __call__ /opt/stack/placement/placement/requestlog.py:55}}
Aug 26 19:03:47.723340 n-d-850468-19 devstack@placement-api.service[119771]: DEBUG placement.requestlog [req-423f89fc-aad2-417f-b6fa-b7825471cf7f req-6ac73221-0144-416d-adb4-ae9ac93155e8 None None] Starting request: 10.222.0.15 "GET /placement/allocations/ace4a74b-3d88-41cf-80a7-2cad0097c327" {{(pid=119771) __call__ /opt/stack/placement/placement/requestlog.py:55}}
Aug 26 19:03:47.742184 n-d-850468-19 devstack@placement-api.service[119770]: INFO placement.requestlog [req-2ed4cf14-f92a-4265-8cce-4bf115fcc036 req-c20b2178-eaa6-4563-ace3-60ff58c99831 service placement] 10.222.0.15 "GET /placement/resource_providers/3d5f4e58-0ff7-4bf7-825b-7caa094dd5a4/allocations" status: 200 len: 456 microversion: 1.0
Aug 26 19:03:47.743556 n-d-850468-19 devstack@placement-api.service[119770]: [pid: 119770|app: 0|req: 90/177] 10.222.0.15 () {58 vars in 1390 bytes} [Fri Aug 26 19:03:47 2022] GET /placement/resource_providers/3d5f4e58-0ff7-4bf7-825b-7caa094dd5a4/allocations => generated 456 bytes in 52 msecs (HTTP/1.1 200) 6 headers in 224 bytes (1 switches on core 0)
Aug 26 19:03:47.747209 n-d-850468-19 devstack@placement-api.service[119771]: INFO placement.requestlog [req-423f89fc-aad2-417f-b6fa-b7825471cf7f req-6ac73221-0144-416d-adb4-ae9ac93155e8 service placement] 10.222.0.15 "GET /placement/allocations/ace4a74b-3d88-41cf-80a7-2cad0097c327" status: 200 len: 258 microversion: 1.28
Aug 26 19:03:47.747589 n-d-850468-19 devstack@placement-api.service[119771]: [pid: 119771|app: 0|req: 88/178] 10.222.0.15 () {60 vars in 1377 bytes} [Fri Aug 26 19:03:47 2022] GET /placement/allocations/ace4a74b-3d88-41cf-80a7-2cad0097c327 => generated 258 bytes in 25 msecs (HTTP/1.1 200) 8 headers in 296 bytes (2 switches on core 0)
Aug 26 19:03:47.885409 n-d-850468-19 devstack@placement-api.service[119770]: DEBUG placement.requestlog [req-2ed4cf14-f92a-4265-8cce-4bf115fcc036 req-e8ced521-130c-4133-a4e8-8f016b69045e None None] Starting request: 10.222.0.15 "GET /placement/resource_providers/3d5f4e58-0ff7-4bf7-825b-7caa094dd5a4/allocations" {{(pid=119770) __call__ /opt/stack/placement/placement/requestlog.py:55}}
Aug 26 19:03:47.927983 n-d-850468-19 devstack@placement-api.service[119770]: INFO placement.requestlog [req-2ed4cf14-f92a-4265-8cce-4bf115fcc036 req-e8ced521-130c-4133-a4e8-8f016b69045e service placement] 10.222.0.15 "GET /placement/resource_providers/3d5f4e58-0ff7-4bf7-825b-7caa094dd5a4/allocations" status: 200 len: 456 microversion: 1.0
Aug 26 19:03:47.929210 n-d-850468-19 devstack@placement-api.service[119770]: [pid: 119770|app: 0|req: 91/179] 10.222.0.15 () {58 vars in 1390 bytes} [Fri Aug 26 19:03:47 2022] GET /placement/resource_providers/3d5f4e58-0ff7-4bf7-825b-7caa094dd5a4/allocations => generated 456 bytes in 44 msecs (HTTP/1.1 200) 6 headers in 224 bytes (1 switches on core 0)
Aug 26 19:03:47.937108 n-d-850468-19 devstack@placement-api.service[119771]: DEBUG placement.requestlog [req-2ed4cf14-f92a-4265-8cce-4bf115fcc036 req-08654ad7-b292-4ebe-96f5-70eebd963d61 None None] Starting request: 10.222.0.15 "GET /placement/allocations/baf966bf-c212-4a37-954a-e181aeb4583d" {{(pid=119771) __call__ /opt/stack/placement/placement/requestlog.py:55}}
Aug 26 19:03:47.965910 n-d-850468-19 devstack@placement-api.service[119771]: INFO placement.requestlog [req-2ed4cf14-f92a-4265-8cce-4bf115fcc036 req-08654ad7-b292-4ebe-96f5-70eebd963d61 service placement] 10.222.0.15 "GET /placement/allocations/baf966bf-c212-4a37-954a-e181aeb4583d" status: 200 len: 258 microversion: 1.28
Aug 26 19:03:47.966891 n-d-850468-19 devstack@placement-api.service[119771]: [pid: 119771|app: 0|req: 89/180] 10.222.0.15 () {60 vars in 1377 bytes} [Fri Aug 26 19:03:47 2022] GET /placement/allocations/baf966bf-c212-4a37-954a-e181aeb4583d => generated 258 bytes in 30 msecs (HTTP/1.1 200) 8 headers in 296 bytes (1 switches on core 0)
Aug 26 19:03:47.978504 n-d-850468-19 devstack@placement-api.service[119770]: DEBUG placement.requestlog [req-2ed4cf14-f92a-4265-8cce-4bf115fcc036 req-8030cd69-7607-4568-8e11-0978cd689919 None None] Starting request: 10.222.0.15 "GET /placement/allocations/c992a01d-e7fb-4e61-aeca-8ab5d1f49e4a" {{(pid=119770) __call__ /opt/stack/placement/placement/requestlog.py:55}}
Aug 26 19:03:48.006577 n-d-850468-19 devstack@placement-api.service[119770]: INFO placement.requestlog [req-2ed4cf14-f92a-4265-8cce-4bf115fcc036 req-8030cd69-7607-4568-8e11-0978cd689919 service placement] 10.222.0.15 "GET /placement/allocations/c992a01d-e7fb-4e61-aeca-8ab5d1f49e4a" status: 200 len: 258 microversion: 1.28
Aug 26 19:03:48.006967 n-d-850468-19 devstack@placement-api.service[119770]: [pid: 119770|app: 0|req: 92/181] 10.222.0.15 () {60 vars in 1377 bytes} [Fri Aug 26 19:03:47 2022] GET /placement/allocations/c992a01d-e7fb-4e61-aeca-8ab5d1f49e4a => generated 258 bytes in 29 msecs (HTTP/1.1 200) 8 headers in 296 bytes (1 switches on core 0)
Aug 26 19:03:48.015920 n-d-850468-19 devstack@placement-api.service[119771]: DEBUG placement.requestlog [req-2ed4cf14-f92a-4265-8cce-4bf115fcc036 req-689e039c-e320-40c1-af03-3353369f6192 None None] Starting request: 10.222.0.15 "GET /placement/allocations/058584bf-3a1f-4f83-91a2-0dbcb67e5828" {{(pid=119771) __call__ /opt/stack/placement/placement/requestlog.py:55}}
Aug 26 19:03:48.040431 n-d-850468-19 devstack@placement-api.service[119771]: INFO placement.requestlog [req-2ed4cf14-f92a-4265-8cce-4bf115fcc036 req-689e039c-e320-40c1-af03-3353369f6192 service placement] 10.222.0.15 "GET /placement/allocations/058584bf-3a1f-4f83-91a2-0dbcb67e5828" status: 200 len: 258 microversion: 1.28
Aug 26 19:03:48.040931 n-d-850468-19 devstack@placement-api.service[119771]: [pid: 119771|app: 0|req: 90/182] 10.222.0.15 () {60 vars in 1377 bytes} [Fri Aug 26 19:03:48 2022] GET /placement/allocations/058584bf-3a1f-4f83-91a2-0dbcb67e5828 => generated 258 bytes in 25 msecs (HTTP/1.1 200) 8 headers in 296 bytes (1 switches on core 0)
Aug 26 19:03:48.049057 n-d-850468-19 devstack@placement-api.service[119770]: DEBUG placement.requestlog [req-2ed4cf14-f92a-4265-8cce-4bf115fcc036 req-3ece4439-d971-4b26-bf0d-bedc56ab0824 None None] Starting request: 10.222.0.15 "GET /placement/allocations/ace4a74b-3d88-41cf-80a7-2cad0097c327" {{(pid=119770) __call__ /opt/stack/placement/placement/requestlog.py:55}}
Aug 26 19:03:48.085400 n-d-850468-19 devstack@placement-api.service[119770]: INFO placement.requestlog [req-2ed4cf14-f92a-4265-8cce-4bf115fcc036 req-3ece4439-d971-4b26-bf0d-bedc56ab0824 service placement] 10.222.0.15 "GET /placement/allocations/ace4a74b-3d88-41cf-80a7-2cad0097c327" status: 200 len: 258 microversion: 1.28
Aug 26 19:03:48.096427 n-d-850468-19 devstack@placement-api.service[119770]: [pid: 119770|app: 0|req: 93/183] 10.222.0.15 () {60 vars in 1377 bytes} [Fri Aug 26 19:03:48 2022] GET /placement/allocations/ace4a74b-3d88-41cf-80a7-2cad0097c327 => generated 258 bytes in 48 msecs (HTTP/1.1 200) 8 headers in 296 bytes (1 switches on core 0)
Aug 26 19:03:50.275025 n-d-850468-19 devstack@placement-api.service[119771]: DEBUG placement.requestlog [req-a9126f4d-91bd-496e-8295-31ae8ffb73fd req-d8a7cdb1-5a71-46ef-ba36-4b62e372c77c None None] Starting request: 10.222.0.16 "GET /placement/allocation_candidates?limit=1000&resources=DISK_GB%3A1%2CMEMORY_MB%3A1024%2CVCPU%3A1&root_required=%21COMPUTE_STATUS_DISABLED" {{(pid=119771) __call__ /opt/stack/placement/placement/requestlog.py:55}}
Aug 26 19:03:50.364472 n-d-850468-19 devstack@placement-api.service[119771]: DEBUG placement.objects.research_context [req-a9126f4d-91bd-496e-8295-31ae8ffb73fd req-d8a7cdb1-5a71-46ef-ba36-4b62e372c77c service placement] getting providers with 1 DISK_GB {{(pid=119771) __init__ /opt/stack/placement/placement/objects/research_context.py:136}}
Aug 26 19:03:50.372878 n-d-850468-19 devstack@placement-api.service[119771]: DEBUG placement.objects.research_context [req-a9126f4d-91bd-496e-8295-31ae8ffb73fd req-d8a7cdb1-5a71-46ef-ba36-4b62e372c77c service placement] getting providers with 1024 MEMORY_MB {{(pid=119771) __init__ /opt/stack/placement/placement/objects/research_context.py:136}}
Aug 26 19:03:50.380066 n-d-850468-19 devstack@placement-api.service[119771]: DEBUG dbcounter [-] [119771] Writing DB stats placement:SELECT=82,placement:INSERT=8,placement:DELETE=5,placement:UPDATE=5 {{(pid=119771) stat_writer /usr/local/lib/python3.8/dist-packages/dbcounter.py:114}}
Aug 26 19:03:50.381213 n-d-850468-19 devstack@placement-api.service[119771]: DEBUG placement.objects.research_context [req-a9126f4d-91bd-496e-8295-31ae8ffb73fd req-d8a7cdb1-5a71-46ef-ba36-4b62e372c77c service placement] getting providers with 1 VCPU {{(pid=119771) __init__ /opt/stack/placement/placement/objects/research_context.py:136}}
Aug 26 19:03:50.388738 n-d-850468-19 devstack@placement-api.service[119771]: DEBUG placement.objects.research_context [req-a9126f4d-91bd-496e-8295-31ae8ffb73fd req-d8a7cdb1-5a71-46ef-ba36-4b62e372c77c service placement] found 2 providers with available 1 DISK_GB {{(pid=119771) get_provider_ids_matching /opt/stack/placement/placement/objects/research_context.py:563}}
Aug 26 19:03:50.389247 n-d-850468-19 devstack@placement-api.service[119771]: DEBUG placement.objects.research_context [req-a9126f4d-91bd-496e-8295-31ae8ffb73fd req-d8a7cdb1-5a71-46ef-ba36-4b62e372c77c service placement] found 2 providers with available 1024 MEMORY_MB {{(pid=119771) get_provider_ids_matching /opt/stack/placement/placement/objects/research_context.py:563}}
Aug 26 19:03:50.389721 n-d-850468-19 devstack@placement-api.service[119771]: DEBUG placement.objects.research_context [req-a9126f4d-91bd-496e-8295-31ae8ffb73fd req-d8a7cdb1-5a71-46ef-ba36-4b62e372c77c service placement] found 2 providers after filtering by previous result {{(pid=119771) get_provider_ids_matching /opt/stack/placement/placement/objects/research_context.py:594}}
Aug 26 19:03:50.390214 n-d-850468-19 devstack@placement-api.service[119771]: DEBUG placement.objects.research_context [req-a9126f4d-91bd-496e-8295-31ae8ffb73fd req-d8a7cdb1-5a71-46ef-ba36-4b62e372c77c service placement] found 2 providers with available 1 VCPU {{(pid=119771) get_provider_ids_matching /opt/stack/placement/placement/objects/research_context.py:563}}
Aug 26 19:03:50.390646 n-d-850468-19 devstack@placement-api.service[119771]: DEBUG placement.objects.research_context [req-a9126f4d-91bd-496e-8295-31ae8ffb73fd req-d8a7cdb1-5a71-46ef-ba36-4b62e372c77c service placement] found 2 providers after filtering by previous result {{(pid=119771) get_provider_ids_matching /opt/stack/placement/placement/objects/research_context.py:594}}
Aug 26 19:03:50.411241 n-d-850468-19 devstack@placement-api.service[119771]: DEBUG placement.objects.allocation_candidate [req-a9126f4d-91bd-496e-8295-31ae8ffb73fd req-d8a7cdb1-5a71-46ef-ba36-4b62e372c77c service placement] RequestGroup(use_same_provider=False, resources={DISK_GB:1, MEMORY_MB:1024, VCPU:1}, traits=(), aggregates=[]) (suffix '') returned 2 matches {{(pid=119771) _get_by_requests /opt/stack/placement/placement/objects/allocation_candidate.py:156}}
Aug 26 19:03:50.414747 n-d-850468-19 devstack@placement-api.service[119771]: DEBUG placement.objects.allocation_candidate [req-a9126f4d-91bd-496e-8295-31ae8ffb73fd req-d8a7cdb1-5a71-46ef-ba36-4b62e372c77c service placement] Merging candidates yields 2 allocation requests and 2 provider summaries {{(pid=119771) _merge_candidates /opt/stack/placement/placement/objects/allocation_candidate.py:809}}
Aug 26 19:03:50.419775 n-d-850468-19 devstack@placement-api.service[119771]: INFO placement.requestlog [req-a9126f4d-91bd-496e-8295-31ae8ffb73fd req-d8a7cdb1-5a71-46ef-ba36-4b62e372c77c service placement] 10.222.0.16 "GET /placement/allocation_candidates?limit=1000&resources=DISK_GB%3A1%2CMEMORY_MB%3A1024%2CVCPU%3A1&root_required=%21COMPUTE_STATUS_DISABLED" status: 200 len: 1309 microversion: 1.36
Aug 26 19:03:50.424107 n-d-850468-19 devstack@placement-api.service[119771]: [pid: 119771|app: 0|req: 91/184] 10.222.0.16 () {60 vars in 1506 bytes} [Fri Aug 26 19:03:50 2022] GET /placement/allocation_candidates?limit=1000&resources=DISK_GB%3A1%2CMEMORY_MB%3A1024%2CVCPU%3A1&root_required=%21COMPUTE_STATUS_DISABLED => generated 1309 bytes in 146 msecs (HTTP/1.1 200) 8 headers in 297 bytes (1 switches on core 0)
Aug 26 19:03:50.562496 n-d-850468-19 devstack@placement-api.service[119770]: DEBUG placement.requestlog [req-a9126f4d-91bd-496e-8295-31ae8ffb73fd req-4114b0c2-c5d6-4948-b52a-afe529b907ef None None] Starting request: 10.222.0.16 "GET /placement/allocations/1623d49c-7f91-4535-8eeb-dd4cee8608b4" {{(pid=119770) __call__ /opt/stack/placement/placement/requestlog.py:55}}
Aug 26 19:03:50.583436 n-d-850468-19 devstack@placement-api.service[119770]: INFO placement.requestlog [req-a9126f4d-91bd-496e-8295-31ae8ffb73fd req-4114b0c2-c5d6-4948-b52a-afe529b907ef service placement] 10.222.0.16 "GET /placement/allocations/1623d49c-7f91-4535-8eeb-dd4cee8608b4" status: 200 len: 19 microversion: 1.28
Aug 26 19:03:50.584640 n-d-850468-19 devstack@placement-api.service[119770]: [pid: 119770|app: 0|req: 94/185] 10.222.0.16 () {60 vars in 1380 bytes} [Fri Aug 26 19:03:50 2022] GET /placement/allocations/1623d49c-7f91-4535-8eeb-dd4cee8608b4 => generated 19 bytes in 23 msecs (HTTP/1.1 200) 8 headers in 295 bytes (1 switches on core 0)
Aug 26 19:03:50.602592 n-d-850468-19 devstack@placement-api.service[119771]: DEBUG placement.requestlog [req-a9126f4d-91bd-496e-8295-31ae8ffb73fd req-6104e9da-62cb-4d0f-b9a0-99a75f27ae10 None None] Starting request: 10.222.0.16 "PUT /placement/allocations/1623d49c-7f91-4535-8eeb-dd4cee8608b4" {{(pid=119771) __call__ /opt/stack/placement/placement/requestlog.py:55}}
Aug 26 19:03:50.858535 n-d-850468-19 devstack@placement-api.service[119771]: DEBUG placement.handlers.allocation [req-a9126f4d-91bd-496e-8295-31ae8ffb73fd req-6104e9da-62cb-4d0f-b9a0-99a75f27ae10 service placement] Successfully wrote allocations [, , ] {{(pid=119771) _update_consumers_and_create_allocations /opt/stack/placement/placement/handlers/allocation.py:462}}
Aug 26 19:03:50.989929 n-d-850468-19 devstack@placement-api.service[119771]: INFO placement.requestlog [req-a9126f4d-91bd-496e-8295-31ae8ffb73fd req-6104e9da-62cb-4d0f-b9a0-99a75f27ae10 service placement] 10.222.0.16 "PUT /placement/allocations/1623d49c-7f91-4535-8eeb-dd4cee8608b4" status: 204 len: 0 microversion: 1.36
Aug 26 19:03:50.993377 n-d-850468-19 devstack@placement-api.service[119771]: [pid: 119771|app: 0|req: 92/186] 10.222.0.16 () {64 vars in 1433 bytes} [Fri Aug 26 19:03:50 2022] PUT /placement/allocations/1623d49c-7f91-4535-8eeb-dd4cee8608b4 => generated 0 bytes in 400 msecs (HTTP/1.1 204) 5 headers in 199 bytes (2 switches on core 0)
Aug 26 19:03:54.734870 n-d-850468-19 devstack@placement-api.service[119770]: DEBUG placement.requestlog [req-a9126f4d-91bd-496e-8295-31ae8ffb73fd req-224e002a-1094-4b99-915c-6a31f48f3ee7 None None] Starting request: 10.222.0.15 "GET /placement/allocations/1623d49c-7f91-4535-8eeb-dd4cee8608b4" {{(pid=119770) __call__ /opt/stack/placement/placement/requestlog.py:55}}
Aug 26 19:03:54.763752 n-d-850468-19 devstack@placement-api.service[119770]: DEBUG dbcounter [-] [119770] Writing DB stats placement:SELECT=92,placement:INSERT=4,placement:DELETE=2,placement:UPDATE=2 {{(pid=119770) stat_writer /usr/local/lib/python3.8/dist-packages/dbcounter.py:114}}
Aug 26 19:03:54.778990 n-d-850468-19 devstack@placement-api.service[119770]: INFO placement.requestlog [req-a9126f4d-91bd-496e-8295-31ae8ffb73fd req-224e002a-1094-4b99-915c-6a31f48f3ee7 service placement] 10.222.0.15 "GET /placement/allocations/1623d49c-7f91-4535-8eeb-dd4cee8608b4" status: 200 len: 258 microversion: 1.28
Aug 26 19:03:54.779810 n-d-850468-19 devstack@placement-api.service[119770]: [pid: 119770|app: 0|req: 95/187] 10.222.0.15 () {60 vars in 1377 bytes} [Fri Aug 26 19:03:54 2022] GET /placement/allocations/1623d49c-7f91-4535-8eeb-dd4cee8608b4 => generated 258 bytes in 48 msecs (HTTP/1.1 200) 8 headers in 296 bytes (1 switches on core 0)
Aug 26 19:03:55.137995 n-d-850468-19 devstack@placement-api.service[119771]: DEBUG placement.requestlog [req-a9126f4d-91bd-496e-8295-31ae8ffb73fd req-a1a61da2-34a4-48db-a59b-57bb0fa6c2ee None None] Starting request: 10.222.0.15 "GET /placement/resource_providers/3d5f4e58-0ff7-4bf7-825b-7caa094dd5a4/allocations" {{(pid=119771) __call__ /opt/stack/placement/placement/requestlog.py:55}}
Aug 26 19:03:55.184225 n-d-850468-19 devstack@placement-api.service[119771]: INFO placement.requestlog [req-a9126f4d-91bd-496e-8295-31ae8ffb73fd req-a1a61da2-34a4-48db-a59b-57bb0fa6c2ee service placement] 10.222.0.15 "GET /placement/resource_providers/3d5f4e58-0ff7-4bf7-825b-7caa094dd5a4/allocations" status: 200 len: 557 microversion: 1.0
Aug 26 19:03:55.184616 n-d-850468-19 devstack@placement-api.service[119771]: [pid: 119771|app: 0|req: 93/188] 10.222.0.15 () {58 vars in 1390 bytes} [Fri Aug 26 19:03:55 2022] GET /placement/resource_providers/3d5f4e58-0ff7-4bf7-825b-7caa094dd5a4/allocations => generated 557 bytes in 47 msecs (HTTP/1.1 200) 6 headers in 224 bytes (1 switches on core 0)
Aug 26 19:03:55.192947 n-d-850468-19 devstack@placement-api.service[119770]: DEBUG placement.requestlog [req-a9126f4d-91bd-496e-8295-31ae8ffb73fd req-ec76f1c0-c27e-47eb-a062-9ffd705d6b07 None None] Starting request: 10.222.0.15 "GET /placement/allocations/1623d49c-7f91-4535-8eeb-dd4cee8608b4" {{(pid=119770) __call__ /opt/stack/placement/placement/requestlog.py:55}}
Aug 26 19:03:55.231834 n-d-850468-19 devstack@placement-api.service[119770]: INFO placement.requestlog [req-a9126f4d-91bd-496e-8295-31ae8ffb73fd req-ec76f1c0-c27e-47eb-a062-9ffd705d6b07 service placement] 10.222.0.15 "GET /placement/allocations/1623d49c-7f91-4535-8eeb-dd4cee8608b4" status: 200 len: 258 microversion: 1.28
Aug 26 19:03:55.235382 n-d-850468-19 devstack@placement-api.service[119770]: [pid: 119770|app: 0|req: 96/189] 10.222.0.15 () {60 vars in 1377 bytes} [Fri Aug 26 19:03:55 2022] GET /placement/allocations/1623d49c-7f91-4535-8eeb-dd4cee8608b4 => generated 258 bytes in 42 msecs (HTTP/1.1 200) 8 headers in 296 bytes (1 switches on core 0)
Aug 26 19:03:55.241932 n-d-850468-19 devstack@placement-api.service[119771]: DEBUG placement.requestlog [req-a9126f4d-91bd-496e-8295-31ae8ffb73fd req-60568d8d-fa00-4849-b055-13e87bed689c None None] Starting request: 10.222.0.15 "GET /placement/allocations/ace4a74b-3d88-41cf-80a7-2cad0097c327" {{(pid=119771) __call__ /opt/stack/placement/placement/requestlog.py:55}}
Aug 26 19:03:55.269711 n-d-850468-19 devstack@placement-api.service[119771]: INFO placement.requestlog [req-a9126f4d-91bd-496e-8295-31ae8ffb73fd req-60568d8d-fa00-4849-b055-13e87bed689c service placement] 10.222.0.15 "GET /placement/allocations/ace4a74b-3d88-41cf-80a7-2cad0097c327" status: 200 len: 258 microversion: 1.28
Aug 26 19:03:55.269711 n-d-850468-19 devstack@placement-api.service[119771]: [pid: 119771|app: 0|req: 94/190] 10.222.0.15 () {60 vars in 1377 bytes} [Fri Aug 26 19:03:55 2022] GET /placement/allocations/ace4a74b-3d88-41cf-80a7-2cad0097c327 => generated 258 bytes in 25 msecs (HTTP/1.1 200) 8 headers in 296 bytes (1 switches on core 0)
Aug 26 19:03:55.274051 n-d-850468-19 devstack@placement-api.service[119770]: DEBUG placement.requestlog [req-a9126f4d-91bd-496e-8295-31ae8ffb73fd req-0895d3fd-267e-4b36-ae31-bcaff78e856e None None] Starting request: 10.222.0.15 "GET /placement/allocations/baf966bf-c212-4a37-954a-e181aeb4583d" {{(pid=119770) __call__ /opt/stack/placement/placement/requestlog.py:55}}
Aug 26 19:03:55.293136 n-d-850468-19 devstack@placement-api.service[119770]: INFO placement.requestlog [req-a9126f4d-91bd-496e-8295-31ae8ffb73fd req-0895d3fd-267e-4b36-ae31-bcaff78e856e service placement] 10.222.0.15 "GET /placement/allocations/baf966bf-c212-4a37-954a-e181aeb4583d" status: 200 len: 258 microversion: 1.28
Aug 26 19:03:55.293850 n-d-850468-19 devstack@placement-api.service[119770]: [pid: 119770|app: 0|req: 97/191] 10.222.0.15 () {60 vars in 1377 bytes} [Fri Aug 26 19:03:55 2022] GET /placement/allocations/baf966bf-c212-4a37-954a-e181aeb4583d => generated 258 bytes in 20 msecs (HTTP/1.1 200) 8 headers in 296 bytes (1 switches on core 0)
Aug 26 19:03:55.303584 n-d-850468-19 devstack@placement-api.service[119771]: DEBUG placement.requestlog [req-a9126f4d-91bd-496e-8295-31ae8ffb73fd req-2b5cef7f-bcdd-4793-805a-b6a33add871f None None] Starting request: 10.222.0.15 "GET /placement/allocations/058584bf-3a1f-4f83-91a2-0dbcb67e5828" {{(pid=119771) __call__ /opt/stack/placement/placement/requestlog.py:55}}
Aug 26 19:03:55.324665 n-d-850468-19 devstack@placement-api.service[119771]: INFO placement.requestlog [req-a9126f4d-91bd-496e-8295-31ae8ffb73fd req-2b5cef7f-bcdd-4793-805a-b6a33add871f service placement] 10.222.0.15 "GET /placement/allocations/058584bf-3a1f-4f83-91a2-0dbcb67e5828" status: 200 len: 258 microversion: 1.28
Aug 26 19:03:55.325552 n-d-850468-19 devstack@placement-api.service[119771]: [pid: 119771|app: 0|req: 95/192] 10.222.0.15 () {60 vars in 1377 bytes} [Fri Aug 26 19:03:55 2022] GET /placement/allocations/058584bf-3a1f-4f83-91a2-0dbcb67e5828 => generated 258 bytes in 23 msecs (HTTP/1.1 200) 8 headers in 296 bytes (1 switches on core 0)
Aug 26 19:03:55.333939 n-d-850468-19 devstack@placement-api.service[119770]: DEBUG placement.requestlog [req-a9126f4d-91bd-496e-8295-31ae8ffb73fd req-3e7133f6-7b14-439f-a688-0a64bdee6922 None None] Starting request: 10.222.0.15 "GET /placement/allocations/c992a01d-e7fb-4e61-aeca-8ab5d1f49e4a" {{(pid=119770) __call__ /opt/stack/placement/placement/requestlog.py:55}}
Aug 26 19:03:55.354476 n-d-850468-19 devstack@placement-api.service[119770]: INFO placement.requestlog [req-a9126f4d-91bd-496e-8295-31ae8ffb73fd req-3e7133f6-7b14-439f-a688-0a64bdee6922 service placement] 10.222.0.15 "GET /placement/allocations/c992a01d-e7fb-4e61-aeca-8ab5d1f49e4a" status: 200 len: 258 microversion: 1.28
Aug 26 19:03:55.355182 n-d-850468-19 devstack@placement-api.service[119770]: [pid: 119770|app: 0|req: 98/193] 10.222.0.15 () {60 vars in 1377 bytes} [Fri Aug 26 19:03:55 2022] GET /placement/allocations/c992a01d-e7fb-4e61-aeca-8ab5d1f49e4a => generated 258 bytes in 21 msecs (HTTP/1.1 200) 8 headers in 296 bytes (1 switches on core 0)
Aug 26 19:04:05.321868 n-d-850468-19 devstack@placement-api.service[119771]: DEBUG dbcounter [-] [119771] Writing DB stats placement:SELECT=31,placement:INSERT=4,placement:DELETE=2,placement:UPDATE=2 {{(pid=119771) stat_writer /usr/local/lib/python3.8/dist-packages/dbcounter.py:114}}
Aug 26 19:04:06.063364 n-d-850468-19 devstack@placement-api.service[119771]: DEBUG placement.requestlog [req-423f89fc-aad2-417f-b6fa-b7825471cf7f req-6add7d18-974c-40a6-89f2-03dd49449cd7 None None] Starting request: 10.222.0.61 "GET /placement/resource_providers/c947edce-4b03-4a37-b7c9-e10d4aed775b/allocations" {{(pid=119771) __call__ /opt/stack/placement/placement/requestlog.py:55}}
Aug 26 19:04:06.115076 n-d-850468-19 devstack@placement-api.service[119771]: INFO placement.requestlog [req-423f89fc-aad2-417f-b6fa-b7825471cf7f req-6add7d18-974c-40a6-89f2-03dd49449cd7 service placement] 10.222.0.61 "GET /placement/resource_providers/c947edce-4b03-4a37-b7c9-e10d4aed775b/allocations" status: 200 len: 255 microversion: 1.0
Aug 26 19:04:06.116247 n-d-850468-19 devstack@placement-api.service[119771]: [pid: 119771|app: 0|req: 96/194] 10.222.0.61 () {58 vars in 1390 bytes} [Fri Aug 26 19:04:06 2022] GET /placement/resource_providers/c947edce-4b03-4a37-b7c9-e10d4aed775b/allocations => generated 255 bytes in 53 msecs (HTTP/1.1 200) 6 headers in 224 bytes (2 switches on core 0)
Aug 26 19:04:06.220755 n-d-850468-19 devstack@placement-api.service[119770]: DEBUG placement.requestlog [req-423f89fc-aad2-417f-b6fa-b7825471cf7f req-605850e0-0c35-4d6c-ba5b-87753ac7d521 None None] Starting request: 10.222.0.61 "GET /placement/resource_providers/c947edce-4b03-4a37-b7c9-e10d4aed775b/allocations" {{(pid=119770) __call__ /opt/stack/placement/placement/requestlog.py:55}}
Aug 26 19:04:06.267919 n-d-850468-19 devstack@placement-api.service[119770]: INFO placement.requestlog [req-423f89fc-aad2-417f-b6fa-b7825471cf7f req-605850e0-0c35-4d6c-ba5b-87753ac7d521 service placement] 10.222.0.61 "GET /placement/resource_providers/c947edce-4b03-4a37-b7c9-e10d4aed775b/allocations" status: 200 len: 255 microversion: 1.0
Aug 26 19:04:06.268483 n-d-850468-19 devstack@placement-api.service[119770]: [pid: 119770|app: 0|req: 99/195] 10.222.0.61 () {58 vars in 1390 bytes} [Fri Aug 26 19:04:06 2022] GET /placement/resource_providers/c947edce-4b03-4a37-b7c9-e10d4aed775b/allocations => generated 255 bytes in 48 msecs (HTTP/1.1 200) 6 headers in 224 bytes (1 switches on core 0)
Aug 26 19:04:06.279074 n-d-850468-19 devstack@placement-api.service[119771]: DEBUG placement.requestlog [req-423f89fc-aad2-417f-b6fa-b7825471cf7f req-44eefdcb-906a-402d-8ceb-9427e38e7603 None None] Starting request: 10.222.0.61 "GET /placement/allocations/8d2ada15-2410-41c7-bfa1-e25301590056" {{(pid=119771) __call__ /opt/stack/placement/placement/requestlog.py:55}}
Aug 26 19:04:06.296237 n-d-850468-19 devstack@placement-api.service[119771]: INFO placement.requestlog [req-423f89fc-aad2-417f-b6fa-b7825471cf7f req-44eefdcb-906a-402d-8ceb-9427e38e7603 service placement] 10.222.0.61 "GET /placement/allocations/8d2ada15-2410-41c7-bfa1-e25301590056" status: 200 len: 259 microversion: 1.28
Aug 26 19:04:06.297409 n-d-850468-19 devstack@placement-api.service[119771]: [pid: 119771|app: 0|req: 97/196] 10.222.0.61 () {60 vars in 1377 bytes} [Fri Aug 26 19:04:06 2022] GET /placement/allocations/8d2ada15-2410-41c7-bfa1-e25301590056 => generated 259 bytes in 18 msecs (HTTP/1.1 200) 8 headers in 296 bytes (1 switches on core 0)
Aug 26 19:04:06.309339 n-d-850468-19 devstack@placement-api.service[119770]: DEBUG placement.requestlog [req-423f89fc-aad2-417f-b6fa-b7825471cf7f req-944f5c83-6aa5-4504-9e6d-856141061a05 None None] Starting request: 10.222.0.61 "GET /placement/allocations/3ac22cc8-ae98-4de8-8686-034faa4d4b5f" {{(pid=119770) __call__ /opt/stack/placement/placement/requestlog.py:55}}
Aug 26 19:04:06.332489 n-d-850468-19 devstack@placement-api.service[119770]: INFO placement.requestlog [req-423f89fc-aad2-417f-b6fa-b7825471cf7f req-944f5c83-6aa5-4504-9e6d-856141061a05 service placement] 10.222.0.61 "GET /placement/allocations/3ac22cc8-ae98-4de8-8686-034faa4d4b5f" status: 200 len: 259 microversion: 1.28
Aug 26 19:04:06.332932 n-d-850468-19 devstack@placement-api.service[119770]: [pid: 119770|app: 0|req: 100/197] 10.222.0.61 () {60 vars in 1377 bytes} [Fri Aug 26 19:04:06 2022] GET /placement/allocations/3ac22cc8-ae98-4de8-8686-034faa4d4b5f => generated 259 bytes in 27 msecs (HTTP/1.1 200) 8 headers in 296 bytes (2 switches on core 0)
Aug 26 19:04:06.673896 n-d-850468-19 devstack@placement-api.service[119771]: DEBUG placement.requestlog [req-423f89fc-aad2-417f-b6fa-b7825471cf7f req-84545752-05b6-4284-b54e-07868116e9af None None] Starting request: 10.222.0.61 "GET /placement/allocations/3ac22cc8-ae98-4de8-8686-034faa4d4b5f" {{(pid=119771) __call__ /opt/stack/placement/placement/requestlog.py:55}}
Aug 26 19:04:06.722191 n-d-850468-19 devstack@placement-api.service[119771]: INFO placement.requestlog [req-423f89fc-aad2-417f-b6fa-b7825471cf7f req-84545752-05b6-4284-b54e-07868116e9af service placement] 10.222.0.61 "GET /placement/allocations/3ac22cc8-ae98-4de8-8686-034faa4d4b5f" status: 200 len: 259 microversion: 1.28
Aug 26 19:04:06.723015 n-d-850468-19 devstack@placement-api.service[119771]: [pid: 119771|app: 0|req: 98/198] 10.222.0.61 () {60 vars in 1377 bytes} [Fri Aug 26 19:04:06 2022] GET /placement/allocations/3ac22cc8-ae98-4de8-8686-034faa4d4b5f => generated 259 bytes in 50 msecs (HTTP/1.1 200) 8 headers in 296 bytes (1 switches on core 0)
Aug 26 19:04:06.731179 n-d-850468-19 devstack@placement-api.service[119770]: DEBUG placement.requestlog [req-423f89fc-aad2-417f-b6fa-b7825471cf7f req-b869a38f-bba9-4bb6-a427-7ea464a9dcbe None None] Starting request: 10.222.0.61 "PUT /placement/allocations/3ac22cc8-ae98-4de8-8686-034faa4d4b5f" {{(pid=119770) __call__ /opt/stack/placement/placement/requestlog.py:55}}
Aug 26 19:04:06.822104 n-d-850468-19 devstack@placement-api.service[119770]: DEBUG placement.handlers.allocation [req-423f89fc-aad2-417f-b6fa-b7825471cf7f req-b869a38f-bba9-4bb6-a427-7ea464a9dcbe service placement] Successfully wrote allocations [, , ] {{(pid=119770) _update_consumers_and_create_allocations /opt/stack/placement/placement/handlers/allocation.py:462}}
Aug 26 19:04:06.930462 n-d-850468-19 devstack@placement-api.service[119770]: INFO placement.requestlog [req-423f89fc-aad2-417f-b6fa-b7825471cf7f req-b869a38f-bba9-4bb6-a427-7ea464a9dcbe service placement] 10.222.0.61 "PUT /placement/allocations/3ac22cc8-ae98-4de8-8686-034faa4d4b5f" status: 204 len: 0 microversion: 1.28
Aug 26 19:04:06.931040 n-d-850468-19 devstack@placement-api.service[119770]: [pid: 119770|app: 0|req: 101/199] 10.222.0.61 () {64 vars in 1430 bytes} [Fri Aug 26 19:04:06 2022] PUT /placement/allocations/3ac22cc8-ae98-4de8-8686-034faa4d4b5f => generated 0 bytes in 200 msecs (HTTP/1.1 204) 5 headers in 199 bytes (1 switches on core 0)
Aug 26 19:04:11.154387 n-d-850468-19 devstack@placement-api.service[119771]: DEBUG placement.requestlog [req-058f86c6-9d85-4611-87e1-c98081498300 req-3fdedeba-15d3-42b3-9be3-3eaa9d37b29b None None] Starting request: 10.222.0.16 "GET /placement/allocation_candidates?limit=1000&resources=DISK_GB%3A1%2CMEMORY_MB%3A1024%2CVCPU%3A1&root_required=%21COMPUTE_STATUS_DISABLED" {{(pid=119771) __call__ /opt/stack/placement/placement/requestlog.py:55}}
Aug 26 19:04:11.262090 n-d-850468-19 devstack@placement-api.service[119771]: DEBUG placement.objects.research_context [req-058f86c6-9d85-4611-87e1-c98081498300 req-3fdedeba-15d3-42b3-9be3-3eaa9d37b29b service placement] getting providers with 1 DISK_GB {{(pid=119771) __init__ /opt/stack/placement/placement/objects/research_context.py:136}}
Aug 26 19:04:11.274246 n-d-850468-19 devstack@placement-api.service[119771]: DEBUG placement.objects.research_context [req-058f86c6-9d85-4611-87e1-c98081498300 req-3fdedeba-15d3-42b3-9be3-3eaa9d37b29b service placement] getting providers with 1024 MEMORY_MB {{(pid=119771) __init__ /opt/stack/placement/placement/objects/research_context.py:136}}
Aug 26 19:04:11.286281 n-d-850468-19 devstack@placement-api.service[119771]: DEBUG placement.objects.research_context [req-058f86c6-9d85-4611-87e1-c98081498300 req-3fdedeba-15d3-42b3-9be3-3eaa9d37b29b service placement] getting providers with 1 VCPU {{(pid=119771) __init__ /opt/stack/placement/placement/objects/research_context.py:136}}
Aug 26 19:04:11.304172 n-d-850468-19 devstack@placement-api.service[119771]: DEBUG placement.objects.research_context [req-058f86c6-9d85-4611-87e1-c98081498300 req-3fdedeba-15d3-42b3-9be3-3eaa9d37b29b service placement] found 2 providers with available 1 DISK_GB {{(pid=119771) get_provider_ids_matching /opt/stack/placement/placement/objects/research_context.py:563}}
Aug 26 19:04:11.304447 n-d-850468-19 devstack@placement-api.service[119771]: DEBUG placement.objects.research_context [req-058f86c6-9d85-4611-87e1-c98081498300 req-3fdedeba-15d3-42b3-9be3-3eaa9d37b29b service placement] found 2 providers with available 1024 MEMORY_MB {{(pid=119771) get_provider_ids_matching /opt/stack/placement/placement/objects/research_context.py:563}}
Aug 26 19:04:11.305153 n-d-850468-19 devstack@placement-api.service[119771]: DEBUG placement.objects.research_context [req-058f86c6-9d85-4611-87e1-c98081498300 req-3fdedeba-15d3-42b3-9be3-3eaa9d37b29b service placement] found 2 providers after filtering by previous result {{(pid=119771) get_provider_ids_matching /opt/stack/placement/placement/objects/research_context.py:594}}
Aug 26 19:04:11.306886 n-d-850468-19 devstack@placement-api.service[119771]: DEBUG placement.objects.research_context [req-058f86c6-9d85-4611-87e1-c98081498300 req-3fdedeba-15d3-42b3-9be3-3eaa9d37b29b service placement] found 2 providers with available 1 VCPU {{(pid=119771) get_provider_ids_matching /opt/stack/placement/placement/objects/research_context.py:563}}
Aug 26 19:04:11.307342 n-d-850468-19 devstack@placement-api.service[119771]: DEBUG placement.objects.research_context [req-058f86c6-9d85-4611-87e1-c98081498300 req-3fdedeba-15d3-42b3-9be3-3eaa9d37b29b service placement] found 2 providers after filtering by previous result {{(pid=119771) get_provider_ids_matching /opt/stack/placement/placement/objects/research_context.py:594}}
Aug 26 19:04:11.334162 n-d-850468-19 devstack@placement-api.service[119771]: DEBUG placement.objects.allocation_candidate [req-058f86c6-9d85-4611-87e1-c98081498300 req-3fdedeba-15d3-42b3-9be3-3eaa9d37b29b service placement] RequestGroup(use_same_provider=False, resources={DISK_GB:1, MEMORY_MB:1024, VCPU:1}, traits=(), aggregates=[]) (suffix '') returned 2 matches {{(pid=119771) _get_by_requests /opt/stack/placement/placement/objects/allocation_candidate.py:156}}
Aug 26 19:04:11.334546 n-d-850468-19 devstack@placement-api.service[119771]: DEBUG placement.objects.allocation_candidate [req-058f86c6-9d85-4611-87e1-c98081498300 req-3fdedeba-15d3-42b3-9be3-3eaa9d37b29b service placement] Merging candidates yields 2 allocation requests and 2 provider summaries {{(pid=119771) _merge_candidates /opt/stack/placement/placement/objects/allocation_candidate.py:809}}
Aug 26 19:04:11.340052 n-d-850468-19 devstack@placement-api.service[119771]: INFO placement.requestlog [req-058f86c6-9d85-4611-87e1-c98081498300 req-3fdedeba-15d3-42b3-9be3-3eaa9d37b29b service placement] 10.222.0.16 "GET /placement/allocation_candidates?limit=1000&resources=DISK_GB%3A1%2CMEMORY_MB%3A1024%2CVCPU%3A1&root_required=%21COMPUTE_STATUS_DISABLED" status: 200 len: 1309 microversion: 1.36
Aug 26 19:04:11.341250 n-d-850468-19 devstack@placement-api.service[119771]: [pid: 119771|app: 0|req: 99/200] 10.222.0.16 () {60 vars in 1506 bytes} [Fri Aug 26 19:04:11 2022] GET /placement/allocation_candidates?limit=1000&resources=DISK_GB%3A1%2CMEMORY_MB%3A1024%2CVCPU%3A1&root_required=%21COMPUTE_STATUS_DISABLED => generated 1309 bytes in 187 msecs (HTTP/1.1 200) 8 headers in 297 bytes (1 switches on core 0)
Aug 26 19:04:11.429712 n-d-850468-19 devstack@placement-api.service[119770]: DEBUG placement.requestlog [req-058f86c6-9d85-4611-87e1-c98081498300 req-983ee175-5fba-4602-9414-47238ebec0c5 None None] Starting request: 10.222.0.16 "GET /placement/allocations/279fff07-8225-4f3a-8073-d0374a9d6825" {{(pid=119770) __call__ /opt/stack/placement/placement/requestlog.py:55}}
Aug 26 19:04:11.444439 n-d-850468-19 devstack@placement-api.service[119770]: INFO placement.requestlog [req-058f86c6-9d85-4611-87e1-c98081498300 req-983ee175-5fba-4602-9414-47238ebec0c5 service placement] 10.222.0.16 "GET /placement/allocations/279fff07-8225-4f3a-8073-d0374a9d6825" status: 200 len: 19 microversion: 1.28
Aug 26 19:04:11.447784 n-d-850468-19 devstack@placement-api.service[119770]: [pid: 119770|app: 0|req: 102/201] 10.222.0.16 () {60 vars in 1380 bytes} [Fri Aug 26 19:04:11 2022] GET /placement/allocations/279fff07-8225-4f3a-8073-d0374a9d6825 => generated 19 bytes in 18 msecs (HTTP/1.1 200) 8 headers in 295 bytes (1 switches on core 0)
Aug 26 19:04:11.455461 n-d-850468-19 devstack@placement-api.service[119771]: DEBUG placement.requestlog [req-058f86c6-9d85-4611-87e1-c98081498300 req-1e276a79-4a3b-41a4-ae7f-d53f22c741b0 None None] Starting request: 10.222.0.16 "PUT /placement/allocations/279fff07-8225-4f3a-8073-d0374a9d6825" {{(pid=119771) __call__ /opt/stack/placement/placement/requestlog.py:55}}
Aug 26 19:04:11.649612 n-d-850468-19 devstack@placement-api.service[119771]: DEBUG placement.handlers.allocation [req-058f86c6-9d85-4611-87e1-c98081498300 req-1e276a79-4a3b-41a4-ae7f-d53f22c741b0 service placement] Successfully wrote allocations [, , ] {{(pid=119771) _update_consumers_and_create_allocations /opt/stack/placement/placement/handlers/allocation.py:462}}
Aug 26 19:04:11.732867 n-d-850468-19 devstack@placement-api.service[119771]: INFO placement.requestlog [req-058f86c6-9d85-4611-87e1-c98081498300 req-1e276a79-4a3b-41a4-ae7f-d53f22c741b0 service placement] 10.222.0.16 "PUT /placement/allocations/279fff07-8225-4f3a-8073-d0374a9d6825" status: 204 len: 0 microversion: 1.36
Aug 26 19:04:11.733370 n-d-850468-19 devstack@placement-api.service[119771]: [pid: 119771|app: 0|req: 100/202] 10.222.0.16 () {64 vars in 1433 bytes} [Fri Aug 26 19:04:11 2022] PUT /placement/allocations/279fff07-8225-4f3a-8073-d0374a9d6825 => generated 0 bytes in 279 msecs (HTTP/1.1 204) 5 headers in 199 bytes (1 switches on core 0)
Aug 26 19:04:12.491678 n-d-850468-19 devstack@placement-api.service[119770]: DEBUG placement.requestlog [req-48677312-856f-4e49-8794-7b16b48268f0 req-93baec99-4f6e-4df3-8957-d98e8fe78145 None None] Starting request: 10.222.0.16 "GET /placement/allocations/c992a01d-e7fb-4e61-aeca-8ab5d1f49e4a" {{(pid=119770) __call__ /opt/stack/placement/placement/requestlog.py:55}}
Aug 26 19:04:12.545283 n-d-850468-19 devstack@placement-api.service[119770]: INFO placement.requestlog [req-48677312-856f-4e49-8794-7b16b48268f0 req-93baec99-4f6e-4df3-8957-d98e8fe78145 service placement] 10.222.0.16 "GET /placement/allocations/c992a01d-e7fb-4e61-aeca-8ab5d1f49e4a" status: 200 len: 258 microversion: 1.28
Aug 26 19:04:12.545745 n-d-850468-19 devstack@placement-api.service[119770]: [pid: 119770|app: 0|req: 103/203] 10.222.0.16 () {60 vars in 1380 bytes} [Fri Aug 26 19:04:12 2022] GET /placement/allocations/c992a01d-e7fb-4e61-aeca-8ab5d1f49e4a => generated 258 bytes in 54 msecs (HTTP/1.1 200) 8 headers in 296 bytes (1 switches on core 0)
Aug 26 19:04:12.557759 n-d-850468-19 devstack@placement-api.service[119771]: DEBUG placement.requestlog [req-48677312-856f-4e49-8794-7b16b48268f0 req-13b1b1c7-429f-464b-b17f-b459b7fcd471 None None] Starting request: 10.222.0.16 "GET /placement/allocations/c992a01d-e7fb-4e61-aeca-8ab5d1f49e4a" {{(pid=119771) __call__ /opt/stack/placement/placement/requestlog.py:55}}
Aug 26 19:04:12.618648 n-d-850468-19 devstack@placement-api.service[119771]: INFO placement.requestlog [req-48677312-856f-4e49-8794-7b16b48268f0 req-13b1b1c7-429f-464b-b17f-b459b7fcd471 service placement] 10.222.0.16 "GET /placement/allocations/c992a01d-e7fb-4e61-aeca-8ab5d1f49e4a" status: 200 len: 258 microversion: 1.28
Aug 26 19:04:12.628295 n-d-850468-19 devstack@placement-api.service[119770]: DEBUG placement.requestlog [req-48677312-856f-4e49-8794-7b16b48268f0 req-388a021c-0a51-493c-834a-35b308b2ead1 None None] Starting request: 10.222.0.16 "GET /placement/allocations/6da80213-4519-4b17-82ce-fe7a9c9eb3d0" {{(pid=119770) __call__ /opt/stack/placement/placement/requestlog.py:55}}
Aug 26 19:04:12.629061 n-d-850468-19 devstack@placement-api.service[119771]: [pid: 119771|app: 0|req: 101/204] 10.222.0.16 () {60 vars in 1380 bytes} [Fri Aug 26 19:04:12 2022] GET /placement/allocations/c992a01d-e7fb-4e61-aeca-8ab5d1f49e4a => generated 258 bytes in 72 msecs (HTTP/1.1 200) 8 headers in 296 bytes (1 switches on core 0)
Aug 26 19:04:12.641620 n-d-850468-19 devstack@placement-api.service[119770]: INFO placement.requestlog [req-48677312-856f-4e49-8794-7b16b48268f0 req-388a021c-0a51-493c-834a-35b308b2ead1 service placement] 10.222.0.16 "GET /placement/allocations/6da80213-4519-4b17-82ce-fe7a9c9eb3d0" status: 200 len: 19 microversion: 1.28
Aug 26 19:04:12.655724 n-d-850468-19 devstack@placement-api.service[119770]: [pid: 119770|app: 0|req: 104/205] 10.222.0.16 () {60 vars in 1380 bytes} [Fri Aug 26 19:04:12 2022] GET /placement/allocations/6da80213-4519-4b17-82ce-fe7a9c9eb3d0 => generated 19 bytes in 20 msecs (HTTP/1.1 200) 8 headers in 295 bytes (1 switches on core 0)
Aug 26 19:04:12.656009 n-d-850468-19 devstack@placement-api.service[119771]: DEBUG placement.requestlog [req-48677312-856f-4e49-8794-7b16b48268f0 req-9c0a561a-9424-4c3e-9e1c-ddab0e6a3156 None None] Starting request: 10.222.0.16 "POST /placement/allocations" {{(pid=119771) __call__ /opt/stack/placement/placement/requestlog.py:55}}
Aug 26 19:04:12.970170 n-d-850468-19 devstack@placement-api.service[119771]: DEBUG placement.handlers.allocation [req-48677312-856f-4e49-8794-7b16b48268f0 req-9c0a561a-9424-4c3e-9e1c-ddab0e6a3156 service placement] Successfully wrote allocations [, , , , , ] {{(pid=119771) _update_consumers_and_create_allocations /opt/stack/placement/placement/handlers/allocation.py:572}}
Aug 26 19:04:13.090648 n-d-850468-19 devstack@placement-api.service[119770]: DEBUG placement.requestlog [req-058f86c6-9d85-4611-87e1-c98081498300 req-2d613ef0-befe-405b-b733-f15b8d9556a6 None None] Starting request: 10.222.0.61 "GET /placement/allocations/279fff07-8225-4f3a-8073-d0374a9d6825" {{(pid=119770) __call__ /opt/stack/placement/placement/requestlog.py:55}}
Aug 26 19:04:13.091992 n-d-850468-19 devstack@placement-api.service[119771]: INFO placement.requestlog [req-48677312-856f-4e49-8794-7b16b48268f0 req-9c0a561a-9424-4c3e-9e1c-ddab0e6a3156 service placement] 10.222.0.16 "POST /placement/allocations" status: 204 len: 0 microversion: 1.28
Aug 26 19:04:13.092398 n-d-850468-19 devstack@placement-api.service[119771]: [pid: 119771|app: 0|req: 102/206] 10.222.0.16 () {64 vars in 1323 bytes} [Fri Aug 26 19:04:12 2022] POST /placement/allocations => generated 0 bytes in 444 msecs (HTTP/1.1 204) 5 headers in 199 bytes (2 switches on core 0)
Aug 26 19:04:13.117345 n-d-850468-19 devstack@placement-api.service[119770]: INFO placement.requestlog [req-058f86c6-9d85-4611-87e1-c98081498300 req-2d613ef0-befe-405b-b733-f15b8d9556a6 service placement] 10.222.0.61 "GET /placement/allocations/279fff07-8225-4f3a-8073-d0374a9d6825" status: 200 len: 259 microversion: 1.28
