Aug 26 19:12:06.206889 n-d-850468-19 devstack@placement-api.service[119770]: DEBUG placement.requestlog [req-22cd5f79-8dfa-43e9-a5db-9552085ed97d req-2dfbb211-ef10-4e55-8d79-6d7853c52801 None None] Starting request: 10.222.0.61 "GET /placement/allocations/83ca0a11-f947-4513-aa35-a9701ee84669" {{(pid=119770) __call__ /opt/stack/placement/placement/requestlog.py:55}}
Aug 26 19:12:06.226412 n-d-850468-19 devstack@placement-api.service[119770]: DEBUG dbcounter [-] [119770] Writing DB stats placement:SELECT=90,placement:DELETE=4,placement:INSERT=4,placement:UPDATE=2 {{(pid=119770) stat_writer /usr/local/lib/python3.8/dist-packages/dbcounter.py:114}}
Aug 26 19:12:06.235149 n-d-850468-19 devstack@placement-api.service[119770]: INFO placement.requestlog [req-22cd5f79-8dfa-43e9-a5db-9552085ed97d req-2dfbb211-ef10-4e55-8d79-6d7853c52801 service placement] 10.222.0.61 "GET /placement/allocations/83ca0a11-f947-4513-aa35-a9701ee84669" status: 200 len: 259 microversion: 1.28
Aug 26 19:12:06.236463 n-d-850468-19 devstack@placement-api.service[119770]: [pid: 119770|app: 0|req: 649/1286] 10.222.0.61 () {60 vars in 1377 bytes} [Fri Aug 26 19:12:06 2022] GET /placement/allocations/83ca0a11-f947-4513-aa35-a9701ee84669 => generated 259 bytes in 30 msecs (HTTP/1.1 200) 8 headers in 296 bytes (1 switches on core 0)
Aug 26 19:12:06.555455 n-d-850468-19 devstack@placement-api.service[119771]: DEBUG placement.requestlog [req-22cd5f79-8dfa-43e9-a5db-9552085ed97d req-822218bb-c0c3-45bb-ac5d-38c8b0675108 None None] Starting request: 10.222.0.61 "GET /placement/resource_providers/c947edce-4b03-4a37-b7c9-e10d4aed775b/allocations" {{(pid=119771) __call__ /opt/stack/placement/placement/requestlog.py:55}}
Aug 26 19:12:06.580233 n-d-850468-19 devstack@placement-api.service[119771]: INFO placement.requestlog [req-22cd5f79-8dfa-43e9-a5db-9552085ed97d req-822218bb-c0c3-45bb-ac5d-38c8b0675108 service placement] 10.222.0.61 "GET /placement/resource_providers/c947edce-4b03-4a37-b7c9-e10d4aed775b/allocations" status: 200 len: 947 microversion: 1.0
Aug 26 19:12:06.581388 n-d-850468-19 devstack@placement-api.service[119771]: [pid: 119771|app: 0|req: 638/1287] 10.222.0.61 () {58 vars in 1390 bytes} [Fri Aug 26 19:12:06 2022] GET /placement/resource_providers/c947edce-4b03-4a37-b7c9-e10d4aed775b/allocations => generated 947 bytes in 26 msecs (HTTP/1.1 200) 6 headers in 224 bytes (1 switches on core 0)
Aug 26 19:12:06.588042 n-d-850468-19 devstack@placement-api.service[119770]: DEBUG placement.requestlog [req-22cd5f79-8dfa-43e9-a5db-9552085ed97d req-47e50fd8-f507-44be-a23e-45619ed0be06 None None] Starting request: 10.222.0.61 "GET /placement/allocations/dcac002a-f15c-4ead-89d9-cd43ff94d3bf" {{(pid=119770) __call__ /opt/stack/placement/placement/requestlog.py:55}}
Aug 26 19:12:06.607394 n-d-850468-19 devstack@placement-api.service[119770]: INFO placement.requestlog [req-22cd5f79-8dfa-43e9-a5db-9552085ed97d req-47e50fd8-f507-44be-a23e-45619ed0be06 service placement] 10.222.0.61 "GET /placement/allocations/dcac002a-f15c-4ead-89d9-cd43ff94d3bf" status: 200 len: 259 microversion: 1.28
Aug 26 19:12:06.607789 n-d-850468-19 devstack@placement-api.service[119770]: [pid: 119770|app: 0|req: 650/1288] 10.222.0.61 () {60 vars in 1377 bytes} [Fri Aug 26 19:12:06 2022] GET /placement/allocations/dcac002a-f15c-4ead-89d9-cd43ff94d3bf => generated 259 bytes in 20 msecs (HTTP/1.1 200) 8 headers in 296 bytes (1 switches on core 0)
Aug 26 19:12:06.615164 n-d-850468-19 devstack@placement-api.service[119771]: DEBUG placement.requestlog [req-22cd5f79-8dfa-43e9-a5db-9552085ed97d req-a5763012-f69f-4f5d-b48b-dff4c6ced4e4 None None] Starting request: 10.222.0.61 "GET /placement/allocations/b57ef69b-6979-4f97-9129-98b4260ed0ae" {{(pid=119771) __call__ /opt/stack/placement/placement/requestlog.py:55}}
Aug 26 19:12:06.634243 n-d-850468-19 devstack@placement-api.service[119771]: INFO placement.requestlog [req-22cd5f79-8dfa-43e9-a5db-9552085ed97d req-a5763012-f69f-4f5d-b48b-dff4c6ced4e4 service placement] 10.222.0.61 "GET /placement/allocations/b57ef69b-6979-4f97-9129-98b4260ed0ae" status: 200 len: 259 microversion: 1.28
Aug 26 19:12:06.634829 n-d-850468-19 devstack@placement-api.service[119771]: [pid: 119771|app: 0|req: 639/1289] 10.222.0.61 () {60 vars in 1377 bytes} [Fri Aug 26 19:12:06 2022] GET /placement/allocations/b57ef69b-6979-4f97-9129-98b4260ed0ae => generated 259 bytes in 20 msecs (HTTP/1.1 200) 8 headers in 296 bytes (1 switches on core 0)
Aug 26 19:12:06.641841 n-d-850468-19 devstack@placement-api.service[119770]: DEBUG placement.requestlog [req-22cd5f79-8dfa-43e9-a5db-9552085ed97d req-5d8e9f68-4eba-4d68-8358-0d609c1e956b None None] Starting request: 10.222.0.61 "GET /placement/allocations/b5a92847-046e-4986-8796-dd5f17061e9d" {{(pid=119770) __call__ /opt/stack/placement/placement/requestlog.py:55}}
Aug 26 19:12:06.662327 n-d-850468-19 devstack@placement-api.service[119770]: INFO placement.requestlog [req-22cd5f79-8dfa-43e9-a5db-9552085ed97d req-5d8e9f68-4eba-4d68-8358-0d609c1e956b service placement] 10.222.0.61 "GET /placement/allocations/b5a92847-046e-4986-8796-dd5f17061e9d" status: 200 len: 259 microversion: 1.28
Aug 26 19:12:06.662795 n-d-850468-19 devstack@placement-api.service[119770]: [pid: 119770|app: 0|req: 651/1290] 10.222.0.61 () {60 vars in 1377 bytes} [Fri Aug 26 19:12:06 2022] GET /placement/allocations/b5a92847-046e-4986-8796-dd5f17061e9d => generated 259 bytes in 21 msecs (HTTP/1.1 200) 8 headers in 296 bytes (1 switches on core 0)
Aug 26 19:12:06.671942 n-d-850468-19 devstack@placement-api.service[119771]: DEBUG placement.requestlog [req-22cd5f79-8dfa-43e9-a5db-9552085ed97d req-da90b12e-1f2f-4ec0-9f28-9fc059b18a69 None None] Starting request: 10.222.0.61 "GET /placement/allocations/077c031e-f361-4cfa-b0a1-d6e004370089" {{(pid=119771) __call__ /opt/stack/placement/placement/requestlog.py:55}}
Aug 26 19:12:06.696183 n-d-850468-19 devstack@placement-api.service[119771]: INFO placement.requestlog [req-22cd5f79-8dfa-43e9-a5db-9552085ed97d req-da90b12e-1f2f-4ec0-9f28-9fc059b18a69 service placement] 10.222.0.61 "GET /placement/allocations/077c031e-f361-4cfa-b0a1-d6e004370089" status: 200 len: 259 microversion: 1.28
Aug 26 19:12:06.697081 n-d-850468-19 devstack@placement-api.service[119771]: [pid: 119771|app: 0|req: 640/1291] 10.222.0.61 () {60 vars in 1377 bytes} [Fri Aug 26 19:12:06 2022] GET /placement/allocations/077c031e-f361-4cfa-b0a1-d6e004370089 => generated 259 bytes in 28 msecs (HTTP/1.1 200) 8 headers in 296 bytes (2 switches on core 0)
Aug 26 19:12:06.703217 n-d-850468-19 devstack@placement-api.service[119770]: DEBUG placement.requestlog [req-22cd5f79-8dfa-43e9-a5db-9552085ed97d req-d7321313-5330-4262-b1fb-363307185ebc None None] Starting request: 10.222.0.61 "GET /placement/allocations/4d12c6ca-e7da-43a1-afb4-1357865f39aa" {{(pid=119770) __call__ /opt/stack/placement/placement/requestlog.py:55}}
Aug 26 19:12:06.726228 n-d-850468-19 devstack@placement-api.service[119770]: INFO placement.requestlog [req-22cd5f79-8dfa-43e9-a5db-9552085ed97d req-d7321313-5330-4262-b1fb-363307185ebc service placement] 10.222.0.61 "GET /placement/allocations/4d12c6ca-e7da-43a1-afb4-1357865f39aa" status: 200 len: 245 microversion: 1.28
Aug 26 19:12:06.726883 n-d-850468-19 devstack@placement-api.service[119770]: [pid: 119770|app: 0|req: 652/1292] 10.222.0.61 () {60 vars in 1377 bytes} [Fri Aug 26 19:12:06 2022] GET /placement/allocations/4d12c6ca-e7da-43a1-afb4-1357865f39aa => generated 245 bytes in 24 msecs (HTTP/1.1 200) 8 headers in 296 bytes (1 switches on core 0)
Aug 26 19:12:06.734278 n-d-850468-19 devstack@placement-api.service[119771]: DEBUG placement.requestlog [req-22cd5f79-8dfa-43e9-a5db-9552085ed97d req-d5a3bf50-56ec-4318-a1ff-f69be26b406f None None] Starting request: 10.222.0.61 "GET /placement/allocations/1f0f7225-c48b-4984-8d7f-a93566b058ef" {{(pid=119771) __call__ /opt/stack/placement/placement/requestlog.py:55}}
Aug 26 19:12:06.743921 n-d-850468-19 devstack@placement-api.service[119771]: DEBUG dbcounter [-] [119771] Writing DB stats placement:SELECT=84,placement:INSERT=8,placement:DELETE=4,placement:UPDATE=4 {{(pid=119771) stat_writer /usr/local/lib/python3.8/dist-packages/dbcounter.py:114}}
Aug 26 19:12:06.751512 n-d-850468-19 devstack@placement-api.service[119771]: INFO placement.requestlog [req-22cd5f79-8dfa-43e9-a5db-9552085ed97d req-d5a3bf50-56ec-4318-a1ff-f69be26b406f service placement] 10.222.0.61 "GET /placement/allocations/1f0f7225-c48b-4984-8d7f-a93566b058ef" status: 200 len: 259 microversion: 1.28
Aug 26 19:12:06.752039 n-d-850468-19 devstack@placement-api.service[119771]: [pid: 119771|app: 0|req: 641/1293] 10.222.0.61 () {60 vars in 1377 bytes} [Fri Aug 26 19:12:06 2022] GET /placement/allocations/1f0f7225-c48b-4984-8d7f-a93566b058ef => generated 259 bytes in 18 msecs (HTTP/1.1 200) 8 headers in 296 bytes (2 switches on core 0)
Aug 26 19:12:06.759631 n-d-850468-19 devstack@placement-api.service[119770]: DEBUG placement.requestlog [req-22cd5f79-8dfa-43e9-a5db-9552085ed97d req-30236575-5fad-4560-bc79-0758c66e35da None None] Starting request: 10.222.0.61 "GET /placement/allocations/5fe4fb41-5739-499b-9705-d0da679ca4f3" {{(pid=119770) __call__ /opt/stack/placement/placement/requestlog.py:55}}
Aug 26 19:12:06.777497 n-d-850468-19 devstack@placement-api.service[119770]: INFO placement.requestlog [req-22cd5f79-8dfa-43e9-a5db-9552085ed97d req-30236575-5fad-4560-bc79-0758c66e35da service placement] 10.222.0.61 "GET /placement/allocations/5fe4fb41-5739-499b-9705-d0da679ca4f3" status: 200 len: 258 microversion: 1.28
Aug 26 19:12:06.777892 n-d-850468-19 devstack@placement-api.service[119770]: [pid: 119770|app: 0|req: 653/1294] 10.222.0.61 () {60 vars in 1377 bytes} [Fri Aug 26 19:12:06 2022] GET /placement/allocations/5fe4fb41-5739-499b-9705-d0da679ca4f3 => generated 258 bytes in 19 msecs (HTTP/1.1 200) 8 headers in 296 bytes (2 switches on core 0)
Aug 26 19:12:06.786062 n-d-850468-19 devstack@placement-api.service[119771]: DEBUG placement.requestlog [req-22cd5f79-8dfa-43e9-a5db-9552085ed97d req-ef82e5ba-e9d5-4d98-a0d8-79a58fc418a0 None None] Starting request: 10.222.0.61 "GET /placement/allocations/8117b462-9e20-4fee-87f5-baf294649066" {{(pid=119771) __call__ /opt/stack/placement/placement/requestlog.py:55}}
Aug 26 19:12:06.811610 n-d-850468-19 devstack@placement-api.service[119771]: INFO placement.requestlog [req-22cd5f79-8dfa-43e9-a5db-9552085ed97d req-ef82e5ba-e9d5-4d98-a0d8-79a58fc418a0 service placement] 10.222.0.61 "GET /placement/allocations/8117b462-9e20-4fee-87f5-baf294649066" status: 200 len: 259 microversion: 1.28
Aug 26 19:12:06.812184 n-d-850468-19 devstack@placement-api.service[119771]: [pid: 119771|app: 0|req: 642/1295] 10.222.0.61 () {60 vars in 1377 bytes} [Fri Aug 26 19:12:06 2022] GET /placement/allocations/8117b462-9e20-4fee-87f5-baf294649066 => generated 259 bytes in 27 msecs (HTTP/1.1 200) 8 headers in 296 bytes (1 switches on core 0)
Aug 26 19:12:06.837663 n-d-850468-19 devstack@placement-api.service[119770]: DEBUG placement.requestlog [req-22cd5f79-8dfa-43e9-a5db-9552085ed97d req-0e6aa79b-fe18-4998-b4db-7327fc7ab066 None None] Starting request: 10.222.0.61 "GET /placement/allocations/83ca0a11-f947-4513-aa35-a9701ee84669" {{(pid=119770) __call__ /opt/stack/placement/placement/requestlog.py:55}}
Aug 26 19:12:06.853946 n-d-850468-19 devstack@placement-api.service[119770]: INFO placement.requestlog [req-22cd5f79-8dfa-43e9-a5db-9552085ed97d req-0e6aa79b-fe18-4998-b4db-7327fc7ab066 service placement] 10.222.0.61 "GET /placement/allocations/83ca0a11-f947-4513-aa35-a9701ee84669" status: 200 len: 259 microversion: 1.28
Aug 26 19:12:06.855136 n-d-850468-19 devstack@placement-api.service[119770]: [pid: 119770|app: 0|req: 654/1296] 10.222.0.61 () {60 vars in 1377 bytes} [Fri Aug 26 19:12:06 2022] GET /placement/allocations/83ca0a11-f947-4513-aa35-a9701ee84669 => generated 259 bytes in 18 msecs (HTTP/1.1 200) 8 headers in 296 bytes (2 switches on core 0)
Aug 26 19:12:07.303379 n-d-850468-19 devstack@placement-api.service[119771]: DEBUG placement.requestlog [req-0d515c50-bbe0-43e9-a9df-39210780b49c req-6179beab-b673-475f-a0ee-0f733a19bf78 None None] Starting request: 10.222.0.15 "GET /placement/allocations/89deba47-53ef-41bf-aab1-b2af8887360b" {{(pid=119771) __call__ /opt/stack/placement/placement/requestlog.py:55}}
Aug 26 19:12:07.353471 n-d-850468-19 devstack@placement-api.service[119771]: INFO placement.requestlog [req-0d515c50-bbe0-43e9-a9df-39210780b49c req-6179beab-b673-475f-a0ee-0f733a19bf78 service placement] 10.222.0.15 "GET /placement/allocations/89deba47-53ef-41bf-aab1-b2af8887360b" status: 200 len: 259 microversion: 1.28
Aug 26 19:12:07.353856 n-d-850468-19 devstack@placement-api.service[119771]: [pid: 119771|app: 0|req: 643/1297] 10.222.0.15 () {60 vars in 1377 bytes} [Fri Aug 26 19:12:07 2022] GET /placement/allocations/89deba47-53ef-41bf-aab1-b2af8887360b => generated 259 bytes in 51 msecs (HTTP/1.1 200) 8 headers in 296 bytes (1 switches on core 0)
Aug 26 19:12:07.362048 n-d-850468-19 devstack@placement-api.service[119770]: DEBUG placement.requestlog [req-0d515c50-bbe0-43e9-a9df-39210780b49c req-93784cdf-eef7-47ab-909c-0d2ab2c0a339 None None] Starting request: 10.222.0.15 "GET /placement/allocations/2247f730-1297-46f8-898c-f315d6fd430d" {{(pid=119770) __call__ /opt/stack/placement/placement/requestlog.py:55}}
Aug 26 19:12:07.401837 n-d-850468-19 devstack@placement-api.service[119770]: INFO placement.requestlog [req-0d515c50-bbe0-43e9-a9df-39210780b49c req-93784cdf-eef7-47ab-909c-0d2ab2c0a339 service placement] 10.222.0.15 "GET /placement/allocations/2247f730-1297-46f8-898c-f315d6fd430d" status: 200 len: 259 microversion: 1.28
Aug 26 19:12:07.402215 n-d-850468-19 devstack@placement-api.service[119770]: [pid: 119770|app: 0|req: 655/1298] 10.222.0.15 () {60 vars in 1377 bytes} [Fri Aug 26 19:12:07 2022] GET /placement/allocations/2247f730-1297-46f8-898c-f315d6fd430d => generated 259 bytes in 41 msecs (HTTP/1.1 200) 8 headers in 296 bytes (1 switches on core 0)
Aug 26 19:12:07.625664 n-d-850468-19 devstack@placement-api.service[119771]: DEBUG placement.requestlog [req-0d515c50-bbe0-43e9-a9df-39210780b49c req-0fea132e-fb6f-4db0-bde9-24161fadb16e None None] Starting request: 10.222.0.15 "DELETE /placement/allocations/c408b46f-9069-4e38-a8a6-bcfe0517556a" {{(pid=119771) __call__ /opt/stack/placement/placement/requestlog.py:55}}
Aug 26 19:12:07.871605 n-d-850468-19 devstack@placement-api.service[119771]: DEBUG placement.handlers.allocation [req-0d515c50-bbe0-43e9-a9df-39210780b49c req-0fea132e-fb6f-4db0-bde9-24161fadb16e service placement] Successfully deleted allocations [, , ] {{(pid=119771) delete_allocations /opt/stack/placement/placement/handlers/allocation.py:627}}
Aug 26 19:12:07.872686 n-d-850468-19 devstack@placement-api.service[119771]: INFO placement.requestlog [req-0d515c50-bbe0-43e9-a9df-39210780b49c req-0fea132e-fb6f-4db0-bde9-24161fadb16e service placement] 10.222.0.15 "DELETE /placement/allocations/c408b46f-9069-4e38-a8a6-bcfe0517556a" status: 204 len: 0 microversion: 1.0
Aug 26 19:12:07.873420 n-d-850468-19 devstack@placement-api.service[119771]: [pid: 119771|app: 0|req: 644/1299] 10.222.0.15 () {60 vars in 1355 bytes} [Fri Aug 26 19:12:07 2022] DELETE /placement/allocations/c408b46f-9069-4e38-a8a6-bcfe0517556a => generated 0 bytes in 248 msecs (HTTP/1.1 204) 5 headers in 198 bytes (1 switches on core 0)
Aug 26 19:12:16.788228 n-d-850468-19 devstack@placement-api.service[119770]: DEBUG placement.requestlog [req-45f9974d-0fcf-4a85-871c-adf260c95ae0 req-ed71b769-06b2-4465-93a2-0e71a0f4b9b3 None None] Starting request: 10.222.0.15 "GET /placement/resource_providers/3d5f4e58-0ff7-4bf7-825b-7caa094dd5a4/allocations" {{(pid=119770) __call__ /opt/stack/placement/placement/requestlog.py:55}}
Aug 26 19:12:16.838049 n-d-850468-19 devstack@placement-api.service[119770]: INFO placement.requestlog [req-45f9974d-0fcf-4a85-871c-adf260c95ae0 req-ed71b769-06b2-4465-93a2-0e71a0f4b9b3 service placement] 10.222.0.15 "GET /placement/resource_providers/3d5f4e58-0ff7-4bf7-825b-7caa094dd5a4/allocations" status: 200 len: 457 microversion: 1.0
Aug 26 19:12:16.839589 n-d-850468-19 devstack@placement-api.service[119770]: [pid: 119770|app: 0|req: 656/1300] 10.222.0.15 () {58 vars in 1390 bytes} [Fri Aug 26 19:12:16 2022] GET /placement/resource_providers/3d5f4e58-0ff7-4bf7-825b-7caa094dd5a4/allocations => generated 457 bytes in 51 msecs (HTTP/1.1 200) 6 headers in 224 bytes (2 switches on core 0)
Aug 26 19:12:16.846486 n-d-850468-19 devstack@placement-api.service[119771]: DEBUG placement.requestlog [req-45f9974d-0fcf-4a85-871c-adf260c95ae0 req-6a2b2192-e7d5-4c44-a698-5b0bdf0d4387 None None] Starting request: 10.222.0.15 "GET /placement/allocations/15986838-81c5-4108-a9e4-67766f714abf" {{(pid=119771) __call__ /opt/stack/placement/placement/requestlog.py:55}}
Aug 26 19:12:16.863549 n-d-850468-19 devstack@placement-api.service[119771]: INFO placement.requestlog [req-45f9974d-0fcf-4a85-871c-adf260c95ae0 req-6a2b2192-e7d5-4c44-a698-5b0bdf0d4387 service placement] 10.222.0.15 "GET /placement/allocations/15986838-81c5-4108-a9e4-67766f714abf" status: 200 len: 259 microversion: 1.28
Aug 26 19:12:16.864332 n-d-850468-19 devstack@placement-api.service[119771]: [pid: 119771|app: 0|req: 645/1301] 10.222.0.15 () {60 vars in 1377 bytes} [Fri Aug 26 19:12:16 2022] GET /placement/allocations/15986838-81c5-4108-a9e4-67766f714abf => generated 259 bytes in 18 msecs (HTTP/1.1 200) 8 headers in 296 bytes (2 switches on core 0)
Aug 26 19:12:16.871034 n-d-850468-19 devstack@placement-api.service[119770]: DEBUG placement.requestlog [req-45f9974d-0fcf-4a85-871c-adf260c95ae0 req-d4d1f50a-5160-4956-ab73-5b790595c523 None None] Starting request: 10.222.0.15 "GET /placement/allocations/89deba47-53ef-41bf-aab1-b2af8887360b" {{(pid=119770) __call__ /opt/stack/placement/placement/requestlog.py:55}}
Aug 26 19:12:16.888592 n-d-850468-19 devstack@placement-api.service[119770]: INFO placement.requestlog [req-45f9974d-0fcf-4a85-871c-adf260c95ae0 req-d4d1f50a-5160-4956-ab73-5b790595c523 service placement] 10.222.0.15 "GET /placement/allocations/89deba47-53ef-41bf-aab1-b2af8887360b" status: 200 len: 259 microversion: 1.28
Aug 26 19:12:16.889571 n-d-850468-19 devstack@placement-api.service[119770]: [pid: 119770|app: 0|req: 657/1302] 10.222.0.15 () {60 vars in 1377 bytes} [Fri Aug 26 19:12:16 2022] GET /placement/allocations/89deba47-53ef-41bf-aab1-b2af8887360b => generated 259 bytes in 19 msecs (HTTP/1.1 200) 8 headers in 296 bytes (1 switches on core 0)
Aug 26 19:12:16.902636 n-d-850468-19 devstack@placement-api.service[119771]: DEBUG placement.requestlog [req-45f9974d-0fcf-4a85-871c-adf260c95ae0 req-66b50b24-8853-47c3-88d8-0551832ccdb5 None None] Starting request: 10.222.0.15 "GET /placement/allocations/2247f730-1297-46f8-898c-f315d6fd430d" {{(pid=119771) __call__ /opt/stack/placement/placement/requestlog.py:55}}
Aug 26 19:12:16.921803 n-d-850468-19 devstack@placement-api.service[119771]: INFO placement.requestlog [req-45f9974d-0fcf-4a85-871c-adf260c95ae0 req-66b50b24-8853-47c3-88d8-0551832ccdb5 service placement] 10.222.0.15 "GET /placement/allocations/2247f730-1297-46f8-898c-f315d6fd430d" status: 200 len: 259 microversion: 1.28
Aug 26 19:12:16.928200 n-d-850468-19 devstack@placement-api.service[119771]: [pid: 119771|app: 0|req: 646/1303] 10.222.0.15 () {60 vars in 1377 bytes} [Fri Aug 26 19:12:16 2022] GET /placement/allocations/2247f730-1297-46f8-898c-f315d6fd430d => generated 259 bytes in 20 msecs (HTTP/1.1 200) 8 headers in 296 bytes (1 switches on core 0)
Aug 26 19:12:16.931032 n-d-850468-19 devstack@placement-api.service[119770]: DEBUG placement.requestlog [req-45f9974d-0fcf-4a85-871c-adf260c95ae0 req-002152b7-f626-4c6f-993a-6866c6060c35 None None] Starting request: 10.222.0.15 "GET /placement/allocations/14d6b188-9880-4a08-80d2-b4b922f71839" {{(pid=119770) __call__ /opt/stack/placement/placement/requestlog.py:55}}
Aug 26 19:12:16.956660 n-d-850468-19 devstack@placement-api.service[119770]: INFO placement.requestlog [req-45f9974d-0fcf-4a85-871c-adf260c95ae0 req-002152b7-f626-4c6f-993a-6866c6060c35 service placement] 10.222.0.15 "GET /placement/allocations/14d6b188-9880-4a08-80d2-b4b922f71839" status: 200 len: 259 microversion: 1.28
Aug 26 19:12:16.957553 n-d-850468-19 devstack@placement-api.service[119770]: [pid: 119770|app: 0|req: 658/1304] 10.222.0.15 () {60 vars in 1377 bytes} [Fri Aug 26 19:12:16 2022] GET /placement/allocations/14d6b188-9880-4a08-80d2-b4b922f71839 => generated 259 bytes in 28 msecs (HTTP/1.1 200) 8 headers in 296 bytes (1 switches on core 0)
Aug 26 19:12:17.946332 n-d-850468-19 devstack@placement-api.service[119771]: DEBUG placement.requestlog [req-45f9974d-0fcf-4a85-871c-adf260c95ae0 req-0477757a-9440-4514-b1ec-31de79af3e6f None None] Starting request: 10.222.0.15 "DELETE /placement/allocations/2247f730-1297-46f8-898c-f315d6fd430d" {{(pid=119771) __call__ /opt/stack/placement/placement/requestlog.py:55}}
Aug 26 19:12:18.107265 n-d-850468-19 devstack@placement-api.service[119771]: DEBUG placement.handlers.allocation [req-45f9974d-0fcf-4a85-871c-adf260c95ae0 req-0477757a-9440-4514-b1ec-31de79af3e6f service placement] Successfully deleted allocations [, , ] {{(pid=119771) delete_allocations /opt/stack/placement/placement/handlers/allocation.py:627}}
Aug 26 19:12:18.108917 n-d-850468-19 devstack@placement-api.service[119771]: INFO placement.requestlog [req-45f9974d-0fcf-4a85-871c-adf260c95ae0 req-0477757a-9440-4514-b1ec-31de79af3e6f service placement] 10.222.0.15 "DELETE /placement/allocations/2247f730-1297-46f8-898c-f315d6fd430d" status: 204 len: 0 microversion: 1.0
Aug 26 19:12:18.110117 n-d-850468-19 devstack@placement-api.service[119771]: [pid: 119771|app: 0|req: 647/1305] 10.222.0.15 () {60 vars in 1355 bytes} [Fri Aug 26 19:12:17 2022] DELETE /placement/allocations/2247f730-1297-46f8-898c-f315d6fd430d => generated 0 bytes in 164 msecs (HTTP/1.1 204) 5 headers in 198 bytes (1 switches on core 0)
Aug 26 19:12:24.442898 n-d-850468-19 devstack@placement-api.service[119770]: DEBUG placement.requestlog [req-b65ccc85-2572-4195-a2d6-6fccb46f1a4b req-6fa32b11-4cef-43f5-b027-2ea3dc88d5c0 None None] Starting request: 10.222.0.16 "GET /placement/resource_providers/c947edce-4b03-4a37-b7c9-e10d4aed775b/traits" {{(pid=119770) __call__ /opt/stack/placement/placement/requestlog.py:55}}
Aug 26 19:12:24.626937 n-d-850468-19 devstack@placement-api.service[119770]: INFO placement.requestlog [req-b65ccc85-2572-4195-a2d6-6fccb46f1a4b req-6fa32b11-4cef-43f5-b027-2ea3dc88d5c0 service placement] 10.222.0.16 "GET /placement/resource_providers/c947edce-4b03-4a37-b7c9-e10d4aed775b/traits" status: 200 len: 212 microversion: 1.6
Aug 26 19:12:24.627631 n-d-850468-19 devstack@placement-api.service[119770]: [pid: 119770|app: 0|req: 659/1306] 10.222.0.16 () {60 vars in 1412 bytes} [Fri Aug 26 19:12:24 2022] GET /placement/resource_providers/c947edce-4b03-4a37-b7c9-e10d4aed775b/traits => generated 212 bytes in 185 msecs (HTTP/1.1 200) 6 headers in 224 bytes (1 switches on core 0)
Aug 26 19:12:25.522641 n-d-850468-19 devstack@placement-api.service[119771]: DEBUG placement.requestlog [req-b65ccc85-2572-4195-a2d6-6fccb46f1a4b req-e896ed51-e6aa-4065-accb-583c442d1525 None None] Starting request: 10.222.0.16 "GET /placement/allocations/83ca0a11-f947-4513-aa35-a9701ee84669" {{(pid=119771) __call__ /opt/stack/placement/placement/requestlog.py:55}}
Aug 26 19:12:25.547390 n-d-850468-19 devstack@placement-api.service[119771]: INFO placement.requestlog [req-b65ccc85-2572-4195-a2d6-6fccb46f1a4b req-e896ed51-e6aa-4065-accb-583c442d1525 service placement] 10.222.0.16 "GET /placement/allocations/83ca0a11-f947-4513-aa35-a9701ee84669" status: 200 len: 259 microversion: 1.28
Aug 26 19:12:25.555341 n-d-850468-19 devstack@placement-api.service[119771]: [pid: 119771|app: 0|req: 648/1307] 10.222.0.16 () {60 vars in 1380 bytes} [Fri Aug 26 19:12:25 2022] GET /placement/allocations/83ca0a11-f947-4513-aa35-a9701ee84669 => generated 259 bytes in 33 msecs (HTTP/1.1 200) 8 headers in 296 bytes (1 switches on core 0)
Aug 26 19:12:25.555836 n-d-850468-19 devstack@placement-api.service[119770]: DEBUG placement.requestlog [req-b65ccc85-2572-4195-a2d6-6fccb46f1a4b req-f535faa0-17a5-4dc1-917f-2a71147c1832 None None] Starting request: 10.222.0.16 "GET /placement/allocations/83ca0a11-f947-4513-aa35-a9701ee84669" {{(pid=119770) __call__ /opt/stack/placement/placement/requestlog.py:55}}
Aug 26 19:12:25.581084 n-d-850468-19 devstack@placement-api.service[119770]: INFO placement.requestlog [req-b65ccc85-2572-4195-a2d6-6fccb46f1a4b req-f535faa0-17a5-4dc1-917f-2a71147c1832 service placement] 10.222.0.16 "GET /placement/allocations/83ca0a11-f947-4513-aa35-a9701ee84669" status: 200 len: 259 microversion: 1.28
Aug 26 19:12:25.583381 n-d-850468-19 devstack@placement-api.service[119770]: [pid: 119770|app: 0|req: 660/1308] 10.222.0.16 () {60 vars in 1380 bytes} [Fri Aug 26 19:12:25 2022] GET /placement/allocations/83ca0a11-f947-4513-aa35-a9701ee84669 => generated 259 bytes in 28 msecs (HTTP/1.1 200) 8 headers in 296 bytes (1 switches on core 0)
Aug 26 19:12:25.589795 n-d-850468-19 devstack@placement-api.service[119771]: DEBUG placement.requestlog [req-b65ccc85-2572-4195-a2d6-6fccb46f1a4b req-d098ca49-865f-434e-9db3-7d18a62bdf8d None None] Starting request: 10.222.0.16 "GET /placement/allocations/f362638a-275e-4495-b170-de08248d8bcc" {{(pid=119771) __call__ /opt/stack/placement/placement/requestlog.py:55}}
Aug 26 19:12:25.607414 n-d-850468-19 devstack@placement-api.service[119771]: INFO placement.requestlog [req-b65ccc85-2572-4195-a2d6-6fccb46f1a4b req-d098ca49-865f-434e-9db3-7d18a62bdf8d service placement] 10.222.0.16 "GET /placement/allocations/f362638a-275e-4495-b170-de08248d8bcc" status: 200 len: 19 microversion: 1.28
Aug 26 19:12:25.608039 n-d-850468-19 devstack@placement-api.service[119771]: [pid: 119771|app: 0|req: 649/1309] 10.222.0.16 () {60 vars in 1380 bytes} [Fri Aug 26 19:12:25 2022] GET /placement/allocations/f362638a-275e-4495-b170-de08248d8bcc => generated 19 bytes in 19 msecs (HTTP/1.1 200) 8 headers in 295 bytes (2 switches on core 0)
Aug 26 19:12:25.615245 n-d-850468-19 devstack@placement-api.service[119770]: DEBUG placement.requestlog [req-b65ccc85-2572-4195-a2d6-6fccb46f1a4b req-6a2c729d-3f3b-4731-9fa8-b6a3b385b51f None None] Starting request: 10.222.0.16 "POST /placement/allocations" {{(pid=119770) __call__ /opt/stack/placement/placement/requestlog.py:55}}
Aug 26 19:12:25.839467 n-d-850468-19 devstack@placement-api.service[119770]: DEBUG placement.handlers.allocation [req-b65ccc85-2572-4195-a2d6-6fccb46f1a4b req-6a2c729d-3f3b-4731-9fa8-b6a3b385b51f service placement] Successfully wrote allocations [, , , , , ] {{(pid=119770) _update_consumers_and_create_allocations /opt/stack/placement/placement/handlers/allocation.py:572}}
Aug 26 19:12:25.910279 n-d-850468-19 devstack@placement-api.service[119770]: INFO placement.requestlog [req-b65ccc85-2572-4195-a2d6-6fccb46f1a4b req-6a2c729d-3f3b-4731-9fa8-b6a3b385b51f service placement] 10.222.0.16 "POST /placement/allocations" status: 204 len: 0 microversion: 1.28
Aug 26 19:12:25.910689 n-d-850468-19 devstack@placement-api.service[119771]: DEBUG placement.requestlog [req-c2764c1c-2218-425d-b38f-03c162bceae9 req-a457c0e3-e228-4a75-8b73-bd7f2b93c95c None None] Starting request: 10.222.0.16 "GET /placement/allocation_candidates?limit=1000&resources=DISK_GB%3A1%2CMEMORY_MB%3A1024%2CVCPU%3A1&root_required=%21COMPUTE_STATUS_DISABLED" {{(pid=119771) __call__ /opt/stack/placement/placement/requestlog.py:55}}
Aug 26 19:12:25.911408 n-d-850468-19 devstack@placement-api.service[119770]: [pid: 119770|app: 0|req: 661/1310] 10.222.0.16 () {64 vars in 1323 bytes} [Fri Aug 26 19:12:25 2022] POST /placement/allocations => generated 0 bytes in 296 msecs (HTTP/1.1 204) 5 headers in 199 bytes (1 switches on core 0)
Aug 26 19:12:25.995273 n-d-850468-19 devstack@placement-api.service[119771]: DEBUG placement.objects.research_context [req-c2764c1c-2218-425d-b38f-03c162bceae9 req-a457c0e3-e228-4a75-8b73-bd7f2b93c95c service placement] getting providers with 1 DISK_GB {{(pid=119771) __init__ /opt/stack/placement/placement/objects/research_context.py:136}}
Aug 26 19:12:26.005775 n-d-850468-19 devstack@placement-api.service[119771]: DEBUG placement.objects.research_context [req-c2764c1c-2218-425d-b38f-03c162bceae9 req-a457c0e3-e228-4a75-8b73-bd7f2b93c95c service placement] getting providers with 1024 MEMORY_MB {{(pid=119771) __init__ /opt/stack/placement/placement/objects/research_context.py:136}}
Aug 26 19:12:26.014684 n-d-850468-19 devstack@placement-api.service[119771]: DEBUG placement.objects.research_context [req-c2764c1c-2218-425d-b38f-03c162bceae9 req-a457c0e3-e228-4a75-8b73-bd7f2b93c95c service placement] getting providers with 1 VCPU {{(pid=119771) __init__ /opt/stack/placement/placement/objects/research_context.py:136}}
Aug 26 19:12:26.019526 n-d-850468-19 devstack@placement-api.service[119770]: DEBUG placement.requestlog [req-b65ccc85-2572-4195-a2d6-6fccb46f1a4b req-dbb32c2d-843c-4a0a-ad99-a63ece8137fa None None] Starting request: 10.222.0.16 "GET /placement/allocation_candidates?limit=1000&resources=DISK_GB%3A1%2CMEMORY_MB%3A1024%2CVCPU%3A1&root_required=%21COMPUTE_STATUS_DISABLED" {{(pid=119770) __call__ /opt/stack/placement/placement/requestlog.py:55}}
Aug 26 19:12:26.023865 n-d-850468-19 devstack@placement-api.service[119771]: DEBUG placement.objects.research_context [req-c2764c1c-2218-425d-b38f-03c162bceae9 req-a457c0e3-e228-4a75-8b73-bd7f2b93c95c service placement] found 2 providers with available 1 DISK_GB {{(pid=119771) get_provider_ids_matching /opt/stack/placement/placement/objects/research_context.py:563}}
Aug 26 19:12:26.025697 n-d-850468-19 devstack@placement-api.service[119771]: DEBUG placement.objects.research_context [req-c2764c1c-2218-425d-b38f-03c162bceae9 req-a457c0e3-e228-4a75-8b73-bd7f2b93c95c service placement] found 2 providers with available 1024 MEMORY_MB {{(pid=119771) get_provider_ids_matching /opt/stack/placement/placement/objects/research_context.py:563}}
Aug 26 19:12:26.027831 n-d-850468-19 devstack@placement-api.service[119771]: DEBUG placement.objects.research_context [req-c2764c1c-2218-425d-b38f-03c162bceae9 req-a457c0e3-e228-4a75-8b73-bd7f2b93c95c service placement] found 2 providers after filtering by previous result {{(pid=119771) get_provider_ids_matching /opt/stack/placement/placement/objects/research_context.py:594}}
Aug 26 19:12:26.027831 n-d-850468-19 devstack@placement-api.service[119771]: DEBUG placement.objects.research_context [req-c2764c1c-2218-425d-b38f-03c162bceae9 req-a457c0e3-e228-4a75-8b73-bd7f2b93c95c service placement] found 2 providers with available 1 VCPU {{(pid=119771) get_provider_ids_matching /opt/stack/placement/placement/objects/research_context.py:563}}
Aug 26 19:12:26.027831 n-d-850468-19 devstack@placement-api.service[119771]: DEBUG placement.objects.research_context [req-c2764c1c-2218-425d-b38f-03c162bceae9 req-a457c0e3-e228-4a75-8b73-bd7f2b93c95c service placement] found 2 providers after filtering by previous result {{(pid=119771) get_provider_ids_matching /opt/stack/placement/placement/objects/research_context.py:594}}
Aug 26 19:12:26.043892 n-d-850468-19 devstack@placement-api.service[119771]: DEBUG placement.objects.allocation_candidate [req-c2764c1c-2218-425d-b38f-03c162bceae9 req-a457c0e3-e228-4a75-8b73-bd7f2b93c95c service placement] RequestGroup(use_same_provider=False, resources={DISK_GB:1, MEMORY_MB:1024, VCPU:1}, traits=(), aggregates=[]) (suffix '') returned 2 matches {{(pid=119771) _get_by_requests /opt/stack/placement/placement/objects/allocation_candidate.py:156}}
Aug 26 19:12:26.044551 n-d-850468-19 devstack@placement-api.service[119771]: DEBUG placement.objects.allocation_candidate [req-c2764c1c-2218-425d-b38f-03c162bceae9 req-a457c0e3-e228-4a75-8b73-bd7f2b93c95c service placement] Merging candidates yields 2 allocation requests and 2 provider summaries {{(pid=119771) _merge_candidates /opt/stack/placement/placement/objects/allocation_candidate.py:809}}
Aug 26 19:12:26.046609 n-d-850468-19 devstack@placement-api.service[119771]: INFO placement.requestlog [req-c2764c1c-2218-425d-b38f-03c162bceae9 req-a457c0e3-e228-4a75-8b73-bd7f2b93c95c service placement] 10.222.0.16 "GET /placement/allocation_candidates?limit=1000&resources=DISK_GB%3A1%2CMEMORY_MB%3A1024%2CVCPU%3A1&root_required=%21COMPUTE_STATUS_DISABLED" status: 200 len: 1309 microversion: 1.36
Aug 26 19:12:26.047861 n-d-850468-19 devstack@placement-api.service[119771]: [pid: 119771|app: 0|req: 650/1311] 10.222.0.16 () {60 vars in 1506 bytes} [Fri Aug 26 19:12:25 2022] GET /placement/allocation_candidates?limit=1000&resources=DISK_GB%3A1%2CMEMORY_MB%3A1024%2CVCPU%3A1&root_required=%21COMPUTE_STATUS_DISABLED => generated 1309 bytes in 137 msecs (HTTP/1.1 200) 8 headers in 297 bytes (2 switches on core 0)
Aug 26 19:12:26.129799 n-d-850468-19 devstack@placement-api.service[119770]: DEBUG placement.objects.research_context [req-b65ccc85-2572-4195-a2d6-6fccb46f1a4b req-dbb32c2d-843c-4a0a-ad99-a63ece8137fa service placement] getting providers with 1 DISK_GB {{(pid=119770) __init__ /opt/stack/placement/placement/objects/research_context.py:136}}
Aug 26 19:12:26.140783 n-d-850468-19 devstack@placement-api.service[119770]: DEBUG placement.objects.research_context [req-b65ccc85-2572-4195-a2d6-6fccb46f1a4b req-dbb32c2d-843c-4a0a-ad99-a63ece8137fa service placement] getting providers with 1024 MEMORY_MB {{(pid=119770) __init__ /opt/stack/placement/placement/objects/research_context.py:136}}
Aug 26 19:12:26.155690 n-d-850468-19 devstack@placement-api.service[119770]: DEBUG placement.objects.research_context [req-b65ccc85-2572-4195-a2d6-6fccb46f1a4b req-dbb32c2d-843c-4a0a-ad99-a63ece8137fa service placement] getting providers with 1 VCPU {{(pid=119770) __init__ /opt/stack/placement/placement/objects/research_context.py:136}}
Aug 26 19:12:26.165575 n-d-850468-19 devstack@placement-api.service[119770]: DEBUG placement.objects.research_context [req-b65ccc85-2572-4195-a2d6-6fccb46f1a4b req-dbb32c2d-843c-4a0a-ad99-a63ece8137fa service placement] found 2 providers with available 1 DISK_GB {{(pid=119770) get_provider_ids_matching /opt/stack/placement/placement/objects/research_context.py:563}}
Aug 26 19:12:26.167589 n-d-850468-19 devstack@placement-api.service[119770]: DEBUG placement.objects.research_context [req-b65ccc85-2572-4195-a2d6-6fccb46f1a4b req-dbb32c2d-843c-4a0a-ad99-a63ece8137fa service placement] found 2 providers with available 1024 MEMORY_MB {{(pid=119770) get_provider_ids_matching /opt/stack/placement/placement/objects/research_context.py:563}}
Aug 26 19:12:26.168189 n-d-850468-19 devstack@placement-api.service[119770]: DEBUG placement.objects.research_context [req-b65ccc85-2572-4195-a2d6-6fccb46f1a4b req-dbb32c2d-843c-4a0a-ad99-a63ece8137fa service placement] found 2 providers after filtering by previous result {{(pid=119770) get_provider_ids_matching /opt/stack/placement/placement/objects/research_context.py:594}}
Aug 26 19:12:26.172472 n-d-850468-19 devstack@placement-api.service[119770]: DEBUG placement.objects.research_context [req-b65ccc85-2572-4195-a2d6-6fccb46f1a4b req-dbb32c2d-843c-4a0a-ad99-a63ece8137fa service placement] found 2 providers with available 1 VCPU {{(pid=119770) get_provider_ids_matching /opt/stack/placement/placement/objects/research_context.py:563}}
Aug 26 19:12:26.172890 n-d-850468-19 devstack@placement-api.service[119770]: DEBUG placement.objects.research_context [req-b65ccc85-2572-4195-a2d6-6fccb46f1a4b req-dbb32c2d-843c-4a0a-ad99-a63ece8137fa service placement] found 2 providers after filtering by previous result {{(pid=119770) get_provider_ids_matching /opt/stack/placement/placement/objects/research_context.py:594}}
Aug 26 19:12:26.180340 n-d-850468-19 devstack@placement-api.service[119771]: DEBUG placement.requestlog [req-c2764c1c-2218-425d-b38f-03c162bceae9 req-72d99049-3da9-4caf-8444-0da153286246 None None] Starting request: 10.222.0.16 "GET /placement/allocations/29655358-ff21-43f0-9958-b96471e8471e" {{(pid=119771) __call__ /opt/stack/placement/placement/requestlog.py:55}}
Aug 26 19:12:26.197990 n-d-850468-19 devstack@placement-api.service[119771]: INFO placement.requestlog [req-c2764c1c-2218-425d-b38f-03c162bceae9 req-72d99049-3da9-4caf-8444-0da153286246 service placement] 10.222.0.16 "GET /placement/allocations/29655358-ff21-43f0-9958-b96471e8471e" status: 200 len: 19 microversion: 1.28
Aug 26 19:12:26.199564 n-d-850468-19 devstack@placement-api.service[119770]: DEBUG placement.objects.allocation_candidate [req-b65ccc85-2572-4195-a2d6-6fccb46f1a4b req-dbb32c2d-843c-4a0a-ad99-a63ece8137fa service placement] RequestGroup(use_same_provider=False, resources={DISK_GB:1, MEMORY_MB:1024, VCPU:1}, traits=(), aggregates=[]) (suffix '') returned 2 matches {{(pid=119770) _get_by_requests /opt/stack/placement/placement/objects/allocation_candidate.py:156}}
Aug 26 19:12:26.204619 n-d-850468-19 devstack@placement-api.service[119770]: DEBUG placement.objects.allocation_candidate [req-b65ccc85-2572-4195-a2d6-6fccb46f1a4b req-dbb32c2d-843c-4a0a-ad99-a63ece8137fa service placement] Merging candidates yields 2 allocation requests and 2 provider summaries {{(pid=119770) _merge_candidates /opt/stack/placement/placement/objects/allocation_candidate.py:809}}
Aug 26 19:12:26.205177 n-d-850468-19 devstack@placement-api.service[119771]: [pid: 119771|app: 0|req: 651/1312] 10.222.0.16 () {60 vars in 1380 bytes} [Fri Aug 26 19:12:26 2022] GET /placement/allocations/29655358-ff21-43f0-9958-b96471e8471e => generated 19 bytes in 25 msecs (HTTP/1.1 200) 8 headers in 295 bytes (2 switches on core 0)
Aug 26 19:12:26.206773 n-d-850468-19 devstack@placement-api.service[119770]: INFO placement.requestlog [req-b65ccc85-2572-4195-a2d6-6fccb46f1a4b req-dbb32c2d-843c-4a0a-ad99-a63ece8137fa service placement] 10.222.0.16 "GET /placement/allocation_candidates?limit=1000&resources=DISK_GB%3A1%2CMEMORY_MB%3A1024%2CVCPU%3A1&root_required=%21COMPUTE_STATUS_DISABLED" status: 200 len: 1309 microversion: 1.36
Aug 26 19:12:26.207428 n-d-850468-19 devstack@placement-api.service[119770]: [pid: 119770|app: 0|req: 662/1313] 10.222.0.16 () {60 vars in 1506 bytes} [Fri Aug 26 19:12:26 2022] GET /placement/allocation_candidates?limit=1000&resources=DISK_GB%3A1%2CMEMORY_MB%3A1024%2CVCPU%3A1&root_required=%21COMPUTE_STATUS_DISABLED => generated 1309 bytes in 188 msecs (HTTP/1.1 200) 8 headers in 297 bytes (1 switches on core 0)
Aug 26 19:12:26.218361 n-d-850468-19 devstack@placement-api.service[119771]: DEBUG placement.requestlog [req-c2764c1c-2218-425d-b38f-03c162bceae9 req-52b1e66f-692a-4ab4-9ec4-536b3c5164b0 None None] Starting request: 10.222.0.16 "PUT /placement/allocations/29655358-ff21-43f0-9958-b96471e8471e" {{(pid=119771) __call__ /opt/stack/placement/placement/requestlog.py:55}}
Aug 26 19:12:26.265306 n-d-850468-19 devstack@placement-api.service[119770]: DEBUG placement.requestlog [req-b65ccc85-2572-4195-a2d6-6fccb46f1a4b req-94cf0957-8dad-4bdc-b81d-499199f3aef6 None None] Starting request: 10.222.0.16 "GET /placement/allocations/83ca0a11-f947-4513-aa35-a9701ee84669" {{(pid=119770) __call__ /opt/stack/placement/placement/requestlog.py:55}}
Aug 26 19:12:26.278447 n-d-850468-19 devstack@placement-api.service[119770]: INFO placement.requestlog [req-b65ccc85-2572-4195-a2d6-6fccb46f1a4b req-94cf0957-8dad-4bdc-b81d-499199f3aef6 service placement] 10.222.0.16 "GET /placement/allocations/83ca0a11-f947-4513-aa35-a9701ee84669" status: 200 len: 19 microversion: 1.28
Aug 26 19:12:26.279176 n-d-850468-19 devstack@placement-api.service[119770]: [pid: 119770|app: 0|req: 663/1314] 10.222.0.16 () {60 vars in 1380 bytes} [Fri Aug 26 19:12:26 2022] GET /placement/allocations/83ca0a11-f947-4513-aa35-a9701ee84669 => generated 19 bytes in 14 msecs (HTTP/1.1 200) 8 headers in 295 bytes (2 switches on core 0)
Aug 26 19:12:26.285629 n-d-850468-19 devstack@placement-api.service[119770]: DEBUG placement.requestlog [req-b65ccc85-2572-4195-a2d6-6fccb46f1a4b req-8b88eee2-f85c-41e8-900e-c09e496af59a None None] Starting request: 10.222.0.16 "PUT /placement/allocations/83ca0a11-f947-4513-aa35-a9701ee84669" {{(pid=119770) __call__ /opt/stack/placement/placement/requestlog.py:55}}
Aug 26 19:12:26.315912 n-d-850468-19 devstack@placement-api.service[119770]: DEBUG dbcounter [-] [119770] Writing DB stats placement:SELECT=90,placement:INSERT=4,placement:DELETE=3,placement:UPDATE=3 {{(pid=119770) stat_writer /usr/local/lib/python3.8/dist-packages/dbcounter.py:114}}
Aug 26 19:12:26.405250 n-d-850468-19 devstack@placement-api.service[119770]: DEBUG placement.handlers.allocation [req-b65ccc85-2572-4195-a2d6-6fccb46f1a4b req-8b88eee2-f85c-41e8-900e-c09e496af59a service placement] Successfully wrote allocations [, , ] {{(pid=119770) _update_consumers_and_create_allocations /opt/stack/placement/placement/handlers/allocation.py:462}}
Aug 26 19:12:26.487552 n-d-850468-19 devstack@placement-api.service[119770]: INFO placement.requestlog [req-b65ccc85-2572-4195-a2d6-6fccb46f1a4b req-8b88eee2-f85c-41e8-900e-c09e496af59a service placement] 10.222.0.16 "PUT /placement/allocations/83ca0a11-f947-4513-aa35-a9701ee84669" status: 204 len: 0 microversion: 1.36
Aug 26 19:12:26.488068 n-d-850468-19 devstack@placement-api.service[119770]: [pid: 119770|app: 0|req: 664/1315] 10.222.0.16 () {64 vars in 1433 bytes} [Fri Aug 26 19:12:26 2022] PUT /placement/allocations/83ca0a11-f947-4513-aa35-a9701ee84669 => generated 0 bytes in 203 msecs (HTTP/1.1 204) 5 headers in 199 bytes (2 switches on core 0)
Aug 26 19:12:26.538877 n-d-850468-19 devstack@placement-api.service[119771]: DEBUG placement.handlers.allocation [req-c2764c1c-2218-425d-b38f-03c162bceae9 req-52b1e66f-692a-4ab4-9ec4-536b3c5164b0 service placement] Successfully wrote allocations [, , ] {{(pid=119771) _update_consumers_and_create_allocations /opt/stack/placement/placement/handlers/allocation.py:462}}
Aug 26 19:12:26.624641 n-d-850468-19 devstack@placement-api.service[119771]: INFO placement.requestlog [req-c2764c1c-2218-425d-b38f-03c162bceae9 req-52b1e66f-692a-4ab4-9ec4-536b3c5164b0 service placement] 10.222.0.16 "PUT /placement/allocations/29655358-ff21-43f0-9958-b96471e8471e" status: 204 len: 0 microversion: 1.36
Aug 26 19:12:26.625084 n-d-850468-19 devstack@placement-api.service[119771]: [pid: 119771|app: 0|req: 652/1316] 10.222.0.16 () {64 vars in 1433 bytes} [Fri Aug 26 19:12:26 2022] PUT /placement/allocations/29655358-ff21-43f0-9958-b96471e8471e => generated 0 bytes in 418 msecs (HTTP/1.1 204) 5 headers in 199 bytes (1 switches on core 0)
Aug 26 19:12:26.957079 n-d-850468-19 devstack@placement-api.service[119770]: DEBUG placement.requestlog [req-b65ccc85-2572-4195-a2d6-6fccb46f1a4b req-075baa38-a5dc-418a-8034-27ddcf1089d6 None None] Starting request: 10.222.0.15 "GET /placement/allocations/83ca0a11-f947-4513-aa35-a9701ee84669" {{(pid=119770) __call__ /opt/stack/placement/placement/requestlog.py:55}}
Aug 26 19:12:26.978139 n-d-850468-19 devstack@placement-api.service[119770]: INFO placement.requestlog [req-b65ccc85-2572-4195-a2d6-6fccb46f1a4b req-075baa38-a5dc-418a-8034-27ddcf1089d6 service placement] 10.222.0.15 "GET /placement/allocations/83ca0a11-f947-4513-aa35-a9701ee84669" status: 200 len: 259 microversion: 1.28
Aug 26 19:12:26.979746 n-d-850468-19 devstack@placement-api.service[119770]: [pid: 119770|app: 0|req: 665/1317] 10.222.0.15 () {60 vars in 1377 bytes} [Fri Aug 26 19:12:26 2022] GET /placement/allocations/83ca0a11-f947-4513-aa35-a9701ee84669 => generated 259 bytes in 23 msecs (HTTP/1.1 200) 8 headers in 296 bytes (1 switches on core 0)
Aug 26 19:12:27.486766 n-d-850468-19 devstack@placement-api.service[119771]: DEBUG placement.requestlog [req-b65ccc85-2572-4195-a2d6-6fccb46f1a4b req-4bebefc6-e22a-48c8-aece-acd9ae83f470 None None] Starting request: 10.222.0.15 "GET /placement/resource_providers/3d5f4e58-0ff7-4bf7-825b-7caa094dd5a4/allocations" {{(pid=119771) __call__ /opt/stack/placement/placement/requestlog.py:55}}
Aug 26 19:12:27.530624 n-d-850468-19 devstack@placement-api.service[119771]: INFO placement.requestlog [req-b65ccc85-2572-4195-a2d6-6fccb46f1a4b req-4bebefc6-e22a-48c8-aece-acd9ae83f470 service placement] 10.222.0.15 "GET /placement/resource_providers/3d5f4e58-0ff7-4bf7-825b-7caa094dd5a4/allocations" status: 200 len: 558 microversion: 1.0
Aug 26 19:12:27.531258 n-d-850468-19 devstack@placement-api.service[119771]: [pid: 119771|app: 0|req: 653/1318] 10.222.0.15 () {58 vars in 1390 bytes} [Fri Aug 26 19:12:27 2022] GET /placement/resource_providers/3d5f4e58-0ff7-4bf7-825b-7caa094dd5a4/allocations => generated 558 bytes in 45 msecs (HTTP/1.1 200) 6 headers in 224 bytes (1 switches on core 0)
Aug 26 19:12:27.538977 n-d-850468-19 devstack@placement-api.service[119770]: DEBUG placement.requestlog [req-b65ccc85-2572-4195-a2d6-6fccb46f1a4b req-e0c2f9eb-dc8b-404b-8cc6-737ffd1fafe2 None None] Starting request: 10.222.0.15 "GET /placement/allocations/14d6b188-9880-4a08-80d2-b4b922f71839" {{(pid=119770) __call__ /opt/stack/placement/placement/requestlog.py:55}}
Aug 26 19:12:27.560030 n-d-850468-19 devstack@placement-api.service[119770]: INFO placement.requestlog [req-b65ccc85-2572-4195-a2d6-6fccb46f1a4b req-e0c2f9eb-dc8b-404b-8cc6-737ffd1fafe2 service placement] 10.222.0.15 "GET /placement/allocations/14d6b188-9880-4a08-80d2-b4b922f71839" status: 200 len: 259 microversion: 1.28
Aug 26 19:12:27.560491 n-d-850468-19 devstack@placement-api.service[119770]: [pid: 119770|app: 0|req: 666/1319] 10.222.0.15 () {60 vars in 1377 bytes} [Fri Aug 26 19:12:27 2022] GET /placement/allocations/14d6b188-9880-4a08-80d2-b4b922f71839 => generated 259 bytes in 22 msecs (HTTP/1.1 200) 8 headers in 296 bytes (2 switches on core 0)
Aug 26 19:12:27.570247 n-d-850468-19 devstack@placement-api.service[119771]: DEBUG placement.requestlog [req-b65ccc85-2572-4195-a2d6-6fccb46f1a4b req-1fe8b9e4-7b27-4ab4-b690-c614634aa324 None None] Starting request: 10.222.0.15 "GET /placement/allocations/15986838-81c5-4108-a9e4-67766f714abf" {{(pid=119771) __call__ /opt/stack/placement/placement/requestlog.py:55}}
Aug 26 19:12:27.592455 n-d-850468-19 devstack@placement-api.service[119771]: INFO placement.requestlog [req-b65ccc85-2572-4195-a2d6-6fccb46f1a4b req-1fe8b9e4-7b27-4ab4-b690-c614634aa324 service placement] 10.222.0.15 "GET /placement/allocations/15986838-81c5-4108-a9e4-67766f714abf" status: 200 len: 259 microversion: 1.28
Aug 26 19:12:27.593247 n-d-850468-19 devstack@placement-api.service[119771]: [pid: 119771|app: 0|req: 654/1320] 10.222.0.15 () {60 vars in 1377 bytes} [Fri Aug 26 19:12:27 2022] GET /placement/allocations/15986838-81c5-4108-a9e4-67766f714abf => generated 259 bytes in 23 msecs (HTTP/1.1 200) 8 headers in 296 bytes (1 switches on core 0)
Aug 26 19:12:27.602524 n-d-850468-19 devstack@placement-api.service[119770]: DEBUG placement.requestlog [req-b65ccc85-2572-4195-a2d6-6fccb46f1a4b req-0db75d8a-0dbc-481f-a272-0fcf0ee0c020 None None] Starting request: 10.222.0.15 "GET /placement/allocations/29655358-ff21-43f0-9958-b96471e8471e" {{(pid=119770) __call__ /opt/stack/placement/placement/requestlog.py:55}}
Aug 26 19:12:27.658040 n-d-850468-19 devstack@placement-api.service[119770]: INFO placement.requestlog [req-b65ccc85-2572-4195-a2d6-6fccb46f1a4b req-0db75d8a-0dbc-481f-a272-0fcf0ee0c020 service placement] 10.222.0.15 "GET /placement/allocations/29655358-ff21-43f0-9958-b96471e8471e" status: 200 len: 259 microversion: 1.28
Aug 26 19:12:27.658748 n-d-850468-19 devstack@placement-api.service[119770]: [pid: 119770|app: 0|req: 667/1321] 10.222.0.15 () {60 vars in 1377 bytes} [Fri Aug 26 19:12:27 2022] GET /placement/allocations/29655358-ff21-43f0-9958-b96471e8471e => generated 259 bytes in 56 msecs (HTTP/1.1 200) 8 headers in 296 bytes (1 switches on core 0)
Aug 26 19:12:27.669085 n-d-850468-19 devstack@placement-api.service[119771]: DEBUG placement.requestlog [req-b65ccc85-2572-4195-a2d6-6fccb46f1a4b req-0ebef3e2-3ac4-49c6-b9d8-885878ec760c None None] Starting request: 10.222.0.15 "GET /placement/allocations/89deba47-53ef-41bf-aab1-b2af8887360b" {{(pid=119771) __call__ /opt/stack/placement/placement/requestlog.py:55}}
Aug 26 19:12:27.704944 n-d-850468-19 devstack@placement-api.service[119771]: INFO placement.requestlog [req-b65ccc85-2572-4195-a2d6-6fccb46f1a4b req-0ebef3e2-3ac4-49c6-b9d8-885878ec760c service placement] 10.222.0.15 "GET /placement/allocations/89deba47-53ef-41bf-aab1-b2af8887360b" status: 200 len: 259 microversion: 1.28
Aug 26 19:12:27.706024 n-d-850468-19 devstack@placement-api.service[119771]: [pid: 119771|app: 0|req: 655/1322] 10.222.0.15 () {60 vars in 1377 bytes} [Fri Aug 26 19:12:27 2022] GET /placement/allocations/89deba47-53ef-41bf-aab1-b2af8887360b => generated 259 bytes in 39 msecs (HTTP/1.1 200) 8 headers in 296 bytes (1 switches on core 0)
Aug 26 19:12:27.729388 n-d-850468-19 devstack@placement-api.service[119770]: DEBUG placement.requestlog [req-b65ccc85-2572-4195-a2d6-6fccb46f1a4b req-669b2343-394a-48b3-9f07-9bc13f4604c4 None None] Starting request: 10.222.0.15 "GET /placement/allocations/83ca0a11-f947-4513-aa35-a9701ee84669" {{(pid=119770) __call__ /opt/stack/placement/placement/requestlog.py:55}}
Aug 26 19:12:27.766980 n-d-850468-19 devstack@placement-api.service[119770]: INFO placement.requestlog [req-b65ccc85-2572-4195-a2d6-6fccb46f1a4b req-669b2343-394a-48b3-9f07-9bc13f4604c4 service placement] 10.222.0.15 "GET /placement/allocations/83ca0a11-f947-4513-aa35-a9701ee84669" status: 200 len: 259 microversion: 1.28
Aug 26 19:12:27.769283 n-d-850468-19 devstack@placement-api.service[119770]: [pid: 119770|app: 0|req: 668/1323] 10.222.0.15 () {60 vars in 1377 bytes} [Fri Aug 26 19:12:27 2022] GET /placement/allocations/83ca0a11-f947-4513-aa35-a9701ee84669 => generated 259 bytes in 40 msecs (HTTP/1.1 200) 8 headers in 296 bytes (1 switches on core 0)
