Aug 09 14:02:23.776299 n-d-850468-13 devstack@keystone.service[80683]: DEBUG keystone.server.flask.request_processing.middleware.auth_context [None req-2939071d-b20f-40cd-9a40-65d94117460d None None] Validating token access rules against request {{(pid=80683) validate_allowed_request /usr/local/lib/python3.8/dist-packages/keystonemiddleware/auth_token/__init__.py:545}}
Aug 09 14:02:23.780540 n-d-850468-13 devstack@keystone.service[80683]: DEBUG keystone.server.flask.request_processing.middleware.auth_context [None req-d9d2907e-6ecf-43d7-a54d-e4fbc6d649ad admin admin] RBAC: auth_context: {'token': , 'domain_id': None, 'trust_id': None, 'trustor_id': None, 'trustee_id': None, 'domain_name': None, 'group_ids': [], 'user_id': '5de9fb72cc7e44798877cab2087f3e65', 'user_domain_id': 'default', 'system_scope': None, 'project_id': 'cfc3b60a36654e499f6e4179c07e640e', 'project_domain_id': 'default', 'roles': ['member', 'reader', 'admin'], 'is_admin_project': True, 'service_user_id': None, 'service_user_domain_id': None, 'service_project_id': None, 'service_project_domain_id': None, 'service_roles': []} {{(pid=80683) fill_context /opt/stack/keystone/keystone/server/flask/request_processing/middleware/auth_context.py:478}}
Aug 09 14:02:23.781164 n-d-850468-13 devstack@keystone.service[80683]: DEBUG keystone.server.flask.request_processing.req_logging [None req-d9d2907e-6ecf-43d7-a54d-e4fbc6d649ad admin admin] REQUEST_METHOD: `GET` {{(pid=80683) log_request_info /opt/stack/keystone/keystone/server/flask/request_processing/req_logging.py:27}}
Aug 09 14:02:23.781451 n-d-850468-13 devstack@keystone.service[80683]: DEBUG keystone.server.flask.request_processing.req_logging [None req-d9d2907e-6ecf-43d7-a54d-e4fbc6d649ad admin admin] SCRIPT_NAME: `/identity` {{(pid=80683) log_request_info /opt/stack/keystone/keystone/server/flask/request_processing/req_logging.py:28}}
Aug 09 14:02:23.781726 n-d-850468-13 devstack@keystone.service[80683]: DEBUG keystone.server.flask.request_processing.req_logging [None req-d9d2907e-6ecf-43d7-a54d-e4fbc6d649ad admin admin] PATH_INFO: `/v3/auth/tokens` {{(pid=80683) log_request_info /opt/stack/keystone/keystone/server/flask/request_processing/req_logging.py:29}}
Aug 09 14:02:23.789985 n-d-850468-13 devstack@keystone.service[80683]: DEBUG keystone.common.rbac_enforcer.enforcer [None req-d9d2907e-6ecf-43d7-a54d-e4fbc6d649ad admin admin] RBAC: Authorizing `identity:validate_token()` {{(pid=80683) enforce_call /opt/stack/keystone/keystone/common/rbac_enforcer/enforcer.py:449}}
Aug 09 14:02:23.841219 n-d-850468-13 devstack@keystone.service[80683]: WARNING keystone.common.rbac_enforcer.enforcer [None req-d9d2907e-6ecf-43d7-a54d-e4fbc6d649ad admin admin] Deprecated policy rules found. Use oslopolicy-policy-generator and oslopolicy-policy-upgrade to detect and resolve deprecated policies in your configuration.
Aug 09 14:02:23.841504 n-d-850468-13 devstack@keystone.service[80683]: DEBUG keystone.common.rbac_enforcer.enforcer [None req-d9d2907e-6ecf-43d7-a54d-e4fbc6d649ad admin admin] RBAC: Authorization granted {{(pid=80683) enforce_call /opt/stack/keystone/keystone/common/rbac_enforcer/enforcer.py:457}}
Aug 09 14:02:23.851401 n-d-850468-13 devstack@keystone.service[80683]: [pid: 80683|app: 0|req: 2/4] 10.222.0.45 () {58 vars in 1324 bytes} [Tue Aug 9 14:02:23 2022] GET /identity/v3/auth/tokens => generated 914 bytes in 291 msecs (HTTP/1.1 200) 6 headers in 379 bytes (2 switches on core 0)
Aug 09 14:02:23.857499 n-d-850468-13 devstack@keystone.service[80684]: DEBUG keystone.server.flask.request_processing.middleware.auth_context [None req-aebcf159-b4c5-43f4-861a-f6101b5e0d73 None None] Authenticating user token {{(pid=80684) process_request /usr/local/lib/python3.8/dist-packages/keystonemiddleware/auth_token/__init__.py:407}}
Aug 09 14:02:23.872419 n-d-850468-13 devstack@keystone.service[80684]: DEBUG keystone.server.flask.request_processing.middleware.auth_context [None req-aebcf159-b4c5-43f4-861a-f6101b5e0d73 None None] Validating token access rules against request {{(pid=80684) validate_allowed_request /usr/local/lib/python3.8/dist-packages/keystonemiddleware/auth_token/__init__.py:545}}
Aug 09 14:02:23.876702 n-d-850468-13 devstack@keystone.service[80684]: DEBUG keystone.server.flask.request_processing.middleware.auth_context [None req-c8778e90-190b-4da9-8562-3928d154212d admin admin] RBAC: auth_context: {'token': , 'domain_id': None, 'trust_id': None, 'trustor_id': None, 'trustee_id': None, 'domain_name': None, 'group_ids': [], 'user_id': '5de9fb72cc7e44798877cab2087f3e65', 'user_domain_id': 'default', 'system_scope': None, 'project_id': 'cfc3b60a36654e499f6e4179c07e640e', 'project_domain_id': 'default', 'roles': ['member', 'reader', 'admin'], 'is_admin_project': True, 'service_user_id': None, 'service_user_domain_id': None, 'service_project_id': None, 'service_project_domain_id': None, 'service_roles': []} {{(pid=80684) fill_context /opt/stack/keystone/keystone/server/flask/request_processing/middleware/auth_context.py:478}}
Aug 09 14:02:23.877829 n-d-850468-13 devstack@keystone.service[80684]: DEBUG keystone.server.flask.request_processing.req_logging [None req-c8778e90-190b-4da9-8562-3928d154212d admin admin] REQUEST_METHOD: `GET` {{(pid=80684) log_request_info /opt/stack/keystone/keystone/server/flask/request_processing/req_logging.py:27}}
Aug 09 14:02:23.878110 n-d-850468-13 devstack@keystone.service[80684]: DEBUG keystone.server.flask.request_processing.req_logging [None req-c8778e90-190b-4da9-8562-3928d154212d admin admin] SCRIPT_NAME: `/identity` {{(pid=80684) log_request_info /opt/stack/keystone/keystone/server/flask/request_processing/req_logging.py:28}}
Aug 09 14:02:23.878379 n-d-850468-13 devstack@keystone.service[80684]: DEBUG keystone.server.flask.request_processing.req_logging [None req-c8778e90-190b-4da9-8562-3928d154212d admin admin] PATH_INFO: `/v3/projects/cfc3b60a36654e499f6e4179c07e640e` {{(pid=80684) log_request_info /opt/stack/keystone/keystone/server/flask/request_processing/req_logging.py:29}}
Aug 09 14:02:23.880535 n-d-850468-13 devstack@keystone.service[80684]: DEBUG keystone.common.rbac_enforcer.enforcer [None req-c8778e90-190b-4da9-8562-3928d154212d admin admin] RBAC: Authorizing `identity:get_project(project_id=cfc3b60a36654e499f6e4179c07e640e)` {{(pid=80684) enforce_call /opt/stack/keystone/keystone/common/rbac_enforcer/enforcer.py:449}}
Aug 09 14:02:23.930095 n-d-850468-13 devstack@keystone.service[80684]: WARNING keystone.common.rbac_enforcer.enforcer [None req-c8778e90-190b-4da9-8562-3928d154212d admin admin] Deprecated policy rules found. Use oslopolicy-policy-generator and oslopolicy-policy-upgrade to detect and resolve deprecated policies in your configuration.
Aug 09 14:02:23.930429 n-d-850468-13 devstack@keystone.service[80684]: DEBUG keystone.common.rbac_enforcer.enforcer [None req-c8778e90-190b-4da9-8562-3928d154212d admin admin] RBAC: Authorization granted {{(pid=80684) enforce_call /opt/stack/keystone/keystone/common/rbac_enforcer/enforcer.py:457}}
Aug 09 14:02:23.934892 n-d-850468-13 devstack@keystone.service[80684]: [pid: 80684|app: 0|req: 3/5] 10.222.0.45 () {56 vars in 1207 bytes} [Tue Aug 9 14:02:23 2022] GET /identity/v3/projects/cfc3b60a36654e499f6e4179c07e640e => generated 344 bytes in 78 msecs (HTTP/1.1 200) 5 headers in 177 bytes (2 switches on core 0)
Aug 09 14:02:25.908953 n-d-850468-13 devstack@keystone.service[80683]: DEBUG keystone.server.flask.request_processing.req_logging [None req-803ad65d-1494-4a7c-934a-13df950b8821 None None] REQUEST_METHOD: `GET` {{(pid=80683) log_request_info /opt/stack/keystone/keystone/server/flask/request_processing/req_logging.py:27}}
Aug 09 14:02:25.909480 n-d-850468-13 devstack@keystone.service[80683]: DEBUG keystone.server.flask.request_processing.req_logging [None req-803ad65d-1494-4a7c-934a-13df950b8821 None None] SCRIPT_NAME: `/identity` {{(pid=80683) log_request_info /opt/stack/keystone/keystone/server/flask/request_processing/req_logging.py:28}}
Aug 09 14:02:25.909480 n-d-850468-13 devstack@keystone.service[80683]: DEBUG keystone.server.flask.request_processing.req_logging [None req-803ad65d-1494-4a7c-934a-13df950b8821 None None] PATH_INFO: `/` {{(pid=80683) log_request_info /opt/stack/keystone/keystone/server/flask/request_processing/req_logging.py:29}}
Aug 09 14:02:25.913559 n-d-850468-13 devstack@keystone.service[80683]: [pid: 80683|app: 0|req: 3/6] 10.222.0.45 () {54 vars in 927 bytes} [Tue Aug 9 14:02:25 2022] GET /identity => generated 270 bytes in 6 msecs (HTTP/1.1 300) 6 headers in 234 bytes (2 switches on core 0)
Aug 09 14:02:25.918953 n-d-850468-13 devstack@keystone.service[80684]: DEBUG keystone.server.flask.request_processing.req_logging [None req-50057c56-4d03-42ea-be34-471dc16a82fb None None] REQUEST_METHOD: `POST` {{(pid=80684) log_request_info /opt/stack/keystone/keystone/server/flask/request_processing/req_logging.py:27}}
Aug 09 14:02:25.919351 n-d-850468-13 devstack@keystone.service[80684]: DEBUG keystone.server.flask.request_processing.req_logging [None req-50057c56-4d03-42ea-be34-471dc16a82fb None None] SCRIPT_NAME: `/identity` {{(pid=80684) log_request_info /opt/stack/keystone/keystone/server/flask/request_processing/req_logging.py:28}}
Aug 09 14:02:25.919503 n-d-850468-13 devstack@keystone.service[80684]: DEBUG keystone.server.flask.request_processing.req_logging [None req-50057c56-4d03-42ea-be34-471dc16a82fb None None] PATH_INFO: `/v3/auth/tokens` {{(pid=80684) log_request_info /opt/stack/keystone/keystone/server/flask/request_processing/req_logging.py:29}}
Aug 09 14:02:25.940958 n-d-850468-13 devstack@keystone.service[80684]: DEBUG keystone.auth.core [None req-50057c56-4d03-42ea-be34-471dc16a82fb None None] MFA Rules not processed for user `5de9fb72cc7e44798877cab2087f3e65`. Rule list: `[]` (Enabled: `True`). {{(pid=80684) check_auth_methods_against_rules /opt/stack/keystone/keystone/auth/core.py:438}}
Aug 09 14:02:25.943150 n-d-850468-13 devstack@keystone.service[80684]: DEBUG keystone.common.fernet_utils [None req-50057c56-4d03-42ea-be34-471dc16a82fb None None] Loaded 2 Fernet keys from /etc/keystone/fernet-keys/, but `[fernet_tokens] max_active_keys = 3`; perhaps there have not been enough key rotations to reach `max_active_keys` yet? {{(pid=80684) load_keys /opt/stack/keystone/keystone/common/fernet_utils.py:286}}
Aug 09 14:02:25.950890 n-d-850468-13 devstack@keystone.service[80684]: [pid: 80684|app: 0|req: 4/7] 10.222.0.45 () {58 vars in 1024 bytes} [Tue Aug 9 14:02:25 2022] POST /identity/v3/auth/tokens => generated 914 bytes in 33 msecs (HTTP/1.1 201) 6 headers in 384 bytes (1 switches on core 0)
Aug 09 14:02:25.972682 n-d-850468-13 devstack@keystone.service[80683]: DEBUG keystone.server.flask.request_processing.middleware.auth_context [None req-803ad65d-1494-4a7c-934a-13df950b8821 None None] Authenticating user token {{(pid=80683) process_request /usr/local/lib/python3.8/dist-packages/keystonemiddleware/auth_token/__init__.py:407}}
Aug 09 14:02:25.984880 n-d-850468-13 devstack@keystone.service[80683]: DEBUG keystone.server.flask.request_processing.middleware.auth_context [None req-803ad65d-1494-4a7c-934a-13df950b8821 None None] Validating token access rules against request {{(pid=80683) validate_allowed_request /usr/local/lib/python3.8/dist-packages/keystonemiddleware/auth_token/__init__.py:545}}
Aug 09 14:02:25.989690 n-d-850468-13 devstack@keystone.service[80683]: DEBUG keystone.server.flask.request_processing.middleware.auth_context [None req-9f906153-2866-46e2-990e-64e909bdc419 admin admin] RBAC: auth_context: {'token': , 'domain_id': None, 'trust_id': None, 'trustor_id': None, 'trustee_id': None, 'domain_name': None, 'group_ids': [], 'user_id': '5de9fb72cc7e44798877cab2087f3e65', 'user_domain_id': 'default', 'system_scope': None, 'project_id': 'cfc3b60a36654e499f6e4179c07e640e', 'project_domain_id': 'default', 'roles': ['member', 'reader', 'admin'], 'is_admin_project': True, 'service_user_id': None, 'service_user_domain_id': None, 'service_project_id': None, 'service_project_domain_id': None, 'service_roles': []} {{(pid=80683) fill_context /opt/stack/keystone/keystone/server/flask/request_processing/middleware/auth_context.py:478}}
Aug 09 14:02:25.990300 n-d-850468-13 devstack@keystone.service[80683]: DEBUG keystone.server.flask.request_processing.req_logging [None req-9f906153-2866-46e2-990e-64e909bdc419 admin admin] REQUEST_METHOD: `GET` {{(pid=80683) log_request_info /opt/stack/keystone/keystone/server/flask/request_processing/req_logging.py:27}}
Aug 09 14:02:25.990581 n-d-850468-13 devstack@keystone.service[80683]: DEBUG keystone.server.flask.request_processing.req_logging [None req-9f906153-2866-46e2-990e-64e909bdc419 admin admin] SCRIPT_NAME: `/identity` {{(pid=80683) log_request_info /opt/stack/keystone/keystone/server/flask/request_processing/req_logging.py:28}}
Aug 09 14:02:25.991108 n-d-850468-13 devstack@keystone.service[80683]: DEBUG keystone.server.flask.request_processing.req_logging [None req-9f906153-2866-46e2-990e-64e909bdc419 admin admin] PATH_INFO: `/v3/auth/tokens` {{(pid=80683) log_request_info /opt/stack/keystone/keystone/server/flask/request_processing/req_logging.py:29}}
Aug 09 14:02:25.998720 n-d-850468-13 devstack@keystone.service[80683]: DEBUG keystone.common.rbac_enforcer.enforcer [None req-9f906153-2866-46e2-990e-64e909bdc419 admin admin] RBAC: Authorizing `identity:validate_token()` {{(pid=80683) enforce_call /opt/stack/keystone/keystone/common/rbac_enforcer/enforcer.py:449}}
Aug 09 14:02:26.000483 n-d-850468-13 devstack@keystone.service[80683]: DEBUG keystone.common.rbac_enforcer.enforcer [None req-9f906153-2866-46e2-990e-64e909bdc419 admin admin] RBAC: Authorization granted {{(pid=80683) enforce_call /opt/stack/keystone/keystone/common/rbac_enforcer/enforcer.py:457}}
Aug 09 14:02:26.009707 n-d-850468-13 devstack@keystone.service[80683]: [pid: 80683|app: 0|req: 4/8] 10.222.0.45 () {58 vars in 1324 bytes} [Tue Aug 9 14:02:25 2022] GET /identity/v3/auth/tokens => generated 914 bytes in 37 msecs (HTTP/1.1 200) 6 headers in 379 bytes (1 switches on core 0)
Aug 09 14:02:26.014925 n-d-850468-13 devstack@keystone.service[80684]: DEBUG keystone.server.flask.request_processing.middleware.auth_context [None req-50057c56-4d03-42ea-be34-471dc16a82fb None None] Authenticating user token {{(pid=80684) process_request /usr/local/lib/python3.8/dist-packages/keystonemiddleware/auth_token/__init__.py:407}}
Aug 09 14:02:26.023816 n-d-850468-13 devstack@keystone.service[80684]: DEBUG keystone.server.flask.request_processing.middleware.auth_context [None req-50057c56-4d03-42ea-be34-471dc16a82fb None None] Validating token access rules against request {{(pid=80684) validate_allowed_request /usr/local/lib/python3.8/dist-packages/keystonemiddleware/auth_token/__init__.py:545}}
Aug 09 14:02:26.028218 n-d-850468-13 devstack@keystone.service[80684]: DEBUG keystone.server.flask.request_processing.middleware.auth_context [None req-6da1e5fd-43ac-42cb-bbd5-37880066cbd3 admin admin] RBAC: auth_context: {'token': , 'domain_id': None, 'trust_id': None, 'trustor_id': None, 'trustee_id': None, 'domain_name': None, 'group_ids': [], 'user_id': '5de9fb72cc7e44798877cab2087f3e65', 'user_domain_id': 'default', 'system_scope': None, 'project_id': 'cfc3b60a36654e499f6e4179c07e640e', 'project_domain_id': 'default', 'roles': ['member', 'reader', 'admin'], 'is_admin_project': True, 'service_user_id': None, 'service_user_domain_id': None, 'service_project_id': None, 'service_project_domain_id': None, 'service_roles': []} {{(pid=80684) fill_context /opt/stack/keystone/keystone/server/flask/request_processing/middleware/auth_context.py:478}}
Aug 09 14:02:26.028829 n-d-850468-13 devstack@keystone.service[80684]: DEBUG keystone.server.flask.request_processing.req_logging [None req-6da1e5fd-43ac-42cb-bbd5-37880066cbd3 admin admin] REQUEST_METHOD: `GET` {{(pid=80684) log_request_info /opt/stack/keystone/keystone/server/flask/request_processing/req_logging.py:27}}
Aug 09 14:02:26.029109 n-d-850468-13 devstack@keystone.service[80684]: DEBUG keystone.server.flask.request_processing.req_logging [None req-6da1e5fd-43ac-42cb-bbd5-37880066cbd3 admin admin] SCRIPT_NAME: `/identity` {{(pid=80684) log_request_info /opt/stack/keystone/keystone/server/flask/request_processing/req_logging.py:28}}
Aug 09 14:02:26.029383 n-d-850468-13 devstack@keystone.service[80684]: DEBUG keystone.server.flask.request_processing.req_logging [None req-6da1e5fd-43ac-42cb-bbd5-37880066cbd3 admin admin] PATH_INFO: `/v3/users/5de9fb72cc7e44798877cab2087f3e65` {{(pid=80684) log_request_info /opt/stack/keystone/keystone/server/flask/request_processing/req_logging.py:29}}
Aug 09 14:02:26.030717 n-d-850468-13 devstack@keystone.service[80684]: DEBUG keystone.common.rbac_enforcer.enforcer [None req-6da1e5fd-43ac-42cb-bbd5-37880066cbd3 admin admin] RBAC: Authorizing `identity:get_user(user_id=5de9fb72cc7e44798877cab2087f3e65)` {{(pid=80684) enforce_call /opt/stack/keystone/keystone/common/rbac_enforcer/enforcer.py:449}}
Aug 09 14:02:26.032522 n-d-850468-13 devstack@keystone.service[80684]: DEBUG keystone.common.rbac_enforcer.enforcer [None req-6da1e5fd-43ac-42cb-bbd5-37880066cbd3 admin admin] RBAC: Authorization granted {{(pid=80684) enforce_call /opt/stack/keystone/keystone/common/rbac_enforcer/enforcer.py:457}}
Aug 09 14:02:26.034041 n-d-850468-13 devstack@keystone.service[80684]: [pid: 80684|app: 0|req: 5/9] 10.222.0.45 () {56 vars in 1198 bytes} [Tue Aug 9 14:02:26 2022] GET /identity/v3/users/5de9fb72cc7e44798877cab2087f3e65 => generated 247 bytes in 20 msecs (HTTP/1.1 200) 5 headers in 177 bytes (1 switches on core 0)
Aug 09 14:02:28.108788 n-d-850468-13 devstack@keystone.service[80683]: DEBUG keystone.server.flask.request_processing.req_logging [None req-586c32f5-4972-4757-b736-9463e4917652 None None] REQUEST_METHOD: `GET` {{(pid=80683) log_request_info /opt/stack/keystone/keystone/server/flask/request_processing/req_logging.py:27}}
Aug 09 14:02:28.109350 n-d-850468-13 devstack@keystone.service[80683]: DEBUG keystone.server.flask.request_processing.req_logging [None req-586c32f5-4972-4757-b736-9463e4917652 None None] SCRIPT_NAME: `/identity` {{(pid=80683) log_request_info /opt/stack/keystone/keystone/server/flask/request_processing/req_logging.py:28}}
Aug 09 14:02:28.109432 n-d-850468-13 devstack@keystone.service[80683]: DEBUG keystone.server.flask.request_processing.req_logging [None req-586c32f5-4972-4757-b736-9463e4917652 None None] PATH_INFO: `/` {{(pid=80683) log_request_info /opt/stack/keystone/keystone/server/flask/request_processing/req_logging.py:29}}
Aug 09 14:02:28.110797 n-d-850468-13 devstack@keystone.service[80683]: [pid: 80683|app: 0|req: 5/10] 10.222.0.45 () {54 vars in 927 bytes} [Tue Aug 9 14:02:28 2022] GET /identity => generated 270 bytes in 3 msecs (HTTP/1.1 300) 6 headers in 234 bytes (2 switches on core 0)
Aug 09 14:02:28.116484 n-d-850468-13 devstack@keystone.service[80684]: DEBUG keystone.server.flask.request_processing.req_logging [None req-911c9146-a188-43ac-899e-884f9a391a5c None None] REQUEST_METHOD: `POST` {{(pid=80684) log_request_info /opt/stack/keystone/keystone/server/flask/request_processing/req_logging.py:27}}
Aug 09 14:02:28.116895 n-d-850468-13 devstack@keystone.service[80684]: DEBUG keystone.server.flask.request_processing.req_logging [None req-911c9146-a188-43ac-899e-884f9a391a5c None None] SCRIPT_NAME: `/identity` {{(pid=80684) log_request_info /opt/stack/keystone/keystone/server/flask/request_processing/req_logging.py:28}}
Aug 09 14:02:28.117144 n-d-850468-13 devstack@keystone.service[80684]: DEBUG keystone.server.flask.request_processing.req_logging [None req-911c9146-a188-43ac-899e-884f9a391a5c None None] PATH_INFO: `/v3/auth/tokens` {{(pid=80684) log_request_info /opt/stack/keystone/keystone/server/flask/request_processing/req_logging.py:29}}
Aug 09 14:02:28.135218 n-d-850468-13 devstack@keystone.service[80684]: DEBUG keystone.auth.core [None req-911c9146-a188-43ac-899e-884f9a391a5c None None] MFA Rules not processed for user `5de9fb72cc7e44798877cab2087f3e65`. Rule list: `[]` (Enabled: `True`). {{(pid=80684) check_auth_methods_against_rules /opt/stack/keystone/keystone/auth/core.py:438}}
Aug 09 14:02:28.136372 n-d-850468-13 devstack@keystone.service[80684]: DEBUG keystone.common.fernet_utils [None req-911c9146-a188-43ac-899e-884f9a391a5c None None] Loaded 2 Fernet keys from /etc/keystone/fernet-keys/, but `[fernet_tokens] max_active_keys = 3`; perhaps there have not been enough key rotations to reach `max_active_keys` yet? {{(pid=80684) load_keys /opt/stack/keystone/keystone/common/fernet_utils.py:286}}
Aug 09 14:02:28.198075 n-d-850468-13 devstack@keystone.service[80683]: DEBUG keystone.server.flask.request_processing.req_logging [None req-b38e194d-477c-456f-841f-8856b7194098 None None] REQUEST_METHOD: `GET` {{(pid=80683) log_request_info /opt/stack/keystone/keystone/server/flask/request_processing/req_logging.py:27}}
Aug 09 14:02:28.198454 n-d-850468-13 devstack@keystone.service[80683]: DEBUG keystone.server.flask.request_processing.req_logging [None req-b38e194d-477c-456f-841f-8856b7194098 None None] SCRIPT_NAME: `/identity` {{(pid=80683) log_request_info /opt/stack/keystone/keystone/server/flask/request_processing/req_logging.py:28}}
Aug 09 14:02:28.198796 n-d-850468-13 devstack@keystone.service[80683]: DEBUG keystone.server.flask.request_processing.req_logging [None req-b38e194d-477c-456f-841f-8856b7194098 None None] PATH_INFO: `/` {{(pid=80683) log_request_info /opt/stack/keystone/keystone/server/flask/request_processing/req_logging.py:29}}
Aug 09 14:02:28.200237 n-d-850468-13 devstack@keystone.service[80683]: [pid: 80683|app: 0|req: 6/11] 10.222.0.45 () {54 vars in 927 bytes} [Tue Aug 9 14:02:28 2022] GET /identity => generated 270 bytes in 3 msecs (HTTP/1.1 300) 6 headers in 234 bytes (2 switches on core 0)
Aug 09 14:02:28.204985 n-d-850468-13 devstack@keystone.service[80683]: DEBUG keystone.server.flask.request_processing.req_logging [None req-aca14700-928a-47e1-8e15-52ac02d80580 None None] REQUEST_METHOD: `POST` {{(pid=80683) log_request_info /opt/stack/keystone/keystone/server/flask/request_processing/req_logging.py:27}}
Aug 09 14:02:28.205265 n-d-850468-13 devstack@keystone.service[80683]: DEBUG keystone.server.flask.request_processing.req_logging [None req-aca14700-928a-47e1-8e15-52ac02d80580 None None] SCRIPT_NAME: `/identity` {{(pid=80683) log_request_info /opt/stack/keystone/keystone/server/flask/request_processing/req_logging.py:28}}
Aug 09 14:02:28.205536 n-d-850468-13 devstack@keystone.service[80683]: DEBUG keystone.server.flask.request_processing.req_logging [None req-aca14700-928a-47e1-8e15-52ac02d80580 None None] PATH_INFO: `/v3/auth/tokens` {{(pid=80683) log_request_info /opt/stack/keystone/keystone/server/flask/request_processing/req_logging.py:29}}
Aug 09 14:02:28.216395 n-d-850468-13 devstack@keystone.service[80684]: [pid: 80684|app: 0|req: 6/12] 10.222.0.45 () {58 vars in 1024 bytes} [Tue Aug 9 14:02:28 2022] POST /identity/v3/auth/tokens => generated 799 bytes in 101 msecs (HTTP/1.1 201) 6 headers in 363 bytes (1 switches on core 0)
Aug 09 14:02:28.239954 n-d-850468-13 devstack@keystone.service[80684]: DEBUG keystone.server.flask.request_processing.middleware.auth_context [None req-911c9146-a188-43ac-899e-884f9a391a5c None None] Authenticating user token {{(pid=80684) process_request /usr/local/lib/python3.8/dist-packages/keystonemiddleware/auth_token/__init__.py:407}}
Aug 09 14:02:28.248927 n-d-850468-13 devstack@keystone.service[80683]: DEBUG passlib.handlers.bcrypt [None req-aca14700-928a-47e1-8e15-52ac02d80580 None None] detected 'bcrypt' backend, version '3.2.2' {{(pid=80683) _load_backend_mixin /usr/local/lib/python3.8/dist-packages/passlib/handlers/bcrypt.py:625}}
Aug 09 14:02:28.249359 n-d-850468-13 devstack@keystone.service[80683]: DEBUG passlib.handlers.bcrypt [None req-aca14700-928a-47e1-8e15-52ac02d80580 None None] 'bcrypt' backend lacks $2$ support, enabling workaround {{(pid=80683) _finalize_backend_mixin /usr/local/lib/python3.8/dist-packages/passlib/handlers/bcrypt.py:406}}
Aug 09 14:02:28.263746 n-d-850468-13 devstack@keystone.service[80684]: DEBUG dbcounter [-] [80684] Writing DB stats keystone:SELECT=100 {{(pid=80684) stat_writer /usr/local/lib/python3.8/dist-packages/dbcounter.py:114}}
Aug 09 14:02:28.296608 n-d-850468-13 devstack@keystone.service[80683]: DEBUG keystone.auth.core [None req-aca14700-928a-47e1-8e15-52ac02d80580 None None] MFA Rules not processed for user `5de9fb72cc7e44798877cab2087f3e65`. Rule list: `[]` (Enabled: `True`). {{(pid=80683) check_auth_methods_against_rules /opt/stack/keystone/keystone/auth/core.py:438}}
Aug 09 14:02:28.298257 n-d-850468-13 devstack@keystone.service[80683]: DEBUG keystone.common.fernet_utils [None req-aca14700-928a-47e1-8e15-52ac02d80580 None None] Loaded 2 Fernet keys from /etc/keystone/fernet-keys/, but `[fernet_tokens] max_active_keys = 3`; perhaps there have not been enough key rotations to reach `max_active_keys` yet? {{(pid=80683) load_keys /opt/stack/keystone/keystone/common/fernet_utils.py:286}}
Aug 09 14:02:28.343622 n-d-850468-13 devstack@keystone.service[80684]: DEBUG keystone.server.flask.request_processing.middleware.auth_context [None req-911c9146-a188-43ac-899e-884f9a391a5c None None] Validating token access rules against request {{(pid=80684) validate_allowed_request /usr/local/lib/python3.8/dist-packages/keystonemiddleware/auth_token/__init__.py:545}}
Aug 09 14:02:28.377648 n-d-850468-13 devstack@keystone.service[80684]: DEBUG keystone.server.flask.request_processing.middleware.auth_context [None req-4ec307bc-5def-490e-8324-1ef1492fbf2c None admin] RBAC: auth_context: {'token': , 'domain_id': None, 'trust_id': None, 'trustor_id': None, 'trustee_id': None, 'domain_name': None, 'group_ids': [], 'user_id': '5de9fb72cc7e44798877cab2087f3e65', 'user_domain_id': 'default', 'system_scope': 'all', 'project_id': None, 'project_domain_id': None, 'roles': ['admin', 'member', 'reader'], 'is_admin_project': True, 'service_user_id': None, 'service_user_domain_id': None, 'service_project_id': None, 'service_project_domain_id': None, 'service_roles': []} {{(pid=80684) fill_context /opt/stack/keystone/keystone/server/flask/request_processing/middleware/auth_context.py:478}}
Aug 09 14:02:28.378241 n-d-850468-13 devstack@keystone.service[80684]: DEBUG keystone.server.flask.request_processing.req_logging [None req-4ec307bc-5def-490e-8324-1ef1492fbf2c None admin] REQUEST_METHOD: `GET` {{(pid=80684) log_request_info /opt/stack/keystone/keystone/server/flask/request_processing/req_logging.py:27}}
Aug 09 14:02:28.378524 n-d-850468-13 devstack@keystone.service[80684]: DEBUG keystone.server.flask.request_processing.req_logging [None req-4ec307bc-5def-490e-8324-1ef1492fbf2c None admin] SCRIPT_NAME: `/identity` {{(pid=80684) log_request_info /opt/stack/keystone/keystone/server/flask/request_processing/req_logging.py:28}}
Aug 09 14:02:28.378800 n-d-850468-13 devstack@keystone.service[80684]: DEBUG keystone.server.flask.request_processing.req_logging [None req-4ec307bc-5def-490e-8324-1ef1492fbf2c None admin] PATH_INFO: `/v3/roles/admin` {{(pid=80684) log_request_info /opt/stack/keystone/keystone/server/flask/request_processing/req_logging.py:29}}
Aug 09 14:02:28.389800 n-d-850468-13 devstack@keystone.service[80684]: DEBUG keystone.common.rbac_enforcer.enforcer [None req-4ec307bc-5def-490e-8324-1ef1492fbf2c None admin] Extracting inferred target data resulted in "NOT FOUND (404)". {{(pid=80684) enforce_call /opt/stack/keystone/keystone/common/rbac_enforcer/enforcer.py:409}}
Aug 09 14:02:28.396500 n-d-850468-13 devstack@keystone.service[80683]: [pid: 80683|app: 0|req: 7/13] 10.222.0.45 () {58 vars in 1024 bytes} [Tue Aug 9 14:02:28 2022] POST /identity/v3/auth/tokens => generated 799 bytes in 192 msecs (HTTP/1.1 201) 6 headers in 363 bytes (2 switches on core 0)
Aug 09 14:02:28.399240 n-d-850468-13 devstack@keystone.service[80684]: ERROR keystone.server.flask.application [None req-4ec307bc-5def-490e-8324-1ef1492fbf2c None admin] Could not find role: admin.: keystone.exception.RoleNotFound: Could not find role: admin.
Aug 09 14:02:28.399240 n-d-850468-13 devstack@keystone.service[80684]: ERROR keystone.server.flask.application
Traceback (most recent call last):
Aug 09 14:02:28.399240 n-d-850468-13 devstack@keystone.service[80684]: ERROR keystone.server.flask.application
File "/usr/local/lib/python3.8/dist-packages/flask/app.py", line 1820, in full_dispatch_request
Aug 09 14:02:28.399240 n-d-850468-13 devstack@keystone.service[80684]: ERROR keystone.server.flask.application rv = self.dispatch_request()
Aug 09 14:02:28.399240 n-d-850468-13 devstack@keystone.service[80684]: ERROR keystone.server.flask.application
File "/usr/local/lib/python3.8/dist-packages/flask/app.py", line 1796, in dispatch_request
Aug 09 14:02:28.399240 n-d-850468-13 devstack@keystone.service[80684]: ERROR keystone.server.flask.application return self.ensure_sync(self.view_functions[rule.endpoint])(**view_args)
Aug 09 14:02:28.399240 n-d-850468-13 devstack@keystone.service[80684]: ERROR keystone.server.flask.application
File "/usr/local/lib/python3.8/dist-packages/flask_restful/__init__.py", line 467, in wrapper
Aug 09 14:02:28.399240 n-d-850468-13 devstack@keystone.service[80684]: ERROR keystone.server.flask.application resp = resource(*args, **kwargs)
Aug 09 14:02:28.399240 n-d-850468-13 devstack@keystone.service[80684]: ERROR keystone.server.flask.application
File "/usr/local/lib/python3.8/dist-packages/flask/views.py", line 107, in view
Aug 09 14:02:28.399240 n-d-850468-13 devstack@keystone.service[80684]: ERROR keystone.server.flask.application return current_app.ensure_sync(self.dispatch_request)(**kwargs)
Aug 09 14:02:28.399240 n-d-850468-13 devstack@keystone.service[80684]: ERROR keystone.server.flask.application
File "/usr/local/lib/python3.8/dist-packages/flask_restful/__init__.py", line 582, in dispatch_request
Aug 09 14:02:28.399240 n-d-850468-13 devstack@keystone.service[80684]: ERROR keystone.server.flask.application resp = meth(*args, **kwargs)
Aug 09 14:02:28.399240 n-d-850468-13 devstack@keystone.service[80684]: ERROR keystone.server.flask.application
File "/opt/stack/keystone/keystone/api/roles.py", line 50, in get
Aug 09 14:02:28.399240 n-d-850468-13 devstack@keystone.service[80684]: ERROR keystone.server.flask.application return self._get_role(role_id)
Aug 09 14:02:28.399240 n-d-850468-13 devstack@keystone.service[80684]: ERROR keystone.server.flask.application
File "/opt/stack/keystone/keystone/api/roles.py", line 70, in _get_role
Aug 09 14:02:28.399240 n-d-850468-13 devstack@keystone.service[80684]: ERROR keystone.server.flask.application ENFORCER.enforce_call(action='identity:get_role')
Aug 09 14:02:28.400376 n-d-850468-13 devstack@keystone.service[80684]: ERROR keystone.server.flask.application
File "/opt/stack/keystone/keystone/common/rbac_enforcer/enforcer.py", line 402, in enforce_call
Aug 09 14:02:28.400376 n-d-850468-13 devstack@keystone.service[80684]: ERROR keystone.server.flask.application policy_dict.update(cls._extract_member_target_data(
Aug 09 14:02:28.400376 n-d-850468-13 devstack@keystone.service[80684]: ERROR keystone.server.flask.application
File "/opt/stack/keystone/keystone/common/rbac_enforcer/enforcer.py", line 234, in _extract_member_target_data
Aug 09 14:02:28.400376 n-d-850468-13 devstack@keystone.service[80684]: ERROR keystone.server.flask.application member_name: func(flask.request.view_args[key])
Aug 09 14:02:28.400376 n-d-850468-13 devstack@keystone.service[80684]: ERROR keystone.server.flask.application
File "/opt/stack/keystone/keystone/common/manager.py", line 115, in wrapped
Aug 09 14:02:28.400376 n-d-850468-13 devstack@keystone.service[80684]: ERROR keystone.server.flask.application __ret_val = __f(*args, **kwargs)
Aug 09 14:02:28.400376 n-d-850468-13 devstack@keystone.service[80684]: ERROR keystone.server.flask.application
File "/usr/local/lib/python3.8/dist-packages/decorator.py", line 232, in fun
Aug 09 14:02:28.400376 n-d-850468-13 devstack@keystone.service[80684]: ERROR keystone.server.flask.application return caller(func, *(extras + args), **kw)
Aug 09 14:02:28.400376 n-d-850468-13 devstack@keystone.service[80684]: ERROR keystone.server.flask.application
File "/usr/local/lib/python3.8/dist-packages/dogpile/cache/region.py", line 1577, in get_or_create_for_user_func
Aug 09 14:02:28.400376 n-d-850468-13 devstack@keystone.service[80684]: ERROR keystone.server.flask.application return self.get_or_create(
Aug 09 14:02:28.400376 n-d-850468-13 devstack@keystone.service[80684]: ERROR keystone.server.flask.application
File "/usr/local/lib/python3.8/dist-packages/dogpile/cache/region.py", line 1042, in get_or_create
Aug 09 14:02:28.400376 n-d-850468-13 devstack@keystone.service[80684]: ERROR keystone.server.flask.application with Lock(
Aug 09 14:02:28.400376 n-d-850468-13 devstack@keystone.service[80684]: ERROR keystone.server.flask.application
File "/usr/local/lib/python3.8/dist-packages/dogpile/lock.py", line 185, in __enter__
Aug 09 14:02:28.400376 n-d-850468-13 devstack@keystone.service[80684]: ERROR keystone.server.flask.application return self._enter()
Aug 09 14:02:28.400376 n-d-850468-13 devstack@keystone.service[80684]: ERROR keystone.server.flask.application
File "/usr/local/lib/python3.8/dist-packages/dogpile/lock.py", line 94, in _enter
Aug 09 14:02:28.400376 n-d-850468-13 devstack@keystone.service[80684]: ERROR keystone.server.flask.application generated = self._enter_create(value, createdtime)
Aug 09 14:02:28.401392 n-d-850468-13 devstack@keystone.service[80684]: ERROR keystone.server.flask.application
File "/usr/local/lib/python3.8/dist-packages/dogpile/lock.py", line 178, in _enter_create
Aug 09 14:02:28.401392 n-d-850468-13 devstack@keystone.service[80684]: ERROR keystone.server.flask.application return self.creator()
Aug 09 14:02:28.401392 n-d-850468-13 devstack@keystone.service[80684]: ERROR keystone.server.flask.application
File "/usr/local/lib/python3.8/dist-packages/dogpile/cache/region.py", line 995, in gen_value
Aug 09 14:02:28.401392 n-d-850468-13 devstack@keystone.service[80684]: ERROR keystone.server.flask.application created_value = creator(
Aug 09 14:02:28.401392 n-d-850468-13 devstack@keystone.service[80684]: ERROR keystone.server.flask.application
File "/opt/stack/keystone/keystone/assignment/core.py", line 1276, in get_role
Aug 09 14:02:28.401392 n-d-850468-13 devstack@keystone.service[80684]: ERROR keystone.server.flask.application return self.driver.get_role(role_id)
Aug 09 14:02:28.401392 n-d-850468-13 devstack@keystone.service[80684]: ERROR keystone.server.flask.application
File "/opt/stack/keystone/keystone/assignment/role_backends/sql.py", line 70, in get_role
Aug 09 14:02:28.401392 n-d-850468-13 devstack@keystone.service[80684]: ERROR keystone.server.flask.application return self._get_role(session, role_id).to_dict()
Aug 09 14:02:28.401392 n-d-850468-13 devstack@keystone.service[80684]: ERROR keystone.server.flask.application
File "/opt/stack/keystone/keystone/assignment/role_backends/sql.py", line 65, in _get_role
Aug 09 14:02:28.401392 n-d-850468-13 devstack@keystone.service[80684]: ERROR keystone.server.flask.application raise exception.RoleNotFound(role_id=role_id)
Aug 09 14:02:28.401392 n-d-850468-13 devstack@keystone.service[80684]: ERROR keystone.server.flask.application keystone.exception.RoleNotFound: Could not find role: admin.
Aug 09 14:02:28.401392 n-d-850468-13 devstack@keystone.service[80684]: ERROR keystone.server.flask.application
Aug 09 14:02:28.401392 n-d-850468-13 devstack@keystone.service[80684]: [pid: 80684|app: 0|req: 7/14] 10.222.0.45 () {56 vars in 1096 bytes} [Tue Aug 9 14:02:28 2022] GET /identity/v3/roles/admin => generated 83 bytes in 161 msecs (HTTP/1.1 404) 5 headers in 183 bytes (2 switches on core 0)
Aug 09 14:02:28.408098 n-d-850468-13 devstack@keystone.service[80683]: DEBUG keystone.server.flask.request_processing.middleware.auth_context [None req-aca14700-928a-47e1-8e15-52ac02d80580 None None] Authenticating user token {{(pid=80683) process_request /usr/local/lib/python3.8/dist-packages/keystonemiddleware/auth_token/__init__.py:407}}
Aug 09 14:02:28.418353 n-d-850468-13 devstack@keystone.service[80684]: DEBUG keystone.server.flask.request_processing.middleware.auth_context [None req-4ec307bc-5def-490e-8324-1ef1492fbf2c None admin] Authenticating user token {{(pid=80684) process_request /usr/local/lib/python3.8/dist-packages/keystonemiddleware/auth_token/__init__.py:407}}
Aug 09 14:02:28.499450 n-d-850468-13 devstack@keystone.service[80684]: DEBUG dbcounter [-] [80684] Writing DB stats keystone:SELECT=100 {{(pid=80684) stat_writer /usr/local/lib/python3.8/dist-packages/dbcounter.py:114}}
Aug 09 14:02:28.511321 n-d-850468-13 devstack@keystone.service[80683]: DEBUG keystone.server.flask.request_processing.middleware.auth_context [None req-aca14700-928a-47e1-8e15-52ac02d80580 None None] Validating token access rules against request {{(pid=80683) validate_allowed_request /usr/local/lib/python3.8/dist-packages/keystonemiddleware/auth_token/__init__.py:545}}
Aug 09 14:02:28.513635 n-d-850468-13 devstack@keystone.service[80683]: DEBUG dbcounter [-] [80683] Writing DB stats keystone:SELECT=100 {{(pid=80683) stat_writer /usr/local/lib/python3.8/dist-packages/dbcounter.py:114}}
Aug 09 14:02:28.517815 n-d-850468-13 devstack@keystone.service[80684]: DEBUG keystone.server.flask.request_processing.middleware.auth_context [None req-4ec307bc-5def-490e-8324-1ef1492fbf2c None admin] Validating token access rules against request {{(pid=80684) validate_allowed_request /usr/local/lib/python3.8/dist-packages/keystonemiddleware/auth_token/__init__.py:545}}
Aug 09 14:02:28.549481 n-d-850468-13 devstack@keystone.service[80683]: DEBUG keystone.server.flask.request_processing.middleware.auth_context [None req-e8a387f4-b22b-47d0-b1ea-2ed1b1cabdb5 None admin] RBAC: auth_context: {'token': , 'domain_id': None, 'trust_id': None, 'trustor_id': None, 'trustee_id': None, 'domain_name': None, 'group_ids': [], 'user_id': '5de9fb72cc7e44798877cab2087f3e65', 'user_domain_id': 'default', 'system_scope': 'all', 'project_id': None, 'project_domain_id': None, 'roles': ['admin', 'member', 'reader'], 'is_admin_project': True, 'service_user_id': None, 'service_user_domain_id': None, 'service_project_id': None, 'service_project_domain_id': None, 'service_roles': []} {{(pid=80683) fill_context /opt/stack/keystone/keystone/server/flask/request_processing/middleware/auth_context.py:478}}
Aug 09 14:02:28.550423 n-d-850468-13 devstack@keystone.service[80683]: DEBUG keystone.server.flask.request_processing.req_logging [None req-e8a387f4-b22b-47d0-b1ea-2ed1b1cabdb5 None admin] REQUEST_METHOD: `GET` {{(pid=80683) log_request_info /opt/stack/keystone/keystone/server/flask/request_processing/req_logging.py:27}}
Aug 09 14:02:28.550713 n-d-850468-13 devstack@keystone.service[80683]: DEBUG keystone.server.flask.request_processing.req_logging [None req-e8a387f4-b22b-47d0-b1ea-2ed1b1cabdb5 None admin] SCRIPT_NAME: `/identity` {{(pid=80683) log_request_info /opt/stack/keystone/keystone/server/flask/request_processing/req_logging.py:28}}
Aug 09 14:02:28.550987 n-d-850468-13 devstack@keystone.service[80683]: DEBUG keystone.server.flask.request_processing.req_logging [None req-e8a387f4-b22b-47d0-b1ea-2ed1b1cabdb5 None admin] PATH_INFO: `/v3/roles` {{(pid=80683) log_request_info /opt/stack/keystone/keystone/server/flask/request_processing/req_logging.py:29}}
Aug 09 14:02:28.551898 n-d-850468-13 devstack@keystone.service[80684]: DEBUG keystone.server.flask.request_processing.middleware.auth_context [None req-c386a592-c0d2-4638-9ec6-ac0660fda6cf None admin] RBAC: auth_context: {'token': , 'domain_id': None, 'trust_id': None, 'trustor_id': None, 'trustee_id': None, 'domain_name': None, 'group_ids': [], 'user_id': '5de9fb72cc7e44798877cab2087f3e65', 'user_domain_id': 'default', 'system_scope': 'all', 'project_id': None, 'project_domain_id': None, 'roles': ['admin', 'member', 'reader'], 'is_admin_project': True, 'service_user_id': None, 'service_user_domain_id': None, 'service_project_id': None, 'service_project_domain_id': None, 'service_roles': []} {{(pid=80684) fill_context /opt/stack/keystone/keystone/server/flask/request_processing/middleware/auth_context.py:478}}
Aug 09 14:02:28.552533 n-d-850468-13 devstack@keystone.service[80684]: DEBUG keystone.server.flask.request_processing.req_logging [None req-c386a592-c0d2-4638-9ec6-ac0660fda6cf None admin] REQUEST_METHOD: `GET` {{(pid=80684) log_request_info /opt/stack/keystone/keystone/server/flask/request_processing/req_logging.py:27}}
Aug 09 14:02:28.552629 n-d-850468-13 devstack@keystone.service[80683]: DEBUG keystone.common.rbac_enforcer.enforcer [None req-e8a387f4-b22b-47d0-b1ea-2ed1b1cabdb5 None admin] RBAC: Adding query filter params (name=admin) {{(pid=80683) _extract_filter_values /opt/stack/keystone/keystone/common/rbac_enforcer/enforcer.py:167}}
Aug 09 14:02:28.552809 n-d-850468-13 devstack@keystone.service[80684]: DEBUG keystone.server.flask.request_processing.req_logging [None req-c386a592-c0d2-4638-9ec6-ac0660fda6cf None admin] SCRIPT_NAME: `/identity` {{(pid=80684) log_request_info /opt/stack/keystone/keystone/server/flask/request_processing/req_logging.py:28}}
Aug 09 14:02:28.552900 n-d-850468-13 devstack@keystone.service[80683]: DEBUG keystone.common.rbac_enforcer.enforcer [None req-e8a387f4-b22b-47d0-b1ea-2ed1b1cabdb5 None admin] RBAC: Authorizing `identity:list_roles()` {{(pid=80683) enforce_call /opt/stack/keystone/keystone/common/rbac_enforcer/enforcer.py:449}}
Aug 09 14:02:28.553075 n-d-850468-13 devstack@keystone.service[80684]: DEBUG keystone.server.flask.request_processing.req_logging [None req-c386a592-c0d2-4638-9ec6-ac0660fda6cf None admin] PATH_INFO: `/v3/auth/tokens` {{(pid=80684) log_request_info /opt/stack/keystone/keystone/server/flask/request_processing/req_logging.py:29}}
Aug 09 14:02:28.554346 n-d-850468-13 devstack@keystone.service[80683]: DEBUG keystone.common.rbac_enforcer.enforcer [None req-e8a387f4-b22b-47d0-b1ea-2ed1b1cabdb5 None admin] RBAC: Authorization granted {{(pid=80683) enforce_call /opt/stack/keystone/keystone/common/rbac_enforcer/enforcer.py:457}}
Aug 09 14:02:28.566594 n-d-850468-13 devstack@keystone.service[80683]: [pid: 80683|app: 0|req: 8/15] 10.222.0.45 () {56 vars in 1099 bytes} [Tue Aug 9 14:02:28 2022] GET /identity/v3/roles?name=admin => generated 339 bytes in 158 msecs (HTTP/1.1 200) 5 headers in 177 bytes (1 switches on core 0)
Aug 09 14:02:28.572274 n-d-850468-13 devstack@keystone.service[80683]: DEBUG keystone.server.flask.request_processing.middleware.auth_context [None req-e8a387f4-b22b-47d0-b1ea-2ed1b1cabdb5 None admin] Authenticating user token {{(pid=80683) process_request /usr/local/lib/python3.8/dist-packages/keystonemiddleware/auth_token/__init__.py:407}}
Aug 09 14:02:28.625139 n-d-850468-13 devstack@keystone.service[80684]: DEBUG keystone.common.rbac_enforcer.enforcer [None req-c386a592-c0d2-4638-9ec6-ac0660fda6cf None admin] RBAC: Authorizing `identity:validate_token()` {{(pid=80684) enforce_call /opt/stack/keystone/keystone/common/rbac_enforcer/enforcer.py:449}}
Aug 09 14:02:28.626748 n-d-850468-13 devstack@keystone.service[80684]: DEBUG keystone.common.rbac_enforcer.enforcer [None req-c386a592-c0d2-4638-9ec6-ac0660fda6cf None admin] RBAC: Authorization granted {{(pid=80684) enforce_call /opt/stack/keystone/keystone/common/rbac_enforcer/enforcer.py:457}}
Aug 09 14:02:28.671306 n-d-850468-13 devstack@keystone.service[80683]: DEBUG keystone.server.flask.request_processing.middleware.auth_context [None req-e8a387f4-b22b-47d0-b1ea-2ed1b1cabdb5 None admin] Validating token access rules against request {{(pid=80683) validate_allowed_request /usr/local/lib/python3.8/dist-packages/keystonemiddleware/auth_token/__init__.py:545}}
Aug 09 14:02:28.706073 n-d-850468-13 devstack@keystone.service[80683]: DEBUG keystone.server.flask.request_processing.middleware.auth_context [None req-5a6296ab-b298-42d4-8375-7c2a7412f6f4 None admin] RBAC: auth_context: {'token': , 'domain_id': None, 'trust_id': None, 'trustor_id': None, 'trustee_id': None, 'domain_name': None, 'group_ids': [], 'user_id': '5de9fb72cc7e44798877cab2087f3e65', 'user_domain_id': 'default', 'system_scope': 'all', 'project_id': None, 'project_domain_id': None, 'roles': ['admin', 'member', 'reader'], 'is_admin_project': True, 'service_user_id': None, 'service_user_domain_id': None, 'service_project_id': None, 'service_project_domain_id': None, 'service_roles': []} {{(pid=80683) fill_context /opt/stack/keystone/keystone/server/flask/request_processing/middleware/auth_context.py:478}}
Aug 09 14:02:28.706951 n-d-850468-13 devstack@keystone.service[80683]: DEBUG keystone.server.flask.request_processing.req_logging [None req-5a6296ab-b298-42d4-8375-7c2a7412f6f4 None admin] REQUEST_METHOD: `GET` {{(pid=80683) log_request_info /opt/stack/keystone/keystone/server/flask/request_processing/req_logging.py:27}}
Aug 09 14:02:28.707235 n-d-850468-13 devstack@keystone.service[80683]: DEBUG keystone.server.flask.request_processing.req_logging [None req-5a6296ab-b298-42d4-8375-7c2a7412f6f4 None admin] SCRIPT_NAME: `/identity` {{(pid=80683) log_request_info /opt/stack/keystone/keystone/server/flask/request_processing/req_logging.py:28}}
Aug 09 14:02:28.708084 n-d-850468-13 devstack@keystone.service[80683]: DEBUG keystone.server.flask.request_processing.req_logging [None req-5a6296ab-b298-42d4-8375-7c2a7412f6f4 None admin] PATH_INFO: `/v3/users/5de9fb72cc7e44798877cab2087f3e65` {{(pid=80683) log_request_info /opt/stack/keystone/keystone/server/flask/request_processing/req_logging.py:29}}
Aug 09 14:02:28.709655 n-d-850468-13 devstack@keystone.service[80683]: DEBUG keystone.common.rbac_enforcer.enforcer [None req-5a6296ab-b298-42d4-8375-7c2a7412f6f4 None admin] RBAC: Authorizing `identity:get_user(user_id=5de9fb72cc7e44798877cab2087f3e65)` {{(pid=80683) enforce_call /opt/stack/keystone/keystone/common/rbac_enforcer/enforcer.py:449}}
Aug 09 14:02:28.711171 n-d-850468-13 devstack@keystone.service[80683]: DEBUG keystone.common.rbac_enforcer.enforcer [None req-5a6296ab-b298-42d4-8375-7c2a7412f6f4 None admin] RBAC: Authorization granted {{(pid=80683) enforce_call /opt/stack/keystone/keystone/common/rbac_enforcer/enforcer.py:457}}
Aug 09 14:02:28.712844 n-d-850468-13 devstack@keystone.service[80683]: [pid: 80683|app: 0|req: 9/16] 10.222.0.45 () {56 vars in 1177 bytes} [Tue Aug 9 14:02:28 2022] GET /identity/v3/users/5de9fb72cc7e44798877cab2087f3e65 => generated 247 bytes in 141 msecs (HTTP/1.1 200) 5 headers in 177 bytes (2 switches on core 0)
Aug 09 14:02:28.718714 n-d-850468-13 devstack@keystone.service[80683]: DEBUG keystone.server.flask.request_processing.middleware.auth_context [None req-5a6296ab-b298-42d4-8375-7c2a7412f6f4 None admin] Authenticating user token {{(pid=80683) process_request /usr/local/lib/python3.8/dist-packages/keystonemiddleware/auth_token/__init__.py:407}}
Aug 09 14:02:28.758402 n-d-850468-13 devstack@keystone.service[80683]: DEBUG dbcounter [-] [80683] Writing DB stats keystone:SELECT=100 {{(pid=80683) stat_writer /usr/local/lib/python3.8/dist-packages/dbcounter.py:114}}
Aug 09 14:02:28.813201 n-d-850468-13 devstack@keystone.service[80684]: DEBUG dbcounter [-] [80684] Writing DB stats keystone:SELECT=100 {{(pid=80684) stat_writer /usr/local/lib/python3.8/dist-packages/dbcounter.py:114}}
Aug 09 14:02:28.827422 n-d-850468-13 devstack@keystone.service[80683]: DEBUG keystone.server.flask.request_processing.middleware.auth_context [None req-5a6296ab-b298-42d4-8375-7c2a7412f6f4 None admin] Validating token access rules against request {{(pid=80683) validate_allowed_request /usr/local/lib/python3.8/dist-packages/keystonemiddleware/auth_token/__init__.py:545}}
Aug 09 14:02:28.837531 n-d-850468-13 devstack@keystone.service[80684]: [pid: 80684|app: 0|req: 8/17] 10.222.0.45 () {58 vars in 1282 bytes} [Tue Aug 9 14:02:28 2022] GET /identity/v3/auth/tokens => generated 799 bytes in 414 msecs (HTTP/1.1 200) 6 headers in 358 bytes (2 switches on core 0)
Aug 09 14:02:28.838625 n-d-850468-13 devstack@keystone.service[80684]: DEBUG keystone.server.flask.request_processing.middleware.auth_context [None req-c386a592-c0d2-4638-9ec6-ac0660fda6cf None admin] Authenticating user token {{(pid=80684) process_request /usr/local/lib/python3.8/dist-packages/keystonemiddleware/auth_token/__init__.py:407}}
Aug 09 14:02:28.861143 n-d-850468-13 devstack@keystone.service[80683]: DEBUG keystone.server.flask.request_processing.middleware.auth_context [None req-ca424997-416e-404c-85fe-4cc2e4e27eaa None admin] RBAC: auth_context: {'token': , 'domain_id': None, 'trust_id': None, 'trustor_id': None, 'trustee_id': None, 'domain_name': None, 'group_ids': [], 'user_id': '5de9fb72cc7e44798877cab2087f3e65', 'user_domain_id': 'default', 'system_scope': 'all', 'project_id': None, 'project_domain_id': None, 'roles': ['admin', 'member', 'reader'], 'is_admin_project': True, 'service_user_id': None, 'service_user_domain_id': None, 'service_project_id': None, 'service_project_domain_id': None, 'service_roles': []} {{(pid=80683) fill_context /opt/stack/keystone/keystone/server/flask/request_processing/middleware/auth_context.py:478}}
Aug 09 14:02:28.861792 n-d-850468-13 devstack@keystone.service[80683]: DEBUG keystone.server.flask.request_processing.req_logging [None req-ca424997-416e-404c-85fe-4cc2e4e27eaa None admin] REQUEST_METHOD: `GET` {{(pid=80683) log_request_info /opt/stack/keystone/keystone/server/flask/request_processing/req_logging.py:27}}
Aug 09 14:02:28.862075 n-d-850468-13 devstack@keystone.service[80683]: DEBUG keystone.server.flask.request_processing.req_logging [None req-ca424997-416e-404c-85fe-4cc2e4e27eaa None admin] SCRIPT_NAME: `/identity` {{(pid=80683) log_request_info /opt/stack/keystone/keystone/server/flask/request_processing/req_logging.py:28}}
