Aug 01 17:20:48.827138 n-d-850346-5 devstack@placement-api.service[111682]: [pid: 111682|app: 0|req: 556/1112] 10.222.0.93 () {60 vars in 1380 bytes} [Mon Aug 1 17:20:48 2022] GET /placement/allocations/a8dd1bc1-2df7-426f-ba19-719fb5efc506 => generated 19 bytes in 30 msecs (HTTP/1.1 200) 8 headers in 295 bytes (2 switches on core 0)
Aug 01 17:20:48.828577 n-d-850346-5 devstack@placement-api.service[111681]: DEBUG placement.requestlog [req-49549cfb-6153-4fbf-8598-64966aca1fa6 req-8395d4b5-5023-4de6-ba16-ccaa18c76ee2 None None] Starting request: 10.222.0.93 "PUT /placement/allocations/a8dd1bc1-2df7-426f-ba19-719fb5efc506" {{(pid=111681) __call__ /opt/stack/placement/placement/requestlog.py:55}}
Aug 01 17:20:48.966358 n-d-850346-5 devstack@placement-api.service[111681]: DEBUG placement.handlers.allocation [req-49549cfb-6153-4fbf-8598-64966aca1fa6 req-8395d4b5-5023-4de6-ba16-ccaa18c76ee2 service placement] Successfully wrote allocations [, , ] {{(pid=111681) _update_consumers_and_create_allocations /opt/stack/placement/placement/handlers/allocation.py:462}}
Aug 01 17:20:48.992974 n-d-850346-5 devstack@placement-api.service[111681]: INFO placement.requestlog [req-49549cfb-6153-4fbf-8598-64966aca1fa6 req-8395d4b5-5023-4de6-ba16-ccaa18c76ee2 service placement] 10.222.0.93 "PUT /placement/allocations/a8dd1bc1-2df7-426f-ba19-719fb5efc506" status: 204 len: 0 microversion: 1.36
Aug 01 17:20:48.993803 n-d-850346-5 devstack@placement-api.service[111681]: [pid: 111681|app: 0|req: 557/1113] 10.222.0.93 () {64 vars in 1433 bytes} [Mon Aug 1 17:20:48 2022] PUT /placement/allocations/a8dd1bc1-2df7-426f-ba19-719fb5efc506 => generated 0 bytes in 166 msecs (HTTP/1.1 204) 5 headers in 199 bytes (1 switches on core 0)
Aug 01 17:20:49.070457 n-d-850346-5 devstack@placement-api.service[111682]: DEBUG placement.requestlog [req-49549cfb-6153-4fbf-8598-64966aca1fa6 req-c34e05df-f059-4f76-ac93-404f55ebc1d7 None None] Starting request: 10.222.0.93 "GET /placement/allocations/a0382ad5-ea6a-4944-a2d7-56393110369a" {{(pid=111682) __call__ /opt/stack/placement/placement/requestlog.py:55}}
Aug 01 17:20:49.094378 n-d-850346-5 devstack@placement-api.service[111682]: INFO placement.requestlog [req-49549cfb-6153-4fbf-8598-64966aca1fa6 req-c34e05df-f059-4f76-ac93-404f55ebc1d7 service placement] 10.222.0.93 "GET /placement/allocations/a0382ad5-ea6a-4944-a2d7-56393110369a" status: 200 len: 19 microversion: 1.28
Aug 01 17:20:49.098137 n-d-850346-5 devstack@placement-api.service[111682]: [pid: 111682|app: 0|req: 557/1114] 10.222.0.93 () {60 vars in 1380 bytes} [Mon Aug 1 17:20:49 2022] GET /placement/allocations/a0382ad5-ea6a-4944-a2d7-56393110369a => generated 19 bytes in 28 msecs (HTTP/1.1 200) 8 headers in 295 bytes (1 switches on core 0)
Aug 01 17:20:49.102883 n-d-850346-5 devstack@placement-api.service[111681]: DEBUG placement.requestlog [req-49549cfb-6153-4fbf-8598-64966aca1fa6 req-b61681bb-c9de-4b30-8a26-e9aac1828248 None None] Starting request: 10.222.0.93 "PUT /placement/allocations/a0382ad5-ea6a-4944-a2d7-56393110369a" {{(pid=111681) __call__ /opt/stack/placement/placement/requestlog.py:55}}
Aug 01 17:20:49.250729 n-d-850346-5 devstack@placement-api.service[111681]: DEBUG placement.handlers.allocation [req-49549cfb-6153-4fbf-8598-64966aca1fa6 req-b61681bb-c9de-4b30-8a26-e9aac1828248 service placement] Successfully wrote allocations [, , ] {{(pid=111681) _update_consumers_and_create_allocations /opt/stack/placement/placement/handlers/allocation.py:462}}
Aug 01 17:20:49.264059 n-d-850346-5 devstack@placement-api.service[111681]: INFO placement.requestlog [req-49549cfb-6153-4fbf-8598-64966aca1fa6 req-b61681bb-c9de-4b30-8a26-e9aac1828248 service placement] 10.222.0.93 "PUT /placement/allocations/a0382ad5-ea6a-4944-a2d7-56393110369a" status: 204 len: 0 microversion: 1.36
Aug 01 17:20:49.269504 n-d-850346-5 devstack@placement-api.service[111681]: [pid: 111681|app: 0|req: 558/1115] 10.222.0.93 () {64 vars in 1433 bytes} [Mon Aug 1 17:20:49 2022] PUT /placement/allocations/a0382ad5-ea6a-4944-a2d7-56393110369a => generated 0 bytes in 167 msecs (HTTP/1.1 204) 5 headers in 199 bytes (1 switches on core 0)
Aug 01 17:20:50.580432 n-d-850346-5 devstack@placement-api.service[111682]: DEBUG placement.requestlog [req-49549cfb-6153-4fbf-8598-64966aca1fa6 req-673fc4ae-0773-4cd4-a2d5-c2369db04093 None None] Starting request: 10.222.0.72 "GET /placement/allocations/755663ae-9050-4390-b8d7-9a4865ced68d" {{(pid=111682) __call__ /opt/stack/placement/placement/requestlog.py:55}}
Aug 01 17:20:50.624074 n-d-850346-5 devstack@placement-api.service[111682]: INFO placement.requestlog [req-49549cfb-6153-4fbf-8598-64966aca1fa6 req-673fc4ae-0773-4cd4-a2d5-c2369db04093 service placement] 10.222.0.72 "GET /placement/allocations/755663ae-9050-4390-b8d7-9a4865ced68d" status: 200 len: 259 microversion: 1.28
Aug 01 17:20:50.626761 n-d-850346-5 devstack@placement-api.service[111682]: [pid: 111682|app: 0|req: 558/1116] 10.222.0.72 () {60 vars in 1377 bytes} [Mon Aug 1 17:20:50 2022] GET /placement/allocations/755663ae-9050-4390-b8d7-9a4865ced68d => generated 259 bytes in 47 msecs (HTTP/1.1 200) 8 headers in 296 bytes (1 switches on core 0)
Aug 01 17:20:50.754208 n-d-850346-5 devstack@placement-api.service[111681]: DEBUG placement.requestlog [req-49549cfb-6153-4fbf-8598-64966aca1fa6 req-e2ccfdea-58c0-4c1b-8905-07ee09a20f1f None None] Starting request: 10.222.0.115 "GET /placement/allocations/a8dd1bc1-2df7-426f-ba19-719fb5efc506" {{(pid=111681) __call__ /opt/stack/placement/placement/requestlog.py:55}}
Aug 01 17:20:50.777794 n-d-850346-5 devstack@placement-api.service[111682]: DEBUG placement.requestlog [req-49549cfb-6153-4fbf-8598-64966aca1fa6 req-b3194c88-bafc-49cc-b364-e3540b7a02ad None None] Starting request: 10.222.0.72 "GET /placement/allocations/a0382ad5-ea6a-4944-a2d7-56393110369a" {{(pid=111682) __call__ /opt/stack/placement/placement/requestlog.py:55}}
Aug 01 17:20:50.779651 n-d-850346-5 devstack@placement-api.service[111681]: INFO placement.requestlog [req-49549cfb-6153-4fbf-8598-64966aca1fa6 req-e2ccfdea-58c0-4c1b-8905-07ee09a20f1f service placement] 10.222.0.115 "GET /placement/allocations/a8dd1bc1-2df7-426f-ba19-719fb5efc506" status: 200 len: 259 microversion: 1.28
Aug 01 17:20:50.782711 n-d-850346-5 devstack@placement-api.service[111681]: [pid: 111681|app: 0|req: 559/1117] 10.222.0.115 () {60 vars in 1378 bytes} [Mon Aug 1 17:20:50 2022] GET /placement/allocations/a8dd1bc1-2df7-426f-ba19-719fb5efc506 => generated 259 bytes in 29 msecs (HTTP/1.1 200) 8 headers in 296 bytes (1 switches on core 0)
Aug 01 17:20:50.824003 n-d-850346-5 devstack@placement-api.service[111682]: INFO placement.requestlog [req-49549cfb-6153-4fbf-8598-64966aca1fa6 req-b3194c88-bafc-49cc-b364-e3540b7a02ad service placement] 10.222.0.72 "GET /placement/allocations/a0382ad5-ea6a-4944-a2d7-56393110369a" status: 200 len: 259 microversion: 1.28
Aug 01 17:20:50.827534 n-d-850346-5 devstack@placement-api.service[111682]: [pid: 111682|app: 0|req: 559/1118] 10.222.0.72 () {60 vars in 1377 bytes} [Mon Aug 1 17:20:50 2022] GET /placement/allocations/a0382ad5-ea6a-4944-a2d7-56393110369a => generated 259 bytes in 50 msecs (HTTP/1.1 200) 8 headers in 296 bytes (2 switches on core 0)
Aug 01 17:20:54.422008 n-d-850346-5 devstack@placement-api.service[111681]: DEBUG placement.requestlog [None req-eeafa9db-caa8-46e4-9e26-b02715bf21c0 None None] Starting request: 10.222.0.93 "GET /placement/resource_providers/bb568e37-bbbc-4ef0-8db7-9303b635ce18/aggregates" {{(pid=111681) __call__ /opt/stack/placement/placement/requestlog.py:55}}
Aug 01 17:20:54.434191 n-d-850346-5 devstack@placement-api.service[111681]: INFO placement.requestlog [None req-eeafa9db-caa8-46e4-9e26-b02715bf21c0 service placement] 10.222.0.93 "GET /placement/resource_providers/bb568e37-bbbc-4ef0-8db7-9303b635ce18/aggregates" status: 404 len: 235 microversion: 1.1
Aug 01 17:20:54.435471 n-d-850346-5 devstack@placement-api.service[111681]: [pid: 111681|app: 0|req: 560/1119] 10.222.0.93 () {58 vars in 1362 bytes} [Mon Aug 1 17:20:54 2022] GET /placement/resource_providers/bb568e37-bbbc-4ef0-8db7-9303b635ce18/aggregates => generated 235 bytes in 13 msecs (HTTP/1.1 404) 5 headers in 202 bytes (1 switches on core 0)
Aug 01 17:20:54.483373 n-d-850346-5 devstack@placement-api.service[111682]: DEBUG placement.requestlog [None req-46d74b9f-07ae-412c-b05b-4b227fdc5def None None] Starting request: 10.222.0.93 "DELETE /placement/resource_providers/bb568e37-bbbc-4ef0-8db7-9303b635ce18" {{(pid=111682) __call__ /opt/stack/placement/placement/requestlog.py:55}}
Aug 01 17:20:54.496642 n-d-850346-5 devstack@placement-api.service[111682]: DEBUG placement.wsgi_wrapper [None req-46d74b9f-07ae-412c-b05b-4b227fdc5def service placement] Placement API returning an error response: No resource provider with uuid bb568e37-bbbc-4ef0-8db7-9303b635ce18 found for delete {{(pid=111682) call_func /opt/stack/placement/placement/wsgi_wrapper.py:31}}
Aug 01 17:20:54.497905 n-d-850346-5 devstack@placement-api.service[111682]: INFO placement.requestlog [None req-46d74b9f-07ae-412c-b05b-4b227fdc5def service placement] 10.222.0.93 "DELETE /placement/resource_providers/bb568e37-bbbc-4ef0-8db7-9303b635ce18" status: 404 len: 246 microversion: 1.1
Aug 01 17:20:54.498454 n-d-850346-5 devstack@placement-api.service[111682]: [pid: 111682|app: 0|req: 560/1120] 10.222.0.93 () {60 vars in 1351 bytes} [Mon Aug 1 17:20:54 2022] DELETE /placement/resource_providers/bb568e37-bbbc-4ef0-8db7-9303b635ce18 => generated 246 bytes in 15 msecs (HTTP/1.1 404) 6 headers in 231 bytes (1 switches on core 0)
Aug 01 17:20:59.045967 n-d-850346-5 devstack@placement-api.service[111681]: DEBUG placement.requestlog [req-32dfbdf5-c1da-4a68-be98-3ef71dd91172 req-60fdb9d4-d42b-4744-9bf0-4b450e1d6f84 None None] Starting request: 10.222.0.72 "DELETE /placement/allocations/77e4f8cd-966d-47ef-bd5d-e8b662ddbecb" {{(pid=111681) __call__ /opt/stack/placement/placement/requestlog.py:55}}
Aug 01 17:20:59.099734 n-d-850346-5 devstack@placement-api.service[111681]: DEBUG placement.handlers.allocation [req-32dfbdf5-c1da-4a68-be98-3ef71dd91172 req-60fdb9d4-d42b-4744-9bf0-4b450e1d6f84 service placement] Successfully deleted allocations [, , ] {{(pid=111681) delete_allocations /opt/stack/placement/placement/handlers/allocation.py:627}}
Aug 01 17:20:59.101192 n-d-850346-5 devstack@placement-api.service[111681]: INFO placement.requestlog [req-32dfbdf5-c1da-4a68-be98-3ef71dd91172 req-60fdb9d4-d42b-4744-9bf0-4b450e1d6f84 service placement] 10.222.0.72 "DELETE /placement/allocations/77e4f8cd-966d-47ef-bd5d-e8b662ddbecb" status: 204 len: 0 microversion: 1.0
Aug 01 17:20:59.103313 n-d-850346-5 devstack@placement-api.service[111681]: [pid: 111681|app: 0|req: 561/1121] 10.222.0.72 () {60 vars in 1355 bytes} [Mon Aug 1 17:20:59 2022] DELETE /placement/allocations/77e4f8cd-966d-47ef-bd5d-e8b662ddbecb => generated 0 bytes in 58 msecs (HTTP/1.1 204) 5 headers in 198 bytes (2 switches on core 0)
Aug 01 17:21:03.407512 n-d-850346-5 devstack@placement-api.service[111682]: DEBUG placement.requestlog [req-7f280cd2-9411-45f3-a9f9-d2bda4e3f853 req-4a935260-b84b-47b5-98eb-54d52ddbda47 None None] Starting request: 10.222.0.93 "GET /placement/allocation_candidates?limit=1000&resources=DISK_GB%3A1%2CMEMORY_MB%3A1024%2CVCPU%3A1&root_required=%21COMPUTE_STATUS_DISABLED" {{(pid=111682) __call__ /opt/stack/placement/placement/requestlog.py:55}}
Aug 01 17:21:03.449491 n-d-850346-5 devstack@placement-api.service[111682]: DEBUG placement.objects.research_context [req-7f280cd2-9411-45f3-a9f9-d2bda4e3f853 req-4a935260-b84b-47b5-98eb-54d52ddbda47 service placement] getting providers with 1 DISK_GB {{(pid=111682) __init__ /opt/stack/placement/placement/objects/research_context.py:136}}
Aug 01 17:21:03.454957 n-d-850346-5 devstack@placement-api.service[111682]: DEBUG placement.objects.research_context [req-7f280cd2-9411-45f3-a9f9-d2bda4e3f853 req-4a935260-b84b-47b5-98eb-54d52ddbda47 service placement] getting providers with 1024 MEMORY_MB {{(pid=111682) __init__ /opt/stack/placement/placement/objects/research_context.py:136}}
Aug 01 17:21:03.463518 n-d-850346-5 devstack@placement-api.service[111682]: DEBUG placement.objects.research_context [req-7f280cd2-9411-45f3-a9f9-d2bda4e3f853 req-4a935260-b84b-47b5-98eb-54d52ddbda47 service placement] getting providers with 1 VCPU {{(pid=111682) __init__ /opt/stack/placement/placement/objects/research_context.py:136}}
Aug 01 17:21:03.468689 n-d-850346-5 devstack@placement-api.service[111682]: DEBUG placement.objects.research_context [req-7f280cd2-9411-45f3-a9f9-d2bda4e3f853 req-4a935260-b84b-47b5-98eb-54d52ddbda47 service placement] found 2 providers with available 1 DISK_GB {{(pid=111682) get_provider_ids_matching /opt/stack/placement/placement/objects/research_context.py:563}}
Aug 01 17:21:03.468961 n-d-850346-5 devstack@placement-api.service[111682]: DEBUG placement.objects.research_context [req-7f280cd2-9411-45f3-a9f9-d2bda4e3f853 req-4a935260-b84b-47b5-98eb-54d52ddbda47 service placement] found 2 providers with available 1024 MEMORY_MB {{(pid=111682) get_provider_ids_matching /opt/stack/placement/placement/objects/research_context.py:563}}
Aug 01 17:21:03.469231 n-d-850346-5 devstack@placement-api.service[111682]: DEBUG placement.objects.research_context [req-7f280cd2-9411-45f3-a9f9-d2bda4e3f853 req-4a935260-b84b-47b5-98eb-54d52ddbda47 service placement] found 2 providers after filtering by previous result {{(pid=111682) get_provider_ids_matching /opt/stack/placement/placement/objects/research_context.py:594}}
Aug 01 17:21:03.469488 n-d-850346-5 devstack@placement-api.service[111682]: DEBUG placement.objects.research_context [req-7f280cd2-9411-45f3-a9f9-d2bda4e3f853 req-4a935260-b84b-47b5-98eb-54d52ddbda47 service placement] found 2 providers with available 1 VCPU {{(pid=111682) get_provider_ids_matching /opt/stack/placement/placement/objects/research_context.py:563}}
Aug 01 17:21:03.469749 n-d-850346-5 devstack@placement-api.service[111682]: DEBUG placement.objects.research_context [req-7f280cd2-9411-45f3-a9f9-d2bda4e3f853 req-4a935260-b84b-47b5-98eb-54d52ddbda47 service placement] found 2 providers after filtering by previous result {{(pid=111682) get_provider_ids_matching /opt/stack/placement/placement/objects/research_context.py:594}}
Aug 01 17:21:03.481944 n-d-850346-5 devstack@placement-api.service[111682]: DEBUG placement.objects.allocation_candidate [req-7f280cd2-9411-45f3-a9f9-d2bda4e3f853 req-4a935260-b84b-47b5-98eb-54d52ddbda47 service placement] RequestGroup(use_same_provider=False, resources={DISK_GB:1, MEMORY_MB:1024, VCPU:1}, traits=(), aggregates=[]) (suffix '') returned 2 matches {{(pid=111682) _get_by_requests /opt/stack/placement/placement/objects/allocation_candidate.py:156}}
Aug 01 17:21:03.482316 n-d-850346-5 devstack@placement-api.service[111682]: DEBUG placement.objects.allocation_candidate [req-7f280cd2-9411-45f3-a9f9-d2bda4e3f853 req-4a935260-b84b-47b5-98eb-54d52ddbda47 service placement] Merging candidates yields 2 allocation requests and 2 provider summaries {{(pid=111682) _merge_candidates /opt/stack/placement/placement/objects/allocation_candidate.py:809}}
Aug 01 17:21:03.483870 n-d-850346-5 devstack@placement-api.service[111682]: INFO placement.requestlog [req-7f280cd2-9411-45f3-a9f9-d2bda4e3f853 req-4a935260-b84b-47b5-98eb-54d52ddbda47 service placement] 10.222.0.93 "GET /placement/allocation_candidates?limit=1000&resources=DISK_GB%3A1%2CMEMORY_MB%3A1024%2CVCPU%3A1&root_required=%21COMPUTE_STATUS_DISABLED" status: 200 len: 1309 microversion: 1.36
Aug 01 17:21:03.484579 n-d-850346-5 devstack@placement-api.service[111682]: [pid: 111682|app: 0|req: 561/1122] 10.222.0.93 () {60 vars in 1506 bytes} [Mon Aug 1 17:21:03 2022] GET /placement/allocation_candidates?limit=1000&resources=DISK_GB%3A1%2CMEMORY_MB%3A1024%2CVCPU%3A1&root_required=%21COMPUTE_STATUS_DISABLED => generated 1309 bytes in 77 msecs (HTTP/1.1 200) 8 headers in 297 bytes (1 switches on core 0)
Aug 01 17:21:03.587763 n-d-850346-5 devstack@placement-api.service[111681]: DEBUG placement.requestlog [req-7f280cd2-9411-45f3-a9f9-d2bda4e3f853 req-42f1f3e7-b235-47e8-8fd8-ff0fb3523439 None None] Starting request: 10.222.0.93 "GET /placement/allocations/77e4f8cd-966d-47ef-bd5d-e8b662ddbecb" {{(pid=111681) __call__ /opt/stack/placement/placement/requestlog.py:55}}
Aug 01 17:21:03.608897 n-d-850346-5 devstack@placement-api.service[111681]: INFO placement.requestlog [req-7f280cd2-9411-45f3-a9f9-d2bda4e3f853 req-42f1f3e7-b235-47e8-8fd8-ff0fb3523439 service placement] 10.222.0.93 "GET /placement/allocations/77e4f8cd-966d-47ef-bd5d-e8b662ddbecb" status: 200 len: 19 microversion: 1.28
Aug 01 17:21:03.609296 n-d-850346-5 devstack@placement-api.service[111681]: [pid: 111681|app: 0|req: 562/1123] 10.222.0.93 () {60 vars in 1380 bytes} [Mon Aug 1 17:21:03 2022] GET /placement/allocations/77e4f8cd-966d-47ef-bd5d-e8b662ddbecb => generated 19 bytes in 22 msecs (HTTP/1.1 200) 8 headers in 295 bytes (1 switches on core 0)
Aug 01 17:21:03.619350 n-d-850346-5 devstack@placement-api.service[111682]: DEBUG placement.requestlog [req-7f280cd2-9411-45f3-a9f9-d2bda4e3f853 req-2a3e1aa3-1f99-4e31-a27f-cdfdf1618673 None None] Starting request: 10.222.0.93 "PUT /placement/allocations/77e4f8cd-966d-47ef-bd5d-e8b662ddbecb" {{(pid=111682) __call__ /opt/stack/placement/placement/requestlog.py:55}}
Aug 01 17:21:03.706971 n-d-850346-5 devstack@placement-api.service[111682]: DEBUG placement.handlers.allocation [req-7f280cd2-9411-45f3-a9f9-d2bda4e3f853 req-2a3e1aa3-1f99-4e31-a27f-cdfdf1618673 service placement] Successfully wrote allocations [, , ] {{(pid=111682) _update_consumers_and_create_allocations /opt/stack/placement/placement/handlers/allocation.py:462}}
Aug 01 17:21:03.714184 n-d-850346-5 devstack@placement-api.service[111682]: INFO placement.requestlog [req-7f280cd2-9411-45f3-a9f9-d2bda4e3f853 req-2a3e1aa3-1f99-4e31-a27f-cdfdf1618673 service placement] 10.222.0.93 "PUT /placement/allocations/77e4f8cd-966d-47ef-bd5d-e8b662ddbecb" status: 204 len: 0 microversion: 1.36
Aug 01 17:21:03.722652 n-d-850346-5 devstack@placement-api.service[111682]: [pid: 111682|app: 0|req: 562/1124] 10.222.0.93 () {64 vars in 1433 bytes} [Mon Aug 1 17:21:03 2022] PUT /placement/allocations/77e4f8cd-966d-47ef-bd5d-e8b662ddbecb => generated 0 bytes in 98 msecs (HTTP/1.1 204) 5 headers in 199 bytes (1 switches on core 0)
Aug 01 17:21:05.137593 n-d-850346-5 devstack@placement-api.service[111681]: DEBUG placement.requestlog [req-7f280cd2-9411-45f3-a9f9-d2bda4e3f853 req-791c708d-ca7b-46d4-9a13-6931b3aeaf46 None None] Starting request: 10.222.0.115 "GET /placement/allocations/77e4f8cd-966d-47ef-bd5d-e8b662ddbecb" {{(pid=111681) __call__ /opt/stack/placement/placement/requestlog.py:55}}
Aug 01 17:21:05.161293 n-d-850346-5 devstack@placement-api.service[111681]: DEBUG dbcounter [-] [111681] Writing DB stats placement:SELECT=72,placement:INSERT=14,placement:DELETE=8,placement:UPDATE=6 {{(pid=111681) stat_writer /usr/local/lib/python3.8/dist-packages/dbcounter.py:114}}
Aug 01 17:21:05.168280 n-d-850346-5 devstack@placement-api.service[111681]: INFO placement.requestlog [req-7f280cd2-9411-45f3-a9f9-d2bda4e3f853 req-791c708d-ca7b-46d4-9a13-6931b3aeaf46 service placement] 10.222.0.115 "GET /placement/allocations/77e4f8cd-966d-47ef-bd5d-e8b662ddbecb" status: 200 len: 259 microversion: 1.28
Aug 01 17:21:05.169491 n-d-850346-5 devstack@placement-api.service[111681]: [pid: 111681|app: 0|req: 563/1125] 10.222.0.115 () {60 vars in 1378 bytes} [Mon Aug 1 17:21:05 2022] GET /placement/allocations/77e4f8cd-966d-47ef-bd5d-e8b662ddbecb => generated 259 bytes in 32 msecs (HTTP/1.1 200) 8 headers in 296 bytes (1 switches on core 0)
Aug 01 17:21:06.674621 n-d-850346-5 devstack@placement-api.service[111682]: DEBUG placement.requestlog [None req-848ad5f1-915c-4ceb-898e-4ba6b0dc21f2 None None] Starting request: 10.222.0.93 "GET /placement/resource_providers/10c4ead9-480d-4a49-b2be-a39474ae0005/aggregates" {{(pid=111682) __call__ /opt/stack/placement/placement/requestlog.py:55}}
Aug 01 17:21:06.689223 n-d-850346-5 devstack@placement-api.service[111682]: INFO placement.requestlog [None req-848ad5f1-915c-4ceb-898e-4ba6b0dc21f2 service placement] 10.222.0.93 "GET /placement/resource_providers/10c4ead9-480d-4a49-b2be-a39474ae0005/aggregates" status: 404 len: 235 microversion: 1.1
Aug 01 17:21:06.690127 n-d-850346-5 devstack@placement-api.service[111682]: [pid: 111682|app: 0|req: 563/1126] 10.222.0.93 () {58 vars in 1362 bytes} [Mon Aug 1 17:21:06 2022] GET /placement/resource_providers/10c4ead9-480d-4a49-b2be-a39474ae0005/aggregates => generated 235 bytes in 15 msecs (HTTP/1.1 404) 5 headers in 202 bytes (1 switches on core 0)
Aug 01 17:21:06.728077 n-d-850346-5 devstack@placement-api.service[111681]: DEBUG placement.requestlog [None req-74c91793-87f0-405c-b8a1-1c52fb71d892 None None] Starting request: 10.222.0.93 "DELETE /placement/resource_providers/10c4ead9-480d-4a49-b2be-a39474ae0005" {{(pid=111681) __call__ /opt/stack/placement/placement/requestlog.py:55}}
Aug 01 17:21:06.740959 n-d-850346-5 devstack@placement-api.service[111681]: DEBUG placement.wsgi_wrapper [None req-74c91793-87f0-405c-b8a1-1c52fb71d892 service placement] Placement API returning an error response: No resource provider with uuid 10c4ead9-480d-4a49-b2be-a39474ae0005 found for delete {{(pid=111681) call_func /opt/stack/placement/placement/wsgi_wrapper.py:31}}
Aug 01 17:21:06.741731 n-d-850346-5 devstack@placement-api.service[111681]: INFO placement.requestlog [None req-74c91793-87f0-405c-b8a1-1c52fb71d892 service placement] 10.222.0.93 "DELETE /placement/resource_providers/10c4ead9-480d-4a49-b2be-a39474ae0005" status: 404 len: 246 microversion: 1.1
Aug 01 17:21:06.742347 n-d-850346-5 devstack@placement-api.service[111681]: [pid: 111681|app: 0|req: 564/1127] 10.222.0.93 () {60 vars in 1351 bytes} [Mon Aug 1 17:21:06 2022] DELETE /placement/resource_providers/10c4ead9-480d-4a49-b2be-a39474ae0005 => generated 246 bytes in 15 msecs (HTTP/1.1 404) 6 headers in 231 bytes (1 switches on core 0)
Aug 01 17:21:16.684368 n-d-850346-5 devstack@placement-api.service[111682]: DEBUG dbcounter [-] [111682] Writing DB stats placement:SELECT=43,placement:INSERT=4,placement:DELETE=2,placement:UPDATE=2 {{(pid=111682) stat_writer /usr/local/lib/python3.8/dist-packages/dbcounter.py:114}}
Aug 01 17:21:16.738121 n-d-850346-5 devstack@placement-api.service[111681]: DEBUG dbcounter [-] [111681] Writing DB stats placement:SELECT=2 {{(pid=111681) stat_writer /usr/local/lib/python3.8/dist-packages/dbcounter.py:114}}
Aug 01 17:21:19.627377 n-d-850346-5 devstack@placement-api.service[111682]: DEBUG placement.requestlog [req-58e0d060-03c7-4031-898e-dccde47e7998 req-d7658981-cbf4-4f3c-a82b-0deb2869d3d3 None None] Starting request: 10.222.0.115 "DELETE /placement/allocations/96b909cb-a662-4e2d-807f-0db457f3cc8e" {{(pid=111682) __call__ /opt/stack/placement/placement/requestlog.py:55}}
Aug 01 17:21:19.696215 n-d-850346-5 devstack@placement-api.service[111682]: DEBUG placement.handlers.allocation [req-58e0d060-03c7-4031-898e-dccde47e7998 req-d7658981-cbf4-4f3c-a82b-0deb2869d3d3 service placement] Successfully deleted allocations [, ] {{(pid=111682) delete_allocations /opt/stack/placement/placement/handlers/allocation.py:627}}
Aug 01 17:21:19.696864 n-d-850346-5 devstack@placement-api.service[111682]: INFO placement.requestlog [req-58e0d060-03c7-4031-898e-dccde47e7998 req-d7658981-cbf4-4f3c-a82b-0deb2869d3d3 service placement] 10.222.0.115 "DELETE /placement/allocations/96b909cb-a662-4e2d-807f-0db457f3cc8e" status: 204 len: 0 microversion: 1.0
Aug 01 17:21:19.697484 n-d-850346-5 devstack@placement-api.service[111682]: [pid: 111682|app: 0|req: 564/1128] 10.222.0.115 () {60 vars in 1356 bytes} [Mon Aug 1 17:21:19 2022] DELETE /placement/allocations/96b909cb-a662-4e2d-807f-0db457f3cc8e => generated 0 bytes in 70 msecs (HTTP/1.1 204) 5 headers in 198 bytes (1 switches on core 0)
Aug 01 17:21:21.649207 n-d-850346-5 devstack@placement-api.service[111681]: DEBUG placement.requestlog [req-58de0658-1de5-4829-b94d-08a2e5ac41cc req-1f3aa0c0-146e-4f8f-af5b-2420bf4b4c4f None None] Starting request: 10.222.0.72 "DELETE /placement/allocations/755663ae-9050-4390-b8d7-9a4865ced68d" {{(pid=111681) __call__ /opt/stack/placement/placement/requestlog.py:55}}
Aug 01 17:21:21.698140 n-d-850346-5 devstack@placement-api.service[111681]: DEBUG placement.handlers.allocation [req-58de0658-1de5-4829-b94d-08a2e5ac41cc req-1f3aa0c0-146e-4f8f-af5b-2420bf4b4c4f service placement] Successfully deleted allocations [, , ] {{(pid=111681) delete_allocations /opt/stack/placement/placement/handlers/allocation.py:627}}
Aug 01 17:21:21.698859 n-d-850346-5 devstack@placement-api.service[111681]: INFO placement.requestlog [req-58de0658-1de5-4829-b94d-08a2e5ac41cc req-1f3aa0c0-146e-4f8f-af5b-2420bf4b4c4f service placement] 10.222.0.72 "DELETE /placement/allocations/755663ae-9050-4390-b8d7-9a4865ced68d" status: 204 len: 0 microversion: 1.0
Aug 01 17:21:21.699797 n-d-850346-5 devstack@placement-api.service[111681]: [pid: 111681|app: 0|req: 565/1129] 10.222.0.72 () {60 vars in 1355 bytes} [Mon Aug 1 17:21:21 2022] DELETE /placement/allocations/755663ae-9050-4390-b8d7-9a4865ced68d => generated 0 bytes in 51 msecs (HTTP/1.1 204) 5 headers in 198 bytes (1 switches on core 0)
Aug 01 17:21:22.484624 n-d-850346-5 devstack@placement-api.service[111682]: DEBUG placement.requestlog [None req-5ab35472-163a-401f-9ec7-ce9b565f4b56 None None] Starting request: 10.222.0.93 "GET /placement/resource_providers/b9e56452-15a0-4835-8c53-4d551146e66e/aggregates" {{(pid=111682) __call__ /opt/stack/placement/placement/requestlog.py:55}}
Aug 01 17:21:22.499463 n-d-850346-5 devstack@placement-api.service[111682]: INFO placement.requestlog [None req-5ab35472-163a-401f-9ec7-ce9b565f4b56 service placement] 10.222.0.93 "GET /placement/resource_providers/b9e56452-15a0-4835-8c53-4d551146e66e/aggregates" status: 404 len: 235 microversion: 1.1
Aug 01 17:21:22.500856 n-d-850346-5 devstack@placement-api.service[111682]: [pid: 111682|app: 0|req: 565/1130] 10.222.0.93 () {58 vars in 1362 bytes} [Mon Aug 1 17:21:22 2022] GET /placement/resource_providers/b9e56452-15a0-4835-8c53-4d551146e66e/aggregates => generated 235 bytes in 16 msecs (HTTP/1.1 404) 5 headers in 202 bytes (1 switches on core 0)
Aug 01 17:21:22.534264 n-d-850346-5 devstack@placement-api.service[111681]: DEBUG placement.requestlog [None req-5c09eae9-9e00-4cc4-842f-708e3efc397b None None] Starting request: 10.222.0.93 "DELETE /placement/resource_providers/b9e56452-15a0-4835-8c53-4d551146e66e" {{(pid=111681) __call__ /opt/stack/placement/placement/requestlog.py:55}}
Aug 01 17:21:22.549322 n-d-850346-5 devstack@placement-api.service[111681]: DEBUG placement.wsgi_wrapper [None req-5c09eae9-9e00-4cc4-842f-708e3efc397b service placement] Placement API returning an error response: No resource provider with uuid b9e56452-15a0-4835-8c53-4d551146e66e found for delete {{(pid=111681) call_func /opt/stack/placement/placement/wsgi_wrapper.py:31}}
Aug 01 17:21:22.550057 n-d-850346-5 devstack@placement-api.service[111681]: INFO placement.requestlog [None req-5c09eae9-9e00-4cc4-842f-708e3efc397b service placement] 10.222.0.93 "DELETE /placement/resource_providers/b9e56452-15a0-4835-8c53-4d551146e66e" status: 404 len: 246 microversion: 1.1
Aug 01 17:21:22.550396 n-d-850346-5 devstack@placement-api.service[111681]: [pid: 111681|app: 0|req: 566/1131] 10.222.0.93 () {60 vars in 1351 bytes} [Mon Aug 1 17:21:22 2022] DELETE /placement/resource_providers/b9e56452-15a0-4835-8c53-4d551146e66e => generated 246 bytes in 16 msecs (HTTP/1.1 404) 6 headers in 231 bytes (1 switches on core 0)
Aug 01 17:21:27.817871 n-d-850346-5 devstack@placement-api.service[111682]: DEBUG placement.requestlog [req-8ec2b504-6022-42e2-b2d9-3e8a7a2ee22a req-0b440509-9de1-452d-8e4d-3d555f57dbbe None None] Starting request: 10.222.0.115 "DELETE /placement/allocations/d19c6a3c-19c0-4c40-a2b8-200c3db33923" {{(pid=111682) __call__ /opt/stack/placement/placement/requestlog.py:55}}
Aug 01 17:21:27.888746 n-d-850346-5 devstack@placement-api.service[111682]: DEBUG placement.handlers.allocation [req-8ec2b504-6022-42e2-b2d9-3e8a7a2ee22a req-0b440509-9de1-452d-8e4d-3d555f57dbbe service placement] Successfully deleted allocations [, , ] {{(pid=111682) delete_allocations /opt/stack/placement/placement/handlers/allocation.py:627}}
Aug 01 17:21:27.889947 n-d-850346-5 devstack@placement-api.service[111682]: INFO placement.requestlog [req-8ec2b504-6022-42e2-b2d9-3e8a7a2ee22a req-0b440509-9de1-452d-8e4d-3d555f57dbbe service placement] 10.222.0.115 "DELETE /placement/allocations/d19c6a3c-19c0-4c40-a2b8-200c3db33923" status: 204 len: 0 microversion: 1.0
Aug 01 17:21:27.891061 n-d-850346-5 devstack@placement-api.service[111682]: [pid: 111682|app: 0|req: 566/1132] 10.222.0.115 () {60 vars in 1356 bytes} [Mon Aug 1 17:21:27 2022] DELETE /placement/allocations/d19c6a3c-19c0-4c40-a2b8-200c3db33923 => generated 0 bytes in 73 msecs (HTTP/1.1 204) 5 headers in 198 bytes (1 switches on core 0)
Aug 01 17:21:30.275204 n-d-850346-5 devstack@placement-api.service[111681]: DEBUG placement.requestlog [req-fb9645cb-5f02-49e8-a44b-f40c78d027f3 req-9eccf5ee-693e-4d81-b40c-a1f6bd87a478 None None] Starting request: 10.222.0.72 "DELETE /placement/allocations/a0382ad5-ea6a-4944-a2d7-56393110369a" {{(pid=111681) __call__ /opt/stack/placement/placement/requestlog.py:55}}
Aug 01 17:21:30.330501 n-d-850346-5 devstack@placement-api.service[111681]: DEBUG placement.handlers.allocation [req-fb9645cb-5f02-49e8-a44b-f40c78d027f3 req-9eccf5ee-693e-4d81-b40c-a1f6bd87a478 service placement] Successfully deleted allocations [, , ] {{(pid=111681) delete_allocations /opt/stack/placement/placement/handlers/allocation.py:627}}
Aug 01 17:21:30.331472 n-d-850346-5 devstack@placement-api.service[111681]: INFO placement.requestlog [req-fb9645cb-5f02-49e8-a44b-f40c78d027f3 req-9eccf5ee-693e-4d81-b40c-a1f6bd87a478 service placement] 10.222.0.72 "DELETE /placement/allocations/a0382ad5-ea6a-4944-a2d7-56393110369a" status: 204 len: 0 microversion: 1.0
Aug 01 17:21:30.333023 n-d-850346-5 devstack@placement-api.service[111681]: [pid: 111681|app: 0|req: 567/1133] 10.222.0.72 () {60 vars in 1355 bytes} [Mon Aug 1 17:21:30 2022] DELETE /placement/allocations/a0382ad5-ea6a-4944-a2d7-56393110369a => generated 0 bytes in 58 msecs (HTTP/1.1 204) 5 headers in 198 bytes (1 switches on core 0)
Aug 01 17:21:31.270931 n-d-850346-5 devstack@placement-api.service[111682]: DEBUG placement.requestlog [req-d37dc6a8-bcbd-4ed8-89ac-c5fa7dfa0186 req-ef987ed8-77e0-4322-87c6-3e19a38876cd None None] Starting request: 10.222.0.115 "DELETE /placement/allocations/a8dd1bc1-2df7-426f-ba19-719fb5efc506" {{(pid=111682) __call__ /opt/stack/placement/placement/requestlog.py:55}}
Aug 01 17:21:31.336663 n-d-850346-5 devstack@placement-api.service[111682]: DEBUG placement.handlers.allocation [req-d37dc6a8-bcbd-4ed8-89ac-c5fa7dfa0186 req-ef987ed8-77e0-4322-87c6-3e19a38876cd service placement] Successfully deleted allocations [, , ] {{(pid=111682) delete_allocations /opt/stack/placement/placement/handlers/allocation.py:627}}
Aug 01 17:21:31.338230 n-d-850346-5 devstack@placement-api.service[111682]: INFO placement.requestlog [req-d37dc6a8-bcbd-4ed8-89ac-c5fa7dfa0186 req-ef987ed8-77e0-4322-87c6-3e19a38876cd service placement] 10.222.0.115 "DELETE /placement/allocations/a8dd1bc1-2df7-426f-ba19-719fb5efc506" status: 204 len: 0 microversion: 1.0
Aug 01 17:21:31.346752 n-d-850346-5 devstack@placement-api.service[111682]: [pid: 111682|app: 0|req: 567/1134] 10.222.0.115 () {60 vars in 1356 bytes} [Mon Aug 1 17:21:31 2022] DELETE /placement/allocations/a8dd1bc1-2df7-426f-ba19-719fb5efc506 => generated 0 bytes in 77 msecs (HTTP/1.1 204) 5 headers in 198 bytes (1 switches on core 0)
Aug 01 17:21:32.201104 n-d-850346-5 devstack@placement-api.service[111681]: DEBUG placement.requestlog [req-bf64d480-fa60-418c-abff-772f12bb8172 req-a8469149-039c-411b-a186-4ca7bdec7d1f None None] Starting request: 10.222.0.72 "GET /placement/resource_providers/95a2f1b7-2588-4010-a9c5-8ac2ea67bf93/allocations" {{(pid=111681) __call__ /opt/stack/placement/placement/requestlog.py:55}}
Aug 01 17:21:32.275002 n-d-850346-5 devstack@placement-api.service[111681]: INFO placement.requestlog [req-bf64d480-fa60-418c-abff-772f12bb8172 req-a8469149-039c-411b-a186-4ca7bdec7d1f service placement] 10.222.0.72 "GET /placement/resource_providers/95a2f1b7-2588-4010-a9c5-8ac2ea67bf93/allocations" status: 200 len: 356 microversion: 1.0
Aug 01 17:21:32.275596 n-d-850346-5 devstack@placement-api.service[111681]: [pid: 111681|app: 0|req: 568/1135] 10.222.0.72 () {58 vars in 1390 bytes} [Mon Aug 1 17:21:32 2022] GET /placement/resource_providers/95a2f1b7-2588-4010-a9c5-8ac2ea67bf93/allocations => generated 356 bytes in 75 msecs (HTTP/1.1 200) 6 headers in 224 bytes (1 switches on core 0)
Aug 01 17:21:32.308614 n-d-850346-5 devstack@placement-api.service[111682]: DEBUG placement.requestlog [req-2b3a3770-88f2-4f46-95c4-5c377b86789f req-ade8bae9-b6bf-435b-b2a7-f41d162f1a90 None None] Starting request: 10.222.0.93 "GET /placement/allocation_candidates?limit=1000&resources=MEMORY_MB%3A1024%2CVCPU%3A1&root_required=%21COMPUTE_STATUS_DISABLED" {{(pid=111682) __call__ /opt/stack/placement/placement/requestlog.py:55}}
Aug 01 17:21:32.362159 n-d-850346-5 devstack@placement-api.service[111682]: DEBUG placement.objects.research_context [req-2b3a3770-88f2-4f46-95c4-5c377b86789f req-ade8bae9-b6bf-435b-b2a7-f41d162f1a90 service placement] getting providers with 1024 MEMORY_MB {{(pid=111682) __init__ /opt/stack/placement/placement/objects/research_context.py:136}}
Aug 01 17:21:32.374696 n-d-850346-5 devstack@placement-api.service[111682]: DEBUG placement.objects.research_context [req-2b3a3770-88f2-4f46-95c4-5c377b86789f req-ade8bae9-b6bf-435b-b2a7-f41d162f1a90 service placement] getting providers with 1 VCPU {{(pid=111682) __init__ /opt/stack/placement/placement/objects/research_context.py:136}}
Aug 01 17:21:32.387260 n-d-850346-5 devstack@placement-api.service[111682]: DEBUG placement.objects.research_context [req-2b3a3770-88f2-4f46-95c4-5c377b86789f req-ade8bae9-b6bf-435b-b2a7-f41d162f1a90 service placement] found 2 providers with available 1024 MEMORY_MB {{(pid=111682) get_provider_ids_matching /opt/stack/placement/placement/objects/research_context.py:563}}
Aug 01 17:21:32.390108 n-d-850346-5 devstack@placement-api.service[111682]: DEBUG placement.objects.research_context [req-2b3a3770-88f2-4f46-95c4-5c377b86789f req-ade8bae9-b6bf-435b-b2a7-f41d162f1a90 service placement] found 2 providers with available 1 VCPU {{(pid=111682) get_provider_ids_matching /opt/stack/placement/placement/objects/research_context.py:563}}
Aug 01 17:21:32.390585 n-d-850346-5 devstack@placement-api.service[111682]: DEBUG placement.objects.research_context [req-2b3a3770-88f2-4f46-95c4-5c377b86789f req-ade8bae9-b6bf-435b-b2a7-f41d162f1a90 service placement] found 2 providers after filtering by previous result {{(pid=111682) get_provider_ids_matching /opt/stack/placement/placement/objects/research_context.py:594}}
Aug 01 17:21:32.413380 n-d-850346-5 devstack@placement-api.service[111682]: DEBUG placement.objects.allocation_candidate [req-2b3a3770-88f2-4f46-95c4-5c377b86789f req-ade8bae9-b6bf-435b-b2a7-f41d162f1a90 service placement] RequestGroup(use_same_provider=False, resources={MEMORY_MB:1024, VCPU:1}, traits=(), aggregates=[]) (suffix '') returned 2 matches {{(pid=111682) _get_by_requests /opt/stack/placement/placement/objects/allocation_candidate.py:156}}
Aug 01 17:21:32.414060 n-d-850346-5 devstack@placement-api.service[111682]: DEBUG placement.objects.allocation_candidate [req-2b3a3770-88f2-4f46-95c4-5c377b86789f req-ade8bae9-b6bf-435b-b2a7-f41d162f1a90 service placement] Merging candidates yields 2 allocation requests and 2 provider summaries {{(pid=111682) _merge_candidates /opt/stack/placement/placement/objects/allocation_candidate.py:809}}
Aug 01 17:21:32.417424 n-d-850346-5 devstack@placement-api.service[111682]: INFO placement.requestlog [req-2b3a3770-88f2-4f46-95c4-5c377b86789f req-ade8bae9-b6bf-435b-b2a7-f41d162f1a90 service placement] 10.222.0.93 "GET /placement/allocation_candidates?limit=1000&resources=MEMORY_MB%3A1024%2CVCPU%3A1&root_required=%21COMPUTE_STATUS_DISABLED" status: 200 len: 1281 microversion: 1.36
Aug 01 17:21:32.418701 n-d-850346-5 devstack@placement-api.service[111682]: [pid: 111682|app: 0|req: 568/1136] 10.222.0.93 () {60 vars in 1478 bytes} [Mon Aug 1 17:21:32 2022] GET /placement/allocation_candidates?limit=1000&resources=MEMORY_MB%3A1024%2CVCPU%3A1&root_required=%21COMPUTE_STATUS_DISABLED => generated 1281 bytes in 110 msecs (HTTP/1.1 200) 8 headers in 297 bytes (1 switches on core 0)
Aug 01 17:21:32.561556 n-d-850346-5 devstack@placement-api.service[111681]: DEBUG placement.requestlog [req-2b3a3770-88f2-4f46-95c4-5c377b86789f req-d0b4f28e-43c3-4568-b14c-7339332d8223 None None] Starting request: 10.222.0.93 "GET /placement/allocations/e012fff3-384b-4a71-883c-7c37e01e8bb2" {{(pid=111681) __call__ /opt/stack/placement/placement/requestlog.py:55}}
Aug 01 17:21:32.610495 n-d-850346-5 devstack@placement-api.service[111681]: INFO placement.requestlog [req-2b3a3770-88f2-4f46-95c4-5c377b86789f req-d0b4f28e-43c3-4568-b14c-7339332d8223 service placement] 10.222.0.93 "GET /placement/allocations/e012fff3-384b-4a71-883c-7c37e01e8bb2" status: 200 len: 19 microversion: 1.28
Aug 01 17:21:32.619491 n-d-850346-5 devstack@placement-api.service[111681]: [pid: 111681|app: 0|req: 569/1137] 10.222.0.93 () {60 vars in 1380 bytes} [Mon Aug 1 17:21:32 2022] GET /placement/allocations/e012fff3-384b-4a71-883c-7c37e01e8bb2 => generated 19 bytes in 58 msecs (HTTP/1.1 200) 8 headers in 295 bytes (1 switches on core 0)
Aug 01 17:21:32.622003 n-d-850346-5 devstack@placement-api.service[111682]: DEBUG placement.requestlog [req-2b3a3770-88f2-4f46-95c4-5c377b86789f req-e3d3f49e-c806-4c64-9a5d-44cc3735d6ea None None] Starting request: 10.222.0.93 "PUT /placement/allocations/e012fff3-384b-4a71-883c-7c37e01e8bb2" {{(pid=111682) __call__ /opt/stack/placement/placement/requestlog.py:55}}
Aug 01 17:21:32.723550 n-d-850346-5 devstack@placement-api.service[111682]: DEBUG placement.handlers.allocation [req-2b3a3770-88f2-4f46-95c4-5c377b86789f req-e3d3f49e-c806-4c64-9a5d-44cc3735d6ea service placement] Successfully wrote allocations [, ] {{(pid=111682) _update_consumers_and_create_allocations /opt/stack/placement/placement/handlers/allocation.py:462}}
Aug 01 17:21:32.731978 n-d-850346-5 devstack@placement-api.service[111682]: INFO placement.requestlog [req-2b3a3770-88f2-4f46-95c4-5c377b86789f req-e3d3f49e-c806-4c64-9a5d-44cc3735d6ea service placement] 10.222.0.93 "PUT /placement/allocations/e012fff3-384b-4a71-883c-7c37e01e8bb2" status: 204 len: 0 microversion: 1.36
Aug 01 17:21:32.733361 n-d-850346-5 devstack@placement-api.service[111682]: [pid: 111682|app: 0|req: 569/1138] 10.222.0.93 () {64 vars in 1433 bytes} [Mon Aug 1 17:21:32 2022] PUT /placement/allocations/e012fff3-384b-4a71-883c-7c37e01e8bb2 => generated 0 bytes in 111 msecs (HTTP/1.1 204) 5 headers in 199 bytes (1 switches on core 0)
Aug 01 17:21:33.173276 n-d-850346-5 devstack@placement-api.service[111681]: DEBUG placement.requestlog [req-2b3a3770-88f2-4f46-95c4-5c377b86789f req-f376f44f-be5a-4c11-948b-f7c79bb89e79 None None] Starting request: 10.222.0.72 "GET /placement/allocations/e012fff3-384b-4a71-883c-7c37e01e8bb2" {{(pid=111681) __call__ /opt/stack/placement/placement/requestlog.py:55}}
Aug 01 17:21:33.189796 n-d-850346-5 devstack@placement-api.service[111681]: INFO placement.requestlog [req-2b3a3770-88f2-4f46-95c4-5c377b86789f req-f376f44f-be5a-4c11-948b-f7c79bb89e79 service placement] 10.222.0.72 "GET /placement/allocations/e012fff3-384b-4a71-883c-7c37e01e8bb2" status: 200 len: 245 microversion: 1.28
Aug 01 17:21:33.190725 n-d-850346-5 devstack@placement-api.service[111681]: [pid: 111681|app: 0|req: 570/1139] 10.222.0.72 () {60 vars in 1377 bytes} [Mon Aug 1 17:21:33 2022] GET /placement/allocations/e012fff3-384b-4a71-883c-7c37e01e8bb2 => generated 245 bytes in 18 msecs (HTTP/1.1 200) 8 headers in 296 bytes (1 switches on core 0)
Aug 01 17:21:35.439161 n-d-850346-5 devstack@placement-api.service[111682]: DEBUG placement.requestlog [req-63ca89e3-7eb0-4579-884e-e9b9e33f19d1 req-d8c3f7ba-23f3-4087-b5ca-f799c4df96ef None None] Starting request: 10.222.0.115 "GET /placement/resource_providers/71e09262-97c3-4874-9083-8be847dae59a/allocations" {{(pid=111682) __call__ /opt/stack/placement/placement/requestlog.py:55}}
Aug 01 17:21:35.499207 n-d-850346-5 devstack@placement-api.service[111682]: INFO placement.requestlog [req-63ca89e3-7eb0-4579-884e-e9b9e33f19d1 req-d8c3f7ba-23f3-4087-b5ca-f799c4df96ef service placement] 10.222.0.115 "GET /placement/resource_providers/71e09262-97c3-4874-9083-8be847dae59a/allocations" status: 200 len: 356 microversion: 1.0
Aug 01 17:21:35.502369 n-d-850346-5 devstack@placement-api.service[111682]: [pid: 111682|app: 0|req: 570/1140] 10.222.0.115 () {58 vars in 1391 bytes} [Mon Aug 1 17:21:35 2022] GET /placement/resource_providers/71e09262-97c3-4874-9083-8be847dae59a/allocations => generated 356 bytes in 63 msecs (HTTP/1.1 200) 6 headers in 224 bytes (1 switches on core 0)
Aug 01 17:21:42.480793 n-d-850346-5 devstack@placement-api.service[111681]: DEBUG placement.requestlog [req-0601c786-c306-4eaf-9c80-539e3edcce8a req-22f7d757-9573-449f-9786-4441cf525d88 None None] Starting request: 10.222.0.72 "DELETE /placement/allocations/caa6215e-caee-47d9-ad35-4f8f16e3f49e" {{(pid=111681) __call__ /opt/stack/placement/placement/requestlog.py:55}}
Aug 01 17:21:42.563925 n-d-850346-5 devstack@placement-api.service[111681]: DEBUG placement.handlers.allocation [req-0601c786-c306-4eaf-9c80-539e3edcce8a req-22f7d757-9573-449f-9786-4441cf525d88 service placement] Successfully deleted allocations [, , ] {{(pid=111681) delete_allocations /opt/stack/placement/placement/handlers/allocation.py:627}}
Aug 01 17:21:42.564746 n-d-850346-5 devstack@placement-api.service[111681]: INFO placement.requestlog [req-0601c786-c306-4eaf-9c80-539e3edcce8a req-22f7d757-9573-449f-9786-4441cf525d88 service placement] 10.222.0.72 "DELETE /placement/allocations/caa6215e-caee-47d9-ad35-4f8f16e3f49e" status: 204 len: 0 microversion: 1.0
Aug 01 17:21:42.565303 n-d-850346-5 devstack@placement-api.service[111681]: [pid: 111681|app: 0|req: 571/1141] 10.222.0.72 () {60 vars in 1355 bytes} [Mon Aug 1 17:21:42 2022] DELETE /placement/allocations/caa6215e-caee-47d9-ad35-4f8f16e3f49e => generated 0 bytes in 85 msecs (HTTP/1.1 204) 5 headers in 198 bytes (1 switches on core 0)
Aug 01 17:21:45.493497 n-d-850346-5 devstack@placement-api.service[111682]: DEBUG dbcounter [-] [111682] Writing DB stats placement:SELECT=53,placement:DELETE=8,placement:INSERT=3,placement:UPDATE=2 {{(pid=111682) stat_writer /usr/local/lib/python3.8/dist-packages/dbcounter.py:114}}
Aug 01 17:21:47.322284 n-d-850346-5 devstack@placement-api.service[111682]: DEBUG placement.requestlog [None req-c79a7e7e-96cd-4095-87bb-084de8d98cc5 None None] Starting request: 10.222.0.93 "GET /placement/resource_providers/4e5778f2-1497-443d-8017-805a086b335c/aggregates" {{(pid=111682) __call__ /opt/stack/placement/placement/requestlog.py:55}}
Aug 01 17:21:47.346738 n-d-850346-5 devstack@placement-api.service[111682]: INFO placement.requestlog [None req-c79a7e7e-96cd-4095-87bb-084de8d98cc5 service placement] 10.222.0.93 "GET /placement/resource_providers/4e5778f2-1497-443d-8017-805a086b335c/aggregates" status: 404 len: 235 microversion: 1.1
Aug 01 17:21:47.349098 n-d-850346-5 devstack@placement-api.service[111682]: [pid: 111682|app: 0|req: 571/1142] 10.222.0.93 () {58 vars in 1362 bytes} [Mon Aug 1 17:21:47 2022] GET /placement/resource_providers/4e5778f2-1497-443d-8017-805a086b335c/aggregates => generated 235 bytes in 27 msecs (HTTP/1.1 404) 5 headers in 202 bytes (1 switches on core 0)
Aug 01 17:21:47.383375 n-d-850346-5 devstack@placement-api.service[111681]: DEBUG placement.requestlog [None req-822bc2a7-6037-453b-83a3-0a1c34d7c97e None None] Starting request: 10.222.0.93 "DELETE /placement/resource_providers/4e5778f2-1497-443d-8017-805a086b335c" {{(pid=111681) __call__ /opt/stack/placement/placement/requestlog.py:55}}
Aug 01 17:21:47.411598 n-d-850346-5 devstack@placement-api.service[111681]: DEBUG dbcounter [-] [111681] Writing DB stats placement:SELECT=36,placement:DELETE=6 {{(pid=111681) stat_writer /usr/local/lib/python3.8/dist-packages/dbcounter.py:114}}
Aug 01 17:21:47.417074 n-d-850346-5 devstack@placement-api.service[111681]: DEBUG placement.wsgi_wrapper [None req-822bc2a7-6037-453b-83a3-0a1c34d7c97e service placement] Placement API returning an error response: No resource provider with uuid 4e5778f2-1497-443d-8017-805a086b335c found for delete {{(pid=111681) call_func /opt/stack/placement/placement/wsgi_wrapper.py:31}}
Aug 01 17:21:47.420934 n-d-850346-5 devstack@placement-api.service[111681]: INFO placement.requestlog [None req-822bc2a7-6037-453b-83a3-0a1c34d7c97e service placement] 10.222.0.93 "DELETE /placement/resource_providers/4e5778f2-1497-443d-8017-805a086b335c" status: 404 len: 246 microversion: 1.1
Aug 01 17:21:47.421990 n-d-850346-5 devstack@placement-api.service[111681]: [pid: 111681|app: 0|req: 572/1143] 10.222.0.93 () {60 vars in 1351 bytes} [Mon Aug 1 17:21:47 2022] DELETE /placement/resource_providers/4e5778f2-1497-443d-8017-805a086b335c => generated 246 bytes in 39 msecs (HTTP/1.1 404) 6 headers in 231 bytes (1 switches on core 0)
Aug 01 17:21:52.406069 n-d-850346-5 devstack@placement-api.service[111682]: DEBUG placement.requestlog [None req-0a3029f1-f43c-4328-864a-7256d68f1872 None None] Starting request: 10.222.0.93 "GET /placement/resource_providers/af501c86-f5ae-4d44-9d06-72f3ed73c02b/aggregates" {{(pid=111682) __call__ /opt/stack/placement/placement/requestlog.py:55}}
Aug 01 17:21:52.421392 n-d-850346-5 devstack@placement-api.service[111682]: INFO placement.requestlog [None req-0a3029f1-f43c-4328-864a-7256d68f1872 service placement] 10.222.0.93 "GET /placement/resource_providers/af501c86-f5ae-4d44-9d06-72f3ed73c02b/aggregates" status: 404 len: 235 microversion: 1.1
Aug 01 17:21:52.435270 n-d-850346-5 devstack@placement-api.service[111682]: [pid: 111682|app: 0|req: 572/1144] 10.222.0.93 () {58 vars in 1362 bytes} [Mon Aug 1 17:21:52 2022] GET /placement/resource_providers/af501c86-f5ae-4d44-9d06-72f3ed73c02b/aggregates => generated 235 bytes in 29 msecs (HTTP/1.1 404) 5 headers in 202 bytes (1 switches on core 0)
Aug 01 17:21:52.452764 n-d-850346-5 devstack@placement-api.service[111681]: DEBUG placement.requestlog [None req-fbb38c61-0135-41c8-a872-0b729f2a8230 None None] Starting request: 10.222.0.93 "DELETE /placement/resource_providers/af501c86-f5ae-4d44-9d06-72f3ed73c02b" {{(pid=111681) __call__ /opt/stack/placement/placement/requestlog.py:55}}
Aug 01 17:21:52.468077 n-d-850346-5 devstack@placement-api.service[111681]: DEBUG placement.wsgi_wrapper [None req-fbb38c61-0135-41c8-a872-0b729f2a8230 service placement] Placement API returning an error response: No resource provider with uuid af501c86-f5ae-4d44-9d06-72f3ed73c02b found for delete {{(pid=111681) call_func /opt/stack/placement/placement/wsgi_wrapper.py:31}}
Aug 01 17:21:52.469210 n-d-850346-5 devstack@placement-api.service[111681]: INFO placement.requestlog [None req-fbb38c61-0135-41c8-a872-0b729f2a8230 service placement] 10.222.0.93 "DELETE /placement/resource_providers/af501c86-f5ae-4d44-9d06-72f3ed73c02b" status: 404 len: 246 microversion: 1.1
Aug 01 17:21:52.473412 n-d-850346-5 devstack@placement-api.service[111681]: [pid: 111681|app: 0|req: 573/1145] 10.222.0.93 () {60 vars in 1351 bytes} [Mon Aug 1 17:21:52 2022] DELETE /placement/resource_providers/af501c86-f5ae-4d44-9d06-72f3ed73c02b => generated 246 bytes in 19 msecs (HTTP/1.1 404) 6 headers in 231 bytes (1 switches on core 0)
Aug 01 17:21:55.510908 n-d-850346-5 devstack@placement-api.service[111682]: DEBUG placement.requestlog [None req-e26abae9-260b-4dd8-b062-1087141cf201 None None] Starting request: 10.222.0.93 "GET /placement/resource_providers/d0180a9c-4f9f-4f27-95e4-639b02d398e4/aggregates" {{(pid=111682) __call__ /opt/stack/placement/placement/requestlog.py:55}}
Aug 01 17:21:55.528280 n-d-850346-5 devstack@placement-api.service[111682]: INFO placement.requestlog [None req-e26abae9-260b-4dd8-b062-1087141cf201 service placement] 10.222.0.93 "GET /placement/resource_providers/d0180a9c-4f9f-4f27-95e4-639b02d398e4/aggregates" status: 404 len: 235 microversion: 1.1
Aug 01 17:21:55.530211 n-d-850346-5 devstack@placement-api.service[111682]: [pid: 111682|app: 0|req: 573/1146] 10.222.0.93 () {58 vars in 1362 bytes} [Mon Aug 1 17:21:55 2022] GET /placement/resource_providers/d0180a9c-4f9f-4f27-95e4-639b02d398e4/aggregates => generated 235 bytes in 19 msecs (HTTP/1.1 404) 5 headers in 202 bytes (1 switches on core 0)
Aug 01 17:21:55.573516 n-d-850346-5 devstack@placement-api.service[111681]: DEBUG placement.requestlog [None req-26dc41ca-8dc8-493b-8df3-c7ce85ed598e None None] Starting request: 10.222.0.93 "DELETE /placement/resource_providers/d0180a9c-4f9f-4f27-95e4-639b02d398e4" {{(pid=111681) __call__ /opt/stack/placement/placement/requestlog.py:55}}
Aug 01 17:21:55.583476 n-d-850346-5 devstack@placement-api.service[111681]: DEBUG placement.wsgi_wrapper [None req-26dc41ca-8dc8-493b-8df3-c7ce85ed598e service placement] Placement API returning an error response: No resource provider with uuid d0180a9c-4f9f-4f27-95e4-639b02d398e4 found for delete {{(pid=111681) call_func /opt/stack/placement/placement/wsgi_wrapper.py:31}}
Aug 01 17:21:55.584470 n-d-850346-5 devstack@placement-api.service[111681]: INFO placement.requestlog [None req-26dc41ca-8dc8-493b-8df3-c7ce85ed598e service placement] 10.222.0.93 "DELETE /placement/resource_providers/d0180a9c-4f9f-4f27-95e4-639b02d398e4" status: 404 len: 246 microversion: 1.1
