Jul 26 21:05:05.569903 n-d-850346-2 devstack@placement-api.service[112403]: INFO placement.requestlog [req-be1849f3-229f-4ad8-9110-3b84cf320ce3 req-3e686dc8-d186-4182-884a-9049db4dbdfb service placement] 10.222.0.27 "PUT /placement/allocations/72bb3e13-b574-44f5-93f8-66dffb28b872" status: 204 len: 0 microversion: 1.36
Jul 26 21:05:05.579997 n-d-850346-2 devstack@placement-api.service[112403]: [pid: 112403|app: 0|req: 443/883] 10.222.0.27 () {64 vars in 1433 bytes} [Tue Jul 26 21:05:04 2022] PUT /placement/allocations/72bb3e13-b574-44f5-93f8-66dffb28b872 => generated 0 bytes in 842 msecs (HTTP/1.1 204) 5 headers in 199 bytes (1 switches on core 0)
Jul 26 21:05:08.033786 n-d-850346-2 devstack@placement-api.service[112404]: DEBUG placement.requestlog [req-be1849f3-229f-4ad8-9110-3b84cf320ce3 req-6d342e9d-d8fb-4d95-8f99-0c815e528b9e None None] Starting request: 10.222.0.47 "GET /placement/allocations/72bb3e13-b574-44f5-93f8-66dffb28b872" {{(pid=112404) __call__ /opt/stack/placement/placement/requestlog.py:55}}
Jul 26 21:05:08.054330 n-d-850346-2 devstack@placement-api.service[112404]: INFO placement.requestlog [req-be1849f3-229f-4ad8-9110-3b84cf320ce3 req-6d342e9d-d8fb-4d95-8f99-0c815e528b9e service placement] 10.222.0.47 "GET /placement/allocations/72bb3e13-b574-44f5-93f8-66dffb28b872" status: 200 len: 259 microversion: 1.28
Jul 26 21:05:08.055380 n-d-850346-2 devstack@placement-api.service[112404]: [pid: 112404|app: 0|req: 441/884] 10.222.0.47 () {60 vars in 1377 bytes} [Tue Jul 26 21:05:08 2022] GET /placement/allocations/72bb3e13-b574-44f5-93f8-66dffb28b872 => generated 259 bytes in 22 msecs (HTTP/1.1 200) 8 headers in 296 bytes (1 switches on core 0)
Jul 26 21:05:14.834914 n-d-850346-2 devstack@placement-api.service[112403]: DEBUG placement.requestlog [req-bc2415cf-4fc4-4241-9a35-227482fce439 req-b85643ce-d066-42cd-a8a9-f7e4dbed5266 None None] Starting request: 10.222.0.47 "DELETE /placement/allocations/c883c2bb-bd7f-46c6-8c4a-2daaba46ed38" {{(pid=112403) __call__ /opt/stack/placement/placement/requestlog.py:55}}
Jul 26 21:05:15.010031 n-d-850346-2 devstack@placement-api.service[112403]: DEBUG placement.handlers.allocation [req-bc2415cf-4fc4-4241-9a35-227482fce439 req-b85643ce-d066-42cd-a8a9-f7e4dbed5266 service placement] Successfully deleted allocations [, , ] {{(pid=112403) delete_allocations /opt/stack/placement/placement/handlers/allocation.py:627}}
Jul 26 21:05:15.010031 n-d-850346-2 devstack@placement-api.service[112403]: INFO placement.requestlog [req-bc2415cf-4fc4-4241-9a35-227482fce439 req-b85643ce-d066-42cd-a8a9-f7e4dbed5266 service placement] 10.222.0.47 "DELETE /placement/allocations/c883c2bb-bd7f-46c6-8c4a-2daaba46ed38" status: 204 len: 0 microversion: 1.0
Jul 26 21:05:15.012544 n-d-850346-2 devstack@placement-api.service[112403]: [pid: 112403|app: 0|req: 444/885] 10.222.0.47 () {60 vars in 1355 bytes} [Tue Jul 26 21:05:14 2022] DELETE /placement/allocations/c883c2bb-bd7f-46c6-8c4a-2daaba46ed38 => generated 0 bytes in 178 msecs (HTTP/1.1 204) 5 headers in 198 bytes (2 switches on core 0)
Jul 26 21:05:18.052127 n-d-850346-2 devstack@placement-api.service[112404]: DEBUG dbcounter [-] [112404] Writing DB stats placement:SELECT=65,placement:INSERT=7,placement:DELETE=7,placement:UPDATE=5 {{(pid=112404) stat_writer /usr/local/lib/python3.8/dist-packages/dbcounter.py:114}}
Jul 26 21:05:18.176304 n-d-850346-2 devstack@placement-api.service[112404]: DEBUG placement.requestlog [req-a3548c51-07da-4b94-b8ca-98d87c7de793 req-49f36b59-d058-4484-9812-a2dd376b49d3 None None] Starting request: 10.222.0.57 "GET /placement/allocations/6ccc27c5-7b79-409c-9214-754ff37896e3" {{(pid=112404) __call__ /opt/stack/placement/placement/requestlog.py:55}}
Jul 26 21:05:18.205753 n-d-850346-2 devstack@placement-api.service[112404]: INFO placement.requestlog [req-a3548c51-07da-4b94-b8ca-98d87c7de793 req-49f36b59-d058-4484-9812-a2dd376b49d3 service placement] 10.222.0.57 "GET /placement/allocations/6ccc27c5-7b79-409c-9214-754ff37896e3" status: 200 len: 259 microversion: 1.28
Jul 26 21:05:18.208991 n-d-850346-2 devstack@placement-api.service[112404]: [pid: 112404|app: 0|req: 442/886] 10.222.0.57 () {60 vars in 1377 bytes} [Tue Jul 26 21:05:18 2022] GET /placement/allocations/6ccc27c5-7b79-409c-9214-754ff37896e3 => generated 259 bytes in 33 msecs (HTTP/1.1 200) 8 headers in 296 bytes (1 switches on core 0)
Jul 26 21:05:19.691548 n-d-850346-2 devstack@placement-api.service[112403]: DEBUG placement.requestlog [req-27fb2e2d-3c84-4b55-aa20-223f84112a3c req-d7c21ab0-328c-4ab3-8878-9f41e5defa6a None None] Starting request: 10.222.0.47 "DELETE /placement/allocations/fbc729bf-092a-416e-9835-c5af041d7db2" {{(pid=112403) __call__ /opt/stack/placement/placement/requestlog.py:55}}
Jul 26 21:05:19.877683 n-d-850346-2 devstack@placement-api.service[112403]: DEBUG placement.handlers.allocation [req-27fb2e2d-3c84-4b55-aa20-223f84112a3c req-d7c21ab0-328c-4ab3-8878-9f41e5defa6a service placement] Successfully deleted allocations [, , ] {{(pid=112403) delete_allocations /opt/stack/placement/placement/handlers/allocation.py:627}}
Jul 26 21:05:19.878244 n-d-850346-2 devstack@placement-api.service[112403]: INFO placement.requestlog [req-27fb2e2d-3c84-4b55-aa20-223f84112a3c req-d7c21ab0-328c-4ab3-8878-9f41e5defa6a service placement] 10.222.0.47 "DELETE /placement/allocations/fbc729bf-092a-416e-9835-c5af041d7db2" status: 204 len: 0 microversion: 1.0
Jul 26 21:05:19.878937 n-d-850346-2 devstack@placement-api.service[112403]: [pid: 112403|app: 0|req: 445/887] 10.222.0.47 () {60 vars in 1355 bytes} [Tue Jul 26 21:05:19 2022] DELETE /placement/allocations/fbc729bf-092a-416e-9835-c5af041d7db2 => generated 0 bytes in 187 msecs (HTTP/1.1 204) 5 headers in 198 bytes (2 switches on core 0)
Jul 26 21:05:23.498816 n-d-850346-2 devstack@placement-api.service[112404]: DEBUG placement.requestlog [req-35d3f013-5707-4c90-89ac-e99771c51764 req-4fd04aed-974c-4ccd-abce-f5589628a2e1 None None] Starting request: 10.222.0.27 "GET /placement/allocation_candidates?limit=1000&resources=DISK_GB%3A1%2CMEMORY_MB%3A1024%2CVCPU%3A1&root_required=%21COMPUTE_STATUS_DISABLED" {{(pid=112404) __call__ /opt/stack/placement/placement/requestlog.py:55}}
Jul 26 21:05:23.539206 n-d-850346-2 devstack@placement-api.service[112404]: DEBUG placement.objects.research_context [req-35d3f013-5707-4c90-89ac-e99771c51764 req-4fd04aed-974c-4ccd-abce-f5589628a2e1 service placement] getting providers with 1 DISK_GB {{(pid=112404) __init__ /opt/stack/placement/placement/objects/research_context.py:136}}
Jul 26 21:05:23.545303 n-d-850346-2 devstack@placement-api.service[112404]: DEBUG placement.objects.research_context [req-35d3f013-5707-4c90-89ac-e99771c51764 req-4fd04aed-974c-4ccd-abce-f5589628a2e1 service placement] getting providers with 1024 MEMORY_MB {{(pid=112404) __init__ /opt/stack/placement/placement/objects/research_context.py:136}}
Jul 26 21:05:23.551671 n-d-850346-2 devstack@placement-api.service[112404]: DEBUG placement.objects.research_context [req-35d3f013-5707-4c90-89ac-e99771c51764 req-4fd04aed-974c-4ccd-abce-f5589628a2e1 service placement] getting providers with 1 VCPU {{(pid=112404) __init__ /opt/stack/placement/placement/objects/research_context.py:136}}
Jul 26 21:05:23.557170 n-d-850346-2 devstack@placement-api.service[112404]: DEBUG placement.objects.research_context [req-35d3f013-5707-4c90-89ac-e99771c51764 req-4fd04aed-974c-4ccd-abce-f5589628a2e1 service placement] found 2 providers with available 1 DISK_GB {{(pid=112404) get_provider_ids_matching /opt/stack/placement/placement/objects/research_context.py:563}}
Jul 26 21:05:23.557811 n-d-850346-2 devstack@placement-api.service[112404]: DEBUG placement.objects.research_context [req-35d3f013-5707-4c90-89ac-e99771c51764 req-4fd04aed-974c-4ccd-abce-f5589628a2e1 service placement] found 2 providers with available 1024 MEMORY_MB {{(pid=112404) get_provider_ids_matching /opt/stack/placement/placement/objects/research_context.py:563}}
Jul 26 21:05:23.558286 n-d-850346-2 devstack@placement-api.service[112404]: DEBUG placement.objects.research_context [req-35d3f013-5707-4c90-89ac-e99771c51764 req-4fd04aed-974c-4ccd-abce-f5589628a2e1 service placement] found 2 providers after filtering by previous result {{(pid=112404) get_provider_ids_matching /opt/stack/placement/placement/objects/research_context.py:594}}
Jul 26 21:05:23.558732 n-d-850346-2 devstack@placement-api.service[112404]: DEBUG placement.objects.research_context [req-35d3f013-5707-4c90-89ac-e99771c51764 req-4fd04aed-974c-4ccd-abce-f5589628a2e1 service placement] found 2 providers with available 1 VCPU {{(pid=112404) get_provider_ids_matching /opt/stack/placement/placement/objects/research_context.py:563}}
Jul 26 21:05:23.559189 n-d-850346-2 devstack@placement-api.service[112404]: DEBUG placement.objects.research_context [req-35d3f013-5707-4c90-89ac-e99771c51764 req-4fd04aed-974c-4ccd-abce-f5589628a2e1 service placement] found 2 providers after filtering by previous result {{(pid=112404) get_provider_ids_matching /opt/stack/placement/placement/objects/research_context.py:594}}
Jul 26 21:05:23.571000 n-d-850346-2 devstack@placement-api.service[112404]: DEBUG placement.objects.allocation_candidate [req-35d3f013-5707-4c90-89ac-e99771c51764 req-4fd04aed-974c-4ccd-abce-f5589628a2e1 service placement] RequestGroup(use_same_provider=False, resources={DISK_GB:1, MEMORY_MB:1024, VCPU:1}, traits=(), aggregates=[]) (suffix '') returned 2 matches {{(pid=112404) _get_by_requests /opt/stack/placement/placement/objects/allocation_candidate.py:156}}
Jul 26 21:05:23.571351 n-d-850346-2 devstack@placement-api.service[112404]: DEBUG placement.objects.allocation_candidate [req-35d3f013-5707-4c90-89ac-e99771c51764 req-4fd04aed-974c-4ccd-abce-f5589628a2e1 service placement] Merging candidates yields 2 allocation requests and 2 provider summaries {{(pid=112404) _merge_candidates /opt/stack/placement/placement/objects/allocation_candidate.py:809}}
Jul 26 21:05:23.573035 n-d-850346-2 devstack@placement-api.service[112404]: INFO placement.requestlog [req-35d3f013-5707-4c90-89ac-e99771c51764 req-4fd04aed-974c-4ccd-abce-f5589628a2e1 service placement] 10.222.0.27 "GET /placement/allocation_candidates?limit=1000&resources=DISK_GB%3A1%2CMEMORY_MB%3A1024%2CVCPU%3A1&root_required=%21COMPUTE_STATUS_DISABLED" status: 200 len: 1309 microversion: 1.36
Jul 26 21:05:23.573424 n-d-850346-2 devstack@placement-api.service[112404]: [pid: 112404|app: 0|req: 443/888] 10.222.0.27 () {60 vars in 1506 bytes} [Tue Jul 26 21:05:23 2022] GET /placement/allocation_candidates?limit=1000&resources=DISK_GB%3A1%2CMEMORY_MB%3A1024%2CVCPU%3A1&root_required=%21COMPUTE_STATUS_DISABLED => generated 1309 bytes in 75 msecs (HTTP/1.1 200) 8 headers in 297 bytes (1 switches on core 0)
Jul 26 21:05:23.667261 n-d-850346-2 devstack@placement-api.service[112403]: DEBUG placement.requestlog [req-35d3f013-5707-4c90-89ac-e99771c51764 req-df243091-984b-4b91-ad23-30254395a500 None None] Starting request: 10.222.0.27 "GET /placement/allocations/78d65db3-1448-4917-b692-53bb877195a3" {{(pid=112403) __call__ /opt/stack/placement/placement/requestlog.py:55}}
Jul 26 21:05:23.678020 n-d-850346-2 devstack@placement-api.service[112404]: DEBUG placement.requestlog [req-f49b3ba2-6d1b-4237-b84a-5ad388fddaa2 req-c8968bf7-46f5-4944-b1d5-e5080d52b05d None None] Starting request: 10.222.0.27 "DELETE /placement/allocations/78d65db3-1448-4917-b692-53bb877195a3" {{(pid=112404) __call__ /opt/stack/placement/placement/requestlog.py:55}}
Jul 26 21:05:23.685446 n-d-850346-2 devstack@placement-api.service[112403]: INFO placement.requestlog [req-35d3f013-5707-4c90-89ac-e99771c51764 req-df243091-984b-4b91-ad23-30254395a500 service placement] 10.222.0.27 "GET /placement/allocations/78d65db3-1448-4917-b692-53bb877195a3" status: 200 len: 19 microversion: 1.28
Jul 26 21:05:23.685834 n-d-850346-2 devstack@placement-api.service[112403]: [pid: 112403|app: 0|req: 446/889] 10.222.0.27 () {60 vars in 1380 bytes} [Tue Jul 26 21:05:23 2022] GET /placement/allocations/78d65db3-1448-4917-b692-53bb877195a3 => generated 19 bytes in 19 msecs (HTTP/1.1 200) 8 headers in 295 bytes (1 switches on core 0)
Jul 26 21:05:23.691760 n-d-850346-2 devstack@placement-api.service[112403]: DEBUG placement.requestlog [req-35d3f013-5707-4c90-89ac-e99771c51764 req-befbebdb-66b3-477e-975f-7c90d30b2224 None None] Starting request: 10.222.0.27 "PUT /placement/allocations/78d65db3-1448-4917-b692-53bb877195a3" {{(pid=112403) __call__ /opt/stack/placement/placement/requestlog.py:55}}
Jul 26 21:05:23.693418 n-d-850346-2 devstack@placement-api.service[112404]: DEBUG placement.wsgi_wrapper [req-f49b3ba2-6d1b-4237-b84a-5ad388fddaa2 req-c8968bf7-46f5-4944-b1d5-e5080d52b05d service placement] Placement API returning an error response: No allocations for consumer '78d65db3-1448-4917-b692-53bb877195a3' {{(pid=112404) call_func /opt/stack/placement/placement/wsgi_wrapper.py:31}}
Jul 26 21:05:23.694545 n-d-850346-2 devstack@placement-api.service[112404]: INFO placement.requestlog [req-f49b3ba2-6d1b-4237-b84a-5ad388fddaa2 req-c8968bf7-46f5-4944-b1d5-e5080d52b05d service placement] 10.222.0.27 "DELETE /placement/allocations/78d65db3-1448-4917-b692-53bb877195a3" status: 404 len: 228 microversion: 1.0
Jul 26 21:05:23.695186 n-d-850346-2 devstack@placement-api.service[112404]: [pid: 112404|app: 0|req: 444/890] 10.222.0.27 () {60 vars in 1349 bytes} [Tue Jul 26 21:05:23 2022] DELETE /placement/allocations/78d65db3-1448-4917-b692-53bb877195a3 => generated 228 bytes in 17 msecs (HTTP/1.1 404) 6 headers in 231 bytes (2 switches on core 0)
Jul 26 21:05:23.835343 n-d-850346-2 devstack@placement-api.service[112403]: DEBUG placement.handlers.allocation [req-35d3f013-5707-4c90-89ac-e99771c51764 req-befbebdb-66b3-477e-975f-7c90d30b2224 service placement] Successfully wrote allocations [, , ] {{(pid=112403) _update_consumers_and_create_allocations /opt/stack/placement/placement/handlers/allocation.py:462}}
Jul 26 21:05:23.911783 n-d-850346-2 devstack@placement-api.service[112403]: INFO placement.requestlog [req-35d3f013-5707-4c90-89ac-e99771c51764 req-befbebdb-66b3-477e-975f-7c90d30b2224 service placement] 10.222.0.27 "PUT /placement/allocations/78d65db3-1448-4917-b692-53bb877195a3" status: 204 len: 0 microversion: 1.36
Jul 26 21:05:23.912452 n-d-850346-2 devstack@placement-api.service[112403]: [pid: 112403|app: 0|req: 447/891] 10.222.0.27 () {64 vars in 1433 bytes} [Tue Jul 26 21:05:23 2022] PUT /placement/allocations/78d65db3-1448-4917-b692-53bb877195a3 => generated 0 bytes in 221 msecs (HTTP/1.1 204) 5 headers in 199 bytes (2 switches on core 0)
Jul 26 21:05:24.036310 n-d-850346-2 devstack@placement-api.service[112404]: DEBUG placement.requestlog [req-35d3f013-5707-4c90-89ac-e99771c51764 req-0a677112-a574-4133-a12f-544bb20b3063 None None] Starting request: 10.222.0.27 "DELETE /placement/allocations/78d65db3-1448-4917-b692-53bb877195a3" {{(pid=112404) __call__ /opt/stack/placement/placement/requestlog.py:55}}
Jul 26 21:05:24.346982 n-d-850346-2 devstack@placement-api.service[112404]: DEBUG placement.handlers.allocation [req-35d3f013-5707-4c90-89ac-e99771c51764 req-0a677112-a574-4133-a12f-544bb20b3063 service placement] Successfully deleted allocations [, , ] {{(pid=112404) delete_allocations /opt/stack/placement/placement/handlers/allocation.py:627}}
Jul 26 21:05:24.347491 n-d-850346-2 devstack@placement-api.service[112404]: INFO placement.requestlog [req-35d3f013-5707-4c90-89ac-e99771c51764 req-0a677112-a574-4133-a12f-544bb20b3063 service placement] 10.222.0.27 "DELETE /placement/allocations/78d65db3-1448-4917-b692-53bb877195a3" status: 204 len: 0 microversion: 1.0
Jul 26 21:05:24.347929 n-d-850346-2 devstack@placement-api.service[112404]: [pid: 112404|app: 0|req: 445/892] 10.222.0.27 () {60 vars in 1358 bytes} [Tue Jul 26 21:05:24 2022] DELETE /placement/allocations/78d65db3-1448-4917-b692-53bb877195a3 => generated 0 bytes in 312 msecs (HTTP/1.1 204) 5 headers in 198 bytes (1 switches on core 0)
Jul 26 21:05:24.855002 n-d-850346-2 devstack@placement-api.service[112403]: DEBUG placement.requestlog [req-64960e05-44d6-409f-ab5c-d00e30ae050b req-3ce1ed62-78dc-4210-b451-e5bcd85e02c3 None None] Starting request: 10.222.0.27 "GET /placement/allocation_candidates?limit=1000&resources=DISK_GB%3A1%2CMEMORY_MB%3A1024%2CVCPU%3A1&root_required=%21COMPUTE_STATUS_DISABLED" {{(pid=112403) __call__ /opt/stack/placement/placement/requestlog.py:55}}
Jul 26 21:05:24.909629 n-d-850346-2 devstack@placement-api.service[112403]: DEBUG placement.objects.research_context [req-64960e05-44d6-409f-ab5c-d00e30ae050b req-3ce1ed62-78dc-4210-b451-e5bcd85e02c3 service placement] getting providers with 1 DISK_GB {{(pid=112403) __init__ /opt/stack/placement/placement/objects/research_context.py:136}}
Jul 26 21:05:24.916457 n-d-850346-2 devstack@placement-api.service[112403]: DEBUG placement.objects.research_context [req-64960e05-44d6-409f-ab5c-d00e30ae050b req-3ce1ed62-78dc-4210-b451-e5bcd85e02c3 service placement] getting providers with 1024 MEMORY_MB {{(pid=112403) __init__ /opt/stack/placement/placement/objects/research_context.py:136}}
Jul 26 21:05:24.924362 n-d-850346-2 devstack@placement-api.service[112403]: DEBUG placement.objects.research_context [req-64960e05-44d6-409f-ab5c-d00e30ae050b req-3ce1ed62-78dc-4210-b451-e5bcd85e02c3 service placement] getting providers with 1 VCPU {{(pid=112403) __init__ /opt/stack/placement/placement/objects/research_context.py:136}}
Jul 26 21:05:24.931071 n-d-850346-2 devstack@placement-api.service[112403]: DEBUG placement.objects.research_context [req-64960e05-44d6-409f-ab5c-d00e30ae050b req-3ce1ed62-78dc-4210-b451-e5bcd85e02c3 service placement] found 2 providers with available 1 DISK_GB {{(pid=112403) get_provider_ids_matching /opt/stack/placement/placement/objects/research_context.py:563}}
Jul 26 21:05:24.931584 n-d-850346-2 devstack@placement-api.service[112403]: DEBUG placement.objects.research_context [req-64960e05-44d6-409f-ab5c-d00e30ae050b req-3ce1ed62-78dc-4210-b451-e5bcd85e02c3 service placement] found 2 providers with available 1024 MEMORY_MB {{(pid=112403) get_provider_ids_matching /opt/stack/placement/placement/objects/research_context.py:563}}
Jul 26 21:05:24.932088 n-d-850346-2 devstack@placement-api.service[112403]: DEBUG placement.objects.research_context [req-64960e05-44d6-409f-ab5c-d00e30ae050b req-3ce1ed62-78dc-4210-b451-e5bcd85e02c3 service placement] found 2 providers after filtering by previous result {{(pid=112403) get_provider_ids_matching /opt/stack/placement/placement/objects/research_context.py:594}}
Jul 26 21:05:24.932576 n-d-850346-2 devstack@placement-api.service[112403]: DEBUG placement.objects.research_context [req-64960e05-44d6-409f-ab5c-d00e30ae050b req-3ce1ed62-78dc-4210-b451-e5bcd85e02c3 service placement] found 2 providers with available 1 VCPU {{(pid=112403) get_provider_ids_matching /opt/stack/placement/placement/objects/research_context.py:563}}
Jul 26 21:05:24.933482 n-d-850346-2 devstack@placement-api.service[112403]: DEBUG placement.objects.research_context [req-64960e05-44d6-409f-ab5c-d00e30ae050b req-3ce1ed62-78dc-4210-b451-e5bcd85e02c3 service placement] found 2 providers after filtering by previous result {{(pid=112403) get_provider_ids_matching /opt/stack/placement/placement/objects/research_context.py:594}}
Jul 26 21:05:24.946185 n-d-850346-2 devstack@placement-api.service[112403]: DEBUG placement.objects.allocation_candidate [req-64960e05-44d6-409f-ab5c-d00e30ae050b req-3ce1ed62-78dc-4210-b451-e5bcd85e02c3 service placement] RequestGroup(use_same_provider=False, resources={DISK_GB:1, MEMORY_MB:1024, VCPU:1}, traits=(), aggregates=[]) (suffix '') returned 2 matches {{(pid=112403) _get_by_requests /opt/stack/placement/placement/objects/allocation_candidate.py:156}}
Jul 26 21:05:24.946908 n-d-850346-2 devstack@placement-api.service[112403]: DEBUG placement.objects.allocation_candidate [req-64960e05-44d6-409f-ab5c-d00e30ae050b req-3ce1ed62-78dc-4210-b451-e5bcd85e02c3 service placement] Merging candidates yields 2 allocation requests and 2 provider summaries {{(pid=112403) _merge_candidates /opt/stack/placement/placement/objects/allocation_candidate.py:809}}
Jul 26 21:05:24.949112 n-d-850346-2 devstack@placement-api.service[112403]: INFO placement.requestlog [req-64960e05-44d6-409f-ab5c-d00e30ae050b req-3ce1ed62-78dc-4210-b451-e5bcd85e02c3 service placement] 10.222.0.27 "GET /placement/allocation_candidates?limit=1000&resources=DISK_GB%3A1%2CMEMORY_MB%3A1024%2CVCPU%3A1&root_required=%21COMPUTE_STATUS_DISABLED" status: 200 len: 1309 microversion: 1.36
Jul 26 21:05:24.949748 n-d-850346-2 devstack@placement-api.service[112403]: [pid: 112403|app: 0|req: 448/893] 10.222.0.27 () {60 vars in 1506 bytes} [Tue Jul 26 21:05:24 2022] GET /placement/allocation_candidates?limit=1000&resources=DISK_GB%3A1%2CMEMORY_MB%3A1024%2CVCPU%3A1&root_required=%21COMPUTE_STATUS_DISABLED => generated 1309 bytes in 95 msecs (HTTP/1.1 200) 8 headers in 297 bytes (1 switches on core 0)
Jul 26 21:05:25.015441 n-d-850346-2 devstack@placement-api.service[112404]: DEBUG placement.requestlog [req-64960e05-44d6-409f-ab5c-d00e30ae050b req-afefb15b-cdff-475e-8955-97a07962541c None None] Starting request: 10.222.0.27 "GET /placement/allocations/6b236d73-33e6-44ff-9c4b-d37591ff2b68" {{(pid=112404) __call__ /opt/stack/placement/placement/requestlog.py:55}}
Jul 26 21:05:25.027643 n-d-850346-2 devstack@placement-api.service[112404]: INFO placement.requestlog [req-64960e05-44d6-409f-ab5c-d00e30ae050b req-afefb15b-cdff-475e-8955-97a07962541c service placement] 10.222.0.27 "GET /placement/allocations/6b236d73-33e6-44ff-9c4b-d37591ff2b68" status: 200 len: 19 microversion: 1.28
Jul 26 21:05:25.029041 n-d-850346-2 devstack@placement-api.service[112404]: [pid: 112404|app: 0|req: 446/894] 10.222.0.27 () {60 vars in 1380 bytes} [Tue Jul 26 21:05:25 2022] GET /placement/allocations/6b236d73-33e6-44ff-9c4b-d37591ff2b68 => generated 19 bytes in 14 msecs (HTTP/1.1 200) 8 headers in 295 bytes (1 switches on core 0)
Jul 26 21:05:25.034748 n-d-850346-2 devstack@placement-api.service[112403]: DEBUG placement.requestlog [req-64960e05-44d6-409f-ab5c-d00e30ae050b req-188c1600-bbd0-4f22-b012-c9100ab8bb81 None None] Starting request: 10.222.0.27 "PUT /placement/allocations/6b236d73-33e6-44ff-9c4b-d37591ff2b68" {{(pid=112403) __call__ /opt/stack/placement/placement/requestlog.py:55}}
Jul 26 21:05:25.066813 n-d-850346-2 devstack@placement-api.service[112403]: DEBUG dbcounter [-] [112403] Writing DB stats placement:SELECT=78,placement:INSERT=10,placement:DELETE=8,placement:UPDATE=4 {{(pid=112403) stat_writer /usr/local/lib/python3.8/dist-packages/dbcounter.py:114}}
Jul 26 21:05:25.155450 n-d-850346-2 devstack@placement-api.service[112403]: DEBUG placement.handlers.allocation [req-64960e05-44d6-409f-ab5c-d00e30ae050b req-188c1600-bbd0-4f22-b012-c9100ab8bb81 service placement] Successfully wrote allocations [, , ] {{(pid=112403) _update_consumers_and_create_allocations /opt/stack/placement/placement/handlers/allocation.py:462}}
Jul 26 21:05:25.176254 n-d-850346-2 devstack@placement-api.service[112404]: DEBUG placement.requestlog [req-972421d6-f3b6-4da4-bb56-4b2bdf0f9782 req-73fd5911-18b5-40f0-a577-d53ca28dc3fa None None] Starting request: 10.222.0.57 "DELETE /placement/allocations/627c6985-74d0-4613-be6d-594deb213d3d" {{(pid=112404) __call__ /opt/stack/placement/placement/requestlog.py:55}}
Jul 26 21:05:25.248708 n-d-850346-2 devstack@placement-api.service[112403]: INFO placement.requestlog [req-64960e05-44d6-409f-ab5c-d00e30ae050b req-188c1600-bbd0-4f22-b012-c9100ab8bb81 service placement] 10.222.0.27 "PUT /placement/allocations/6b236d73-33e6-44ff-9c4b-d37591ff2b68" status: 204 len: 0 microversion: 1.36
Jul 26 21:05:25.249322 n-d-850346-2 devstack@placement-api.service[112403]: [pid: 112403|app: 0|req: 449/895] 10.222.0.27 () {64 vars in 1433 bytes} [Tue Jul 26 21:05:25 2022] PUT /placement/allocations/6b236d73-33e6-44ff-9c4b-d37591ff2b68 => generated 0 bytes in 215 msecs (HTTP/1.1 204) 5 headers in 199 bytes (1 switches on core 0)
Jul 26 21:05:25.388871 n-d-850346-2 devstack@placement-api.service[112404]: DEBUG placement.handlers.allocation [req-972421d6-f3b6-4da4-bb56-4b2bdf0f9782 req-73fd5911-18b5-40f0-a577-d53ca28dc3fa service placement] Successfully deleted allocations [, , ] {{(pid=112404) delete_allocations /opt/stack/placement/placement/handlers/allocation.py:627}}
Jul 26 21:05:25.389714 n-d-850346-2 devstack@placement-api.service[112404]: INFO placement.requestlog [req-972421d6-f3b6-4da4-bb56-4b2bdf0f9782 req-73fd5911-18b5-40f0-a577-d53ca28dc3fa service placement] 10.222.0.57 "DELETE /placement/allocations/627c6985-74d0-4613-be6d-594deb213d3d" status: 204 len: 0 microversion: 1.0
Jul 26 21:05:25.390153 n-d-850346-2 devstack@placement-api.service[112404]: [pid: 112404|app: 0|req: 447/896] 10.222.0.57 () {60 vars in 1355 bytes} [Tue Jul 26 21:05:25 2022] DELETE /placement/allocations/627c6985-74d0-4613-be6d-594deb213d3d => generated 0 bytes in 214 msecs (HTTP/1.1 204) 5 headers in 198 bytes (2 switches on core 0)
Jul 26 21:05:26.140531 n-d-850346-2 devstack@placement-api.service[112403]: DEBUG placement.requestlog [req-64960e05-44d6-409f-ab5c-d00e30ae050b req-01d27272-81d3-49c5-84f0-662ec56e7b96 None None] Starting request: 10.222.0.47 "GET /placement/allocations/6b236d73-33e6-44ff-9c4b-d37591ff2b68" {{(pid=112403) __call__ /opt/stack/placement/placement/requestlog.py:55}}
Jul 26 21:05:26.174312 n-d-850346-2 devstack@placement-api.service[112403]: INFO placement.requestlog [req-64960e05-44d6-409f-ab5c-d00e30ae050b req-01d27272-81d3-49c5-84f0-662ec56e7b96 service placement] 10.222.0.47 "GET /placement/allocations/6b236d73-33e6-44ff-9c4b-d37591ff2b68" status: 200 len: 259 microversion: 1.28
Jul 26 21:05:26.175047 n-d-850346-2 devstack@placement-api.service[112403]: [pid: 112403|app: 0|req: 450/897] 10.222.0.47 () {60 vars in 1377 bytes} [Tue Jul 26 21:05:26 2022] GET /placement/allocations/6b236d73-33e6-44ff-9c4b-d37591ff2b68 => generated 259 bytes in 35 msecs (HTTP/1.1 200) 8 headers in 296 bytes (1 switches on core 0)
Jul 26 21:05:29.855685 n-d-850346-2 devstack@placement-api.service[112404]: DEBUG placement.requestlog [req-b20f64f1-2804-4c03-b3f5-b51801e97130 req-21612bcd-27fc-4654-bb8a-248e945e43e6 None None] Starting request: 10.222.0.57 "DELETE /placement/allocations/9b6969ca-be28-42f1-b4e4-c386dfe160d4" {{(pid=112404) __call__ /opt/stack/placement/placement/requestlog.py:55}}
Jul 26 21:05:30.020064 n-d-850346-2 devstack@placement-api.service[112404]: DEBUG placement.handlers.allocation [req-b20f64f1-2804-4c03-b3f5-b51801e97130 req-21612bcd-27fc-4654-bb8a-248e945e43e6 service placement] Successfully deleted allocations [, , ] {{(pid=112404) delete_allocations /opt/stack/placement/placement/handlers/allocation.py:627}}
Jul 26 21:05:30.020860 n-d-850346-2 devstack@placement-api.service[112404]: INFO placement.requestlog [req-b20f64f1-2804-4c03-b3f5-b51801e97130 req-21612bcd-27fc-4654-bb8a-248e945e43e6 service placement] 10.222.0.57 "DELETE /placement/allocations/9b6969ca-be28-42f1-b4e4-c386dfe160d4" status: 204 len: 0 microversion: 1.0
Jul 26 21:05:30.021652 n-d-850346-2 devstack@placement-api.service[112404]: [pid: 112404|app: 0|req: 448/898] 10.222.0.57 () {60 vars in 1355 bytes} [Tue Jul 26 21:05:29 2022] DELETE /placement/allocations/9b6969ca-be28-42f1-b4e4-c386dfe160d4 => generated 0 bytes in 166 msecs (HTTP/1.1 204) 5 headers in 198 bytes (1 switches on core 0)
Jul 26 21:05:36.171423 n-d-850346-2 devstack@placement-api.service[112403]: DEBUG dbcounter [-] [112403] Writing DB stats placement:INSERT=4,placement:SELECT=10,placement:DELETE=2,placement:UPDATE=2 {{(pid=112403) stat_writer /usr/local/lib/python3.8/dist-packages/dbcounter.py:114}}
Jul 26 21:05:37.834284 n-d-850346-2 devstack@placement-api.service[112403]: DEBUG placement.requestlog [req-a9424c39-6bf1-423b-8d08-9d2ad495c2ad req-017d533e-5ddd-47e7-88a2-ddc6eddb2de6 None None] Starting request: 10.222.0.57 "GET /placement/resource_providers/62580921-1666-42b4-a5a8-f3b3cbeb73a0/allocations" {{(pid=112403) __call__ /opt/stack/placement/placement/requestlog.py:55}}
Jul 26 21:05:37.868019 n-d-850346-2 devstack@placement-api.service[112403]: INFO placement.requestlog [req-a9424c39-6bf1-423b-8d08-9d2ad495c2ad req-017d533e-5ddd-47e7-88a2-ddc6eddb2de6 service placement] 10.222.0.57 "GET /placement/resource_providers/62580921-1666-42b4-a5a8-f3b3cbeb73a0/allocations" status: 200 len: 457 microversion: 1.0
Jul 26 21:05:37.868588 n-d-850346-2 devstack@placement-api.service[112403]: [pid: 112403|app: 0|req: 451/899] 10.222.0.57 () {58 vars in 1390 bytes} [Tue Jul 26 21:05:37 2022] GET /placement/resource_providers/62580921-1666-42b4-a5a8-f3b3cbeb73a0/allocations => generated 457 bytes in 35 msecs (HTTP/1.1 200) 6 headers in 224 bytes (1 switches on core 0)
Jul 26 21:05:39.364922 n-d-850346-2 devstack@placement-api.service[112404]: DEBUG placement.requestlog [req-07ac6f19-bb05-4d7e-9518-206bc1342b03 req-c64775ff-fe67-4cd6-a4b4-b5c083c2e2ec None None] Starting request: 10.222.0.57 "DELETE /placement/allocations/745e1dbc-c81e-44e0-9600-ac82b8479952" {{(pid=112404) __call__ /opt/stack/placement/placement/requestlog.py:55}}
Jul 26 21:05:39.463777 n-d-850346-2 devstack@placement-api.service[112403]: DEBUG placement.requestlog [req-3a2490e3-66e1-4dc2-b3af-4227f781b796 req-d9f6af45-9d51-4bfb-87ed-38e1774e8221 None None] Starting request: 10.222.0.47 "GET /placement/resource_providers/ff6cc351-2cf9-49db-9cac-7c88a3395c44/allocations" {{(pid=112403) __call__ /opt/stack/placement/placement/requestlog.py:55}}
Jul 26 21:05:39.488374 n-d-850346-2 devstack@placement-api.service[112403]: INFO placement.requestlog [req-3a2490e3-66e1-4dc2-b3af-4227f781b796 req-d9f6af45-9d51-4bfb-87ed-38e1774e8221 service placement] 10.222.0.47 "GET /placement/resource_providers/ff6cc351-2cf9-49db-9cac-7c88a3395c44/allocations" status: 200 len: 342 microversion: 1.0
Jul 26 21:05:39.488636 n-d-850346-2 devstack@placement-api.service[112403]: [pid: 112403|app: 0|req: 452/900] 10.222.0.47 () {58 vars in 1390 bytes} [Tue Jul 26 21:05:39 2022] GET /placement/resource_providers/ff6cc351-2cf9-49db-9cac-7c88a3395c44/allocations => generated 342 bytes in 25 msecs (HTTP/1.1 200) 6 headers in 224 bytes (2 switches on core 0)
Jul 26 21:05:39.541858 n-d-850346-2 devstack@placement-api.service[112404]: DEBUG placement.handlers.allocation [req-07ac6f19-bb05-4d7e-9518-206bc1342b03 req-c64775ff-fe67-4cd6-a4b4-b5c083c2e2ec service placement] Successfully deleted allocations [, , ] {{(pid=112404) delete_allocations /opt/stack/placement/placement/handlers/allocation.py:627}}
Jul 26 21:05:39.542597 n-d-850346-2 devstack@placement-api.service[112404]: INFO placement.requestlog [req-07ac6f19-bb05-4d7e-9518-206bc1342b03 req-c64775ff-fe67-4cd6-a4b4-b5c083c2e2ec service placement] 10.222.0.57 "DELETE /placement/allocations/745e1dbc-c81e-44e0-9600-ac82b8479952" status: 204 len: 0 microversion: 1.0
Jul 26 21:05:39.545094 n-d-850346-2 devstack@placement-api.service[112404]: [pid: 112404|app: 0|req: 449/901] 10.222.0.57 () {60 vars in 1355 bytes} [Tue Jul 26 21:05:39 2022] DELETE /placement/allocations/745e1dbc-c81e-44e0-9600-ac82b8479952 => generated 0 bytes in 180 msecs (HTTP/1.1 204) 5 headers in 198 bytes (1 switches on core 0)
Jul 26 21:05:43.618073 n-d-850346-2 devstack@placement-api.service[112403]: DEBUG placement.requestlog [req-da711b91-58f0-416d-96c1-3d338d5ddc21 req-17118adb-f31b-4dd9-a9ef-ead81b0392b8 None None] Starting request: 10.222.0.47 "DELETE /placement/allocations/6b236d73-33e6-44ff-9c4b-d37591ff2b68" {{(pid=112403) __call__ /opt/stack/placement/placement/requestlog.py:55}}
Jul 26 21:05:43.814805 n-d-850346-2 devstack@placement-api.service[112403]: DEBUG placement.handlers.allocation [req-da711b91-58f0-416d-96c1-3d338d5ddc21 req-17118adb-f31b-4dd9-a9ef-ead81b0392b8 service placement] Successfully deleted allocations [, , ] {{(pid=112403) delete_allocations /opt/stack/placement/placement/handlers/allocation.py:627}}
Jul 26 21:05:43.815320 n-d-850346-2 devstack@placement-api.service[112403]: INFO placement.requestlog [req-da711b91-58f0-416d-96c1-3d338d5ddc21 req-17118adb-f31b-4dd9-a9ef-ead81b0392b8 service placement] 10.222.0.47 "DELETE /placement/allocations/6b236d73-33e6-44ff-9c4b-d37591ff2b68" status: 204 len: 0 microversion: 1.0
Jul 26 21:05:43.815994 n-d-850346-2 devstack@placement-api.service[112403]: [pid: 112403|app: 0|req: 453/902] 10.222.0.47 () {60 vars in 1355 bytes} [Tue Jul 26 21:05:43 2022] DELETE /placement/allocations/6b236d73-33e6-44ff-9c4b-d37591ff2b68 => generated 0 bytes in 198 msecs (HTTP/1.1 204) 5 headers in 198 bytes (1 switches on core 0)
Jul 26 21:05:46.106945 n-d-850346-2 devstack@placement-api.service[112404]: DEBUG placement.requestlog [req-ff9c2282-cdd0-430d-82ac-df4ceba3ea4c req-1292b068-39da-4dbd-ad56-f02f26419371 None None] Starting request: 10.222.0.27 "GET /placement/allocation_candidates?limit=1000&resources=DISK_GB%3A1%2CMEMORY_MB%3A1024%2CVCPU%3A1&root_required=%21COMPUTE_STATUS_DISABLED" {{(pid=112404) __call__ /opt/stack/placement/placement/requestlog.py:55}}
Jul 26 21:05:46.174300 n-d-850346-2 devstack@placement-api.service[112404]: DEBUG placement.objects.research_context [req-ff9c2282-cdd0-430d-82ac-df4ceba3ea4c req-1292b068-39da-4dbd-ad56-f02f26419371 service placement] getting providers with 1 DISK_GB {{(pid=112404) __init__ /opt/stack/placement/placement/objects/research_context.py:136}}
Jul 26 21:05:46.181558 n-d-850346-2 devstack@placement-api.service[112404]: DEBUG placement.objects.research_context [req-ff9c2282-cdd0-430d-82ac-df4ceba3ea4c req-1292b068-39da-4dbd-ad56-f02f26419371 service placement] getting providers with 1024 MEMORY_MB {{(pid=112404) __init__ /opt/stack/placement/placement/objects/research_context.py:136}}
Jul 26 21:05:46.190576 n-d-850346-2 devstack@placement-api.service[112404]: DEBUG placement.objects.research_context [req-ff9c2282-cdd0-430d-82ac-df4ceba3ea4c req-1292b068-39da-4dbd-ad56-f02f26419371 service placement] getting providers with 1 VCPU {{(pid=112404) __init__ /opt/stack/placement/placement/objects/research_context.py:136}}
Jul 26 21:05:46.197723 n-d-850346-2 devstack@placement-api.service[112404]: DEBUG placement.objects.research_context [req-ff9c2282-cdd0-430d-82ac-df4ceba3ea4c req-1292b068-39da-4dbd-ad56-f02f26419371 service placement] found 2 providers with available 1 DISK_GB {{(pid=112404) get_provider_ids_matching /opt/stack/placement/placement/objects/research_context.py:563}}
Jul 26 21:05:46.198159 n-d-850346-2 devstack@placement-api.service[112404]: DEBUG placement.objects.research_context [req-ff9c2282-cdd0-430d-82ac-df4ceba3ea4c req-1292b068-39da-4dbd-ad56-f02f26419371 service placement] found 2 providers with available 1024 MEMORY_MB {{(pid=112404) get_provider_ids_matching /opt/stack/placement/placement/objects/research_context.py:563}}
Jul 26 21:05:46.198596 n-d-850346-2 devstack@placement-api.service[112404]: DEBUG placement.objects.research_context [req-ff9c2282-cdd0-430d-82ac-df4ceba3ea4c req-1292b068-39da-4dbd-ad56-f02f26419371 service placement] found 2 providers after filtering by previous result {{(pid=112404) get_provider_ids_matching /opt/stack/placement/placement/objects/research_context.py:594}}
Jul 26 21:05:46.199011 n-d-850346-2 devstack@placement-api.service[112404]: DEBUG placement.objects.research_context [req-ff9c2282-cdd0-430d-82ac-df4ceba3ea4c req-1292b068-39da-4dbd-ad56-f02f26419371 service placement] found 2 providers with available 1 VCPU {{(pid=112404) get_provider_ids_matching /opt/stack/placement/placement/objects/research_context.py:563}}
Jul 26 21:05:46.199422 n-d-850346-2 devstack@placement-api.service[112404]: DEBUG placement.objects.research_context [req-ff9c2282-cdd0-430d-82ac-df4ceba3ea4c req-1292b068-39da-4dbd-ad56-f02f26419371 service placement] found 2 providers after filtering by previous result {{(pid=112404) get_provider_ids_matching /opt/stack/placement/placement/objects/research_context.py:594}}
Jul 26 21:05:46.212640 n-d-850346-2 devstack@placement-api.service[112404]: DEBUG placement.objects.allocation_candidate [req-ff9c2282-cdd0-430d-82ac-df4ceba3ea4c req-1292b068-39da-4dbd-ad56-f02f26419371 service placement] RequestGroup(use_same_provider=False, resources={DISK_GB:1, MEMORY_MB:1024, VCPU:1}, traits=(), aggregates=[]) (suffix '') returned 2 matches {{(pid=112404) _get_by_requests /opt/stack/placement/placement/objects/allocation_candidate.py:156}}
Jul 26 21:05:46.213119 n-d-850346-2 devstack@placement-api.service[112404]: DEBUG placement.objects.allocation_candidate [req-ff9c2282-cdd0-430d-82ac-df4ceba3ea4c req-1292b068-39da-4dbd-ad56-f02f26419371 service placement] Merging candidates yields 2 allocation requests and 2 provider summaries {{(pid=112404) _merge_candidates /opt/stack/placement/placement/objects/allocation_candidate.py:809}}
Jul 26 21:05:46.215016 n-d-850346-2 devstack@placement-api.service[112404]: INFO placement.requestlog [req-ff9c2282-cdd0-430d-82ac-df4ceba3ea4c req-1292b068-39da-4dbd-ad56-f02f26419371 service placement] 10.222.0.27 "GET /placement/allocation_candidates?limit=1000&resources=DISK_GB%3A1%2CMEMORY_MB%3A1024%2CVCPU%3A1&root_required=%21COMPUTE_STATUS_DISABLED" status: 200 len: 1309 microversion: 1.36
Jul 26 21:05:46.215426 n-d-850346-2 devstack@placement-api.service[112404]: [pid: 112404|app: 0|req: 450/903] 10.222.0.27 () {60 vars in 1506 bytes} [Tue Jul 26 21:05:46 2022] GET /placement/allocation_candidates?limit=1000&resources=DISK_GB%3A1%2CMEMORY_MB%3A1024%2CVCPU%3A1&root_required=%21COMPUTE_STATUS_DISABLED => generated 1309 bytes in 109 msecs (HTTP/1.1 200) 8 headers in 297 bytes (1 switches on core 0)
Jul 26 21:05:46.321128 n-d-850346-2 devstack@placement-api.service[112403]: DEBUG placement.requestlog [req-ff9c2282-cdd0-430d-82ac-df4ceba3ea4c req-50525afa-bfbd-4cfb-bd6c-7d9b0f6edffe None None] Starting request: 10.222.0.27 "GET /placement/allocations/15fb0332-fd9e-40a0-8784-8a4a53020a33" {{(pid=112403) __call__ /opt/stack/placement/placement/requestlog.py:55}}
Jul 26 21:05:46.341770 n-d-850346-2 devstack@placement-api.service[112403]: INFO placement.requestlog [req-ff9c2282-cdd0-430d-82ac-df4ceba3ea4c req-50525afa-bfbd-4cfb-bd6c-7d9b0f6edffe service placement] 10.222.0.27 "GET /placement/allocations/15fb0332-fd9e-40a0-8784-8a4a53020a33" status: 200 len: 19 microversion: 1.28
Jul 26 21:05:46.342403 n-d-850346-2 devstack@placement-api.service[112403]: [pid: 112403|app: 0|req: 454/904] 10.222.0.27 () {60 vars in 1380 bytes} [Tue Jul 26 21:05:46 2022] GET /placement/allocations/15fb0332-fd9e-40a0-8784-8a4a53020a33 => generated 19 bytes in 22 msecs (HTTP/1.1 200) 8 headers in 295 bytes (1 switches on core 0)
Jul 26 21:05:46.356792 n-d-850346-2 devstack@placement-api.service[112404]: DEBUG placement.requestlog [req-ff9c2282-cdd0-430d-82ac-df4ceba3ea4c req-63939cd4-dfa4-417e-9630-6709d588d792 None None] Starting request: 10.222.0.27 "PUT /placement/allocations/15fb0332-fd9e-40a0-8784-8a4a53020a33" {{(pid=112404) __call__ /opt/stack/placement/placement/requestlog.py:55}}
Jul 26 21:05:46.524902 n-d-850346-2 devstack@placement-api.service[112404]: DEBUG placement.handlers.allocation [req-ff9c2282-cdd0-430d-82ac-df4ceba3ea4c req-63939cd4-dfa4-417e-9630-6709d588d792 service placement] Successfully wrote allocations [, , ] {{(pid=112404) _update_consumers_and_create_allocations /opt/stack/placement/placement/handlers/allocation.py:462}}
Jul 26 21:05:46.619759 n-d-850346-2 devstack@placement-api.service[112404]: INFO placement.requestlog [req-ff9c2282-cdd0-430d-82ac-df4ceba3ea4c req-63939cd4-dfa4-417e-9630-6709d588d792 service placement] 10.222.0.27 "PUT /placement/allocations/15fb0332-fd9e-40a0-8784-8a4a53020a33" status: 204 len: 0 microversion: 1.36
Jul 26 21:05:46.620554 n-d-850346-2 devstack@placement-api.service[112404]: [pid: 112404|app: 0|req: 451/905] 10.222.0.27 () {64 vars in 1433 bytes} [Tue Jul 26 21:05:46 2022] PUT /placement/allocations/15fb0332-fd9e-40a0-8784-8a4a53020a33 => generated 0 bytes in 264 msecs (HTTP/1.1 204) 5 headers in 199 bytes (1 switches on core 0)
Jul 26 21:05:47.144637 n-d-850346-2 devstack@placement-api.service[112403]: DEBUG placement.requestlog [None req-37406cbe-0ec2-4ba1-9ec6-97fc1835b53f None None] Starting request: 10.222.0.27 "GET /placement/resource_providers/9710cd90-3799-457a-8efc-2161fd54bab1/aggregates" {{(pid=112403) __call__ /opt/stack/placement/placement/requestlog.py:55}}
Jul 26 21:05:47.180325 n-d-850346-2 devstack@placement-api.service[112403]: INFO placement.requestlog [None req-37406cbe-0ec2-4ba1-9ec6-97fc1835b53f service placement] 10.222.0.27 "GET /placement/resource_providers/9710cd90-3799-457a-8efc-2161fd54bab1/aggregates" status: 404 len: 235 microversion: 1.1
Jul 26 21:05:47.185707 n-d-850346-2 devstack@placement-api.service[112403]: [pid: 112403|app: 0|req: 455/906] 10.222.0.27 () {58 vars in 1362 bytes} [Tue Jul 26 21:05:47 2022] GET /placement/resource_providers/9710cd90-3799-457a-8efc-2161fd54bab1/aggregates => generated 235 bytes in 41 msecs (HTTP/1.1 404) 5 headers in 202 bytes (1 switches on core 0)
Jul 26 21:05:47.192961 n-d-850346-2 devstack@placement-api.service[112404]: DEBUG placement.requestlog [None req-d473ec96-14b7-4bd2-9667-170c0152272b None None] Starting request: 10.222.0.27 "DELETE /placement/resource_providers/9710cd90-3799-457a-8efc-2161fd54bab1" {{(pid=112404) __call__ /opt/stack/placement/placement/requestlog.py:55}}
Jul 26 21:05:47.221126 n-d-850346-2 devstack@placement-api.service[112404]: DEBUG placement.wsgi_wrapper [None req-d473ec96-14b7-4bd2-9667-170c0152272b service placement] Placement API returning an error response: No resource provider with uuid 9710cd90-3799-457a-8efc-2161fd54bab1 found for delete {{(pid=112404) call_func /opt/stack/placement/placement/wsgi_wrapper.py:31}}
Jul 26 21:05:47.222048 n-d-850346-2 devstack@placement-api.service[112404]: INFO placement.requestlog [None req-d473ec96-14b7-4bd2-9667-170c0152272b service placement] 10.222.0.27 "DELETE /placement/resource_providers/9710cd90-3799-457a-8efc-2161fd54bab1" status: 404 len: 246 microversion: 1.1
Jul 26 21:05:47.222917 n-d-850346-2 devstack@placement-api.service[112404]: [pid: 112404|app: 0|req: 452/907] 10.222.0.27 () {60 vars in 1351 bytes} [Tue Jul 26 21:05:47 2022] DELETE /placement/resource_providers/9710cd90-3799-457a-8efc-2161fd54bab1 => generated 246 bytes in 30 msecs (HTTP/1.1 404) 6 headers in 231 bytes (1 switches on core 0)
Jul 26 21:05:47.805953 n-d-850346-2 devstack@placement-api.service[112403]: DEBUG placement.requestlog [req-ff9c2282-cdd0-430d-82ac-df4ceba3ea4c req-43a6fec3-4039-44c4-b5e1-18f18662be26 None None] Starting request: 10.222.0.47 "GET /placement/allocations/15fb0332-fd9e-40a0-8784-8a4a53020a33" {{(pid=112403) __call__ /opt/stack/placement/placement/requestlog.py:55}}
Jul 26 21:05:47.840808 n-d-850346-2 devstack@placement-api.service[112403]: INFO placement.requestlog [req-ff9c2282-cdd0-430d-82ac-df4ceba3ea4c req-43a6fec3-4039-44c4-b5e1-18f18662be26 service placement] 10.222.0.47 "GET /placement/allocations/15fb0332-fd9e-40a0-8784-8a4a53020a33" status: 200 len: 259 microversion: 1.28
Jul 26 21:05:47.842634 n-d-850346-2 devstack@placement-api.service[112403]: [pid: 112403|app: 0|req: 456/908] 10.222.0.47 () {60 vars in 1377 bytes} [Tue Jul 26 21:05:47 2022] GET /placement/allocations/15fb0332-fd9e-40a0-8784-8a4a53020a33 => generated 259 bytes in 38 msecs (HTTP/1.1 200) 8 headers in 296 bytes (1 switches on core 0)
Jul 26 21:05:57.259868 n-d-850346-2 devstack@placement-api.service[112404]: DEBUG dbcounter [-] [112404] Writing DB stats placement:SELECT=75,placement:DELETE=10,placement:INSERT=4,placement:UPDATE=2 {{(pid=112404) stat_writer /usr/local/lib/python3.8/dist-packages/dbcounter.py:114}}
Jul 26 21:05:57.837079 n-d-850346-2 devstack@placement-api.service[112403]: DEBUG dbcounter [-] [112403] Writing DB stats placement:SELECT=27,placement:DELETE=2 {{(pid=112403) stat_writer /usr/local/lib/python3.8/dist-packages/dbcounter.py:114}}
Jul 26 21:06:08.216691 n-d-850346-2 devstack@placement-api.service[112404]: DEBUG placement.requestlog [req-d3ed40e3-3c37-462b-b009-7a7551bc7543 req-ed2b9376-4598-42c0-b9b7-3d3b6ed99c2a None None] Starting request: 10.222.0.27 "GET /placement/allocation_candidates?limit=1000&resources=DISK_GB%3A1%2CMEMORY_MB%3A1024%2CVCPU%3A1&root_required=%21COMPUTE_STATUS_DISABLED" {{(pid=112404) __call__ /opt/stack/placement/placement/requestlog.py:55}}
Jul 26 21:06:08.619912 n-d-850346-2 devstack@placement-api.service[112404]: DEBUG placement.objects.research_context [req-d3ed40e3-3c37-462b-b009-7a7551bc7543 req-ed2b9376-4598-42c0-b9b7-3d3b6ed99c2a service placement] getting providers with 1 DISK_GB {{(pid=112404) __init__ /opt/stack/placement/placement/objects/research_context.py:136}}
Jul 26 21:06:08.640545 n-d-850346-2 devstack@placement-api.service[112404]: DEBUG placement.objects.research_context [req-d3ed40e3-3c37-462b-b009-7a7551bc7543 req-ed2b9376-4598-42c0-b9b7-3d3b6ed99c2a service placement] getting providers with 1024 MEMORY_MB {{(pid=112404) __init__ /opt/stack/placement/placement/objects/research_context.py:136}}
Jul 26 21:06:08.654939 n-d-850346-2 devstack@placement-api.service[112404]: DEBUG placement.objects.research_context [req-d3ed40e3-3c37-462b-b009-7a7551bc7543 req-ed2b9376-4598-42c0-b9b7-3d3b6ed99c2a service placement] getting providers with 1 VCPU {{(pid=112404) __init__ /opt/stack/placement/placement/objects/research_context.py:136}}
Jul 26 21:06:08.669954 n-d-850346-2 devstack@placement-api.service[112404]: DEBUG placement.objects.research_context [req-d3ed40e3-3c37-462b-b009-7a7551bc7543 req-ed2b9376-4598-42c0-b9b7-3d3b6ed99c2a service placement] found 2 providers with available 1 DISK_GB {{(pid=112404) get_provider_ids_matching /opt/stack/placement/placement/objects/research_context.py:563}}
Jul 26 21:06:08.670459 n-d-850346-2 devstack@placement-api.service[112404]: DEBUG placement.objects.research_context [req-d3ed40e3-3c37-462b-b009-7a7551bc7543 req-ed2b9376-4598-42c0-b9b7-3d3b6ed99c2a service placement] found 2 providers with available 1024 MEMORY_MB {{(pid=112404) get_provider_ids_matching /opt/stack/placement/placement/objects/research_context.py:563}}
Jul 26 21:06:08.671805 n-d-850346-2 devstack@placement-api.service[112404]: DEBUG placement.objects.research_context [req-d3ed40e3-3c37-462b-b009-7a7551bc7543 req-ed2b9376-4598-42c0-b9b7-3d3b6ed99c2a service placement] found 2 providers after filtering by previous result {{(pid=112404) get_provider_ids_matching /opt/stack/placement/placement/objects/research_context.py:594}}
Jul 26 21:06:08.685551 n-d-850346-2 devstack@placement-api.service[112404]: DEBUG placement.objects.research_context [req-d3ed40e3-3c37-462b-b009-7a7551bc7543 req-ed2b9376-4598-42c0-b9b7-3d3b6ed99c2a service placement] found 2 providers with available 1 VCPU {{(pid=112404) get_provider_ids_matching /opt/stack/placement/placement/objects/research_context.py:563}}
Jul 26 21:06:08.688344 n-d-850346-2 devstack@placement-api.service[112404]: DEBUG placement.objects.research_context [req-d3ed40e3-3c37-462b-b009-7a7551bc7543 req-ed2b9376-4598-42c0-b9b7-3d3b6ed99c2a service placement] found 2 providers after filtering by previous result {{(pid=112404) get_provider_ids_matching /opt/stack/placement/placement/objects/research_context.py:594}}
Jul 26 21:06:08.717711 n-d-850346-2 devstack@placement-api.service[112404]: DEBUG placement.objects.allocation_candidate [req-d3ed40e3-3c37-462b-b009-7a7551bc7543 req-ed2b9376-4598-42c0-b9b7-3d3b6ed99c2a service placement] RequestGroup(use_same_provider=False, resources={DISK_GB:1, MEMORY_MB:1024, VCPU:1}, traits=(), aggregates=[]) (suffix '') returned 2 matches {{(pid=112404) _get_by_requests /opt/stack/placement/placement/objects/allocation_candidate.py:156}}
Jul 26 21:06:08.718971 n-d-850346-2 devstack@placement-api.service[112404]: DEBUG placement.objects.allocation_candidate [req-d3ed40e3-3c37-462b-b009-7a7551bc7543 req-ed2b9376-4598-42c0-b9b7-3d3b6ed99c2a service placement] Merging candidates yields 2 allocation requests and 2 provider summaries {{(pid=112404) _merge_candidates /opt/stack/placement/placement/objects/allocation_candidate.py:809}}
Jul 26 21:06:08.724031 n-d-850346-2 devstack@placement-api.service[112404]: INFO placement.requestlog [req-d3ed40e3-3c37-462b-b009-7a7551bc7543 req-ed2b9376-4598-42c0-b9b7-3d3b6ed99c2a service placement] 10.222.0.27 "GET /placement/allocation_candidates?limit=1000&resources=DISK_GB%3A1%2CMEMORY_MB%3A1024%2CVCPU%3A1&root_required=%21COMPUTE_STATUS_DISABLED" status: 200 len: 1309 microversion: 1.36
Jul 26 21:06:08.738172 n-d-850346-2 devstack@placement-api.service[112404]: [pid: 112404|app: 0|req: 453/909] 10.222.0.27 () {60 vars in 1506 bytes} [Tue Jul 26 21:06:08 2022] GET /placement/allocation_candidates?limit=1000&resources=DISK_GB%3A1%2CMEMORY_MB%3A1024%2CVCPU%3A1&root_required=%21COMPUTE_STATUS_DISABLED => generated 1309 bytes in 522 msecs (HTTP/1.1 200) 8 headers in 297 bytes (1 switches on core 0)
Jul 26 21:06:08.903244 n-d-850346-2 devstack@placement-api.service[112403]: DEBUG placement.requestlog [req-d3ed40e3-3c37-462b-b009-7a7551bc7543 req-a42dd4ac-2eab-414c-99d4-453157dd127d None None] Starting request: 10.222.0.27 "GET /placement/allocations/91c42311-ed7f-477a-a56d-5e3d46658995" {{(pid=112403) __call__ /opt/stack/placement/placement/requestlog.py:55}}
Jul 26 21:06:08.945907 n-d-850346-2 devstack@placement-api.service[112403]: INFO placement.requestlog [req-d3ed40e3-3c37-462b-b009-7a7551bc7543 req-a42dd4ac-2eab-414c-99d4-453157dd127d service placement] 10.222.0.27 "GET /placement/allocations/91c42311-ed7f-477a-a56d-5e3d46658995" status: 200 len: 19 microversion: 1.28
