Jul 26 20:23:55.281740 n-d-850346-2 devstack@keystone.service[80809]: DEBUG keystone.server.flask.request_processing.middleware.auth_context [None req-3cbf7bef-f616-45b8-bf22-6ef71d69b6de admin admin] RBAC: auth_context: {'token': , 'domain_id': None, 'trust_id': None, 'trustor_id': None, 'trustee_id': None, 'domain_name': None, 'group_ids': [], 'user_id': '12d92995feb646de946a5670e21d754b', 'user_domain_id': 'default', 'system_scope': None, 'project_id': '95c35f8381504a1aa2c59a65ffb99622', 'project_domain_id': 'default', 'roles': ['reader', 'admin', 'member'], 'is_admin_project': True, 'service_user_id': None, 'service_user_domain_id': None, 'service_project_id': None, 'service_project_domain_id': None, 'service_roles': []} {{(pid=80809) fill_context /opt/stack/keystone/keystone/server/flask/request_processing/middleware/auth_context.py:478}}
Jul 26 20:23:55.282376 n-d-850346-2 devstack@keystone.service[80809]: DEBUG keystone.server.flask.request_processing.req_logging [None req-3cbf7bef-f616-45b8-bf22-6ef71d69b6de admin admin] REQUEST_METHOD: `GET` {{(pid=80809) log_request_info /opt/stack/keystone/keystone/server/flask/request_processing/req_logging.py:27}}
Jul 26 20:23:55.282661 n-d-850346-2 devstack@keystone.service[80809]: DEBUG keystone.server.flask.request_processing.req_logging [None req-3cbf7bef-f616-45b8-bf22-6ef71d69b6de admin admin] SCRIPT_NAME: `/identity` {{(pid=80809) log_request_info /opt/stack/keystone/keystone/server/flask/request_processing/req_logging.py:28}}
Jul 26 20:23:55.282939 n-d-850346-2 devstack@keystone.service[80809]: DEBUG keystone.server.flask.request_processing.req_logging [None req-3cbf7bef-f616-45b8-bf22-6ef71d69b6de admin admin] PATH_INFO: `/v3/auth/tokens` {{(pid=80809) log_request_info /opt/stack/keystone/keystone/server/flask/request_processing/req_logging.py:29}}
Jul 26 20:23:55.291542 n-d-850346-2 devstack@keystone.service[80809]: DEBUG keystone.common.rbac_enforcer.enforcer [None req-3cbf7bef-f616-45b8-bf22-6ef71d69b6de admin admin] RBAC: Authorizing `identity:validate_token()` {{(pid=80809) enforce_call /opt/stack/keystone/keystone/common/rbac_enforcer/enforcer.py:449}}
Jul 26 20:23:55.343371 n-d-850346-2 devstack@keystone.service[80809]: WARNING keystone.common.rbac_enforcer.enforcer [None req-3cbf7bef-f616-45b8-bf22-6ef71d69b6de admin admin] Deprecated policy rules found. Use oslopolicy-policy-generator and oslopolicy-policy-upgrade to detect and resolve deprecated policies in your configuration.
Jul 26 20:23:55.343661 n-d-850346-2 devstack@keystone.service[80809]: DEBUG keystone.common.rbac_enforcer.enforcer [None req-3cbf7bef-f616-45b8-bf22-6ef71d69b6de admin admin] RBAC: Authorization granted {{(pid=80809) enforce_call /opt/stack/keystone/keystone/common/rbac_enforcer/enforcer.py:457}}
Jul 26 20:23:55.353967 n-d-850346-2 devstack@keystone.service[80809]: [pid: 80809|app: 0|req: 2/4] 10.222.0.27 () {58 vars in 1324 bytes} [Tue Jul 26 20:23:55 2022] GET /identity/v3/auth/tokens => generated 914 bytes in 291 msecs (HTTP/1.1 200) 6 headers in 379 bytes (1 switches on core 0)
Jul 26 20:23:55.359911 n-d-850346-2 devstack@keystone.service[80808]: DEBUG keystone.server.flask.request_processing.middleware.auth_context [None req-c910286e-a83d-4aca-8a54-51bc6f02434f None None] Authenticating user token {{(pid=80808) process_request /usr/local/lib/python3.8/dist-packages/keystonemiddleware/auth_token/__init__.py:407}}
Jul 26 20:23:55.374925 n-d-850346-2 devstack@keystone.service[80808]: DEBUG keystone.server.flask.request_processing.middleware.auth_context [None req-c910286e-a83d-4aca-8a54-51bc6f02434f None None] Validating token access rules against request {{(pid=80808) validate_allowed_request /usr/local/lib/python3.8/dist-packages/keystonemiddleware/auth_token/__init__.py:545}}
Jul 26 20:23:55.379336 n-d-850346-2 devstack@keystone.service[80808]: DEBUG keystone.server.flask.request_processing.middleware.auth_context [None req-a4238f6b-b569-4b8e-ae7b-77e821dfdd2e admin admin] RBAC: auth_context: {'token': , 'domain_id': None, 'trust_id': None, 'trustor_id': None, 'trustee_id': None, 'domain_name': None, 'group_ids': [], 'user_id': '12d92995feb646de946a5670e21d754b', 'user_domain_id': 'default', 'system_scope': None, 'project_id': '95c35f8381504a1aa2c59a65ffb99622', 'project_domain_id': 'default', 'roles': ['reader', 'admin', 'member'], 'is_admin_project': True, 'service_user_id': None, 'service_user_domain_id': None, 'service_project_id': None, 'service_project_domain_id': None, 'service_roles': []} {{(pid=80808) fill_context /opt/stack/keystone/keystone/server/flask/request_processing/middleware/auth_context.py:478}}
Jul 26 20:23:55.380472 n-d-850346-2 devstack@keystone.service[80808]: DEBUG keystone.server.flask.request_processing.req_logging [None req-a4238f6b-b569-4b8e-ae7b-77e821dfdd2e admin admin] REQUEST_METHOD: `GET` {{(pid=80808) log_request_info /opt/stack/keystone/keystone/server/flask/request_processing/req_logging.py:27}}
Jul 26 20:23:55.380752 n-d-850346-2 devstack@keystone.service[80808]: DEBUG keystone.server.flask.request_processing.req_logging [None req-a4238f6b-b569-4b8e-ae7b-77e821dfdd2e admin admin] SCRIPT_NAME: `/identity` {{(pid=80808) log_request_info /opt/stack/keystone/keystone/server/flask/request_processing/req_logging.py:28}}
Jul 26 20:23:55.381023 n-d-850346-2 devstack@keystone.service[80808]: DEBUG keystone.server.flask.request_processing.req_logging [None req-a4238f6b-b569-4b8e-ae7b-77e821dfdd2e admin admin] PATH_INFO: `/v3/projects/95c35f8381504a1aa2c59a65ffb99622` {{(pid=80808) log_request_info /opt/stack/keystone/keystone/server/flask/request_processing/req_logging.py:29}}
Jul 26 20:23:55.382500 n-d-850346-2 devstack@keystone.service[80808]: DEBUG keystone.common.rbac_enforcer.enforcer [None req-a4238f6b-b569-4b8e-ae7b-77e821dfdd2e admin admin] RBAC: Authorizing `identity:get_project(project_id=95c35f8381504a1aa2c59a65ffb99622)` {{(pid=80808) enforce_call /opt/stack/keystone/keystone/common/rbac_enforcer/enforcer.py:449}}
Jul 26 20:23:55.433563 n-d-850346-2 devstack@keystone.service[80808]: WARNING keystone.common.rbac_enforcer.enforcer [None req-a4238f6b-b569-4b8e-ae7b-77e821dfdd2e admin admin] Deprecated policy rules found. Use oslopolicy-policy-generator and oslopolicy-policy-upgrade to detect and resolve deprecated policies in your configuration.
Jul 26 20:23:55.433900 n-d-850346-2 devstack@keystone.service[80808]: DEBUG keystone.common.rbac_enforcer.enforcer [None req-a4238f6b-b569-4b8e-ae7b-77e821dfdd2e admin admin] RBAC: Authorization granted {{(pid=80808) enforce_call /opt/stack/keystone/keystone/common/rbac_enforcer/enforcer.py:457}}
Jul 26 20:23:55.438411 n-d-850346-2 devstack@keystone.service[80808]: [pid: 80808|app: 0|req: 3/5] 10.222.0.27 () {56 vars in 1207 bytes} [Tue Jul 26 20:23:55 2022] GET /identity/v3/projects/95c35f8381504a1aa2c59a65ffb99622 => generated 344 bytes in 79 msecs (HTTP/1.1 200) 5 headers in 177 bytes (2 switches on core 0)
Jul 26 20:23:57.387369 n-d-850346-2 devstack@keystone.service[80809]: DEBUG keystone.server.flask.request_processing.req_logging [None req-6aba248f-eb54-491a-8fea-91732b1f033f None None] REQUEST_METHOD: `GET` {{(pid=80809) log_request_info /opt/stack/keystone/keystone/server/flask/request_processing/req_logging.py:27}}
Jul 26 20:23:57.387911 n-d-850346-2 devstack@keystone.service[80809]: DEBUG keystone.server.flask.request_processing.req_logging [None req-6aba248f-eb54-491a-8fea-91732b1f033f None None] SCRIPT_NAME: `/identity` {{(pid=80809) log_request_info /opt/stack/keystone/keystone/server/flask/request_processing/req_logging.py:28}}
Jul 26 20:23:57.387911 n-d-850346-2 devstack@keystone.service[80809]: DEBUG keystone.server.flask.request_processing.req_logging [None req-6aba248f-eb54-491a-8fea-91732b1f033f None None] PATH_INFO: `/` {{(pid=80809) log_request_info /opt/stack/keystone/keystone/server/flask/request_processing/req_logging.py:29}}
Jul 26 20:23:57.391990 n-d-850346-2 devstack@keystone.service[80809]: [pid: 80809|app: 0|req: 3/6] 10.222.0.27 () {54 vars in 926 bytes} [Tue Jul 26 20:23:57 2022] GET /identity => generated 270 bytes in 6 msecs (HTTP/1.1 300) 6 headers in 234 bytes (1 switches on core 0)
Jul 26 20:23:57.397518 n-d-850346-2 devstack@keystone.service[80808]: DEBUG keystone.server.flask.request_processing.req_logging [None req-11e5f683-f50b-4d89-940f-3621fea1d504 None None] REQUEST_METHOD: `POST` {{(pid=80808) log_request_info /opt/stack/keystone/keystone/server/flask/request_processing/req_logging.py:27}}
Jul 26 20:23:57.397967 n-d-850346-2 devstack@keystone.service[80808]: DEBUG keystone.server.flask.request_processing.req_logging [None req-11e5f683-f50b-4d89-940f-3621fea1d504 None None] SCRIPT_NAME: `/identity` {{(pid=80808) log_request_info /opt/stack/keystone/keystone/server/flask/request_processing/req_logging.py:28}}
Jul 26 20:23:57.398081 n-d-850346-2 devstack@keystone.service[80808]: DEBUG keystone.server.flask.request_processing.req_logging [None req-11e5f683-f50b-4d89-940f-3621fea1d504 None None] PATH_INFO: `/v3/auth/tokens` {{(pid=80808) log_request_info /opt/stack/keystone/keystone/server/flask/request_processing/req_logging.py:29}}
Jul 26 20:23:57.417839 n-d-850346-2 devstack@keystone.service[80808]: DEBUG keystone.auth.core [None req-11e5f683-f50b-4d89-940f-3621fea1d504 None None] MFA Rules not processed for user `12d92995feb646de946a5670e21d754b`. Rule list: `[]` (Enabled: `True`). {{(pid=80808) check_auth_methods_against_rules /opt/stack/keystone/keystone/auth/core.py:438}}
Jul 26 20:23:57.419369 n-d-850346-2 devstack@keystone.service[80808]: DEBUG keystone.common.fernet_utils [None req-11e5f683-f50b-4d89-940f-3621fea1d504 None None] Loaded 2 Fernet keys from /etc/keystone/fernet-keys/, but `[fernet_tokens] max_active_keys = 3`; perhaps there have not been enough key rotations to reach `max_active_keys` yet? {{(pid=80808) load_keys /opt/stack/keystone/keystone/common/fernet_utils.py:286}}
Jul 26 20:23:57.427231 n-d-850346-2 devstack@keystone.service[80808]: [pid: 80808|app: 0|req: 4/7] 10.222.0.27 () {58 vars in 1023 bytes} [Tue Jul 26 20:23:57 2022] POST /identity/v3/auth/tokens => generated 914 bytes in 31 msecs (HTTP/1.1 201) 6 headers in 384 bytes (1 switches on core 0)
Jul 26 20:23:57.449931 n-d-850346-2 devstack@keystone.service[80809]: DEBUG keystone.server.flask.request_processing.middleware.auth_context [None req-6aba248f-eb54-491a-8fea-91732b1f033f None None] Authenticating user token {{(pid=80809) process_request /usr/local/lib/python3.8/dist-packages/keystonemiddleware/auth_token/__init__.py:407}}
Jul 26 20:23:57.462312 n-d-850346-2 devstack@keystone.service[80809]: DEBUG keystone.server.flask.request_processing.middleware.auth_context [None req-6aba248f-eb54-491a-8fea-91732b1f033f None None] Validating token access rules against request {{(pid=80809) validate_allowed_request /usr/local/lib/python3.8/dist-packages/keystonemiddleware/auth_token/__init__.py:545}}
Jul 26 20:23:57.466566 n-d-850346-2 devstack@keystone.service[80809]: DEBUG keystone.server.flask.request_processing.middleware.auth_context [None req-8409c555-eb7c-4c45-8862-d8ee780b4fe1 admin admin] RBAC: auth_context: {'token': , 'domain_id': None, 'trust_id': None, 'trustor_id': None, 'trustee_id': None, 'domain_name': None, 'group_ids': [], 'user_id': '12d92995feb646de946a5670e21d754b', 'user_domain_id': 'default', 'system_scope': None, 'project_id': '95c35f8381504a1aa2c59a65ffb99622', 'project_domain_id': 'default', 'roles': ['reader', 'admin', 'member'], 'is_admin_project': True, 'service_user_id': None, 'service_user_domain_id': None, 'service_project_id': None, 'service_project_domain_id': None, 'service_roles': []} {{(pid=80809) fill_context /opt/stack/keystone/keystone/server/flask/request_processing/middleware/auth_context.py:478}}
Jul 26 20:23:57.467172 n-d-850346-2 devstack@keystone.service[80809]: DEBUG keystone.server.flask.request_processing.req_logging [None req-8409c555-eb7c-4c45-8862-d8ee780b4fe1 admin admin] REQUEST_METHOD: `GET` {{(pid=80809) log_request_info /opt/stack/keystone/keystone/server/flask/request_processing/req_logging.py:27}}
Jul 26 20:23:57.467457 n-d-850346-2 devstack@keystone.service[80809]: DEBUG keystone.server.flask.request_processing.req_logging [None req-8409c555-eb7c-4c45-8862-d8ee780b4fe1 admin admin] SCRIPT_NAME: `/identity` {{(pid=80809) log_request_info /opt/stack/keystone/keystone/server/flask/request_processing/req_logging.py:28}}
Jul 26 20:23:57.467735 n-d-850346-2 devstack@keystone.service[80809]: DEBUG keystone.server.flask.request_processing.req_logging [None req-8409c555-eb7c-4c45-8862-d8ee780b4fe1 admin admin] PATH_INFO: `/v3/auth/tokens` {{(pid=80809) log_request_info /opt/stack/keystone/keystone/server/flask/request_processing/req_logging.py:29}}
Jul 26 20:23:57.475552 n-d-850346-2 devstack@keystone.service[80809]: DEBUG keystone.common.rbac_enforcer.enforcer [None req-8409c555-eb7c-4c45-8862-d8ee780b4fe1 admin admin] RBAC: Authorizing `identity:validate_token()` {{(pid=80809) enforce_call /opt/stack/keystone/keystone/common/rbac_enforcer/enforcer.py:449}}
Jul 26 20:23:57.477346 n-d-850346-2 devstack@keystone.service[80809]: DEBUG keystone.common.rbac_enforcer.enforcer [None req-8409c555-eb7c-4c45-8862-d8ee780b4fe1 admin admin] RBAC: Authorization granted {{(pid=80809) enforce_call /opt/stack/keystone/keystone/common/rbac_enforcer/enforcer.py:457}}
Jul 26 20:23:57.486738 n-d-850346-2 devstack@keystone.service[80809]: [pid: 80809|app: 0|req: 4/8] 10.222.0.27 () {58 vars in 1324 bytes} [Tue Jul 26 20:23:57 2022] GET /identity/v3/auth/tokens => generated 914 bytes in 37 msecs (HTTP/1.1 200) 6 headers in 379 bytes (1 switches on core 0)
Jul 26 20:23:57.492133 n-d-850346-2 devstack@keystone.service[80808]: DEBUG keystone.server.flask.request_processing.middleware.auth_context [None req-11e5f683-f50b-4d89-940f-3621fea1d504 None None] Authenticating user token {{(pid=80808) process_request /usr/local/lib/python3.8/dist-packages/keystonemiddleware/auth_token/__init__.py:407}}
Jul 26 20:23:57.502059 n-d-850346-2 devstack@keystone.service[80808]: DEBUG keystone.server.flask.request_processing.middleware.auth_context [None req-11e5f683-f50b-4d89-940f-3621fea1d504 None None] Validating token access rules against request {{(pid=80808) validate_allowed_request /usr/local/lib/python3.8/dist-packages/keystonemiddleware/auth_token/__init__.py:545}}
Jul 26 20:23:57.506438 n-d-850346-2 devstack@keystone.service[80808]: DEBUG keystone.server.flask.request_processing.middleware.auth_context [None req-efd237c7-b978-4cd3-a06a-3e4f0822245c admin admin] RBAC: auth_context: {'token': , 'domain_id': None, 'trust_id': None, 'trustor_id': None, 'trustee_id': None, 'domain_name': None, 'group_ids': [], 'user_id': '12d92995feb646de946a5670e21d754b', 'user_domain_id': 'default', 'system_scope': None, 'project_id': '95c35f8381504a1aa2c59a65ffb99622', 'project_domain_id': 'default', 'roles': ['reader', 'admin', 'member'], 'is_admin_project': True, 'service_user_id': None, 'service_user_domain_id': None, 'service_project_id': None, 'service_project_domain_id': None, 'service_roles': []} {{(pid=80808) fill_context /opt/stack/keystone/keystone/server/flask/request_processing/middleware/auth_context.py:478}}
Jul 26 20:23:57.507078 n-d-850346-2 devstack@keystone.service[80808]: DEBUG keystone.server.flask.request_processing.req_logging [None req-efd237c7-b978-4cd3-a06a-3e4f0822245c admin admin] REQUEST_METHOD: `GET` {{(pid=80808) log_request_info /opt/stack/keystone/keystone/server/flask/request_processing/req_logging.py:27}}
Jul 26 20:23:57.507363 n-d-850346-2 devstack@keystone.service[80808]: DEBUG keystone.server.flask.request_processing.req_logging [None req-efd237c7-b978-4cd3-a06a-3e4f0822245c admin admin] SCRIPT_NAME: `/identity` {{(pid=80808) log_request_info /opt/stack/keystone/keystone/server/flask/request_processing/req_logging.py:28}}
Jul 26 20:23:57.507641 n-d-850346-2 devstack@keystone.service[80808]: DEBUG keystone.server.flask.request_processing.req_logging [None req-efd237c7-b978-4cd3-a06a-3e4f0822245c admin admin] PATH_INFO: `/v3/users/12d92995feb646de946a5670e21d754b` {{(pid=80808) log_request_info /opt/stack/keystone/keystone/server/flask/request_processing/req_logging.py:29}}
Jul 26 20:23:57.509020 n-d-850346-2 devstack@keystone.service[80808]: DEBUG keystone.common.rbac_enforcer.enforcer [None req-efd237c7-b978-4cd3-a06a-3e4f0822245c admin admin] RBAC: Authorizing `identity:get_user(user_id=12d92995feb646de946a5670e21d754b)` {{(pid=80808) enforce_call /opt/stack/keystone/keystone/common/rbac_enforcer/enforcer.py:449}}
Jul 26 20:23:57.510843 n-d-850346-2 devstack@keystone.service[80808]: DEBUG keystone.common.rbac_enforcer.enforcer [None req-efd237c7-b978-4cd3-a06a-3e4f0822245c admin admin] RBAC: Authorization granted {{(pid=80808) enforce_call /opt/stack/keystone/keystone/common/rbac_enforcer/enforcer.py:457}}
Jul 26 20:23:57.512437 n-d-850346-2 devstack@keystone.service[80808]: [pid: 80808|app: 0|req: 5/9] 10.222.0.27 () {56 vars in 1198 bytes} [Tue Jul 26 20:23:57 2022] GET /identity/v3/users/12d92995feb646de946a5670e21d754b => generated 247 bytes in 21 msecs (HTTP/1.1 200) 5 headers in 177 bytes (1 switches on core 0)
Jul 26 20:23:59.553746 n-d-850346-2 devstack@keystone.service[80809]: DEBUG keystone.server.flask.request_processing.req_logging [None req-28c12aae-a19f-4cac-8cf5-47370a40cc16 None None] REQUEST_METHOD: `GET` {{(pid=80809) log_request_info /opt/stack/keystone/keystone/server/flask/request_processing/req_logging.py:27}}
Jul 26 20:23:59.554255 n-d-850346-2 devstack@keystone.service[80809]: DEBUG keystone.server.flask.request_processing.req_logging [None req-28c12aae-a19f-4cac-8cf5-47370a40cc16 None None] SCRIPT_NAME: `/identity` {{(pid=80809) log_request_info /opt/stack/keystone/keystone/server/flask/request_processing/req_logging.py:28}}
Jul 26 20:23:59.554351 n-d-850346-2 devstack@keystone.service[80809]: DEBUG keystone.server.flask.request_processing.req_logging [None req-28c12aae-a19f-4cac-8cf5-47370a40cc16 None None] PATH_INFO: `/` {{(pid=80809) log_request_info /opt/stack/keystone/keystone/server/flask/request_processing/req_logging.py:29}}
Jul 26 20:23:59.556183 n-d-850346-2 devstack@keystone.service[80809]: [pid: 80809|app: 0|req: 5/10] 10.222.0.27 () {54 vars in 926 bytes} [Tue Jul 26 20:23:59 2022] GET /identity => generated 270 bytes in 3 msecs (HTTP/1.1 300) 6 headers in 234 bytes (1 switches on core 0)
Jul 26 20:23:59.561474 n-d-850346-2 devstack@keystone.service[80808]: DEBUG keystone.server.flask.request_processing.req_logging [None req-adb8cded-edb5-4fff-a37e-d67d92e31d3a None None] REQUEST_METHOD: `POST` {{(pid=80808) log_request_info /opt/stack/keystone/keystone/server/flask/request_processing/req_logging.py:27}}
Jul 26 20:23:59.561907 n-d-850346-2 devstack@keystone.service[80808]: DEBUG keystone.server.flask.request_processing.req_logging [None req-adb8cded-edb5-4fff-a37e-d67d92e31d3a None None] SCRIPT_NAME: `/identity` {{(pid=80808) log_request_info /opt/stack/keystone/keystone/server/flask/request_processing/req_logging.py:28}}
Jul 26 20:23:59.562034 n-d-850346-2 devstack@keystone.service[80808]: DEBUG keystone.server.flask.request_processing.req_logging [None req-adb8cded-edb5-4fff-a37e-d67d92e31d3a None None] PATH_INFO: `/v3/auth/tokens` {{(pid=80808) log_request_info /opt/stack/keystone/keystone/server/flask/request_processing/req_logging.py:29}}
Jul 26 20:23:59.581486 n-d-850346-2 devstack@keystone.service[80808]: DEBUG keystone.auth.core [None req-adb8cded-edb5-4fff-a37e-d67d92e31d3a None None] MFA Rules not processed for user `12d92995feb646de946a5670e21d754b`. Rule list: `[]` (Enabled: `True`). {{(pid=80808) check_auth_methods_against_rules /opt/stack/keystone/keystone/auth/core.py:438}}
Jul 26 20:23:59.582685 n-d-850346-2 devstack@keystone.service[80808]: DEBUG keystone.common.fernet_utils [None req-adb8cded-edb5-4fff-a37e-d67d92e31d3a None None] Loaded 2 Fernet keys from /etc/keystone/fernet-keys/, but `[fernet_tokens] max_active_keys = 3`; perhaps there have not been enough key rotations to reach `max_active_keys` yet? {{(pid=80808) load_keys /opt/stack/keystone/keystone/common/fernet_utils.py:286}}
Jul 26 20:23:59.609642 n-d-850346-2 devstack@keystone.service[80809]: DEBUG keystone.server.flask.request_processing.req_logging [None req-2a1fd314-9922-4911-9d8e-7569935564d1 None None] REQUEST_METHOD: `GET` {{(pid=80809) log_request_info /opt/stack/keystone/keystone/server/flask/request_processing/req_logging.py:27}}
Jul 26 20:23:59.610493 n-d-850346-2 devstack@keystone.service[80809]: DEBUG keystone.server.flask.request_processing.req_logging [None req-2a1fd314-9922-4911-9d8e-7569935564d1 None None] SCRIPT_NAME: `/identity` {{(pid=80809) log_request_info /opt/stack/keystone/keystone/server/flask/request_processing/req_logging.py:28}}
Jul 26 20:23:59.610782 n-d-850346-2 devstack@keystone.service[80809]: DEBUG keystone.server.flask.request_processing.req_logging [None req-2a1fd314-9922-4911-9d8e-7569935564d1 None None] PATH_INFO: `/` {{(pid=80809) log_request_info /opt/stack/keystone/keystone/server/flask/request_processing/req_logging.py:29}}
Jul 26 20:23:59.612105 n-d-850346-2 devstack@keystone.service[80809]: [pid: 80809|app: 0|req: 6/11] 10.222.0.27 () {54 vars in 926 bytes} [Tue Jul 26 20:23:59 2022] GET /identity => generated 270 bytes in 3 msecs (HTTP/1.1 300) 6 headers in 234 bytes (2 switches on core 0)
Jul 26 20:23:59.616899 n-d-850346-2 devstack@keystone.service[80809]: DEBUG keystone.server.flask.request_processing.req_logging [None req-4809989d-400d-4db8-847b-7f992920eb57 None None] REQUEST_METHOD: `POST` {{(pid=80809) log_request_info /opt/stack/keystone/keystone/server/flask/request_processing/req_logging.py:27}}
Jul 26 20:23:59.617183 n-d-850346-2 devstack@keystone.service[80809]: DEBUG keystone.server.flask.request_processing.req_logging [None req-4809989d-400d-4db8-847b-7f992920eb57 None None] SCRIPT_NAME: `/identity` {{(pid=80809) log_request_info /opt/stack/keystone/keystone/server/flask/request_processing/req_logging.py:28}}
Jul 26 20:23:59.617459 n-d-850346-2 devstack@keystone.service[80809]: DEBUG keystone.server.flask.request_processing.req_logging [None req-4809989d-400d-4db8-847b-7f992920eb57 None None] PATH_INFO: `/v3/auth/tokens` {{(pid=80809) log_request_info /opt/stack/keystone/keystone/server/flask/request_processing/req_logging.py:29}}
Jul 26 20:23:59.659263 n-d-850346-2 devstack@keystone.service[80809]: DEBUG passlib.handlers.bcrypt [None req-4809989d-400d-4db8-847b-7f992920eb57 None None] detected 'bcrypt' backend, version '3.2.2' {{(pid=80809) _load_backend_mixin /usr/local/lib/python3.8/dist-packages/passlib/handlers/bcrypt.py:625}}
Jul 26 20:23:59.659680 n-d-850346-2 devstack@keystone.service[80809]: DEBUG passlib.handlers.bcrypt [None req-4809989d-400d-4db8-847b-7f992920eb57 None None] 'bcrypt' backend lacks $2$ support, enabling workaround {{(pid=80809) _finalize_backend_mixin /usr/local/lib/python3.8/dist-packages/passlib/handlers/bcrypt.py:406}}
Jul 26 20:23:59.664576 n-d-850346-2 devstack@keystone.service[80808]: [pid: 80808|app: 0|req: 6/12] 10.222.0.27 () {58 vars in 1023 bytes} [Tue Jul 26 20:23:59 2022] POST /identity/v3/auth/tokens => generated 799 bytes in 104 msecs (HTTP/1.1 201) 6 headers in 363 bytes (1 switches on core 0)
Jul 26 20:23:59.687064 n-d-850346-2 devstack@keystone.service[80808]: DEBUG keystone.server.flask.request_processing.middleware.auth_context [None req-adb8cded-edb5-4fff-a37e-d67d92e31d3a None None] Authenticating user token {{(pid=80808) process_request /usr/local/lib/python3.8/dist-packages/keystonemiddleware/auth_token/__init__.py:407}}
Jul 26 20:23:59.707807 n-d-850346-2 devstack@keystone.service[80809]: DEBUG keystone.auth.core [None req-4809989d-400d-4db8-847b-7f992920eb57 None None] MFA Rules not processed for user `12d92995feb646de946a5670e21d754b`. Rule list: `[]` (Enabled: `True`). {{(pid=80809) check_auth_methods_against_rules /opt/stack/keystone/keystone/auth/core.py:438}}
Jul 26 20:23:59.709696 n-d-850346-2 devstack@keystone.service[80809]: DEBUG keystone.common.fernet_utils [None req-4809989d-400d-4db8-847b-7f992920eb57 None None] Loaded 2 Fernet keys from /etc/keystone/fernet-keys/, but `[fernet_tokens] max_active_keys = 3`; perhaps there have not been enough key rotations to reach `max_active_keys` yet? {{(pid=80809) load_keys /opt/stack/keystone/keystone/common/fernet_utils.py:286}}
Jul 26 20:23:59.712622 n-d-850346-2 devstack@keystone.service[80808]: DEBUG dbcounter [-] [80808] Writing DB stats keystone:SELECT=100 {{(pid=80808) stat_writer /usr/local/lib/python3.8/dist-packages/dbcounter.py:114}}
Jul 26 20:23:59.790995 n-d-850346-2 devstack@keystone.service[80808]: DEBUG keystone.server.flask.request_processing.middleware.auth_context [None req-adb8cded-edb5-4fff-a37e-d67d92e31d3a None None] Validating token access rules against request {{(pid=80808) validate_allowed_request /usr/local/lib/python3.8/dist-packages/keystonemiddleware/auth_token/__init__.py:545}}
Jul 26 20:23:59.813937 n-d-850346-2 devstack@keystone.service[80809]: [pid: 80809|app: 0|req: 7/13] 10.222.0.27 () {58 vars in 1023 bytes} [Tue Jul 26 20:23:59 2022] POST /identity/v3/auth/tokens => generated 799 bytes in 198 msecs (HTTP/1.1 201) 6 headers in 363 bytes (2 switches on core 0)
Jul 26 20:23:59.825989 n-d-850346-2 devstack@keystone.service[80808]: DEBUG keystone.server.flask.request_processing.middleware.auth_context [None req-e458c059-d41a-480a-91dd-3740d958fa88 None admin] RBAC: auth_context: {'token': , 'domain_id': None, 'trust_id': None, 'trustor_id': None, 'trustee_id': None, 'domain_name': None, 'group_ids': [], 'user_id': '12d92995feb646de946a5670e21d754b', 'user_domain_id': 'default', 'system_scope': 'all', 'project_id': None, 'project_domain_id': None, 'roles': ['admin', 'member', 'reader'], 'is_admin_project': True, 'service_user_id': None, 'service_user_domain_id': None, 'service_project_id': None, 'service_project_domain_id': None, 'service_roles': []} {{(pid=80808) fill_context /opt/stack/keystone/keystone/server/flask/request_processing/middleware/auth_context.py:478}}
Jul 26 20:23:59.826633 n-d-850346-2 devstack@keystone.service[80808]: DEBUG keystone.server.flask.request_processing.req_logging [None req-e458c059-d41a-480a-91dd-3740d958fa88 None admin] REQUEST_METHOD: `GET` {{(pid=80808) log_request_info /opt/stack/keystone/keystone/server/flask/request_processing/req_logging.py:27}}
Jul 26 20:23:59.826916 n-d-850346-2 devstack@keystone.service[80808]: DEBUG keystone.server.flask.request_processing.req_logging [None req-e458c059-d41a-480a-91dd-3740d958fa88 None admin] SCRIPT_NAME: `/identity` {{(pid=80808) log_request_info /opt/stack/keystone/keystone/server/flask/request_processing/req_logging.py:28}}
Jul 26 20:23:59.827194 n-d-850346-2 devstack@keystone.service[80808]: DEBUG keystone.server.flask.request_processing.req_logging [None req-e458c059-d41a-480a-91dd-3740d958fa88 None admin] PATH_INFO: `/v3/roles/admin` {{(pid=80808) log_request_info /opt/stack/keystone/keystone/server/flask/request_processing/req_logging.py:29}}
Jul 26 20:23:59.835601 n-d-850346-2 devstack@keystone.service[80809]: DEBUG keystone.server.flask.request_processing.middleware.auth_context [None req-4809989d-400d-4db8-847b-7f992920eb57 None None] Authenticating user token {{(pid=80809) process_request /usr/local/lib/python3.8/dist-packages/keystonemiddleware/auth_token/__init__.py:407}}
Jul 26 20:23:59.839219 n-d-850346-2 devstack@keystone.service[80808]: DEBUG keystone.common.rbac_enforcer.enforcer [None req-e458c059-d41a-480a-91dd-3740d958fa88 None admin] Extracting inferred target data resulted in "NOT FOUND (404)". {{(pid=80808) enforce_call /opt/stack/keystone/keystone/common/rbac_enforcer/enforcer.py:409}}
Jul 26 20:23:59.847965 n-d-850346-2 devstack@keystone.service[80808]: ERROR keystone.server.flask.application [None req-e458c059-d41a-480a-91dd-3740d958fa88 None admin] Could not find role: admin.: keystone.exception.RoleNotFound: Could not find role: admin.
Jul 26 20:23:59.847965 n-d-850346-2 devstack@keystone.service[80808]: ERROR keystone.server.flask.application
Traceback (most recent call last):
Jul 26 20:23:59.847965 n-d-850346-2 devstack@keystone.service[80808]: ERROR keystone.server.flask.application
File "/usr/local/lib/python3.8/dist-packages/flask/app.py", line 1517, in full_dispatch_request
Jul 26 20:23:59.847965 n-d-850346-2 devstack@keystone.service[80808]: ERROR keystone.server.flask.application rv = self.dispatch_request()
Jul 26 20:23:59.847965 n-d-850346-2 devstack@keystone.service[80808]: ERROR keystone.server.flask.application
File "/usr/local/lib/python3.8/dist-packages/flask/app.py", line 1503, in dispatch_request
Jul 26 20:23:59.847965 n-d-850346-2 devstack@keystone.service[80808]: ERROR keystone.server.flask.application return self.ensure_sync(self.view_functions[rule.endpoint])(**req.view_args)
Jul 26 20:23:59.847965 n-d-850346-2 devstack@keystone.service[80808]: ERROR keystone.server.flask.application
File "/usr/local/lib/python3.8/dist-packages/flask_restful/__init__.py", line 467, in wrapper
Jul 26 20:23:59.847965 n-d-850346-2 devstack@keystone.service[80808]: ERROR keystone.server.flask.application resp = resource(*args, **kwargs)
Jul 26 20:23:59.847965 n-d-850346-2 devstack@keystone.service[80808]: ERROR keystone.server.flask.application
File "/usr/local/lib/python3.8/dist-packages/flask/views.py", line 84, in view
Jul 26 20:23:59.847965 n-d-850346-2 devstack@keystone.service[80808]: ERROR keystone.server.flask.application return current_app.ensure_sync(self.dispatch_request)(*args, **kwargs)
Jul 26 20:23:59.847965 n-d-850346-2 devstack@keystone.service[80808]: ERROR keystone.server.flask.application
File "/usr/local/lib/python3.8/dist-packages/flask_restful/__init__.py", line 582, in dispatch_request
Jul 26 20:23:59.847965 n-d-850346-2 devstack@keystone.service[80808]: ERROR keystone.server.flask.application resp = meth(*args, **kwargs)
Jul 26 20:23:59.847965 n-d-850346-2 devstack@keystone.service[80808]: ERROR keystone.server.flask.application
File "/opt/stack/keystone/keystone/api/roles.py", line 50, in get
Jul 26 20:23:59.847965 n-d-850346-2 devstack@keystone.service[80808]: ERROR keystone.server.flask.application return self._get_role(role_id)
Jul 26 20:23:59.847965 n-d-850346-2 devstack@keystone.service[80808]: ERROR keystone.server.flask.application
File "/opt/stack/keystone/keystone/api/roles.py", line 70, in _get_role
Jul 26 20:23:59.847965 n-d-850346-2 devstack@keystone.service[80808]: ERROR keystone.server.flask.application ENFORCER.enforce_call(action='identity:get_role')
Jul 26 20:23:59.848961 n-d-850346-2 devstack@keystone.service[80808]: ERROR keystone.server.flask.application
File "/opt/stack/keystone/keystone/common/rbac_enforcer/enforcer.py", line 402, in enforce_call
Jul 26 20:23:59.848961 n-d-850346-2 devstack@keystone.service[80808]: ERROR keystone.server.flask.application policy_dict.update(cls._extract_member_target_data(
Jul 26 20:23:59.848961 n-d-850346-2 devstack@keystone.service[80808]: ERROR keystone.server.flask.application
File "/opt/stack/keystone/keystone/common/rbac_enforcer/enforcer.py", line 234, in _extract_member_target_data
Jul 26 20:23:59.848961 n-d-850346-2 devstack@keystone.service[80808]: ERROR keystone.server.flask.application member_name: func(flask.request.view_args[key])
Jul 26 20:23:59.848961 n-d-850346-2 devstack@keystone.service[80808]: ERROR keystone.server.flask.application
File "/opt/stack/keystone/keystone/common/manager.py", line 115, in wrapped
Jul 26 20:23:59.848961 n-d-850346-2 devstack@keystone.service[80808]: ERROR keystone.server.flask.application __ret_val = __f(*args, **kwargs)
Jul 26 20:23:59.848961 n-d-850346-2 devstack@keystone.service[80808]: ERROR keystone.server.flask.application
File "/usr/local/lib/python3.8/dist-packages/decorator.py", line 232, in fun
Jul 26 20:23:59.848961 n-d-850346-2 devstack@keystone.service[80808]: ERROR keystone.server.flask.application return caller(func, *(extras + args), **kw)
Jul 26 20:23:59.848961 n-d-850346-2 devstack@keystone.service[80808]: ERROR keystone.server.flask.application
File "/usr/local/lib/python3.8/dist-packages/dogpile/cache/region.py", line 1577, in get_or_create_for_user_func
Jul 26 20:23:59.848961 n-d-850346-2 devstack@keystone.service[80808]: ERROR keystone.server.flask.application return self.get_or_create(
Jul 26 20:23:59.848961 n-d-850346-2 devstack@keystone.service[80808]: ERROR keystone.server.flask.application
File "/usr/local/lib/python3.8/dist-packages/dogpile/cache/region.py", line 1042, in get_or_create
Jul 26 20:23:59.848961 n-d-850346-2 devstack@keystone.service[80808]: ERROR keystone.server.flask.application with Lock(
Jul 26 20:23:59.848961 n-d-850346-2 devstack@keystone.service[80808]: ERROR keystone.server.flask.application
File "/usr/local/lib/python3.8/dist-packages/dogpile/lock.py", line 185, in __enter__
Jul 26 20:23:59.848961 n-d-850346-2 devstack@keystone.service[80808]: ERROR keystone.server.flask.application return self._enter()
Jul 26 20:23:59.848961 n-d-850346-2 devstack@keystone.service[80808]: ERROR keystone.server.flask.application
File "/usr/local/lib/python3.8/dist-packages/dogpile/lock.py", line 94, in _enter
Jul 26 20:23:59.848961 n-d-850346-2 devstack@keystone.service[80808]: ERROR keystone.server.flask.application generated = self._enter_create(value, createdtime)
Jul 26 20:23:59.849759 n-d-850346-2 devstack@keystone.service[80808]: ERROR keystone.server.flask.application
File "/usr/local/lib/python3.8/dist-packages/dogpile/lock.py", line 178, in _enter_create
Jul 26 20:23:59.849759 n-d-850346-2 devstack@keystone.service[80808]: ERROR keystone.server.flask.application return self.creator()
Jul 26 20:23:59.849759 n-d-850346-2 devstack@keystone.service[80808]: ERROR keystone.server.flask.application
File "/usr/local/lib/python3.8/dist-packages/dogpile/cache/region.py", line 995, in gen_value
Jul 26 20:23:59.849759 n-d-850346-2 devstack@keystone.service[80808]: ERROR keystone.server.flask.application created_value = creator(
Jul 26 20:23:59.849759 n-d-850346-2 devstack@keystone.service[80808]: ERROR keystone.server.flask.application
File "/opt/stack/keystone/keystone/assignment/core.py", line 1276, in get_role
Jul 26 20:23:59.849759 n-d-850346-2 devstack@keystone.service[80808]: ERROR keystone.server.flask.application return self.driver.get_role(role_id)
Jul 26 20:23:59.849759 n-d-850346-2 devstack@keystone.service[80808]: ERROR keystone.server.flask.application
File "/opt/stack/keystone/keystone/assignment/role_backends/sql.py", line 70, in get_role
Jul 26 20:23:59.849759 n-d-850346-2 devstack@keystone.service[80808]: ERROR keystone.server.flask.application return self._get_role(session, role_id).to_dict()
Jul 26 20:23:59.849759 n-d-850346-2 devstack@keystone.service[80808]: ERROR keystone.server.flask.application
File "/opt/stack/keystone/keystone/assignment/role_backends/sql.py", line 65, in _get_role
Jul 26 20:23:59.849759 n-d-850346-2 devstack@keystone.service[80808]: ERROR keystone.server.flask.application raise exception.RoleNotFound(role_id=role_id)
Jul 26 20:23:59.849759 n-d-850346-2 devstack@keystone.service[80808]: ERROR keystone.server.flask.application keystone.exception.RoleNotFound: Could not find role: admin.
Jul 26 20:23:59.849759 n-d-850346-2 devstack@keystone.service[80808]: ERROR keystone.server.flask.application
Jul 26 20:23:59.849759 n-d-850346-2 devstack@keystone.service[80808]: [pid: 80808|app: 0|req: 7/14] 10.222.0.27 () {56 vars in 1096 bytes} [Tue Jul 26 20:23:59 2022] GET /identity/v3/roles/admin => generated 83 bytes in 163 msecs (HTTP/1.1 404) 5 headers in 183 bytes (2 switches on core 0)
Jul 26 20:23:59.855195 n-d-850346-2 devstack@keystone.service[80808]: DEBUG keystone.server.flask.request_processing.middleware.auth_context [None req-e458c059-d41a-480a-91dd-3740d958fa88 None admin] Authenticating user token {{(pid=80808) process_request /usr/local/lib/python3.8/dist-packages/keystonemiddleware/auth_token/__init__.py:407}}
Jul 26 20:23:59.934356 n-d-850346-2 devstack@keystone.service[80809]: DEBUG keystone.server.flask.request_processing.middleware.auth_context [None req-4809989d-400d-4db8-847b-7f992920eb57 None None] Validating token access rules against request {{(pid=80809) validate_allowed_request /usr/local/lib/python3.8/dist-packages/keystonemiddleware/auth_token/__init__.py:545}}
Jul 26 20:23:59.935334 n-d-850346-2 devstack@keystone.service[80808]: DEBUG dbcounter [-] [80808] Writing DB stats keystone:SELECT=100 {{(pid=80808) stat_writer /usr/local/lib/python3.8/dist-packages/dbcounter.py:114}}
Jul 26 20:23:59.937575 n-d-850346-2 devstack@keystone.service[80809]: DEBUG dbcounter [-] [80809] Writing DB stats keystone:SELECT=100 {{(pid=80809) stat_writer /usr/local/lib/python3.8/dist-packages/dbcounter.py:114}}
Jul 26 20:23:59.953480 n-d-850346-2 devstack@keystone.service[80808]: DEBUG keystone.server.flask.request_processing.middleware.auth_context [None req-e458c059-d41a-480a-91dd-3740d958fa88 None admin] Validating token access rules against request {{(pid=80808) validate_allowed_request /usr/local/lib/python3.8/dist-packages/keystonemiddleware/auth_token/__init__.py:545}}
Jul 26 20:23:59.973243 n-d-850346-2 devstack@keystone.service[80809]: DEBUG keystone.server.flask.request_processing.middleware.auth_context [None req-1824e376-fee0-4b7c-9f95-85a96e4b864c None admin] RBAC: auth_context: {'token': , 'domain_id': None, 'trust_id': None, 'trustor_id': None, 'trustee_id': None, 'domain_name': None, 'group_ids': [], 'user_id': '12d92995feb646de946a5670e21d754b', 'user_domain_id': 'default', 'system_scope': 'all', 'project_id': None, 'project_domain_id': None, 'roles': ['admin', 'member', 'reader'], 'is_admin_project': True, 'service_user_id': None, 'service_user_domain_id': None, 'service_project_id': None, 'service_project_domain_id': None, 'service_roles': []} {{(pid=80809) fill_context /opt/stack/keystone/keystone/server/flask/request_processing/middleware/auth_context.py:478}}
Jul 26 20:23:59.974113 n-d-850346-2 devstack@keystone.service[80809]: DEBUG keystone.server.flask.request_processing.req_logging [None req-1824e376-fee0-4b7c-9f95-85a96e4b864c None admin] REQUEST_METHOD: `GET` {{(pid=80809) log_request_info /opt/stack/keystone/keystone/server/flask/request_processing/req_logging.py:27}}
Jul 26 20:23:59.974404 n-d-850346-2 devstack@keystone.service[80809]: DEBUG keystone.server.flask.request_processing.req_logging [None req-1824e376-fee0-4b7c-9f95-85a96e4b864c None admin] SCRIPT_NAME: `/identity` {{(pid=80809) log_request_info /opt/stack/keystone/keystone/server/flask/request_processing/req_logging.py:28}}
Jul 26 20:23:59.974675 n-d-850346-2 devstack@keystone.service[80809]: DEBUG keystone.server.flask.request_processing.req_logging [None req-1824e376-fee0-4b7c-9f95-85a96e4b864c None admin] PATH_INFO: `/v3/auth/tokens` {{(pid=80809) log_request_info /opt/stack/keystone/keystone/server/flask/request_processing/req_logging.py:29}}
Jul 26 20:23:59.987990 n-d-850346-2 devstack@keystone.service[80808]: DEBUG keystone.server.flask.request_processing.middleware.auth_context [None req-2980203a-4009-4813-807f-a99717bb0e4c None admin] RBAC: auth_context: {'token': , 'domain_id': None, 'trust_id': None, 'trustor_id': None, 'trustee_id': None, 'domain_name': None, 'group_ids': [], 'user_id': '12d92995feb646de946a5670e21d754b', 'user_domain_id': 'default', 'system_scope': 'all', 'project_id': None, 'project_domain_id': None, 'roles': ['admin', 'member', 'reader'], 'is_admin_project': True, 'service_user_id': None, 'service_user_domain_id': None, 'service_project_id': None, 'service_project_domain_id': None, 'service_roles': []} {{(pid=80808) fill_context /opt/stack/keystone/keystone/server/flask/request_processing/middleware/auth_context.py:478}}
Jul 26 20:23:59.988646 n-d-850346-2 devstack@keystone.service[80808]: DEBUG keystone.server.flask.request_processing.req_logging [None req-2980203a-4009-4813-807f-a99717bb0e4c None admin] REQUEST_METHOD: `GET` {{(pid=80808) log_request_info /opt/stack/keystone/keystone/server/flask/request_processing/req_logging.py:27}}
Jul 26 20:23:59.988927 n-d-850346-2 devstack@keystone.service[80808]: DEBUG keystone.server.flask.request_processing.req_logging [None req-2980203a-4009-4813-807f-a99717bb0e4c None admin] SCRIPT_NAME: `/identity` {{(pid=80808) log_request_info /opt/stack/keystone/keystone/server/flask/request_processing/req_logging.py:28}}
Jul 26 20:23:59.989350 n-d-850346-2 devstack@keystone.service[80808]: DEBUG keystone.server.flask.request_processing.req_logging [None req-2980203a-4009-4813-807f-a99717bb0e4c None admin] PATH_INFO: `/v3/roles` {{(pid=80808) log_request_info /opt/stack/keystone/keystone/server/flask/request_processing/req_logging.py:29}}
Jul 26 20:23:59.990325 n-d-850346-2 devstack@keystone.service[80808]: DEBUG keystone.common.rbac_enforcer.enforcer [None req-2980203a-4009-4813-807f-a99717bb0e4c None admin] RBAC: Adding query filter params (name=admin) {{(pid=80808) _extract_filter_values /opt/stack/keystone/keystone/common/rbac_enforcer/enforcer.py:167}}
Jul 26 20:23:59.990638 n-d-850346-2 devstack@keystone.service[80808]: DEBUG keystone.common.rbac_enforcer.enforcer [None req-2980203a-4009-4813-807f-a99717bb0e4c None admin] RBAC: Authorizing `identity:list_roles()` {{(pid=80808) enforce_call /opt/stack/keystone/keystone/common/rbac_enforcer/enforcer.py:449}}
Jul 26 20:23:59.992028 n-d-850346-2 devstack@keystone.service[80808]: DEBUG keystone.common.rbac_enforcer.enforcer [None req-2980203a-4009-4813-807f-a99717bb0e4c None admin] RBAC: Authorization granted {{(pid=80808) enforce_call /opt/stack/keystone/keystone/common/rbac_enforcer/enforcer.py:457}}
Jul 26 20:24:00.003631 n-d-850346-2 devstack@keystone.service[80808]: [pid: 80808|app: 0|req: 8/15] 10.222.0.27 () {56 vars in 1099 bytes} [Tue Jul 26 20:23:59 2022] GET /identity/v3/roles?name=admin => generated 339 bytes in 149 msecs (HTTP/1.1 200) 5 headers in 177 bytes (2 switches on core 0)
Jul 26 20:24:00.009857 n-d-850346-2 devstack@keystone.service[80808]: DEBUG keystone.server.flask.request_processing.middleware.auth_context [None req-2980203a-4009-4813-807f-a99717bb0e4c None admin] Authenticating user token {{(pid=80808) process_request /usr/local/lib/python3.8/dist-packages/keystonemiddleware/auth_token/__init__.py:407}}
Jul 26 20:24:00.042257 n-d-850346-2 devstack@keystone.service[80809]: DEBUG keystone.common.rbac_enforcer.enforcer [None req-1824e376-fee0-4b7c-9f95-85a96e4b864c None admin] RBAC: Authorizing `identity:validate_token()` {{(pid=80809) enforce_call /opt/stack/keystone/keystone/common/rbac_enforcer/enforcer.py:449}}
Jul 26 20:24:00.043698 n-d-850346-2 devstack@keystone.service[80809]: DEBUG keystone.common.rbac_enforcer.enforcer [None req-1824e376-fee0-4b7c-9f95-85a96e4b864c None admin] RBAC: Authorization granted {{(pid=80809) enforce_call /opt/stack/keystone/keystone/common/rbac_enforcer/enforcer.py:457}}
Jul 26 20:24:00.144057 n-d-850346-2 devstack@keystone.service[80809]: [pid: 80809|app: 0|req: 8/16] 10.222.0.27 () {58 vars in 1282 bytes} [Tue Jul 26 20:23:59 2022] GET /identity/v3/auth/tokens => generated 799 bytes in 309 msecs (HTTP/1.1 200) 6 headers in 358 bytes (2 switches on core 0)
Jul 26 20:24:00.150055 n-d-850346-2 devstack@keystone.service[80809]: DEBUG keystone.server.flask.request_processing.middleware.auth_context [None req-1824e376-fee0-4b7c-9f95-85a96e4b864c None admin] Authenticating user token {{(pid=80809) process_request /usr/local/lib/python3.8/dist-packages/keystonemiddleware/auth_token/__init__.py:407}}
Jul 26 20:24:00.153248 n-d-850346-2 devstack@keystone.service[80809]: DEBUG dbcounter [-] [80809] Writing DB stats keystone:SELECT=100 {{(pid=80809) stat_writer /usr/local/lib/python3.8/dist-packages/dbcounter.py:114}}
Jul 26 20:24:00.216640 n-d-850346-2 devstack@keystone.service[80808]: DEBUG keystone.server.flask.request_processing.middleware.auth_context [None req-2980203a-4009-4813-807f-a99717bb0e4c None admin] Validating token access rules against request {{(pid=80808) validate_allowed_request /usr/local/lib/python3.8/dist-packages/keystonemiddleware/auth_token/__init__.py:545}}
Jul 26 20:24:00.249927 n-d-850346-2 devstack@keystone.service[80809]: DEBUG keystone.server.flask.request_processing.middleware.auth_context [None req-1824e376-fee0-4b7c-9f95-85a96e4b864c None admin] Validating token access rules against request {{(pid=80809) validate_allowed_request /usr/local/lib/python3.8/dist-packages/keystonemiddleware/auth_token/__init__.py:545}}
Jul 26 20:24:00.250241 n-d-850346-2 devstack@keystone.service[80808]: DEBUG keystone.server.flask.request_processing.middleware.auth_context [None req-70dbc51c-6d60-457b-a17b-591f325bafd7 None admin] RBAC: auth_context: {'token': , 'domain_id': None, 'trust_id': None, 'trustor_id': None, 'trustee_id': None, 'domain_name': None, 'group_ids': [], 'user_id': '12d92995feb646de946a5670e21d754b', 'user_domain_id': 'default', 'system_scope': 'all', 'project_id': None, 'project_domain_id': None, 'roles': ['admin', 'member', 'reader'], 'is_admin_project': True, 'service_user_id': None, 'service_user_domain_id': None, 'service_project_id': None, 'service_project_domain_id': None, 'service_roles': []} {{(pid=80808) fill_context /opt/stack/keystone/keystone/server/flask/request_processing/middleware/auth_context.py:478}}
Jul 26 20:24:00.250884 n-d-850346-2 devstack@keystone.service[80808]: DEBUG keystone.server.flask.request_processing.req_logging [None req-70dbc51c-6d60-457b-a17b-591f325bafd7 None admin] REQUEST_METHOD: `GET` {{(pid=80808) log_request_info /opt/stack/keystone/keystone/server/flask/request_processing/req_logging.py:27}}
Jul 26 20:24:00.251168 n-d-850346-2 devstack@keystone.service[80808]: DEBUG keystone.server.flask.request_processing.req_logging [None req-70dbc51c-6d60-457b-a17b-591f325bafd7 None admin] SCRIPT_NAME: `/identity` {{(pid=80808) log_request_info /opt/stack/keystone/keystone/server/flask/request_processing/req_logging.py:28}}
Jul 26 20:24:00.251447 n-d-850346-2 devstack@keystone.service[80808]: DEBUG keystone.server.flask.request_processing.req_logging [None req-70dbc51c-6d60-457b-a17b-591f325bafd7 None admin] PATH_INFO: `/v3/users/12d92995feb646de946a5670e21d754b` {{(pid=80808) log_request_info /opt/stack/keystone/keystone/server/flask/request_processing/req_logging.py:29}}
Jul 26 20:24:00.252634 n-d-850346-2 devstack@keystone.service[80808]: DEBUG keystone.common.rbac_enforcer.enforcer [None req-70dbc51c-6d60-457b-a17b-591f325bafd7 None admin] RBAC: Authorizing `identity:get_user(user_id=12d92995feb646de946a5670e21d754b)` {{(pid=80808) enforce_call /opt/stack/keystone/keystone/common/rbac_enforcer/enforcer.py:449}}
Jul 26 20:24:00.254083 n-d-850346-2 devstack@keystone.service[80808]: DEBUG keystone.common.rbac_enforcer.enforcer [None req-70dbc51c-6d60-457b-a17b-591f325bafd7 None admin] RBAC: Authorization granted {{(pid=80808) enforce_call /opt/stack/keystone/keystone/common/rbac_enforcer/enforcer.py:457}}
Jul 26 20:24:00.255659 n-d-850346-2 devstack@keystone.service[80808]: [pid: 80808|app: 0|req: 9/17] 10.222.0.27 () {56 vars in 1177 bytes} [Tue Jul 26 20:24:00 2022] GET /identity/v3/users/12d92995feb646de946a5670e21d754b => generated 247 bytes in 247 msecs (HTTP/1.1 200) 5 headers in 177 bytes (2 switches on core 0)
Jul 26 20:24:00.261771 n-d-850346-2 devstack@keystone.service[80808]: DEBUG keystone.server.flask.request_processing.middleware.auth_context [None req-70dbc51c-6d60-457b-a17b-591f325bafd7 None admin] Authenticating user token {{(pid=80808) process_request /usr/local/lib/python3.8/dist-packages/keystonemiddleware/auth_token/__init__.py:407}}
Jul 26 20:24:00.276474 n-d-850346-2 devstack@keystone.service[80808]: DEBUG dbcounter [-] [80808] Writing DB stats keystone:SELECT=100 {{(pid=80808) stat_writer /usr/local/lib/python3.8/dist-packages/dbcounter.py:114}}
Jul 26 20:24:00.285546 n-d-850346-2 devstack@keystone.service[80809]: DEBUG keystone.server.flask.request_processing.middleware.auth_context [None req-dd2d6273-5639-49a7-9274-241754fb8a35 None admin] RBAC: auth_context: {'token': , 'domain_id': None, 'trust_id': None, 'trustor_id': None, 'trustee_id': None, 'domain_name': None, 'group_ids': [], 'user_id': '12d92995feb646de946a5670e21d754b', 'user_domain_id': 'default', 'system_scope': 'all', 'project_id': None, 'project_domain_id': None, 'roles': ['admin', 'member', 'reader'], 'is_admin_project': True, 'service_user_id': None, 'service_user_domain_id': None, 'service_project_id': None, 'service_project_domain_id': None, 'service_roles': []} {{(pid=80809) fill_context /opt/stack/keystone/keystone/server/flask/request_processing/middleware/auth_context.py:478}}
Jul 26 20:24:00.290703 n-d-850346-2 devstack@keystone.service[80809]: DEBUG keystone.server.flask.request_processing.req_logging [None req-dd2d6273-5639-49a7-9274-241754fb8a35 None admin] REQUEST_METHOD: `GET` {{(pid=80809) log_request_info /opt/stack/keystone/keystone/server/flask/request_processing/req_logging.py:27}}
Jul 26 20:24:00.290703 n-d-850346-2 devstack@keystone.service[80809]: DEBUG keystone.server.flask.request_processing.req_logging [None req-dd2d6273-5639-49a7-9274-241754fb8a35 None admin] SCRIPT_NAME: `/identity` {{(pid=80809) log_request_info /opt/stack/keystone/keystone/server/flask/request_processing/req_logging.py:28}}
Jul 26 20:24:00.290703 n-d-850346-2 devstack@keystone.service[80809]: DEBUG keystone.server.flask.request_processing.req_logging [None req-dd2d6273-5639-49a7-9274-241754fb8a35 None admin] PATH_INFO: `/v3/domains/Default` {{(pid=80809) log_request_info /opt/stack/keystone/keystone/server/flask/request_processing/req_logging.py:29}}
