Jul 25 09:39:47.748314 n-d-849104-8 devstack@keystone.service[87035]: ERROR keystone.server.flask.application policy_dict.update(cls._extract_member_target_data(
Jul 25 09:39:47.748314 n-d-849104-8 devstack@keystone.service[87035]: ERROR keystone.server.flask.application
File "/opt/stack/keystone/keystone/common/rbac_enforcer/enforcer.py", line 234, in _extract_member_target_data
Jul 25 09:39:47.748314 n-d-849104-8 devstack@keystone.service[87035]: ERROR keystone.server.flask.application member_name: func(flask.request.view_args[key])
Jul 25 09:39:47.748314 n-d-849104-8 devstack@keystone.service[87035]: ERROR keystone.server.flask.application
File "/opt/stack/keystone/keystone/common/manager.py", line 115, in wrapped
Jul 25 09:39:47.748314 n-d-849104-8 devstack@keystone.service[87035]: ERROR keystone.server.flask.application __ret_val = __f(*args, **kwargs)
Jul 25 09:39:47.748314 n-d-849104-8 devstack@keystone.service[87035]: ERROR keystone.server.flask.application
File "/usr/local/lib/python3.8/dist-packages/decorator.py", line 232, in fun
Jul 25 09:39:47.748314 n-d-849104-8 devstack@keystone.service[87035]: ERROR keystone.server.flask.application return caller(func, *(extras + args), **kw)
Jul 25 09:39:47.748314 n-d-849104-8 devstack@keystone.service[87035]: ERROR keystone.server.flask.application
File "/usr/local/lib/python3.8/dist-packages/dogpile/cache/region.py", line 1577, in get_or_create_for_user_func
Jul 25 09:39:47.748314 n-d-849104-8 devstack@keystone.service[87035]: ERROR keystone.server.flask.application return self.get_or_create(
Jul 25 09:39:47.748314 n-d-849104-8 devstack@keystone.service[87035]: ERROR keystone.server.flask.application
File "/usr/local/lib/python3.8/dist-packages/dogpile/cache/region.py", line 1042, in get_or_create
Jul 25 09:39:47.748314 n-d-849104-8 devstack@keystone.service[87035]: ERROR keystone.server.flask.application with Lock(
Jul 25 09:39:47.748314 n-d-849104-8 devstack@keystone.service[87035]: ERROR keystone.server.flask.application
File "/usr/local/lib/python3.8/dist-packages/dogpile/lock.py", line 185, in __enter__
Jul 25 09:39:47.748314 n-d-849104-8 devstack@keystone.service[87035]: ERROR keystone.server.flask.application return self._enter()
Jul 25 09:39:47.748314 n-d-849104-8 devstack@keystone.service[87035]: ERROR keystone.server.flask.application
File "/usr/local/lib/python3.8/dist-packages/dogpile/lock.py", line 94, in _enter
Jul 25 09:39:47.748314 n-d-849104-8 devstack@keystone.service[87035]: ERROR keystone.server.flask.application generated = self._enter_create(value, createdtime)
Jul 25 09:39:47.749163 n-d-849104-8 devstack@keystone.service[87035]: ERROR keystone.server.flask.application
File "/usr/local/lib/python3.8/dist-packages/dogpile/lock.py", line 178, in _enter_create
Jul 25 09:39:47.749163 n-d-849104-8 devstack@keystone.service[87035]: ERROR keystone.server.flask.application return self.creator()
Jul 25 09:39:47.749163 n-d-849104-8 devstack@keystone.service[87035]: ERROR keystone.server.flask.application
File "/usr/local/lib/python3.8/dist-packages/dogpile/cache/region.py", line 995, in gen_value
Jul 25 09:39:47.749163 n-d-849104-8 devstack@keystone.service[87035]: ERROR keystone.server.flask.application created_value = creator(
Jul 25 09:39:47.749163 n-d-849104-8 devstack@keystone.service[87035]: ERROR keystone.server.flask.application
File "/opt/stack/keystone/keystone/assignment/core.py", line 1276, in get_role
Jul 25 09:39:47.749163 n-d-849104-8 devstack@keystone.service[87035]: ERROR keystone.server.flask.application return self.driver.get_role(role_id)
Jul 25 09:39:47.749163 n-d-849104-8 devstack@keystone.service[87035]: ERROR keystone.server.flask.application
File "/opt/stack/keystone/keystone/assignment/role_backends/sql.py", line 70, in get_role
Jul 25 09:39:47.749163 n-d-849104-8 devstack@keystone.service[87035]: ERROR keystone.server.flask.application return self._get_role(session, role_id).to_dict()
Jul 25 09:39:47.749163 n-d-849104-8 devstack@keystone.service[87035]: ERROR keystone.server.flask.application
File "/opt/stack/keystone/keystone/assignment/role_backends/sql.py", line 65, in _get_role
Jul 25 09:39:47.749163 n-d-849104-8 devstack@keystone.service[87035]: ERROR keystone.server.flask.application raise exception.RoleNotFound(role_id=role_id)
Jul 25 09:39:47.749163 n-d-849104-8 devstack@keystone.service[87035]: ERROR keystone.server.flask.application keystone.exception.RoleNotFound: Could not find role: anotherrole.
Jul 25 09:39:47.749163 n-d-849104-8 devstack@keystone.service[87035]: ERROR keystone.server.flask.application
Jul 25 09:39:47.749163 n-d-849104-8 devstack@keystone.service[87035]: [pid: 87035|app: 0|req: 183/360] 10.222.0.72 () {56 vars in 1114 bytes} [Mon Jul 25 09:39:47 2022] GET /identity/v3/roles/anotherrole => generated 89 bytes in 227 msecs (HTTP/1.1 404) 5 headers in 183 bytes (1 switches on core 0)
Jul 25 09:39:47.749817 n-d-849104-8 devstack@keystone.service[87035]: DEBUG keystone.server.flask.request_processing.req_logging [None req-52295e5a-d21b-45f7-a915-9398e3c3c747 None None] REQUEST_METHOD: `POST` {{(pid=87035) log_request_info /opt/stack/keystone/keystone/server/flask/request_processing/req_logging.py:27}}
Jul 25 09:39:47.749817 n-d-849104-8 devstack@keystone.service[87035]: DEBUG keystone.server.flask.request_processing.req_logging [None req-52295e5a-d21b-45f7-a915-9398e3c3c747 None None] SCRIPT_NAME: `/identity` {{(pid=87035) log_request_info /opt/stack/keystone/keystone/server/flask/request_processing/req_logging.py:28}}
Jul 25 09:39:47.750437 n-d-849104-8 devstack@keystone.service[87035]: DEBUG keystone.server.flask.request_processing.req_logging [None req-52295e5a-d21b-45f7-a915-9398e3c3c747 None None] PATH_INFO: `/v3/auth/tokens` {{(pid=87035) log_request_info /opt/stack/keystone/keystone/server/flask/request_processing/req_logging.py:29}}
Jul 25 09:39:47.763723 n-d-849104-8 devstack@keystone.service[87036]: DEBUG dbcounter [-] [87036] Writing DB stats keystone:SELECT=100 {{(pid=87036) stat_writer /usr/local/lib/python3.8/dist-packages/dbcounter.py:114}}
Jul 25 09:39:47.771248 n-d-849104-8 devstack@keystone.service[87035]: DEBUG keystone.auth.core [None req-52295e5a-d21b-45f7-a915-9398e3c3c747 None None] MFA Rules not processed for user `d2b5c74567814ecf8d261a20d2f5d026`. Rule list: `[]` (Enabled: `True`). {{(pid=87035) check_auth_methods_against_rules /opt/stack/keystone/keystone/auth/core.py:438}}
Jul 25 09:39:47.772911 n-d-849104-8 devstack@keystone.service[87035]: DEBUG keystone.common.fernet_utils [None req-52295e5a-d21b-45f7-a915-9398e3c3c747 None None] Loaded 2 Fernet keys from /etc/keystone/fernet-keys/, but `[fernet_tokens] max_active_keys = 3`; perhaps there have not been enough key rotations to reach `max_active_keys` yet? {{(pid=87035) load_keys /opt/stack/keystone/keystone/common/fernet_utils.py:286}}
Jul 25 09:39:47.777594 n-d-849104-8 devstack@keystone.service[87036]: DEBUG keystone.server.flask.request_processing.middleware.auth_context [None req-cfa52594-f3f2-4820-81cd-c1caeeb061b5 None admin] RBAC: auth_context: {'token': , 'domain_id': None, 'trust_id': None, 'trustor_id': None, 'trustee_id': None, 'domain_name': None, 'group_ids': [], 'user_id': 'd2b5c74567814ecf8d261a20d2f5d026', 'user_domain_id': 'default', 'system_scope': 'all', 'project_id': None, 'project_domain_id': None, 'roles': ['admin', 'member', 'reader'], 'is_admin_project': True, 'service_user_id': None, 'service_user_domain_id': None, 'service_project_id': None, 'service_project_domain_id': None, 'service_roles': []} {{(pid=87036) fill_context /opt/stack/keystone/keystone/server/flask/request_processing/middleware/auth_context.py:478}}
Jul 25 09:39:47.778398 n-d-849104-8 devstack@keystone.service[87036]: DEBUG keystone.server.flask.request_processing.req_logging [None req-cfa52594-f3f2-4820-81cd-c1caeeb061b5 None admin] REQUEST_METHOD: `GET` {{(pid=87036) log_request_info /opt/stack/keystone/keystone/server/flask/request_processing/req_logging.py:27}}
Jul 25 09:39:47.778772 n-d-849104-8 devstack@keystone.service[87036]: DEBUG keystone.server.flask.request_processing.req_logging [None req-cfa52594-f3f2-4820-81cd-c1caeeb061b5 None admin] SCRIPT_NAME: `/identity` {{(pid=87036) log_request_info /opt/stack/keystone/keystone/server/flask/request_processing/req_logging.py:28}}
Jul 25 09:39:47.779138 n-d-849104-8 devstack@keystone.service[87036]: DEBUG keystone.server.flask.request_processing.req_logging [None req-cfa52594-f3f2-4820-81cd-c1caeeb061b5 None admin] PATH_INFO: `/v3/roles` {{(pid=87036) log_request_info /opt/stack/keystone/keystone/server/flask/request_processing/req_logging.py:29}}
Jul 25 09:39:47.779988 n-d-849104-8 devstack@keystone.service[87036]: DEBUG keystone.common.rbac_enforcer.enforcer [None req-cfa52594-f3f2-4820-81cd-c1caeeb061b5 None admin] RBAC: Adding query filter params (name=member) {{(pid=87036) _extract_filter_values /opt/stack/keystone/keystone/common/rbac_enforcer/enforcer.py:167}}
Jul 25 09:39:47.780389 n-d-849104-8 devstack@keystone.service[87036]: DEBUG keystone.common.rbac_enforcer.enforcer [None req-cfa52594-f3f2-4820-81cd-c1caeeb061b5 None admin] RBAC: Authorizing `identity:list_roles()` {{(pid=87036) enforce_call /opt/stack/keystone/keystone/common/rbac_enforcer/enforcer.py:449}}
Jul 25 09:39:47.781919 n-d-849104-8 devstack@keystone.service[87036]: DEBUG keystone.common.rbac_enforcer.enforcer [None req-cfa52594-f3f2-4820-81cd-c1caeeb061b5 None admin] RBAC: Authorization granted {{(pid=87036) enforce_call /opt/stack/keystone/keystone/common/rbac_enforcer/enforcer.py:457}}
Jul 25 09:39:47.783738 n-d-849104-8 devstack@keystone.service[87035]: DEBUG dbcounter [-] [87035] Writing DB stats keystone:SELECT=100 {{(pid=87035) stat_writer /usr/local/lib/python3.8/dist-packages/dbcounter.py:114}}
Jul 25 09:39:47.794158 n-d-849104-8 devstack@keystone.service[87036]: [pid: 87036|app: 0|req: 178/361] 10.222.0.72 () {56 vars in 1101 bytes} [Mon Jul 25 09:39:47 2022] GET /identity/v3/roles?name=member => generated 341 bytes in 197 msecs (HTTP/1.1 200) 5 headers in 177 bytes (1 switches on core 0)
Jul 25 09:39:47.794818 n-d-849104-8 devstack@keystone.service[87036]: DEBUG keystone.server.flask.request_processing.middleware.auth_context [None req-cfa52594-f3f2-4820-81cd-c1caeeb061b5 None admin] Authenticating user token {{(pid=87036) process_request /usr/local/lib/python3.8/dist-packages/keystonemiddleware/auth_token/__init__.py:407}}
Jul 25 09:39:47.870189 n-d-849104-8 devstack@keystone.service[87035]: [pid: 87035|app: 0|req: 184/362] 10.222.0.72 () {58 vars in 1023 bytes} [Mon Jul 25 09:39:47 2022] POST /identity/v3/auth/tokens => generated 799 bytes in 120 msecs (HTTP/1.1 201) 6 headers in 363 bytes (1 switches on core 0)
Jul 25 09:39:47.870189 n-d-849104-8 devstack@keystone.service[87035]: DEBUG keystone.server.flask.request_processing.middleware.auth_context [None req-52295e5a-d21b-45f7-a915-9398e3c3c747 None None] Authenticating user token {{(pid=87035) process_request /usr/local/lib/python3.8/dist-packages/keystonemiddleware/auth_token/__init__.py:407}}
Jul 25 09:39:47.920448 n-d-849104-8 devstack@keystone.service[87036]: DEBUG keystone.server.flask.request_processing.middleware.auth_context [None req-cfa52594-f3f2-4820-81cd-c1caeeb061b5 None admin] Validating token access rules against request {{(pid=87036) validate_allowed_request /usr/local/lib/python3.8/dist-packages/keystonemiddleware/auth_token/__init__.py:545}}
Jul 25 09:39:47.971417 n-d-849104-8 devstack@keystone.service[87036]: DEBUG keystone.server.flask.request_processing.middleware.auth_context [None req-0d887441-aa9e-45fe-ab56-46ba4d9a131f None admin] RBAC: auth_context: {'token': , 'domain_id': None, 'trust_id': None, 'trustor_id': None, 'trustee_id': None, 'domain_name': None, 'group_ids': [], 'user_id': 'd2b5c74567814ecf8d261a20d2f5d026', 'user_domain_id': 'default', 'system_scope': 'all', 'project_id': None, 'project_domain_id': None, 'roles': ['admin', 'member', 'reader'], 'is_admin_project': True, 'service_user_id': None, 'service_user_domain_id': None, 'service_project_id': None, 'service_project_domain_id': None, 'service_roles': []} {{(pid=87036) fill_context /opt/stack/keystone/keystone/server/flask/request_processing/middleware/auth_context.py:478}}
Jul 25 09:39:47.973014 n-d-849104-8 devstack@keystone.service[87036]: DEBUG keystone.server.flask.request_processing.req_logging [None req-0d887441-aa9e-45fe-ab56-46ba4d9a131f None admin] REQUEST_METHOD: `GET` {{(pid=87036) log_request_info /opt/stack/keystone/keystone/server/flask/request_processing/req_logging.py:27}}
Jul 25 09:39:47.973304 n-d-849104-8 devstack@keystone.service[87036]: DEBUG keystone.server.flask.request_processing.req_logging [None req-0d887441-aa9e-45fe-ab56-46ba4d9a131f None admin] SCRIPT_NAME: `/identity` {{(pid=87036) log_request_info /opt/stack/keystone/keystone/server/flask/request_processing/req_logging.py:28}}
Jul 25 09:39:47.973718 n-d-849104-8 devstack@keystone.service[87036]: DEBUG keystone.server.flask.request_processing.req_logging [None req-0d887441-aa9e-45fe-ab56-46ba4d9a131f None admin] PATH_INFO: `/v3/projects/61030496a5634a22875b529c4a10bcf3` {{(pid=87036) log_request_info /opt/stack/keystone/keystone/server/flask/request_processing/req_logging.py:29}}
Jul 25 09:39:47.975284 n-d-849104-8 devstack@keystone.service[87036]: DEBUG keystone.common.rbac_enforcer.enforcer [None req-0d887441-aa9e-45fe-ab56-46ba4d9a131f None admin] RBAC: Authorizing `identity:get_project(project_id=61030496a5634a22875b529c4a10bcf3)` {{(pid=87036) enforce_call /opt/stack/keystone/keystone/common/rbac_enforcer/enforcer.py:449}}
Jul 25 09:39:47.979335 n-d-849104-8 devstack@keystone.service[87036]: DEBUG keystone.common.rbac_enforcer.enforcer [None req-0d887441-aa9e-45fe-ab56-46ba4d9a131f None admin] RBAC: Authorization granted {{(pid=87036) enforce_call /opt/stack/keystone/keystone/common/rbac_enforcer/enforcer.py:457}}
Jul 25 09:39:47.979486 n-d-849104-8 devstack@keystone.service[87036]: [pid: 87036|app: 0|req: 179/363] 10.222.0.72 () {56 vars in 1186 bytes} [Mon Jul 25 09:39:47 2022] GET /identity/v3/projects/61030496a5634a22875b529c4a10bcf3 => generated 298 bytes in 185 msecs (HTTP/1.1 200) 5 headers in 177 bytes (1 switches on core 0)
Jul 25 09:39:47.980444 n-d-849104-8 devstack@keystone.service[87036]: DEBUG keystone.server.flask.request_processing.middleware.auth_context [None req-0d887441-aa9e-45fe-ab56-46ba4d9a131f None admin] Authenticating user token {{(pid=87036) process_request /usr/local/lib/python3.8/dist-packages/keystonemiddleware/auth_token/__init__.py:407}}
Jul 25 09:39:47.994645 n-d-849104-8 devstack@keystone.service[87035]: DEBUG keystone.server.flask.request_processing.middleware.auth_context [None req-52295e5a-d21b-45f7-a915-9398e3c3c747 None None] Validating token access rules against request {{(pid=87035) validate_allowed_request /usr/local/lib/python3.8/dist-packages/keystonemiddleware/auth_token/__init__.py:545}}
Jul 25 09:39:48.042107 n-d-849104-8 devstack@keystone.service[87035]: DEBUG keystone.server.flask.request_processing.middleware.auth_context [None req-33ed8607-6c19-416e-987d-b14a8ed3ad17 None admin] RBAC: auth_context: {'token': , 'domain_id': None, 'trust_id': None, 'trustor_id': None, 'trustee_id': None, 'domain_name': None, 'group_ids': [], 'user_id': 'd2b5c74567814ecf8d261a20d2f5d026', 'user_domain_id': 'default', 'system_scope': 'all', 'project_id': None, 'project_domain_id': None, 'roles': ['admin', 'member', 'reader'], 'is_admin_project': True, 'service_user_id': None, 'service_user_domain_id': None, 'service_project_id': None, 'service_project_domain_id': None, 'service_roles': []} {{(pid=87035) fill_context /opt/stack/keystone/keystone/server/flask/request_processing/middleware/auth_context.py:478}}
Jul 25 09:39:48.042446 n-d-849104-8 devstack@keystone.service[87035]: DEBUG keystone.server.flask.request_processing.req_logging [None req-33ed8607-6c19-416e-987d-b14a8ed3ad17 None admin] REQUEST_METHOD: `GET` {{(pid=87035) log_request_info /opt/stack/keystone/keystone/server/flask/request_processing/req_logging.py:27}}
Jul 25 09:39:48.042647 n-d-849104-8 devstack@keystone.service[87035]: DEBUG keystone.server.flask.request_processing.req_logging [None req-33ed8607-6c19-416e-987d-b14a8ed3ad17 None admin] SCRIPT_NAME: `/identity` {{(pid=87035) log_request_info /opt/stack/keystone/keystone/server/flask/request_processing/req_logging.py:28}}
Jul 25 09:39:48.042919 n-d-849104-8 devstack@keystone.service[87035]: DEBUG keystone.server.flask.request_processing.req_logging [None req-33ed8607-6c19-416e-987d-b14a8ed3ad17 None admin] PATH_INFO: `/v3/roles` {{(pid=87035) log_request_info /opt/stack/keystone/keystone/server/flask/request_processing/req_logging.py:29}}
Jul 25 09:39:48.043676 n-d-849104-8 devstack@keystone.service[87035]: DEBUG keystone.common.rbac_enforcer.enforcer [None req-33ed8607-6c19-416e-987d-b14a8ed3ad17 None admin] RBAC: Adding query filter params (name=anotherrole) {{(pid=87035) _extract_filter_values /opt/stack/keystone/keystone/common/rbac_enforcer/enforcer.py:167}}
Jul 25 09:39:48.044036 n-d-849104-8 devstack@keystone.service[87035]: DEBUG keystone.common.rbac_enforcer.enforcer [None req-33ed8607-6c19-416e-987d-b14a8ed3ad17 None admin] RBAC: Authorizing `identity:list_roles()` {{(pid=87035) enforce_call /opt/stack/keystone/keystone/common/rbac_enforcer/enforcer.py:449}}
Jul 25 09:39:48.047232 n-d-849104-8 devstack@keystone.service[87035]: DEBUG keystone.common.rbac_enforcer.enforcer [None req-33ed8607-6c19-416e-987d-b14a8ed3ad17 None admin] RBAC: Authorization granted {{(pid=87035) enforce_call /opt/stack/keystone/keystone/common/rbac_enforcer/enforcer.py:457}}
Jul 25 09:39:48.052068 n-d-849104-8 devstack@keystone.service[87036]: DEBUG dbcounter [-] [87036] Writing DB stats keystone:SELECT=100 {{(pid=87036) stat_writer /usr/local/lib/python3.8/dist-packages/dbcounter.py:114}}
Jul 25 09:39:48.059361 n-d-849104-8 devstack@keystone.service[87035]: [pid: 87035|app: 0|req: 185/364] 10.222.0.72 () {56 vars in 1111 bytes} [Mon Jul 25 09:39:47 2022] GET /identity/v3/roles?name=anotherrole => generated 334 bytes in 190 msecs (HTTP/1.1 200) 5 headers in 177 bytes (1 switches on core 0)
Jul 25 09:39:48.061280 n-d-849104-8 devstack@keystone.service[87035]: DEBUG keystone.server.flask.request_processing.middleware.auth_context [None req-33ed8607-6c19-416e-987d-b14a8ed3ad17 None admin] Authenticating user token {{(pid=87035) process_request /usr/local/lib/python3.8/dist-packages/keystonemiddleware/auth_token/__init__.py:407}}
Jul 25 09:39:48.069168 n-d-849104-8 devstack@keystone.service[87035]: DEBUG dbcounter [-] [87035] Writing DB stats keystone:SELECT=100 {{(pid=87035) stat_writer /usr/local/lib/python3.8/dist-packages/dbcounter.py:114}}
Jul 25 09:39:48.107210 n-d-849104-8 devstack@keystone.service[87036]: DEBUG keystone.server.flask.request_processing.middleware.auth_context [None req-0d887441-aa9e-45fe-ab56-46ba4d9a131f None admin] Validating token access rules against request {{(pid=87036) validate_allowed_request /usr/local/lib/python3.8/dist-packages/keystonemiddleware/auth_token/__init__.py:545}}
Jul 25 09:39:48.147667 n-d-849104-8 devstack@keystone.service[87036]: DEBUG keystone.server.flask.request_processing.middleware.auth_context [None req-d44e8825-cce5-4236-8ae2-c9c6cc8e0f7d None admin] RBAC: auth_context: {'token': , 'domain_id': None, 'trust_id': None, 'trustor_id': None, 'trustee_id': None, 'domain_name': None, 'group_ids': [], 'user_id': 'd2b5c74567814ecf8d261a20d2f5d026', 'user_domain_id': 'default', 'system_scope': 'all', 'project_id': None, 'project_domain_id': None, 'roles': ['admin', 'member', 'reader'], 'is_admin_project': True, 'service_user_id': None, 'service_user_domain_id': None, 'service_project_id': None, 'service_project_domain_id': None, 'service_roles': []} {{(pid=87036) fill_context /opt/stack/keystone/keystone/server/flask/request_processing/middleware/auth_context.py:478}}
Jul 25 09:39:48.148326 n-d-849104-8 devstack@keystone.service[87036]: DEBUG keystone.server.flask.request_processing.req_logging [None req-d44e8825-cce5-4236-8ae2-c9c6cc8e0f7d None admin] REQUEST_METHOD: `GET` {{(pid=87036) log_request_info /opt/stack/keystone/keystone/server/flask/request_processing/req_logging.py:27}}
Jul 25 09:39:48.148651 n-d-849104-8 devstack@keystone.service[87036]: DEBUG keystone.server.flask.request_processing.req_logging [None req-d44e8825-cce5-4236-8ae2-c9c6cc8e0f7d None admin] SCRIPT_NAME: `/identity` {{(pid=87036) log_request_info /opt/stack/keystone/keystone/server/flask/request_processing/req_logging.py:28}}
Jul 25 09:39:48.148922 n-d-849104-8 devstack@keystone.service[87036]: DEBUG keystone.server.flask.request_processing.req_logging [None req-d44e8825-cce5-4236-8ae2-c9c6cc8e0f7d None admin] PATH_INFO: `/v3/auth/tokens` {{(pid=87036) log_request_info /opt/stack/keystone/keystone/server/flask/request_processing/req_logging.py:29}}
Jul 25 09:39:48.194721 n-d-849104-8 devstack@keystone.service[87035]: DEBUG keystone.server.flask.request_processing.middleware.auth_context [None req-33ed8607-6c19-416e-987d-b14a8ed3ad17 None admin] Validating token access rules against request {{(pid=87035) validate_allowed_request /usr/local/lib/python3.8/dist-packages/keystonemiddleware/auth_token/__init__.py:545}}
Jul 25 09:39:48.235377 n-d-849104-8 devstack@keystone.service[87036]: DEBUG keystone.common.rbac_enforcer.enforcer [None req-d44e8825-cce5-4236-8ae2-c9c6cc8e0f7d None admin] RBAC: Authorizing `identity:validate_token()` {{(pid=87036) enforce_call /opt/stack/keystone/keystone/common/rbac_enforcer/enforcer.py:449}}
Jul 25 09:39:48.236883 n-d-849104-8 devstack@keystone.service[87036]: DEBUG keystone.common.rbac_enforcer.enforcer [None req-d44e8825-cce5-4236-8ae2-c9c6cc8e0f7d None admin] RBAC: Authorization granted {{(pid=87036) enforce_call /opt/stack/keystone/keystone/common/rbac_enforcer/enforcer.py:457}}
Jul 25 09:39:48.240889 n-d-849104-8 devstack@keystone.service[87035]: DEBUG keystone.server.flask.request_processing.middleware.auth_context [None req-6a2fe0f6-c0ea-43d9-b2ef-2909bf1f2597 None admin] RBAC: auth_context: {'token': , 'domain_id': None, 'trust_id': None, 'trustor_id': None, 'trustee_id': None, 'domain_name': None, 'group_ids': [], 'user_id': 'd2b5c74567814ecf8d261a20d2f5d026', 'user_domain_id': 'default', 'system_scope': 'all', 'project_id': None, 'project_domain_id': None, 'roles': ['admin', 'member', 'reader'], 'is_admin_project': True, 'service_user_id': None, 'service_user_domain_id': None, 'service_project_id': None, 'service_project_domain_id': None, 'service_roles': []} {{(pid=87035) fill_context /opt/stack/keystone/keystone/server/flask/request_processing/middleware/auth_context.py:478}}
Jul 25 09:39:48.241997 n-d-849104-8 devstack@keystone.service[87035]: DEBUG keystone.server.flask.request_processing.req_logging [None req-6a2fe0f6-c0ea-43d9-b2ef-2909bf1f2597 None admin] REQUEST_METHOD: `GET` {{(pid=87035) log_request_info /opt/stack/keystone/keystone/server/flask/request_processing/req_logging.py:27}}
Jul 25 09:39:48.242278 n-d-849104-8 devstack@keystone.service[87035]: DEBUG keystone.server.flask.request_processing.req_logging [None req-6a2fe0f6-c0ea-43d9-b2ef-2909bf1f2597 None admin] SCRIPT_NAME: `/identity` {{(pid=87035) log_request_info /opt/stack/keystone/keystone/server/flask/request_processing/req_logging.py:28}}
Jul 25 09:39:48.242553 n-d-849104-8 devstack@keystone.service[87035]: DEBUG keystone.server.flask.request_processing.req_logging [None req-6a2fe0f6-c0ea-43d9-b2ef-2909bf1f2597 None admin] PATH_INFO: `/v3/roles/admin` {{(pid=87035) log_request_info /opt/stack/keystone/keystone/server/flask/request_processing/req_logging.py:29}}
Jul 25 09:39:48.258791 n-d-849104-8 devstack@keystone.service[87035]: DEBUG keystone.common.rbac_enforcer.enforcer [None req-6a2fe0f6-c0ea-43d9-b2ef-2909bf1f2597 None admin] Extracting inferred target data resulted in "NOT FOUND (404)". {{(pid=87035) enforce_call /opt/stack/keystone/keystone/common/rbac_enforcer/enforcer.py:409}}
Jul 25 09:39:48.268075 n-d-849104-8 devstack@keystone.service[87035]: ERROR keystone.server.flask.application [None req-6a2fe0f6-c0ea-43d9-b2ef-2909bf1f2597 None admin] Could not find role: admin.: keystone.exception.RoleNotFound: Could not find role: admin.
Jul 25 09:39:48.268075 n-d-849104-8 devstack@keystone.service[87035]: ERROR keystone.server.flask.application
Traceback (most recent call last):
Jul 25 09:39:48.268075 n-d-849104-8 devstack@keystone.service[87035]: ERROR keystone.server.flask.application
File "/usr/local/lib/python3.8/dist-packages/flask/app.py", line 1517, in full_dispatch_request
Jul 25 09:39:48.268075 n-d-849104-8 devstack@keystone.service[87035]: ERROR keystone.server.flask.application rv = self.dispatch_request()
Jul 25 09:39:48.268075 n-d-849104-8 devstack@keystone.service[87035]: ERROR keystone.server.flask.application
File "/usr/local/lib/python3.8/dist-packages/flask/app.py", line 1503, in dispatch_request
Jul 25 09:39:48.268075 n-d-849104-8 devstack@keystone.service[87035]: ERROR keystone.server.flask.application return self.ensure_sync(self.view_functions[rule.endpoint])(**req.view_args)
Jul 25 09:39:48.268075 n-d-849104-8 devstack@keystone.service[87035]: ERROR keystone.server.flask.application
File "/usr/local/lib/python3.8/dist-packages/flask_restful/__init__.py", line 467, in wrapper
Jul 25 09:39:48.268075 n-d-849104-8 devstack@keystone.service[87035]: ERROR keystone.server.flask.application resp = resource(*args, **kwargs)
Jul 25 09:39:48.268075 n-d-849104-8 devstack@keystone.service[87035]: ERROR keystone.server.flask.application
File "/usr/local/lib/python3.8/dist-packages/flask/views.py", line 84, in view
Jul 25 09:39:48.268075 n-d-849104-8 devstack@keystone.service[87035]: ERROR keystone.server.flask.application return current_app.ensure_sync(self.dispatch_request)(*args, **kwargs)
Jul 25 09:39:48.268075 n-d-849104-8 devstack@keystone.service[87035]: ERROR keystone.server.flask.application
File "/usr/local/lib/python3.8/dist-packages/flask_restful/__init__.py", line 582, in dispatch_request
Jul 25 09:39:48.268075 n-d-849104-8 devstack@keystone.service[87035]: ERROR keystone.server.flask.application resp = meth(*args, **kwargs)
Jul 25 09:39:48.268075 n-d-849104-8 devstack@keystone.service[87035]: ERROR keystone.server.flask.application
File "/opt/stack/keystone/keystone/api/roles.py", line 50, in get
Jul 25 09:39:48.268075 n-d-849104-8 devstack@keystone.service[87035]: ERROR keystone.server.flask.application return self._get_role(role_id)
Jul 25 09:39:48.268075 n-d-849104-8 devstack@keystone.service[87035]: ERROR keystone.server.flask.application
File "/opt/stack/keystone/keystone/api/roles.py", line 70, in _get_role
Jul 25 09:39:48.268075 n-d-849104-8 devstack@keystone.service[87035]: ERROR keystone.server.flask.application ENFORCER.enforce_call(action='identity:get_role')
Jul 25 09:39:48.268985 n-d-849104-8 devstack@keystone.service[87035]: ERROR keystone.server.flask.application
File "/opt/stack/keystone/keystone/common/rbac_enforcer/enforcer.py", line 402, in enforce_call
Jul 25 09:39:48.268985 n-d-849104-8 devstack@keystone.service[87035]: ERROR keystone.server.flask.application policy_dict.update(cls._extract_member_target_data(
Jul 25 09:39:48.268985 n-d-849104-8 devstack@keystone.service[87035]: ERROR keystone.server.flask.application
File "/opt/stack/keystone/keystone/common/rbac_enforcer/enforcer.py", line 234, in _extract_member_target_data
Jul 25 09:39:48.268985 n-d-849104-8 devstack@keystone.service[87035]: ERROR keystone.server.flask.application member_name: func(flask.request.view_args[key])
Jul 25 09:39:48.268985 n-d-849104-8 devstack@keystone.service[87035]: ERROR keystone.server.flask.application
File "/opt/stack/keystone/keystone/common/manager.py", line 115, in wrapped
Jul 25 09:39:48.268985 n-d-849104-8 devstack@keystone.service[87035]: ERROR keystone.server.flask.application __ret_val = __f(*args, **kwargs)
Jul 25 09:39:48.268985 n-d-849104-8 devstack@keystone.service[87035]: ERROR keystone.server.flask.application
File "/usr/local/lib/python3.8/dist-packages/decorator.py", line 232, in fun
Jul 25 09:39:48.268985 n-d-849104-8 devstack@keystone.service[87035]: ERROR keystone.server.flask.application return caller(func, *(extras + args), **kw)
Jul 25 09:39:48.268985 n-d-849104-8 devstack@keystone.service[87035]: ERROR keystone.server.flask.application
File "/usr/local/lib/python3.8/dist-packages/dogpile/cache/region.py", line 1577, in get_or_create_for_user_func
Jul 25 09:39:48.268985 n-d-849104-8 devstack@keystone.service[87035]: ERROR keystone.server.flask.application return self.get_or_create(
Jul 25 09:39:48.268985 n-d-849104-8 devstack@keystone.service[87035]: ERROR keystone.server.flask.application
File "/usr/local/lib/python3.8/dist-packages/dogpile/cache/region.py", line 1042, in get_or_create
Jul 25 09:39:48.268985 n-d-849104-8 devstack@keystone.service[87035]: ERROR keystone.server.flask.application with Lock(
Jul 25 09:39:48.268985 n-d-849104-8 devstack@keystone.service[87035]: ERROR keystone.server.flask.application
File "/usr/local/lib/python3.8/dist-packages/dogpile/lock.py", line 185, in __enter__
Jul 25 09:39:48.268985 n-d-849104-8 devstack@keystone.service[87035]: ERROR keystone.server.flask.application return self._enter()
Jul 25 09:39:48.268985 n-d-849104-8 devstack@keystone.service[87035]: ERROR keystone.server.flask.application
File "/usr/local/lib/python3.8/dist-packages/dogpile/lock.py", line 94, in _enter
Jul 25 09:39:48.268985 n-d-849104-8 devstack@keystone.service[87035]: ERROR keystone.server.flask.application generated = self._enter_create(value, createdtime)
Jul 25 09:39:48.269786 n-d-849104-8 devstack@keystone.service[87035]: ERROR keystone.server.flask.application
File "/usr/local/lib/python3.8/dist-packages/dogpile/lock.py", line 178, in _enter_create
Jul 25 09:39:48.269786 n-d-849104-8 devstack@keystone.service[87035]: ERROR keystone.server.flask.application return self.creator()
Jul 25 09:39:48.269786 n-d-849104-8 devstack@keystone.service[87035]: ERROR keystone.server.flask.application
File "/usr/local/lib/python3.8/dist-packages/dogpile/cache/region.py", line 995, in gen_value
Jul 25 09:39:48.269786 n-d-849104-8 devstack@keystone.service[87035]: ERROR keystone.server.flask.application created_value = creator(
Jul 25 09:39:48.269786 n-d-849104-8 devstack@keystone.service[87035]: ERROR keystone.server.flask.application
File "/opt/stack/keystone/keystone/assignment/core.py", line 1276, in get_role
Jul 25 09:39:48.269786 n-d-849104-8 devstack@keystone.service[87035]: ERROR keystone.server.flask.application return self.driver.get_role(role_id)
Jul 25 09:39:48.269786 n-d-849104-8 devstack@keystone.service[87035]: ERROR keystone.server.flask.application
File "/opt/stack/keystone/keystone/assignment/role_backends/sql.py", line 70, in get_role
Jul 25 09:39:48.269786 n-d-849104-8 devstack@keystone.service[87035]: ERROR keystone.server.flask.application return self._get_role(session, role_id).to_dict()
Jul 25 09:39:48.269786 n-d-849104-8 devstack@keystone.service[87035]: ERROR keystone.server.flask.application
File "/opt/stack/keystone/keystone/assignment/role_backends/sql.py", line 65, in _get_role
Jul 25 09:39:48.269786 n-d-849104-8 devstack@keystone.service[87035]: ERROR keystone.server.flask.application raise exception.RoleNotFound(role_id=role_id)
Jul 25 09:39:48.269786 n-d-849104-8 devstack@keystone.service[87035]: ERROR keystone.server.flask.application keystone.exception.RoleNotFound: Could not find role: admin.
Jul 25 09:39:48.269786 n-d-849104-8 devstack@keystone.service[87035]: ERROR keystone.server.flask.application
Jul 25 09:39:48.270391 n-d-849104-8 devstack@keystone.service[87035]: [pid: 87035|app: 0|req: 186/365] 10.222.0.72 () {56 vars in 1096 bytes} [Mon Jul 25 09:39:48 2022] GET /identity/v3/roles/admin => generated 83 bytes in 210 msecs (HTTP/1.1 404) 5 headers in 183 bytes (1 switches on core 0)
Jul 25 09:39:48.270580 n-d-849104-8 devstack@keystone.service[87035]: DEBUG keystone.server.flask.request_processing.middleware.auth_context [None req-6a2fe0f6-c0ea-43d9-b2ef-2909bf1f2597 None admin] Authenticating user token {{(pid=87035) process_request /usr/local/lib/python3.8/dist-packages/keystonemiddleware/auth_token/__init__.py:407}}
Jul 25 09:39:48.319446 n-d-849104-8 devstack@keystone.service[87036]: DEBUG dbcounter [-] [87036] Writing DB stats keystone:SELECT=100 {{(pid=87036) stat_writer /usr/local/lib/python3.8/dist-packages/dbcounter.py:114}}
Jul 25 09:39:48.357472 n-d-849104-8 devstack@keystone.service[87035]: DEBUG dbcounter [-] [87035] Writing DB stats keystone:SELECT=100 {{(pid=87035) stat_writer /usr/local/lib/python3.8/dist-packages/dbcounter.py:114}}
Jul 25 09:39:48.379548 n-d-849104-8 devstack@keystone.service[87036]: [pid: 87036|app: 0|req: 180/366] 10.222.0.72 () {58 vars in 1282 bytes} [Mon Jul 25 09:39:47 2022] GET /identity/v3/auth/tokens => generated 799 bytes in 399 msecs (HTTP/1.1 200) 6 headers in 358 bytes (1 switches on core 0)
Jul 25 09:39:48.380650 n-d-849104-8 devstack@keystone.service[87036]: DEBUG keystone.server.flask.request_processing.middleware.auth_context [None req-d44e8825-cce5-4236-8ae2-c9c6cc8e0f7d None admin] Authenticating user token {{(pid=87036) process_request /usr/local/lib/python3.8/dist-packages/keystonemiddleware/auth_token/__init__.py:407}}
Jul 25 09:39:48.403861 n-d-849104-8 devstack@keystone.service[87035]: DEBUG keystone.server.flask.request_processing.middleware.auth_context [None req-6a2fe0f6-c0ea-43d9-b2ef-2909bf1f2597 None admin] Validating token access rules against request {{(pid=87035) validate_allowed_request /usr/local/lib/python3.8/dist-packages/keystonemiddleware/auth_token/__init__.py:545}}
Jul 25 09:39:48.445940 n-d-849104-8 devstack@keystone.service[87035]: DEBUG keystone.server.flask.request_processing.middleware.auth_context [None req-99395f1a-f68c-49ce-b0ea-372a535deed2 None admin] RBAC: auth_context: {'token': , 'domain_id': None, 'trust_id': None, 'trustor_id': None, 'trustee_id': None, 'domain_name': None, 'group_ids': [], 'user_id': 'd2b5c74567814ecf8d261a20d2f5d026', 'user_domain_id': 'default', 'system_scope': 'all', 'project_id': None, 'project_domain_id': None, 'roles': ['admin', 'member', 'reader'], 'is_admin_project': True, 'service_user_id': None, 'service_user_domain_id': None, 'service_project_id': None, 'service_project_domain_id': None, 'service_roles': []} {{(pid=87035) fill_context /opt/stack/keystone/keystone/server/flask/request_processing/middleware/auth_context.py:478}}
Jul 25 09:39:48.448468 n-d-849104-8 devstack@keystone.service[87035]: DEBUG keystone.server.flask.request_processing.req_logging [None req-99395f1a-f68c-49ce-b0ea-372a535deed2 None admin] REQUEST_METHOD: `GET` {{(pid=87035) log_request_info /opt/stack/keystone/keystone/server/flask/request_processing/req_logging.py:27}}
Jul 25 09:39:48.448468 n-d-849104-8 devstack@keystone.service[87035]: DEBUG keystone.server.flask.request_processing.req_logging [None req-99395f1a-f68c-49ce-b0ea-372a535deed2 None admin] SCRIPT_NAME: `/identity` {{(pid=87035) log_request_info /opt/stack/keystone/keystone/server/flask/request_processing/req_logging.py:28}}
Jul 25 09:39:48.448468 n-d-849104-8 devstack@keystone.service[87035]: DEBUG keystone.server.flask.request_processing.req_logging [None req-99395f1a-f68c-49ce-b0ea-372a535deed2 None admin] PATH_INFO: `/v3/groups/d6843970561e457db5e64ae1a70474ff` {{(pid=87035) log_request_info /opt/stack/keystone/keystone/server/flask/request_processing/req_logging.py:29}}
Jul 25 09:39:48.448747 n-d-849104-8 devstack@keystone.service[87035]: DEBUG keystone.common.rbac_enforcer.enforcer [None req-99395f1a-f68c-49ce-b0ea-372a535deed2 None admin] RBAC: Authorizing `identity:get_group(group_id=d6843970561e457db5e64ae1a70474ff)` {{(pid=87035) enforce_call /opt/stack/keystone/keystone/common/rbac_enforcer/enforcer.py:449}}
Jul 25 09:39:48.450076 n-d-849104-8 devstack@keystone.service[87035]: DEBUG keystone.common.rbac_enforcer.enforcer [None req-99395f1a-f68c-49ce-b0ea-372a535deed2 None admin] RBAC: Authorization granted {{(pid=87035) enforce_call /opt/stack/keystone/keystone/common/rbac_enforcer/enforcer.py:457}}
Jul 25 09:39:48.451769 n-d-849104-8 devstack@keystone.service[87035]: [pid: 87035|app: 0|req: 187/367] 10.222.0.72 () {56 vars in 1180 bytes} [Mon Jul 25 09:39:48 2022] GET /identity/v3/groups/d6843970561e457db5e64ae1a70474ff => generated 226 bytes in 181 msecs (HTTP/1.1 200) 5 headers in 177 bytes (1 switches on core 0)
Jul 25 09:39:48.452548 n-d-849104-8 devstack@keystone.service[87035]: DEBUG keystone.server.flask.request_processing.middleware.auth_context [None req-99395f1a-f68c-49ce-b0ea-372a535deed2 None admin] Authenticating user token {{(pid=87035) process_request /usr/local/lib/python3.8/dist-packages/keystonemiddleware/auth_token/__init__.py:407}}
Jul 25 09:39:48.513368 n-d-849104-8 devstack@keystone.service[87036]: DEBUG keystone.server.flask.request_processing.middleware.auth_context [None req-d44e8825-cce5-4236-8ae2-c9c6cc8e0f7d None admin] Validating token access rules against request {{(pid=87036) validate_allowed_request /usr/local/lib/python3.8/dist-packages/keystonemiddleware/auth_token/__init__.py:545}}
Jul 25 09:39:48.554328 n-d-849104-8 devstack@keystone.service[87036]: DEBUG keystone.server.flask.request_processing.middleware.auth_context [None req-178703db-82fc-40f2-8129-40254bcf326d None admin] RBAC: auth_context: {'token': , 'domain_id': None, 'trust_id': None, 'trustor_id': None, 'trustee_id': None, 'domain_name': None, 'group_ids': [], 'user_id': 'd2b5c74567814ecf8d261a20d2f5d026', 'user_domain_id': 'default', 'system_scope': 'all', 'project_id': None, 'project_domain_id': None, 'roles': ['admin', 'member', 'reader'], 'is_admin_project': True, 'service_user_id': None, 'service_user_domain_id': None, 'service_project_id': None, 'service_project_domain_id': None, 'service_roles': []} {{(pid=87036) fill_context /opt/stack/keystone/keystone/server/flask/request_processing/middleware/auth_context.py:478}}
Jul 25 09:39:48.554996 n-d-849104-8 devstack@keystone.service[87036]: DEBUG keystone.server.flask.request_processing.req_logging [None req-178703db-82fc-40f2-8129-40254bcf326d None admin] REQUEST_METHOD: `GET` {{(pid=87036) log_request_info /opt/stack/keystone/keystone/server/flask/request_processing/req_logging.py:27}}
Jul 25 09:39:48.555281 n-d-849104-8 devstack@keystone.service[87036]: DEBUG keystone.server.flask.request_processing.req_logging [None req-178703db-82fc-40f2-8129-40254bcf326d None admin] SCRIPT_NAME: `/identity` {{(pid=87036) log_request_info /opt/stack/keystone/keystone/server/flask/request_processing/req_logging.py:28}}
Jul 25 09:39:48.555560 n-d-849104-8 devstack@keystone.service[87036]: DEBUG keystone.server.flask.request_processing.req_logging [None req-178703db-82fc-40f2-8129-40254bcf326d None admin] PATH_INFO: `/v3/auth/tokens` {{(pid=87036) log_request_info /opt/stack/keystone/keystone/server/flask/request_processing/req_logging.py:29}}
Jul 25 09:39:48.584492 n-d-849104-8 devstack@keystone.service[87035]: DEBUG keystone.server.flask.request_processing.middleware.auth_context [None req-99395f1a-f68c-49ce-b0ea-372a535deed2 None admin] Validating token access rules against request {{(pid=87035) validate_allowed_request /usr/local/lib/python3.8/dist-packages/keystonemiddleware/auth_token/__init__.py:545}}
Jul 25 09:39:48.586537 n-d-849104-8 devstack@keystone.service[87036]: DEBUG dbcounter [-] [87036] Writing DB stats keystone:SELECT=100 {{(pid=87036) stat_writer /usr/local/lib/python3.8/dist-packages/dbcounter.py:114}}
Jul 25 09:39:48.623281 n-d-849104-8 devstack@keystone.service[87035]: DEBUG dbcounter [-] [87035] Writing DB stats keystone:SELECT=100 {{(pid=87035) stat_writer /usr/local/lib/python3.8/dist-packages/dbcounter.py:114}}
Jul 25 09:39:48.633161 n-d-849104-8 devstack@keystone.service[87035]: DEBUG keystone.server.flask.request_processing.middleware.auth_context [None req-33b0f905-830b-4cb4-b2d4-1b07c368b6d6 None admin] RBAC: auth_context: {'token': , 'domain_id': None, 'trust_id': None, 'trustor_id': None, 'trustee_id': None, 'domain_name': None, 'group_ids': [], 'user_id': 'd2b5c74567814ecf8d261a20d2f5d026', 'user_domain_id': 'default', 'system_scope': 'all', 'project_id': None, 'project_domain_id': None, 'roles': ['admin', 'member', 'reader'], 'is_admin_project': True, 'service_user_id': None, 'service_user_domain_id': None, 'service_project_id': None, 'service_project_domain_id': None, 'service_roles': []} {{(pid=87035) fill_context /opt/stack/keystone/keystone/server/flask/request_processing/middleware/auth_context.py:478}}
Jul 25 09:39:48.633846 n-d-849104-8 devstack@keystone.service[87035]: DEBUG keystone.server.flask.request_processing.req_logging [None req-33b0f905-830b-4cb4-b2d4-1b07c368b6d6 None admin] REQUEST_METHOD: `GET` {{(pid=87035) log_request_info /opt/stack/keystone/keystone/server/flask/request_processing/req_logging.py:27}}
Jul 25 09:39:48.634131 n-d-849104-8 devstack@keystone.service[87035]: DEBUG keystone.server.flask.request_processing.req_logging [None req-33b0f905-830b-4cb4-b2d4-1b07c368b6d6 None admin] SCRIPT_NAME: `/identity` {{(pid=87035) log_request_info /opt/stack/keystone/keystone/server/flask/request_processing/req_logging.py:28}}
Jul 25 09:39:48.634408 n-d-849104-8 devstack@keystone.service[87035]: DEBUG keystone.server.flask.request_processing.req_logging [None req-33b0f905-830b-4cb4-b2d4-1b07c368b6d6 None admin] PATH_INFO: `/v3/roles` {{(pid=87035) log_request_info /opt/stack/keystone/keystone/server/flask/request_processing/req_logging.py:29}}
Jul 25 09:39:48.635380 n-d-849104-8 devstack@keystone.service[87035]: DEBUG keystone.common.rbac_enforcer.enforcer [None req-33b0f905-830b-4cb4-b2d4-1b07c368b6d6 None admin] RBAC: Adding query filter params (name=admin) {{(pid=87035) _extract_filter_values /opt/stack/keystone/keystone/common/rbac_enforcer/enforcer.py:167}}
Jul 25 09:39:48.635691 n-d-849104-8 devstack@keystone.service[87035]: DEBUG keystone.common.rbac_enforcer.enforcer [None req-33b0f905-830b-4cb4-b2d4-1b07c368b6d6 None admin] RBAC: Authorizing `identity:list_roles()` {{(pid=87035) enforce_call /opt/stack/keystone/keystone/common/rbac_enforcer/enforcer.py:449}}
Jul 25 09:39:48.637141 n-d-849104-8 devstack@keystone.service[87035]: DEBUG keystone.common.rbac_enforcer.enforcer [None req-33b0f905-830b-4cb4-b2d4-1b07c368b6d6 None admin] RBAC: Authorization granted {{(pid=87035) enforce_call /opt/stack/keystone/keystone/common/rbac_enforcer/enforcer.py:457}}
Jul 25 09:39:48.646064 n-d-849104-8 devstack@keystone.service[87035]: [pid: 87035|app: 0|req: 188/368] 10.222.0.72 () {56 vars in 1099 bytes} [Mon Jul 25 09:39:48 2022] GET /identity/v3/roles?name=admin => generated 339 bytes in 194 msecs (HTTP/1.1 200) 5 headers in 177 bytes (1 switches on core 0)
Jul 25 09:39:48.647145 n-d-849104-8 devstack@keystone.service[87035]: DEBUG keystone.server.flask.request_processing.middleware.auth_context [None req-33b0f905-830b-4cb4-b2d4-1b07c368b6d6 None admin] Authenticating user token {{(pid=87035) process_request /usr/local/lib/python3.8/dist-packages/keystonemiddleware/auth_token/__init__.py:407}}
Jul 25 09:39:48.652776 n-d-849104-8 devstack@keystone.service[87036]: DEBUG keystone.common.rbac_enforcer.enforcer [None req-178703db-82fc-40f2-8129-40254bcf326d None admin] RBAC: Authorizing `identity:validate_token()` {{(pid=87036) enforce_call /opt/stack/keystone/keystone/common/rbac_enforcer/enforcer.py:449}}
Jul 25 09:39:48.654481 n-d-849104-8 devstack@keystone.service[87036]: DEBUG keystone.common.rbac_enforcer.enforcer [None req-178703db-82fc-40f2-8129-40254bcf326d None admin] RBAC: Authorization granted {{(pid=87036) enforce_call /opt/stack/keystone/keystone/common/rbac_enforcer/enforcer.py:457}}
Jul 25 09:39:48.780739 n-d-849104-8 devstack@keystone.service[87036]: [pid: 87036|app: 0|req: 181/369] 10.222.0.72 () {58 vars in 1282 bytes} [Mon Jul 25 09:39:48 2022] GET /identity/v3/auth/tokens => generated 799 bytes in 400 msecs (HTTP/1.1 200) 6 headers in 358 bytes (1 switches on core 0)
Jul 25 09:39:48.781987 n-d-849104-8 devstack@keystone.service[87036]: DEBUG keystone.server.flask.request_processing.middleware.auth_context [None req-178703db-82fc-40f2-8129-40254bcf326d None admin] Authenticating user token {{(pid=87036) process_request /usr/local/lib/python3.8/dist-packages/keystonemiddleware/auth_token/__init__.py:407}}
Jul 25 09:39:48.794156 n-d-849104-8 devstack@keystone.service[87035]: DEBUG keystone.server.flask.request_processing.middleware.auth_context [None req-33b0f905-830b-4cb4-b2d4-1b07c368b6d6 None admin] Validating token access rules against request {{(pid=87035) validate_allowed_request /usr/local/lib/python3.8/dist-packages/keystonemiddleware/auth_token/__init__.py:545}}
Jul 25 09:39:48.840274 n-d-849104-8 devstack@keystone.service[87035]: DEBUG keystone.server.flask.request_processing.middleware.auth_context [None req-0f832dee-6ec1-4350-bcd9-9df23a71c2d5 None admin] RBAC: auth_context: {'token': , 'domain_id': None, 'trust_id': None, 'trustor_id': None, 'trustee_id': None, 'domain_name': None, 'group_ids': [], 'user_id': 'd2b5c74567814ecf8d261a20d2f5d026', 'user_domain_id': 'default', 'system_scope': 'all', 'project_id': None, 'project_domain_id': None, 'roles': ['admin', 'member', 'reader'], 'is_admin_project': True, 'service_user_id': None, 'service_user_domain_id': None, 'service_project_id': None, 'service_project_domain_id': None, 'service_roles': []} {{(pid=87035) fill_context /opt/stack/keystone/keystone/server/flask/request_processing/middleware/auth_context.py:478}}
Jul 25 09:39:48.841135 n-d-849104-8 devstack@keystone.service[87035]: DEBUG keystone.server.flask.request_processing.req_logging [None req-0f832dee-6ec1-4350-bcd9-9df23a71c2d5 None admin] REQUEST_METHOD: `GET` {{(pid=87035) log_request_info /opt/stack/keystone/keystone/server/flask/request_processing/req_logging.py:27}}
Jul 25 09:39:48.841422 n-d-849104-8 devstack@keystone.service[87035]: DEBUG keystone.server.flask.request_processing.req_logging [None req-0f832dee-6ec1-4350-bcd9-9df23a71c2d5 None admin] SCRIPT_NAME: `/identity` {{(pid=87035) log_request_info /opt/stack/keystone/keystone/server/flask/request_processing/req_logging.py:28}}
Jul 25 09:39:48.841704 n-d-849104-8 devstack@keystone.service[87035]: DEBUG keystone.server.flask.request_processing.req_logging [None req-0f832dee-6ec1-4350-bcd9-9df23a71c2d5 None admin] PATH_INFO: `/v3/projects/59de68f37bb04d819c1360afb782b929` {{(pid=87035) log_request_info /opt/stack/keystone/keystone/server/flask/request_processing/req_logging.py:29}}
Jul 25 09:39:48.842912 n-d-849104-8 devstack@keystone.service[87035]: DEBUG keystone.common.rbac_enforcer.enforcer [None req-0f832dee-6ec1-4350-bcd9-9df23a71c2d5 None admin] RBAC: Authorizing `identity:get_project(project_id=59de68f37bb04d819c1360afb782b929)` {{(pid=87035) enforce_call /opt/stack/keystone/keystone/common/rbac_enforcer/enforcer.py:449}}
Jul 25 09:39:48.844378 n-d-849104-8 devstack@keystone.service[87035]: DEBUG keystone.common.rbac_enforcer.enforcer [None req-0f832dee-6ec1-4350-bcd9-9df23a71c2d5 None admin] RBAC: Authorization granted {{(pid=87035) enforce_call /opt/stack/keystone/keystone/common/rbac_enforcer/enforcer.py:457}}
Jul 25 09:39:48.846594 n-d-849104-8 devstack@keystone.service[87035]: [pid: 87035|app: 0|req: 189/370] 10.222.0.72 () {56 vars in 1186 bytes} [Mon Jul 25 09:39:48 2022] GET /identity/v3/projects/59de68f37bb04d819c1360afb782b929 => generated 302 bytes in 200 msecs (HTTP/1.1 200) 5 headers in 177 bytes (1 switches on core 0)
Jul 25 09:39:48.847358 n-d-849104-8 devstack@keystone.service[87035]: DEBUG keystone.server.flask.request_processing.middleware.auth_context [None req-0f832dee-6ec1-4350-bcd9-9df23a71c2d5 None admin] Authenticating user token {{(pid=87035) process_request /usr/local/lib/python3.8/dist-packages/keystonemiddleware/auth_token/__init__.py:407}}
Jul 25 09:39:48.860050 n-d-849104-8 devstack@keystone.service[87036]: DEBUG dbcounter [-] [87036] Writing DB stats keystone:SELECT=100 {{(pid=87036) stat_writer /usr/local/lib/python3.8/dist-packages/dbcounter.py:114}}
Jul 25 09:39:48.922605 n-d-849104-8 devstack@keystone.service[87036]: DEBUG keystone.server.flask.request_processing.middleware.auth_context [None req-178703db-82fc-40f2-8129-40254bcf326d None admin] Validating token access rules against request {{(pid=87036) validate_allowed_request /usr/local/lib/python3.8/dist-packages/keystonemiddleware/auth_token/__init__.py:545}}
Jul 25 09:39:48.923256 n-d-849104-8 devstack@keystone.service[87035]: DEBUG dbcounter [-] [87035] Writing DB stats keystone:SELECT=100 {{(pid=87035) stat_writer /usr/local/lib/python3.8/dist-packages/dbcounter.py:114}}
Jul 25 09:39:48.967709 n-d-849104-8 devstack@keystone.service[87036]: DEBUG keystone.server.flask.request_processing.middleware.auth_context [None req-5961fefc-313f-4607-88e4-35886b1a234c None admin] RBAC: auth_context: {'token': , 'domain_id': None, 'trust_id': None, 'trustor_id': None, 'trustee_id': None, 'domain_name': None, 'group_ids': [], 'user_id': 'd2b5c74567814ecf8d261a20d2f5d026', 'user_domain_id': 'default', 'system_scope': 'all', 'project_id': None, 'project_domain_id': None, 'roles': ['admin', 'member', 'reader'], 'is_admin_project': True, 'service_user_id': None, 'service_user_domain_id': None, 'service_project_id': None, 'service_project_domain_id': None, 'service_roles': []} {{(pid=87036) fill_context /opt/stack/keystone/keystone/server/flask/request_processing/middleware/auth_context.py:478}}
