Jul 25 09:39:23.091744 n-d-849104-8 devstack@keystone.service[87035]: DEBUG keystone.server.flask.request_processing.req_logging [None req-0ad808f0-3353-4c46-8a3e-a78e03ce89a4 None admin] SCRIPT_NAME: `/identity` {{(pid=87035) log_request_info /opt/stack/keystone/keystone/server/flask/request_processing/req_logging.py:28}}
Jul 25 09:39:23.092258 n-d-849104-8 devstack@keystone.service[87035]: DEBUG keystone.server.flask.request_processing.req_logging [None req-0ad808f0-3353-4c46-8a3e-a78e03ce89a4 None admin] PATH_INFO: `/v3/roles/anotherrole` {{(pid=87035) log_request_info /opt/stack/keystone/keystone/server/flask/request_processing/req_logging.py:29}}
Jul 25 09:39:23.125355 n-d-849104-8 devstack@keystone.service[87035]: DEBUG keystone.common.rbac_enforcer.enforcer [None req-0ad808f0-3353-4c46-8a3e-a78e03ce89a4 None admin] Extracting inferred target data resulted in "NOT FOUND (404)". {{(pid=87035) enforce_call /opt/stack/keystone/keystone/common/rbac_enforcer/enforcer.py:409}}
Jul 25 09:39:23.134078 n-d-849104-8 devstack@keystone.service[87035]: ERROR keystone.server.flask.application [None req-0ad808f0-3353-4c46-8a3e-a78e03ce89a4 None admin] Could not find role: anotherrole.: keystone.exception.RoleNotFound: Could not find role: anotherrole.
Jul 25 09:39:23.134078 n-d-849104-8 devstack@keystone.service[87035]: ERROR keystone.server.flask.application
Traceback (most recent call last):
Jul 25 09:39:23.134078 n-d-849104-8 devstack@keystone.service[87035]: ERROR keystone.server.flask.application
File "/usr/local/lib/python3.8/dist-packages/flask/app.py", line 1517, in full_dispatch_request
Jul 25 09:39:23.134078 n-d-849104-8 devstack@keystone.service[87035]: ERROR keystone.server.flask.application rv = self.dispatch_request()
Jul 25 09:39:23.134078 n-d-849104-8 devstack@keystone.service[87035]: ERROR keystone.server.flask.application
File "/usr/local/lib/python3.8/dist-packages/flask/app.py", line 1503, in dispatch_request
Jul 25 09:39:23.134078 n-d-849104-8 devstack@keystone.service[87035]: ERROR keystone.server.flask.application return self.ensure_sync(self.view_functions[rule.endpoint])(**req.view_args)
Jul 25 09:39:23.134078 n-d-849104-8 devstack@keystone.service[87035]: ERROR keystone.server.flask.application
File "/usr/local/lib/python3.8/dist-packages/flask_restful/__init__.py", line 467, in wrapper
Jul 25 09:39:23.134078 n-d-849104-8 devstack@keystone.service[87035]: ERROR keystone.server.flask.application resp = resource(*args, **kwargs)
Jul 25 09:39:23.134078 n-d-849104-8 devstack@keystone.service[87035]: ERROR keystone.server.flask.application
File "/usr/local/lib/python3.8/dist-packages/flask/views.py", line 84, in view
Jul 25 09:39:23.134078 n-d-849104-8 devstack@keystone.service[87035]: ERROR keystone.server.flask.application return current_app.ensure_sync(self.dispatch_request)(*args, **kwargs)
Jul 25 09:39:23.134078 n-d-849104-8 devstack@keystone.service[87035]: ERROR keystone.server.flask.application
File "/usr/local/lib/python3.8/dist-packages/flask_restful/__init__.py", line 582, in dispatch_request
Jul 25 09:39:23.134078 n-d-849104-8 devstack@keystone.service[87035]: ERROR keystone.server.flask.application resp = meth(*args, **kwargs)
Jul 25 09:39:23.134078 n-d-849104-8 devstack@keystone.service[87035]: ERROR keystone.server.flask.application
File "/opt/stack/keystone/keystone/api/roles.py", line 50, in get
Jul 25 09:39:23.134078 n-d-849104-8 devstack@keystone.service[87035]: ERROR keystone.server.flask.application return self._get_role(role_id)
Jul 25 09:39:23.134078 n-d-849104-8 devstack@keystone.service[87035]: ERROR keystone.server.flask.application
File "/opt/stack/keystone/keystone/api/roles.py", line 70, in _get_role
Jul 25 09:39:23.134078 n-d-849104-8 devstack@keystone.service[87035]: ERROR keystone.server.flask.application ENFORCER.enforce_call(action='identity:get_role')
Jul 25 09:39:23.134971 n-d-849104-8 devstack@keystone.service[87035]: ERROR keystone.server.flask.application
File "/opt/stack/keystone/keystone/common/rbac_enforcer/enforcer.py", line 402, in enforce_call
Jul 25 09:39:23.134971 n-d-849104-8 devstack@keystone.service[87035]: ERROR keystone.server.flask.application policy_dict.update(cls._extract_member_target_data(
Jul 25 09:39:23.134971 n-d-849104-8 devstack@keystone.service[87035]: ERROR keystone.server.flask.application
File "/opt/stack/keystone/keystone/common/rbac_enforcer/enforcer.py", line 234, in _extract_member_target_data
Jul 25 09:39:23.134971 n-d-849104-8 devstack@keystone.service[87035]: ERROR keystone.server.flask.application member_name: func(flask.request.view_args[key])
Jul 25 09:39:23.134971 n-d-849104-8 devstack@keystone.service[87035]: ERROR keystone.server.flask.application
File "/opt/stack/keystone/keystone/common/manager.py", line 115, in wrapped
Jul 25 09:39:23.134971 n-d-849104-8 devstack@keystone.service[87035]: ERROR keystone.server.flask.application __ret_val = __f(*args, **kwargs)
Jul 25 09:39:23.134971 n-d-849104-8 devstack@keystone.service[87035]: ERROR keystone.server.flask.application
File "/usr/local/lib/python3.8/dist-packages/decorator.py", line 232, in fun
Jul 25 09:39:23.134971 n-d-849104-8 devstack@keystone.service[87035]: ERROR keystone.server.flask.application return caller(func, *(extras + args), **kw)
Jul 25 09:39:23.134971 n-d-849104-8 devstack@keystone.service[87035]: ERROR keystone.server.flask.application
File "/usr/local/lib/python3.8/dist-packages/dogpile/cache/region.py", line 1577, in get_or_create_for_user_func
Jul 25 09:39:23.134971 n-d-849104-8 devstack@keystone.service[87035]: ERROR keystone.server.flask.application return self.get_or_create(
Jul 25 09:39:23.134971 n-d-849104-8 devstack@keystone.service[87035]: ERROR keystone.server.flask.application
File "/usr/local/lib/python3.8/dist-packages/dogpile/cache/region.py", line 1042, in get_or_create
Jul 25 09:39:23.134971 n-d-849104-8 devstack@keystone.service[87035]: ERROR keystone.server.flask.application with Lock(
Jul 25 09:39:23.134971 n-d-849104-8 devstack@keystone.service[87035]: ERROR keystone.server.flask.application
File "/usr/local/lib/python3.8/dist-packages/dogpile/lock.py", line 185, in __enter__
Jul 25 09:39:23.134971 n-d-849104-8 devstack@keystone.service[87035]: ERROR keystone.server.flask.application return self._enter()
Jul 25 09:39:23.134971 n-d-849104-8 devstack@keystone.service[87035]: ERROR keystone.server.flask.application
File "/usr/local/lib/python3.8/dist-packages/dogpile/lock.py", line 94, in _enter
Jul 25 09:39:23.134971 n-d-849104-8 devstack@keystone.service[87035]: ERROR keystone.server.flask.application generated = self._enter_create(value, createdtime)
Jul 25 09:39:23.135812 n-d-849104-8 devstack@keystone.service[87035]: ERROR keystone.server.flask.application
File "/usr/local/lib/python3.8/dist-packages/dogpile/lock.py", line 178, in _enter_create
Jul 25 09:39:23.135812 n-d-849104-8 devstack@keystone.service[87035]: ERROR keystone.server.flask.application return self.creator()
Jul 25 09:39:23.135812 n-d-849104-8 devstack@keystone.service[87035]: ERROR keystone.server.flask.application
File "/usr/local/lib/python3.8/dist-packages/dogpile/cache/region.py", line 995, in gen_value
Jul 25 09:39:23.135812 n-d-849104-8 devstack@keystone.service[87035]: ERROR keystone.server.flask.application created_value = creator(
Jul 25 09:39:23.135812 n-d-849104-8 devstack@keystone.service[87035]: ERROR keystone.server.flask.application
File "/opt/stack/keystone/keystone/assignment/core.py", line 1276, in get_role
Jul 25 09:39:23.135812 n-d-849104-8 devstack@keystone.service[87035]: ERROR keystone.server.flask.application return self.driver.get_role(role_id)
Jul 25 09:39:23.135812 n-d-849104-8 devstack@keystone.service[87035]: ERROR keystone.server.flask.application
File "/opt/stack/keystone/keystone/assignment/role_backends/sql.py", line 70, in get_role
Jul 25 09:39:23.135812 n-d-849104-8 devstack@keystone.service[87035]: ERROR keystone.server.flask.application return self._get_role(session, role_id).to_dict()
Jul 25 09:39:23.135812 n-d-849104-8 devstack@keystone.service[87035]: ERROR keystone.server.flask.application
File "/opt/stack/keystone/keystone/assignment/role_backends/sql.py", line 65, in _get_role
Jul 25 09:39:23.135812 n-d-849104-8 devstack@keystone.service[87035]: ERROR keystone.server.flask.application raise exception.RoleNotFound(role_id=role_id)
Jul 25 09:39:23.135812 n-d-849104-8 devstack@keystone.service[87035]: ERROR keystone.server.flask.application keystone.exception.RoleNotFound: Could not find role: anotherrole.
Jul 25 09:39:23.135812 n-d-849104-8 devstack@keystone.service[87035]: ERROR keystone.server.flask.application
Jul 25 09:39:23.142389 n-d-849104-8 devstack@keystone.service[87035]: [pid: 87035|app: 0|req: 80/162] 10.222.0.72 () {56 vars in 1114 bytes} [Mon Jul 25 09:39:22 2022] GET /identity/v3/roles/anotherrole => generated 89 bytes in 241 msecs (HTTP/1.1 404) 5 headers in 183 bytes (1 switches on core 0)
Jul 25 09:39:23.143448 n-d-849104-8 devstack@keystone.service[87035]: DEBUG keystone.server.flask.request_processing.middleware.auth_context [None req-0ad808f0-3353-4c46-8a3e-a78e03ce89a4 None admin] Authenticating user token {{(pid=87035) process_request /usr/local/lib/python3.8/dist-packages/keystonemiddleware/auth_token/__init__.py:407}}
Jul 25 09:39:23.214735 n-d-849104-8 devstack@keystone.service[87036]: DEBUG dbcounter [-] [87036] Writing DB stats keystone:SELECT=100 {{(pid=87036) stat_writer /usr/local/lib/python3.8/dist-packages/dbcounter.py:114}}
Jul 25 09:39:23.241518 n-d-849104-8 devstack@keystone.service[87036]: DEBUG keystone.server.flask.request_processing.middleware.auth_context [None req-02a8ae0b-c08e-4e16-ae73-eae82d4e2c43 None admin] Validating token access rules against request {{(pid=87036) validate_allowed_request /usr/local/lib/python3.8/dist-packages/keystonemiddleware/auth_token/__init__.py:545}}
Jul 25 09:39:23.294930 n-d-849104-8 devstack@keystone.service[87036]: DEBUG keystone.server.flask.request_processing.middleware.auth_context [None req-e001f10a-aa59-4b06-a3de-cd143c669931 None admin] RBAC: auth_context: {'token': , 'domain_id': None, 'trust_id': None, 'trustor_id': None, 'trustee_id': None, 'domain_name': None, 'group_ids': [], 'user_id': 'd2b5c74567814ecf8d261a20d2f5d026', 'user_domain_id': 'default', 'system_scope': 'all', 'project_id': None, 'project_domain_id': None, 'roles': ['admin', 'member', 'reader'], 'is_admin_project': True, 'service_user_id': None, 'service_user_domain_id': None, 'service_project_id': None, 'service_project_domain_id': None, 'service_roles': []} {{(pid=87036) fill_context /opt/stack/keystone/keystone/server/flask/request_processing/middleware/auth_context.py:478}}
Jul 25 09:39:23.296133 n-d-849104-8 devstack@keystone.service[87036]: DEBUG keystone.server.flask.request_processing.req_logging [None req-e001f10a-aa59-4b06-a3de-cd143c669931 None admin] REQUEST_METHOD: `GET` {{(pid=87036) log_request_info /opt/stack/keystone/keystone/server/flask/request_processing/req_logging.py:27}}
Jul 25 09:39:23.296644 n-d-849104-8 devstack@keystone.service[87036]: DEBUG keystone.server.flask.request_processing.req_logging [None req-e001f10a-aa59-4b06-a3de-cd143c669931 None admin] SCRIPT_NAME: `/identity` {{(pid=87036) log_request_info /opt/stack/keystone/keystone/server/flask/request_processing/req_logging.py:28}}
Jul 25 09:39:23.297127 n-d-849104-8 devstack@keystone.service[87036]: DEBUG keystone.server.flask.request_processing.req_logging [None req-e001f10a-aa59-4b06-a3de-cd143c669931 None admin] PATH_INFO: `/v3/role_assignments` {{(pid=87036) log_request_info /opt/stack/keystone/keystone/server/flask/request_processing/req_logging.py:29}}
Jul 25 09:39:23.298160 n-d-849104-8 devstack@keystone.service[87036]: DEBUG keystone.common.rbac_enforcer.enforcer [None req-e001f10a-aa59-4b06-a3de-cd143c669931 None admin] RBAC: Adding query filter params (role.id=4c112b4dd36b4d3993b4d4354e9dc617, scope.project.id=61030496a5634a22875b529c4a10bcf3, user.id=d2b5c74567814ecf8d261a20d2f5d026) {{(pid=87036) _extract_filter_values /opt/stack/keystone/keystone/common/rbac_enforcer/enforcer.py:167}}
Jul 25 09:39:23.298661 n-d-849104-8 devstack@keystone.service[87036]: DEBUG keystone.common.rbac_enforcer.enforcer [None req-e001f10a-aa59-4b06-a3de-cd143c669931 None admin] RBAC: Authorizing `identity:list_role_assignments()` {{(pid=87036) enforce_call /opt/stack/keystone/keystone/common/rbac_enforcer/enforcer.py:449}}
Jul 25 09:39:23.300333 n-d-849104-8 devstack@keystone.service[87036]: DEBUG keystone.common.rbac_enforcer.enforcer [None req-e001f10a-aa59-4b06-a3de-cd143c669931 None admin] RBAC: Authorization granted {{(pid=87036) enforce_call /opt/stack/keystone/keystone/common/rbac_enforcer/enforcer.py:457}}
Jul 25 09:39:23.314939 n-d-849104-8 devstack@keystone.service[87036]: [pid: 87036|app: 0|req: 83/163] 10.222.0.72 () {56 vars in 1374 bytes} [Mon Jul 25 09:39:23 2022] GET /identity/v3/role_assignments?user.id=d2b5c74567814ecf8d261a20d2f5d026&scope.project.id=61030496a5634a22875b529c4a10bcf3&role.id=4c112b4dd36b4d3993b4d4354e9dc617 => generated 608 bytes in 239 msecs (HTTP/1.1 200) 5 headers in 177 bytes (1 switches on core 0)
Jul 25 09:39:23.316459 n-d-849104-8 devstack@keystone.service[87036]: DEBUG keystone.server.flask.request_processing.middleware.auth_context [None req-e001f10a-aa59-4b06-a3de-cd143c669931 None admin] Authenticating user token {{(pid=87036) process_request /usr/local/lib/python3.8/dist-packages/keystonemiddleware/auth_token/__init__.py:407}}
Jul 25 09:39:23.425132 n-d-849104-8 devstack@keystone.service[87035]: DEBUG keystone.server.flask.request_processing.middleware.auth_context [None req-0ad808f0-3353-4c46-8a3e-a78e03ce89a4 None admin] Validating token access rules against request {{(pid=87035) validate_allowed_request /usr/local/lib/python3.8/dist-packages/keystonemiddleware/auth_token/__init__.py:545}}
Jul 25 09:39:23.487662 n-d-849104-8 devstack@keystone.service[87036]: DEBUG keystone.server.flask.request_processing.middleware.auth_context [None req-e001f10a-aa59-4b06-a3de-cd143c669931 None admin] Validating token access rules against request {{(pid=87036) validate_allowed_request /usr/local/lib/python3.8/dist-packages/keystonemiddleware/auth_token/__init__.py:545}}
Jul 25 09:39:23.512086 n-d-849104-8 devstack@keystone.service[87035]: DEBUG keystone.server.flask.request_processing.middleware.auth_context [None req-33d19acc-b891-4797-90e6-183e19c61ef5 None admin] RBAC: auth_context: {'token': , 'domain_id': None, 'trust_id': None, 'trustor_id': None, 'trustee_id': None, 'domain_name': None, 'group_ids': [], 'user_id': 'd2b5c74567814ecf8d261a20d2f5d026', 'user_domain_id': 'default', 'system_scope': 'all', 'project_id': None, 'project_domain_id': None, 'roles': ['admin', 'member', 'reader'], 'is_admin_project': True, 'service_user_id': None, 'service_user_domain_id': None, 'service_project_id': None, 'service_project_domain_id': None, 'service_roles': []} {{(pid=87035) fill_context /opt/stack/keystone/keystone/server/flask/request_processing/middleware/auth_context.py:478}}
Jul 25 09:39:23.513267 n-d-849104-8 devstack@keystone.service[87035]: DEBUG keystone.server.flask.request_processing.req_logging [None req-33d19acc-b891-4797-90e6-183e19c61ef5 None admin] REQUEST_METHOD: `GET` {{(pid=87035) log_request_info /opt/stack/keystone/keystone/server/flask/request_processing/req_logging.py:27}}
Jul 25 09:39:23.513715 n-d-849104-8 devstack@keystone.service[87035]: DEBUG keystone.server.flask.request_processing.req_logging [None req-33d19acc-b891-4797-90e6-183e19c61ef5 None admin] SCRIPT_NAME: `/identity` {{(pid=87035) log_request_info /opt/stack/keystone/keystone/server/flask/request_processing/req_logging.py:28}}
Jul 25 09:39:23.514138 n-d-849104-8 devstack@keystone.service[87035]: DEBUG keystone.server.flask.request_processing.req_logging [None req-33d19acc-b891-4797-90e6-183e19c61ef5 None admin] PATH_INFO: `/v3/users/eac6a7f17cb5495a98701ba9df573155` {{(pid=87035) log_request_info /opt/stack/keystone/keystone/server/flask/request_processing/req_logging.py:29}}
Jul 25 09:39:23.515608 n-d-849104-8 devstack@keystone.service[87035]: DEBUG keystone.common.rbac_enforcer.enforcer [None req-33d19acc-b891-4797-90e6-183e19c61ef5 None admin] RBAC: Authorizing `identity:get_user(user_id=eac6a7f17cb5495a98701ba9df573155)` {{(pid=87035) enforce_call /opt/stack/keystone/keystone/common/rbac_enforcer/enforcer.py:449}}
Jul 25 09:39:23.517300 n-d-849104-8 devstack@keystone.service[87035]: DEBUG keystone.common.rbac_enforcer.enforcer [None req-33d19acc-b891-4797-90e6-183e19c61ef5 None admin] RBAC: Authorization granted {{(pid=87035) enforce_call /opt/stack/keystone/keystone/common/rbac_enforcer/enforcer.py:457}}
Jul 25 09:39:23.519205 n-d-849104-8 devstack@keystone.service[87035]: [pid: 87035|app: 0|req: 81/164] 10.222.0.72 () {56 vars in 1177 bytes} [Mon Jul 25 09:39:23 2022] GET /identity/v3/users/eac6a7f17cb5495a98701ba9df573155 => generated 275 bytes in 376 msecs (HTTP/1.1 200) 5 headers in 177 bytes (1 switches on core 0)
Jul 25 09:39:23.527615 n-d-849104-8 devstack@keystone.service[87035]: DEBUG keystone.server.flask.request_processing.middleware.auth_context [None req-33d19acc-b891-4797-90e6-183e19c61ef5 None admin] Authenticating user token {{(pid=87035) process_request /usr/local/lib/python3.8/dist-packages/keystonemiddleware/auth_token/__init__.py:407}}
Jul 25 09:39:23.548534 n-d-849104-8 devstack@keystone.service[87036]: DEBUG keystone.server.flask.request_processing.middleware.auth_context [None req-a60ffbe5-93bc-44de-9a7b-c4cdf8da5a9f None admin] RBAC: auth_context: {'token': , 'domain_id': None, 'trust_id': None, 'trustor_id': None, 'trustee_id': None, 'domain_name': None, 'group_ids': [], 'user_id': 'd2b5c74567814ecf8d261a20d2f5d026', 'user_domain_id': 'default', 'system_scope': 'all', 'project_id': None, 'project_domain_id': None, 'roles': ['admin', 'member', 'reader'], 'is_admin_project': True, 'service_user_id': None, 'service_user_domain_id': None, 'service_project_id': None, 'service_project_domain_id': None, 'service_roles': []} {{(pid=87036) fill_context /opt/stack/keystone/keystone/server/flask/request_processing/middleware/auth_context.py:478}}
Jul 25 09:39:23.548534 n-d-849104-8 devstack@keystone.service[87036]: DEBUG keystone.server.flask.request_processing.req_logging [None req-a60ffbe5-93bc-44de-9a7b-c4cdf8da5a9f None admin] REQUEST_METHOD: `GET` {{(pid=87036) log_request_info /opt/stack/keystone/keystone/server/flask/request_processing/req_logging.py:27}}
Jul 25 09:39:23.548534 n-d-849104-8 devstack@keystone.service[87036]: DEBUG keystone.server.flask.request_processing.req_logging [None req-a60ffbe5-93bc-44de-9a7b-c4cdf8da5a9f None admin] SCRIPT_NAME: `/identity` {{(pid=87036) log_request_info /opt/stack/keystone/keystone/server/flask/request_processing/req_logging.py:28}}
Jul 25 09:39:23.548534 n-d-849104-8 devstack@keystone.service[87036]: DEBUG keystone.server.flask.request_processing.req_logging [None req-a60ffbe5-93bc-44de-9a7b-c4cdf8da5a9f None admin] PATH_INFO: `/v3/roles` {{(pid=87036) log_request_info /opt/stack/keystone/keystone/server/flask/request_processing/req_logging.py:29}}
Jul 25 09:39:23.549034 n-d-849104-8 devstack@keystone.service[87036]: DEBUG keystone.common.rbac_enforcer.enforcer [None req-a60ffbe5-93bc-44de-9a7b-c4cdf8da5a9f None admin] RBAC: Adding query filter params (name=anotherrole) {{(pid=87036) _extract_filter_values /opt/stack/keystone/keystone/common/rbac_enforcer/enforcer.py:167}}
Jul 25 09:39:23.549034 n-d-849104-8 devstack@keystone.service[87036]: DEBUG keystone.common.rbac_enforcer.enforcer [None req-a60ffbe5-93bc-44de-9a7b-c4cdf8da5a9f None admin] RBAC: Authorizing `identity:list_roles()` {{(pid=87036) enforce_call /opt/stack/keystone/keystone/common/rbac_enforcer/enforcer.py:449}}
Jul 25 09:39:23.549235 n-d-849104-8 devstack@keystone.service[87036]: DEBUG keystone.common.rbac_enforcer.enforcer [None req-a60ffbe5-93bc-44de-9a7b-c4cdf8da5a9f None admin] RBAC: Authorization granted {{(pid=87036) enforce_call /opt/stack/keystone/keystone/common/rbac_enforcer/enforcer.py:457}}
Jul 25 09:39:23.565810 n-d-849104-8 devstack@keystone.service[87036]: [pid: 87036|app: 0|req: 84/165] 10.222.0.72 () {56 vars in 1111 bytes} [Mon Jul 25 09:39:23 2022] GET /identity/v3/roles?name=anotherrole => generated 334 bytes in 249 msecs (HTTP/1.1 200) 5 headers in 177 bytes (1 switches on core 0)
Jul 25 09:39:23.571839 n-d-849104-8 devstack@keystone.service[87036]: DEBUG keystone.server.flask.request_processing.middleware.auth_context [None req-a60ffbe5-93bc-44de-9a7b-c4cdf8da5a9f None admin] Authenticating user token {{(pid=87036) process_request /usr/local/lib/python3.8/dist-packages/keystonemiddleware/auth_token/__init__.py:407}}
Jul 25 09:39:23.583650 n-d-849104-8 devstack@keystone.service[87036]: DEBUG dbcounter [-] [87036] Writing DB stats keystone:SELECT=100 {{(pid=87036) stat_writer /usr/local/lib/python3.8/dist-packages/dbcounter.py:114}}
Jul 25 09:39:23.630981 n-d-849104-8 devstack@keystone.service[87035]: DEBUG dbcounter [-] [87035] Writing DB stats keystone:SELECT=100 {{(pid=87035) stat_writer /usr/local/lib/python3.8/dist-packages/dbcounter.py:114}}
Jul 25 09:39:23.701671 n-d-849104-8 devstack@keystone.service[87036]: DEBUG keystone.server.flask.request_processing.middleware.auth_context [None req-a60ffbe5-93bc-44de-9a7b-c4cdf8da5a9f None admin] Validating token access rules against request {{(pid=87036) validate_allowed_request /usr/local/lib/python3.8/dist-packages/keystonemiddleware/auth_token/__init__.py:545}}
Jul 25 09:39:23.744833 n-d-849104-8 devstack@keystone.service[87036]: DEBUG keystone.server.flask.request_processing.middleware.auth_context [None req-1d74da68-1fa3-49ce-8182-ed061e4bf7ae None admin] RBAC: auth_context: {'token': , 'domain_id': None, 'trust_id': None, 'trustor_id': None, 'trustee_id': None, 'domain_name': None, 'group_ids': [], 'user_id': 'd2b5c74567814ecf8d261a20d2f5d026', 'user_domain_id': 'default', 'system_scope': 'all', 'project_id': None, 'project_domain_id': None, 'roles': ['admin', 'member', 'reader'], 'is_admin_project': True, 'service_user_id': None, 'service_user_domain_id': None, 'service_project_id': None, 'service_project_domain_id': None, 'service_roles': []} {{(pid=87036) fill_context /opt/stack/keystone/keystone/server/flask/request_processing/middleware/auth_context.py:478}}
Jul 25 09:39:23.746821 n-d-849104-8 devstack@keystone.service[87036]: DEBUG keystone.server.flask.request_processing.req_logging [None req-1d74da68-1fa3-49ce-8182-ed061e4bf7ae None admin] REQUEST_METHOD: `GET` {{(pid=87036) log_request_info /opt/stack/keystone/keystone/server/flask/request_processing/req_logging.py:27}}
Jul 25 09:39:23.748731 n-d-849104-8 devstack@keystone.service[87036]: DEBUG keystone.server.flask.request_processing.req_logging [None req-1d74da68-1fa3-49ce-8182-ed061e4bf7ae None admin] SCRIPT_NAME: `/identity` {{(pid=87036) log_request_info /opt/stack/keystone/keystone/server/flask/request_processing/req_logging.py:28}}
Jul 25 09:39:23.749178 n-d-849104-8 devstack@keystone.service[87036]: DEBUG keystone.server.flask.request_processing.req_logging [None req-1d74da68-1fa3-49ce-8182-ed061e4bf7ae None admin] PATH_INFO: `/v3/users/eac6a7f17cb5495a98701ba9df573155` {{(pid=87036) log_request_info /opt/stack/keystone/keystone/server/flask/request_processing/req_logging.py:29}}
Jul 25 09:39:23.751543 n-d-849104-8 devstack@keystone.service[87036]: DEBUG keystone.common.rbac_enforcer.enforcer [None req-1d74da68-1fa3-49ce-8182-ed061e4bf7ae None admin] RBAC: Authorizing `identity:get_user(user_id=eac6a7f17cb5495a98701ba9df573155)` {{(pid=87036) enforce_call /opt/stack/keystone/keystone/common/rbac_enforcer/enforcer.py:449}}
Jul 25 09:39:23.755672 n-d-849104-8 devstack@keystone.service[87036]: DEBUG keystone.common.rbac_enforcer.enforcer [None req-1d74da68-1fa3-49ce-8182-ed061e4bf7ae None admin] RBAC: Authorization granted {{(pid=87036) enforce_call /opt/stack/keystone/keystone/common/rbac_enforcer/enforcer.py:457}}
Jul 25 09:39:23.757572 n-d-849104-8 devstack@keystone.service[87036]: [pid: 87036|app: 0|req: 85/166] 10.222.0.72 () {56 vars in 1177 bytes} [Mon Jul 25 09:39:23 2022] GET /identity/v3/users/eac6a7f17cb5495a98701ba9df573155 => generated 275 bytes in 186 msecs (HTTP/1.1 200) 5 headers in 177 bytes (2 switches on core 0)
Jul 25 09:39:23.763471 n-d-849104-8 devstack@keystone.service[87036]: DEBUG keystone.server.flask.request_processing.middleware.auth_context [None req-1d74da68-1fa3-49ce-8182-ed061e4bf7ae None admin] Authenticating user token {{(pid=87036) process_request /usr/local/lib/python3.8/dist-packages/keystonemiddleware/auth_token/__init__.py:407}}
Jul 25 09:39:23.783137 n-d-849104-8 devstack@keystone.service[87035]: DEBUG keystone.server.flask.request_processing.middleware.auth_context [None req-33d19acc-b891-4797-90e6-183e19c61ef5 None admin] Validating token access rules against request {{(pid=87035) validate_allowed_request /usr/local/lib/python3.8/dist-packages/keystonemiddleware/auth_token/__init__.py:545}}
Jul 25 09:39:23.869115 n-d-849104-8 devstack@keystone.service[87036]: DEBUG dbcounter [-] [87036] Writing DB stats keystone:SELECT=100 {{(pid=87036) stat_writer /usr/local/lib/python3.8/dist-packages/dbcounter.py:114}}
Jul 25 09:39:23.877134 n-d-849104-8 devstack@keystone.service[87035]: DEBUG keystone.server.flask.request_processing.middleware.auth_context [None req-05752c29-c5a8-45d5-af6e-4cd79374cb59 None admin] RBAC: auth_context: {'token': , 'domain_id': None, 'trust_id': None, 'trustor_id': None, 'trustee_id': None, 'domain_name': None, 'group_ids': [], 'user_id': 'd2b5c74567814ecf8d261a20d2f5d026', 'user_domain_id': 'default', 'system_scope': 'all', 'project_id': None, 'project_domain_id': None, 'roles': ['admin', 'member', 'reader'], 'is_admin_project': True, 'service_user_id': None, 'service_user_domain_id': None, 'service_project_id': None, 'service_project_domain_id': None, 'service_roles': []} {{(pid=87035) fill_context /opt/stack/keystone/keystone/server/flask/request_processing/middleware/auth_context.py:478}}
Jul 25 09:39:23.878043 n-d-849104-8 devstack@keystone.service[87035]: DEBUG keystone.server.flask.request_processing.req_logging [None req-05752c29-c5a8-45d5-af6e-4cd79374cb59 None admin] REQUEST_METHOD: `GET` {{(pid=87035) log_request_info /opt/stack/keystone/keystone/server/flask/request_processing/req_logging.py:27}}
Jul 25 09:39:23.878469 n-d-849104-8 devstack@keystone.service[87035]: DEBUG keystone.server.flask.request_processing.req_logging [None req-05752c29-c5a8-45d5-af6e-4cd79374cb59 None admin] SCRIPT_NAME: `/identity` {{(pid=87035) log_request_info /opt/stack/keystone/keystone/server/flask/request_processing/req_logging.py:28}}
Jul 25 09:39:23.878897 n-d-849104-8 devstack@keystone.service[87035]: DEBUG keystone.server.flask.request_processing.req_logging [None req-05752c29-c5a8-45d5-af6e-4cd79374cb59 None admin] PATH_INFO: `/v3/auth/tokens` {{(pid=87035) log_request_info /opt/stack/keystone/keystone/server/flask/request_processing/req_logging.py:29}}
Jul 25 09:39:23.904105 n-d-849104-8 devstack@keystone.service[87036]: DEBUG keystone.server.flask.request_processing.middleware.auth_context [None req-1d74da68-1fa3-49ce-8182-ed061e4bf7ae None admin] Validating token access rules against request {{(pid=87036) validate_allowed_request /usr/local/lib/python3.8/dist-packages/keystonemiddleware/auth_token/__init__.py:545}}
Jul 25 09:39:23.957077 n-d-849104-8 devstack@keystone.service[87036]: DEBUG keystone.server.flask.request_processing.middleware.auth_context [None req-436fb14c-0a27-4512-86c7-9990e0bdd1f3 None admin] RBAC: auth_context: {'token': , 'domain_id': None, 'trust_id': None, 'trustor_id': None, 'trustee_id': None, 'domain_name': None, 'group_ids': [], 'user_id': 'd2b5c74567814ecf8d261a20d2f5d026', 'user_domain_id': 'default', 'system_scope': 'all', 'project_id': None, 'project_domain_id': None, 'roles': ['admin', 'member', 'reader'], 'is_admin_project': True, 'service_user_id': None, 'service_user_domain_id': None, 'service_project_id': None, 'service_project_domain_id': None, 'service_roles': []} {{(pid=87036) fill_context /opt/stack/keystone/keystone/server/flask/request_processing/middleware/auth_context.py:478}}
Jul 25 09:39:23.958015 n-d-849104-8 devstack@keystone.service[87036]: DEBUG keystone.server.flask.request_processing.req_logging [None req-436fb14c-0a27-4512-86c7-9990e0bdd1f3 None admin] REQUEST_METHOD: `GET` {{(pid=87036) log_request_info /opt/stack/keystone/keystone/server/flask/request_processing/req_logging.py:27}}
Jul 25 09:39:23.958510 n-d-849104-8 devstack@keystone.service[87036]: DEBUG keystone.server.flask.request_processing.req_logging [None req-436fb14c-0a27-4512-86c7-9990e0bdd1f3 None admin] SCRIPT_NAME: `/identity` {{(pid=87036) log_request_info /opt/stack/keystone/keystone/server/flask/request_processing/req_logging.py:28}}
Jul 25 09:39:23.958939 n-d-849104-8 devstack@keystone.service[87036]: DEBUG keystone.server.flask.request_processing.req_logging [None req-436fb14c-0a27-4512-86c7-9990e0bdd1f3 None admin] PATH_INFO: `/v3/auth/tokens` {{(pid=87036) log_request_info /opt/stack/keystone/keystone/server/flask/request_processing/req_logging.py:29}}
Jul 25 09:39:24.019892 n-d-849104-8 devstack@keystone.service[87035]: DEBUG keystone.common.rbac_enforcer.enforcer [None req-05752c29-c5a8-45d5-af6e-4cd79374cb59 None admin] RBAC: Authorizing `identity:validate_token()` {{(pid=87035) enforce_call /opt/stack/keystone/keystone/common/rbac_enforcer/enforcer.py:449}}
Jul 25 09:39:24.025503 n-d-849104-8 devstack@keystone.service[87035]: DEBUG keystone.common.rbac_enforcer.enforcer [None req-05752c29-c5a8-45d5-af6e-4cd79374cb59 None admin] RBAC: Authorization granted {{(pid=87035) enforce_call /opt/stack/keystone/keystone/common/rbac_enforcer/enforcer.py:457}}
Jul 25 09:39:24.054342 n-d-849104-8 devstack@keystone.service[87036]: DEBUG keystone.common.rbac_enforcer.enforcer [None req-436fb14c-0a27-4512-86c7-9990e0bdd1f3 None admin] RBAC: Authorizing `identity:validate_token()` {{(pid=87036) enforce_call /opt/stack/keystone/keystone/common/rbac_enforcer/enforcer.py:449}}
Jul 25 09:39:24.055827 n-d-849104-8 devstack@keystone.service[87036]: DEBUG keystone.common.rbac_enforcer.enforcer [None req-436fb14c-0a27-4512-86c7-9990e0bdd1f3 None admin] RBAC: Authorization granted {{(pid=87036) enforce_call /opt/stack/keystone/keystone/common/rbac_enforcer/enforcer.py:457}}
Jul 25 09:39:24.084663 n-d-849104-8 devstack@keystone.service[87035]: DEBUG dbcounter [-] [87035] Writing DB stats keystone:SELECT=100 {{(pid=87035) stat_writer /usr/local/lib/python3.8/dist-packages/dbcounter.py:114}}
Jul 25 09:39:24.171053 n-d-849104-8 devstack@keystone.service[87035]: [pid: 87035|app: 0|req: 82/167] 10.222.0.72 () {58 vars in 1282 bytes} [Mon Jul 25 09:39:23 2022] GET /identity/v3/auth/tokens => generated 799 bytes in 644 msecs (HTTP/1.1 200) 6 headers in 358 bytes (1 switches on core 0)
Jul 25 09:39:24.175645 n-d-849104-8 devstack@keystone.service[87036]: DEBUG dbcounter [-] [87036] Writing DB stats keystone:SELECT=100 {{(pid=87036) stat_writer /usr/local/lib/python3.8/dist-packages/dbcounter.py:114}}
Jul 25 09:39:24.177139 n-d-849104-8 devstack@keystone.service[87035]: DEBUG keystone.server.flask.request_processing.middleware.auth_context [None req-05752c29-c5a8-45d5-af6e-4cd79374cb59 None admin] Authenticating user token {{(pid=87035) process_request /usr/local/lib/python3.8/dist-packages/keystonemiddleware/auth_token/__init__.py:407}}
Jul 25 09:39:24.212435 n-d-849104-8 devstack@keystone.service[87036]: [pid: 87036|app: 0|req: 86/168] 10.222.0.72 () {58 vars in 1282 bytes} [Mon Jul 25 09:39:23 2022] GET /identity/v3/auth/tokens => generated 799 bytes in 445 msecs (HTTP/1.1 200) 6 headers in 358 bytes (1 switches on core 0)
Jul 25 09:39:24.216010 n-d-849104-8 devstack@keystone.service[87036]: DEBUG keystone.server.flask.request_processing.middleware.auth_context [None req-436fb14c-0a27-4512-86c7-9990e0bdd1f3 None admin] Authenticating user token {{(pid=87036) process_request /usr/local/lib/python3.8/dist-packages/keystonemiddleware/auth_token/__init__.py:407}}
Jul 25 09:39:24.340848 n-d-849104-8 devstack@keystone.service[87035]: DEBUG keystone.server.flask.request_processing.middleware.auth_context [None req-05752c29-c5a8-45d5-af6e-4cd79374cb59 None admin] Validating token access rules against request {{(pid=87035) validate_allowed_request /usr/local/lib/python3.8/dist-packages/keystonemiddleware/auth_token/__init__.py:545}}
Jul 25 09:39:24.376127 n-d-849104-8 devstack@keystone.service[87036]: DEBUG keystone.server.flask.request_processing.middleware.auth_context [None req-436fb14c-0a27-4512-86c7-9990e0bdd1f3 None admin] Validating token access rules against request {{(pid=87036) validate_allowed_request /usr/local/lib/python3.8/dist-packages/keystonemiddleware/auth_token/__init__.py:545}}
Jul 25 09:39:24.401196 n-d-849104-8 devstack@keystone.service[87035]: DEBUG keystone.server.flask.request_processing.middleware.auth_context [None req-8471a1c6-48ad-4548-ac6e-8a1a45fea944 None admin] RBAC: auth_context: {'token': , 'domain_id': None, 'trust_id': None, 'trustor_id': None, 'trustee_id': None, 'domain_name': None, 'group_ids': [], 'user_id': 'd2b5c74567814ecf8d261a20d2f5d026', 'user_domain_id': 'default', 'system_scope': 'all', 'project_id': None, 'project_domain_id': None, 'roles': ['admin', 'member', 'reader'], 'is_admin_project': True, 'service_user_id': None, 'service_user_domain_id': None, 'service_project_id': None, 'service_project_domain_id': None, 'service_roles': []} {{(pid=87035) fill_context /opt/stack/keystone/keystone/server/flask/request_processing/middleware/auth_context.py:478}}
Jul 25 09:39:24.402390 n-d-849104-8 devstack@keystone.service[87035]: DEBUG keystone.server.flask.request_processing.req_logging [None req-8471a1c6-48ad-4548-ac6e-8a1a45fea944 None admin] REQUEST_METHOD: `GET` {{(pid=87035) log_request_info /opt/stack/keystone/keystone/server/flask/request_processing/req_logging.py:27}}
Jul 25 09:39:24.402878 n-d-849104-8 devstack@keystone.service[87035]: DEBUG keystone.server.flask.request_processing.req_logging [None req-8471a1c6-48ad-4548-ac6e-8a1a45fea944 None admin] SCRIPT_NAME: `/identity` {{(pid=87035) log_request_info /opt/stack/keystone/keystone/server/flask/request_processing/req_logging.py:28}}
Jul 25 09:39:24.403324 n-d-849104-8 devstack@keystone.service[87035]: DEBUG keystone.server.flask.request_processing.req_logging [None req-8471a1c6-48ad-4548-ac6e-8a1a45fea944 None admin] PATH_INFO: `/v3/projects/61030496a5634a22875b529c4a10bcf3` {{(pid=87035) log_request_info /opt/stack/keystone/keystone/server/flask/request_processing/req_logging.py:29}}
Jul 25 09:39:24.404764 n-d-849104-8 devstack@keystone.service[87035]: DEBUG keystone.common.rbac_enforcer.enforcer [None req-8471a1c6-48ad-4548-ac6e-8a1a45fea944 None admin] RBAC: Authorizing `identity:get_project(project_id=61030496a5634a22875b529c4a10bcf3)` {{(pid=87035) enforce_call /opt/stack/keystone/keystone/common/rbac_enforcer/enforcer.py:449}}
Jul 25 09:39:24.406432 n-d-849104-8 devstack@keystone.service[87035]: DEBUG keystone.common.rbac_enforcer.enforcer [None req-8471a1c6-48ad-4548-ac6e-8a1a45fea944 None admin] RBAC: Authorization granted {{(pid=87035) enforce_call /opt/stack/keystone/keystone/common/rbac_enforcer/enforcer.py:457}}
Jul 25 09:39:24.408345 n-d-849104-8 devstack@keystone.service[87035]: [pid: 87035|app: 0|req: 83/169] 10.222.0.72 () {56 vars in 1186 bytes} [Mon Jul 25 09:39:24 2022] GET /identity/v3/projects/61030496a5634a22875b529c4a10bcf3 => generated 298 bytes in 232 msecs (HTTP/1.1 200) 5 headers in 177 bytes (1 switches on core 0)
Jul 25 09:39:24.409707 n-d-849104-8 devstack@keystone.service[87035]: DEBUG keystone.server.flask.request_processing.req_logging [None req-1d914be4-2fba-4430-aa3f-7f8b28b6eb06 None None] REQUEST_METHOD: `GET` {{(pid=87035) log_request_info /opt/stack/keystone/keystone/server/flask/request_processing/req_logging.py:27}}
Jul 25 09:39:24.410187 n-d-849104-8 devstack@keystone.service[87035]: DEBUG keystone.server.flask.request_processing.req_logging [None req-1d914be4-2fba-4430-aa3f-7f8b28b6eb06 None None] SCRIPT_NAME: `/identity` {{(pid=87035) log_request_info /opt/stack/keystone/keystone/server/flask/request_processing/req_logging.py:28}}
Jul 25 09:39:24.410630 n-d-849104-8 devstack@keystone.service[87035]: DEBUG keystone.server.flask.request_processing.req_logging [None req-1d914be4-2fba-4430-aa3f-7f8b28b6eb06 None None] PATH_INFO: `/` {{(pid=87035) log_request_info /opt/stack/keystone/keystone/server/flask/request_processing/req_logging.py:29}}
Jul 25 09:39:24.412046 n-d-849104-8 devstack@keystone.service[87035]: [pid: 87035|app: 0|req: 84/170] 10.222.0.72 () {54 vars in 926 bytes} [Mon Jul 25 09:39:24 2022] GET /identity => generated 270 bytes in 3 msecs (HTTP/1.1 300) 6 headers in 234 bytes (1 switches on core 0)
Jul 25 09:39:24.417384 n-d-849104-8 devstack@keystone.service[87035]: DEBUG keystone.server.flask.request_processing.middleware.auth_context [None req-1d914be4-2fba-4430-aa3f-7f8b28b6eb06 None None] Authenticating user token {{(pid=87035) process_request /usr/local/lib/python3.8/dist-packages/keystonemiddleware/auth_token/__init__.py:407}}
Jul 25 09:39:24.423024 n-d-849104-8 devstack@keystone.service[87035]: DEBUG dbcounter [-] [87035] Writing DB stats keystone:SELECT=100 {{(pid=87035) stat_writer /usr/local/lib/python3.8/dist-packages/dbcounter.py:114}}
Jul 25 09:39:24.450528 n-d-849104-8 devstack@keystone.service[87036]: DEBUG keystone.server.flask.request_processing.middleware.auth_context [None req-3e184476-13ef-4f92-9412-5611f029a159 None admin] RBAC: auth_context: {'token': , 'domain_id': None, 'trust_id': None, 'trustor_id': None, 'trustee_id': None, 'domain_name': None, 'group_ids': [], 'user_id': 'd2b5c74567814ecf8d261a20d2f5d026', 'user_domain_id': 'default', 'system_scope': 'all', 'project_id': None, 'project_domain_id': None, 'roles': ['admin', 'member', 'reader'], 'is_admin_project': True, 'service_user_id': None, 'service_user_domain_id': None, 'service_project_id': None, 'service_project_domain_id': None, 'service_roles': []} {{(pid=87036) fill_context /opt/stack/keystone/keystone/server/flask/request_processing/middleware/auth_context.py:478}}
Jul 25 09:39:24.451418 n-d-849104-8 devstack@keystone.service[87036]: DEBUG keystone.server.flask.request_processing.req_logging [None req-3e184476-13ef-4f92-9412-5611f029a159 None admin] REQUEST_METHOD: `GET` {{(pid=87036) log_request_info /opt/stack/keystone/keystone/server/flask/request_processing/req_logging.py:27}}
Jul 25 09:39:24.451699 n-d-849104-8 devstack@keystone.service[87036]: DEBUG keystone.server.flask.request_processing.req_logging [None req-3e184476-13ef-4f92-9412-5611f029a159 None admin] SCRIPT_NAME: `/identity` {{(pid=87036) log_request_info /opt/stack/keystone/keystone/server/flask/request_processing/req_logging.py:28}}
Jul 25 09:39:24.451973 n-d-849104-8 devstack@keystone.service[87036]: DEBUG keystone.server.flask.request_processing.req_logging [None req-3e184476-13ef-4f92-9412-5611f029a159 None admin] PATH_INFO: `/v3/projects/61030496a5634a22875b529c4a10bcf3` {{(pid=87036) log_request_info /opt/stack/keystone/keystone/server/flask/request_processing/req_logging.py:29}}
Jul 25 09:39:24.457150 n-d-849104-8 devstack@keystone.service[87036]: DEBUG keystone.common.rbac_enforcer.enforcer [None req-3e184476-13ef-4f92-9412-5611f029a159 None admin] RBAC: Authorizing `identity:get_project(project_id=61030496a5634a22875b529c4a10bcf3)` {{(pid=87036) enforce_call /opt/stack/keystone/keystone/common/rbac_enforcer/enforcer.py:449}}
Jul 25 09:39:24.458901 n-d-849104-8 devstack@keystone.service[87036]: DEBUG keystone.common.rbac_enforcer.enforcer [None req-3e184476-13ef-4f92-9412-5611f029a159 None admin] RBAC: Authorization granted {{(pid=87036) enforce_call /opt/stack/keystone/keystone/common/rbac_enforcer/enforcer.py:457}}
Jul 25 09:39:24.460396 n-d-849104-8 devstack@keystone.service[87036]: [pid: 87036|app: 0|req: 87/171] 10.222.0.72 () {56 vars in 1186 bytes} [Mon Jul 25 09:39:24 2022] GET /identity/v3/projects/61030496a5634a22875b529c4a10bcf3 => generated 298 bytes in 245 msecs (HTTP/1.1 200) 5 headers in 177 bytes (1 switches on core 0)
Jul 25 09:39:24.461597 n-d-849104-8 devstack@keystone.service[87036]: DEBUG keystone.server.flask.request_processing.req_logging [None req-0c1b76f3-42be-41de-87e8-0f412b22c1e9 None None] REQUEST_METHOD: `POST` {{(pid=87036) log_request_info /opt/stack/keystone/keystone/server/flask/request_processing/req_logging.py:27}}
Jul 25 09:39:24.461884 n-d-849104-8 devstack@keystone.service[87036]: DEBUG keystone.server.flask.request_processing.req_logging [None req-0c1b76f3-42be-41de-87e8-0f412b22c1e9 None None] SCRIPT_NAME: `/identity` {{(pid=87036) log_request_info /opt/stack/keystone/keystone/server/flask/request_processing/req_logging.py:28}}
Jul 25 09:39:24.462166 n-d-849104-8 devstack@keystone.service[87036]: DEBUG keystone.server.flask.request_processing.req_logging [None req-0c1b76f3-42be-41de-87e8-0f412b22c1e9 None None] PATH_INFO: `/v3/auth/tokens` {{(pid=87036) log_request_info /opt/stack/keystone/keystone/server/flask/request_processing/req_logging.py:29}}
Jul 25 09:39:24.497553 n-d-849104-8 devstack@keystone.service[87036]: DEBUG keystone.auth.core [None req-0c1b76f3-42be-41de-87e8-0f412b22c1e9 None None] MFA Rules not processed for user `d2b5c74567814ecf8d261a20d2f5d026`. Rule list: `[]` (Enabled: `True`). {{(pid=87036) check_auth_methods_against_rules /opt/stack/keystone/keystone/auth/core.py:438}}
Jul 25 09:39:24.498763 n-d-849104-8 devstack@keystone.service[87036]: DEBUG keystone.common.fernet_utils [None req-0c1b76f3-42be-41de-87e8-0f412b22c1e9 None None] Loaded 2 Fernet keys from /etc/keystone/fernet-keys/, but `[fernet_tokens] max_active_keys = 3`; perhaps there have not been enough key rotations to reach `max_active_keys` yet? {{(pid=87036) load_keys /opt/stack/keystone/keystone/common/fernet_utils.py:286}}
Jul 25 09:39:24.591056 n-d-849104-8 devstack@keystone.service[87036]: DEBUG dbcounter [-] [87036] Writing DB stats keystone:SELECT=100 {{(pid=87036) stat_writer /usr/local/lib/python3.8/dist-packages/dbcounter.py:114}}
Jul 25 09:39:24.646066 n-d-849104-8 devstack@keystone.service[87035]: DEBUG keystone.server.flask.request_processing.middleware.auth_context [None req-1d914be4-2fba-4430-aa3f-7f8b28b6eb06 None None] Validating token access rules against request {{(pid=87035) validate_allowed_request /usr/local/lib/python3.8/dist-packages/keystonemiddleware/auth_token/__init__.py:545}}
Jul 25 09:39:24.646745 n-d-849104-8 devstack@keystone.service[87036]: [pid: 87036|app: 0|req: 88/172] 10.222.0.72 () {58 vars in 1023 bytes} [Mon Jul 25 09:39:24 2022] POST /identity/v3/auth/tokens => generated 799 bytes in 186 msecs (HTTP/1.1 201) 6 headers in 363 bytes (1 switches on core 0)
Jul 25 09:39:24.647614 n-d-849104-8 devstack@keystone.service[87036]: DEBUG keystone.server.flask.request_processing.middleware.auth_context [None req-0c1b76f3-42be-41de-87e8-0f412b22c1e9 None None] Authenticating user token {{(pid=87036) process_request /usr/local/lib/python3.8/dist-packages/keystonemiddleware/auth_token/__init__.py:407}}
Jul 25 09:39:24.693854 n-d-849104-8 devstack@keystone.service[87035]: DEBUG keystone.server.flask.request_processing.middleware.auth_context [None req-6d1a755d-b921-4543-bb85-0038cb07bc6b None admin] RBAC: auth_context: {'token': , 'domain_id': None, 'trust_id': None, 'trustor_id': None, 'trustee_id': None, 'domain_name': None, 'group_ids': [], 'user_id': 'd2b5c74567814ecf8d261a20d2f5d026', 'user_domain_id': 'default', 'system_scope': 'all', 'project_id': None, 'project_domain_id': None, 'roles': ['admin', 'member', 'reader'], 'is_admin_project': True, 'service_user_id': None, 'service_user_domain_id': None, 'service_project_id': None, 'service_project_domain_id': None, 'service_roles': []} {{(pid=87035) fill_context /opt/stack/keystone/keystone/server/flask/request_processing/middleware/auth_context.py:478}}
Jul 25 09:39:24.695019 n-d-849104-8 devstack@keystone.service[87035]: DEBUG keystone.server.flask.request_processing.req_logging [None req-6d1a755d-b921-4543-bb85-0038cb07bc6b None admin] REQUEST_METHOD: `GET` {{(pid=87035) log_request_info /opt/stack/keystone/keystone/server/flask/request_processing/req_logging.py:27}}
Jul 25 09:39:24.695460 n-d-849104-8 devstack@keystone.service[87035]: DEBUG keystone.server.flask.request_processing.req_logging [None req-6d1a755d-b921-4543-bb85-0038cb07bc6b None admin] SCRIPT_NAME: `/identity` {{(pid=87035) log_request_info /opt/stack/keystone/keystone/server/flask/request_processing/req_logging.py:28}}
Jul 25 09:39:24.696719 n-d-849104-8 devstack@keystone.service[87035]: DEBUG keystone.server.flask.request_processing.req_logging [None req-6d1a755d-b921-4543-bb85-0038cb07bc6b None admin] PATH_INFO: `/v3/role_assignments` {{(pid=87035) log_request_info /opt/stack/keystone/keystone/server/flask/request_processing/req_logging.py:29}}
Jul 25 09:39:24.697742 n-d-849104-8 devstack@keystone.service[87035]: DEBUG keystone.common.rbac_enforcer.enforcer [None req-6d1a755d-b921-4543-bb85-0038cb07bc6b None admin] RBAC: Adding query filter params (role.id=e35839a04d784ac98689f66cf85ecd8c, scope.project.id=61030496a5634a22875b529c4a10bcf3, user.id=eac6a7f17cb5495a98701ba9df573155) {{(pid=87035) _extract_filter_values /opt/stack/keystone/keystone/common/rbac_enforcer/enforcer.py:167}}
Jul 25 09:39:24.698302 n-d-849104-8 devstack@keystone.service[87035]: DEBUG keystone.common.rbac_enforcer.enforcer [None req-6d1a755d-b921-4543-bb85-0038cb07bc6b None admin] RBAC: Authorizing `identity:list_role_assignments()` {{(pid=87035) enforce_call /opt/stack/keystone/keystone/common/rbac_enforcer/enforcer.py:449}}
Jul 25 09:39:24.699954 n-d-849104-8 devstack@keystone.service[87035]: DEBUG keystone.common.rbac_enforcer.enforcer [None req-6d1a755d-b921-4543-bb85-0038cb07bc6b None admin] RBAC: Authorization granted {{(pid=87035) enforce_call /opt/stack/keystone/keystone/common/rbac_enforcer/enforcer.py:457}}
Jul 25 09:39:24.716004 n-d-849104-8 devstack@keystone.service[87035]: [pid: 87035|app: 0|req: 85/173] 10.222.0.72 () {56 vars in 1374 bytes} [Mon Jul 25 09:39:24 2022] GET /identity/v3/role_assignments?user.id=eac6a7f17cb5495a98701ba9df573155&scope.project.id=61030496a5634a22875b529c4a10bcf3&role.id=e35839a04d784ac98689f66cf85ecd8c => generated 608 bytes in 292 msecs (HTTP/1.1 200) 5 headers in 177 bytes (1 switches on core 0)
Jul 25 09:39:24.716004 n-d-849104-8 devstack@keystone.service[87035]: DEBUG keystone.server.flask.request_processing.req_logging [None req-39db984b-e1fe-41bc-9d34-0dbf123ed5a3 None None] REQUEST_METHOD: `GET` {{(pid=87035) log_request_info /opt/stack/keystone/keystone/server/flask/request_processing/req_logging.py:27}}
Jul 25 09:39:24.716004 n-d-849104-8 devstack@keystone.service[87035]: DEBUG keystone.server.flask.request_processing.req_logging [None req-39db984b-e1fe-41bc-9d34-0dbf123ed5a3 None None] SCRIPT_NAME: `/identity` {{(pid=87035) log_request_info /opt/stack/keystone/keystone/server/flask/request_processing/req_logging.py:28}}
Jul 25 09:39:24.716004 n-d-849104-8 devstack@keystone.service[87035]: DEBUG keystone.server.flask.request_processing.req_logging [None req-39db984b-e1fe-41bc-9d34-0dbf123ed5a3 None None] PATH_INFO: `/` {{(pid=87035) log_request_info /opt/stack/keystone/keystone/server/flask/request_processing/req_logging.py:29}}
Jul 25 09:39:24.716491 n-d-849104-8 devstack@keystone.service[87035]: [pid: 87035|app: 0|req: 86/174] 10.222.0.72 () {54 vars in 926 bytes} [Mon Jul 25 09:39:24 2022] GET /identity => generated 270 bytes in 3 msecs (HTTP/1.1 300) 6 headers in 234 bytes (1 switches on core 0)
Jul 25 09:39:24.718889 n-d-849104-8 devstack@keystone.service[87035]: DEBUG keystone.server.flask.request_processing.req_logging [None req-d367f6a7-caba-4e0c-9026-13ea153a348c None None] REQUEST_METHOD: `GET` {{(pid=87035) log_request_info /opt/stack/keystone/keystone/server/flask/request_processing/req_logging.py:27}}
Jul 25 09:39:24.719172 n-d-849104-8 devstack@keystone.service[87035]: DEBUG keystone.server.flask.request_processing.req_logging [None req-d367f6a7-caba-4e0c-9026-13ea153a348c None None] SCRIPT_NAME: `/identity` {{(pid=87035) log_request_info /opt/stack/keystone/keystone/server/flask/request_processing/req_logging.py:28}}
Jul 25 09:39:24.719447 n-d-849104-8 devstack@keystone.service[87035]: DEBUG keystone.server.flask.request_processing.req_logging [None req-d367f6a7-caba-4e0c-9026-13ea153a348c None None] PATH_INFO: `/` {{(pid=87035) log_request_info /opt/stack/keystone/keystone/server/flask/request_processing/req_logging.py:29}}
Jul 25 09:39:24.720816 n-d-849104-8 devstack@keystone.service[87035]: [pid: 87035|app: 0|req: 87/175] 10.222.0.72 () {54 vars in 926 bytes} [Mon Jul 25 09:39:24 2022] GET /identity => generated 270 bytes in 4 msecs (HTTP/1.1 300) 6 headers in 234 bytes (1 switches on core 0)
Jul 25 09:39:24.721539 n-d-849104-8 devstack@keystone.service[87035]: DEBUG keystone.server.flask.request_processing.middleware.auth_context [None req-d367f6a7-caba-4e0c-9026-13ea153a348c None None] Authenticating user token {{(pid=87035) process_request /usr/local/lib/python3.8/dist-packages/keystonemiddleware/auth_token/__init__.py:407}}
Jul 25 09:39:24.818225 n-d-849104-8 devstack@keystone.service[87036]: DEBUG keystone.server.flask.request_processing.middleware.auth_context [None req-0c1b76f3-42be-41de-87e8-0f412b22c1e9 None None] Validating token access rules against request {{(pid=87036) validate_allowed_request /usr/local/lib/python3.8/dist-packages/keystonemiddleware/auth_token/__init__.py:545}}
