Jul 21 16:31:40.103668 n-d-849104-7 devstack@placement-api.service[105169]: DEBUG placement.objects.research_context [req-ca64968b-5181-42a5-b62c-cb7545e8de5e req-b3d5831f-a7bb-4341-8dcd-ac97ef14b3fc service placement] found 2 providers with available 1 DISK_GB {{(pid=105169) get_provider_ids_matching /opt/stack/placement/placement/objects/research_context.py:563}}
Jul 21 16:31:40.103971 n-d-849104-7 devstack@placement-api.service[105169]: DEBUG placement.objects.research_context [req-ca64968b-5181-42a5-b62c-cb7545e8de5e req-b3d5831f-a7bb-4341-8dcd-ac97ef14b3fc service placement] found 2 providers with available 1024 MEMORY_MB {{(pid=105169) get_provider_ids_matching /opt/stack/placement/placement/objects/research_context.py:563}}
Jul 21 16:31:40.104243 n-d-849104-7 devstack@placement-api.service[105169]: DEBUG placement.objects.research_context [req-ca64968b-5181-42a5-b62c-cb7545e8de5e req-b3d5831f-a7bb-4341-8dcd-ac97ef14b3fc service placement] found 2 providers after filtering by previous result {{(pid=105169) get_provider_ids_matching /opt/stack/placement/placement/objects/research_context.py:594}}
Jul 21 16:31:40.104533 n-d-849104-7 devstack@placement-api.service[105169]: DEBUG placement.objects.research_context [req-ca64968b-5181-42a5-b62c-cb7545e8de5e req-b3d5831f-a7bb-4341-8dcd-ac97ef14b3fc service placement] found 2 providers with available 1 VCPU {{(pid=105169) get_provider_ids_matching /opt/stack/placement/placement/objects/research_context.py:563}}
Jul 21 16:31:40.104797 n-d-849104-7 devstack@placement-api.service[105169]: DEBUG placement.objects.research_context [req-ca64968b-5181-42a5-b62c-cb7545e8de5e req-b3d5831f-a7bb-4341-8dcd-ac97ef14b3fc service placement] found 2 providers after filtering by previous result {{(pid=105169) get_provider_ids_matching /opt/stack/placement/placement/objects/research_context.py:594}}
Jul 21 16:31:40.116047 n-d-849104-7 devstack@placement-api.service[105169]: DEBUG placement.objects.allocation_candidate [req-ca64968b-5181-42a5-b62c-cb7545e8de5e req-b3d5831f-a7bb-4341-8dcd-ac97ef14b3fc service placement] RequestGroup(use_same_provider=False, resources={DISK_GB:1, MEMORY_MB:1024, VCPU:1}, traits=(), aggregates=[]) (suffix '') returned 2 matches {{(pid=105169) _get_by_requests /opt/stack/placement/placement/objects/allocation_candidate.py:156}}
Jul 21 16:31:40.118417 n-d-849104-7 devstack@placement-api.service[105169]: DEBUG placement.objects.allocation_candidate [req-ca64968b-5181-42a5-b62c-cb7545e8de5e req-b3d5831f-a7bb-4341-8dcd-ac97ef14b3fc service placement] Merging candidates yields 2 allocation requests and 2 provider summaries {{(pid=105169) _merge_candidates /opt/stack/placement/placement/objects/allocation_candidate.py:809}}
Jul 21 16:31:40.119912 n-d-849104-7 devstack@placement-api.service[105169]: INFO placement.requestlog [req-ca64968b-5181-42a5-b62c-cb7545e8de5e req-b3d5831f-a7bb-4341-8dcd-ac97ef14b3fc service placement] 10.222.0.71 "GET /placement/allocation_candidates?limit=1000&resources=DISK_GB%3A1%2CMEMORY_MB%3A1024%2CVCPU%3A1&root_required=%21COMPUTE_STATUS_DISABLED" status: 200 len: 1312 microversion: 1.36
Jul 21 16:31:40.120408 n-d-849104-7 devstack@placement-api.service[105169]: [pid: 105169|app: 0|req: 154/311] 10.222.0.71 () {60 vars in 1506 bytes} [Thu Jul 21 16:31:40 2022] GET /placement/allocation_candidates?limit=1000&resources=DISK_GB%3A1%2CMEMORY_MB%3A1024%2CVCPU%3A1&root_required=%21COMPUTE_STATUS_DISABLED => generated 1312 bytes in 66 msecs (HTTP/1.1 200) 8 headers in 297 bytes (1 switches on core 0)
Jul 21 16:31:40.182945 n-d-849104-7 devstack@placement-api.service[105168]: DEBUG placement.requestlog [req-ca64968b-5181-42a5-b62c-cb7545e8de5e req-d1d1e06d-f96e-419b-9724-c27e85c8c4e2 None None] Starting request: 10.222.0.71 "GET /placement/allocations/2658ed89-6ccb-408e-9a87-1bd64d9b8fb5" {{(pid=105168) __call__ /opt/stack/placement/placement/requestlog.py:55}}
Jul 21 16:31:40.194307 n-d-849104-7 devstack@placement-api.service[105168]: INFO placement.requestlog [req-ca64968b-5181-42a5-b62c-cb7545e8de5e req-d1d1e06d-f96e-419b-9724-c27e85c8c4e2 service placement] 10.222.0.71 "GET /placement/allocations/2658ed89-6ccb-408e-9a87-1bd64d9b8fb5" status: 200 len: 19 microversion: 1.28
Jul 21 16:31:40.194673 n-d-849104-7 devstack@placement-api.service[105168]: [pid: 105168|app: 0|req: 158/312] 10.222.0.71 () {60 vars in 1380 bytes} [Thu Jul 21 16:31:40 2022] GET /placement/allocations/2658ed89-6ccb-408e-9a87-1bd64d9b8fb5 => generated 19 bytes in 12 msecs (HTTP/1.1 200) 8 headers in 295 bytes (1 switches on core 0)
Jul 21 16:31:40.201146 n-d-849104-7 devstack@placement-api.service[105169]: DEBUG placement.requestlog [req-ca64968b-5181-42a5-b62c-cb7545e8de5e req-7e659f2d-3399-40d0-8ac7-626c13682455 None None] Starting request: 10.222.0.71 "PUT /placement/allocations/2658ed89-6ccb-408e-9a87-1bd64d9b8fb5" {{(pid=105169) __call__ /opt/stack/placement/placement/requestlog.py:55}}
Jul 21 16:31:40.261773 n-d-849104-7 devstack@placement-api.service[105169]: DEBUG placement.handlers.allocation [req-ca64968b-5181-42a5-b62c-cb7545e8de5e req-7e659f2d-3399-40d0-8ac7-626c13682455 service placement] Successfully wrote allocations [, , ] {{(pid=105169) _update_consumers_and_create_allocations /opt/stack/placement/placement/handlers/allocation.py:462}}
Jul 21 16:31:40.267027 n-d-849104-7 devstack@placement-api.service[105169]: INFO placement.requestlog [req-ca64968b-5181-42a5-b62c-cb7545e8de5e req-7e659f2d-3399-40d0-8ac7-626c13682455 service placement] 10.222.0.71 "PUT /placement/allocations/2658ed89-6ccb-408e-9a87-1bd64d9b8fb5" status: 204 len: 0 microversion: 1.36
Jul 21 16:31:40.267826 n-d-849104-7 devstack@placement-api.service[105169]: [pid: 105169|app: 0|req: 155/313] 10.222.0.71 () {64 vars in 1433 bytes} [Thu Jul 21 16:31:40 2022] PUT /placement/allocations/2658ed89-6ccb-408e-9a87-1bd64d9b8fb5 => generated 0 bytes in 67 msecs (HTTP/1.1 204) 5 headers in 199 bytes (1 switches on core 0)
Jul 21 16:31:40.901552 n-d-849104-7 devstack@placement-api.service[105168]: DEBUG placement.requestlog [req-1f7a2661-dd8a-4ffa-abc9-81e0b72a829a req-cdd3f6cc-ee1b-4ce6-a518-81c47b0f065e None None] Starting request: 10.222.0.65 "DELETE /placement/allocations/c1bd7fa1-a293-4bf1-b1d9-7543e19ddc71" {{(pid=105168) __call__ /opt/stack/placement/placement/requestlog.py:55}}
Jul 21 16:31:40.934989 n-d-849104-7 devstack@placement-api.service[105168]: DEBUG placement.handlers.allocation [req-1f7a2661-dd8a-4ffa-abc9-81e0b72a829a req-cdd3f6cc-ee1b-4ce6-a518-81c47b0f065e service placement] Successfully deleted allocations [, , ] {{(pid=105168) delete_allocations /opt/stack/placement/placement/handlers/allocation.py:627}}
Jul 21 16:31:40.935555 n-d-849104-7 devstack@placement-api.service[105168]: INFO placement.requestlog [req-1f7a2661-dd8a-4ffa-abc9-81e0b72a829a req-cdd3f6cc-ee1b-4ce6-a518-81c47b0f065e service placement] 10.222.0.65 "DELETE /placement/allocations/c1bd7fa1-a293-4bf1-b1d9-7543e19ddc71" status: 204 len: 0 microversion: 1.0
Jul 21 16:31:40.935927 n-d-849104-7 devstack@placement-api.service[105168]: [pid: 105168|app: 0|req: 159/314] 10.222.0.65 () {60 vars in 1355 bytes} [Thu Jul 21 16:31:40 2022] DELETE /placement/allocations/c1bd7fa1-a293-4bf1-b1d9-7543e19ddc71 => generated 0 bytes in 35 msecs (HTTP/1.1 204) 5 headers in 198 bytes (1 switches on core 0)
Jul 21 16:31:42.317882 n-d-849104-7 devstack@placement-api.service[105169]: DEBUG placement.requestlog [req-dc9d3627-a48f-4d68-8549-44a846a6b678 req-93122dde-b98c-4887-b4d6-6ac6666fb26b None None] Starting request: 10.222.0.65 "GET /placement/allocations/327ffb98-9619-4d29-b73e-2ef3262abc79" {{(pid=105169) __call__ /opt/stack/placement/placement/requestlog.py:55}}
Jul 21 16:31:42.344898 n-d-849104-7 devstack@placement-api.service[105169]: INFO placement.requestlog [req-dc9d3627-a48f-4d68-8549-44a846a6b678 req-93122dde-b98c-4887-b4d6-6ac6666fb26b service placement] 10.222.0.65 "GET /placement/allocations/327ffb98-9619-4d29-b73e-2ef3262abc79" status: 200 len: 259 microversion: 1.28
Jul 21 16:31:42.346062 n-d-849104-7 devstack@placement-api.service[105169]: [pid: 105169|app: 0|req: 156/315] 10.222.0.65 () {60 vars in 1377 bytes} [Thu Jul 21 16:31:42 2022] GET /placement/allocations/327ffb98-9619-4d29-b73e-2ef3262abc79 => generated 259 bytes in 29 msecs (HTTP/1.1 200) 8 headers in 296 bytes (1 switches on core 0)
Jul 21 16:31:42.481549 n-d-849104-7 devstack@placement-api.service[105168]: DEBUG placement.requestlog [req-0202116b-2cb2-4406-9b12-7aa91c46d68e req-ea04b8fa-dc36-4cff-a7ba-6974cb0a7d04 None None] Starting request: 10.222.0.65 "GET /placement/resource_providers/a7fbc22f-9aeb-468f-b438-e5dc24f57428/allocations" {{(pid=105168) __call__ /opt/stack/placement/placement/requestlog.py:55}}
Jul 21 16:31:42.483070 n-d-849104-7 devstack@placement-api.service[105169]: DEBUG placement.requestlog [req-dc9d3627-a48f-4d68-8549-44a846a6b678 req-b6ecd089-c694-41b2-83f1-43ac9bce7f2a None None] Starting request: 10.222.0.65 "PUT /placement/allocations/327ffb98-9619-4d29-b73e-2ef3262abc79" {{(pid=105169) __call__ /opt/stack/placement/placement/requestlog.py:55}}
Jul 21 16:31:42.564319 n-d-849104-7 devstack@placement-api.service[105168]: INFO placement.requestlog [req-0202116b-2cb2-4406-9b12-7aa91c46d68e req-ea04b8fa-dc36-4cff-a7ba-6974cb0a7d04 service placement] 10.222.0.65 "GET /placement/resource_providers/a7fbc22f-9aeb-468f-b438-e5dc24f57428/allocations" status: 200 len: 1164 microversion: 1.0
Jul 21 16:31:42.564319 n-d-849104-7 devstack@placement-api.service[105168]: [pid: 105168|app: 0|req: 160/316] 10.222.0.65 () {58 vars in 1390 bytes} [Thu Jul 21 16:31:42 2022] GET /placement/resource_providers/a7fbc22f-9aeb-468f-b438-e5dc24f57428/allocations => generated 1164 bytes in 83 msecs (HTTP/1.1 200) 6 headers in 225 bytes (2 switches on core 0)
Jul 21 16:31:42.590856 n-d-849104-7 devstack@placement-api.service[105169]: DEBUG placement.handlers.allocation [req-dc9d3627-a48f-4d68-8549-44a846a6b678 req-b6ecd089-c694-41b2-83f1-43ac9bce7f2a service placement] Successfully wrote allocations [, , ] {{(pid=105169) _update_consumers_and_create_allocations /opt/stack/placement/placement/handlers/allocation.py:462}}
Jul 21 16:31:42.600361 n-d-849104-7 devstack@placement-api.service[105169]: INFO placement.requestlog [req-dc9d3627-a48f-4d68-8549-44a846a6b678 req-b6ecd089-c694-41b2-83f1-43ac9bce7f2a service placement] 10.222.0.65 "PUT /placement/allocations/327ffb98-9619-4d29-b73e-2ef3262abc79" status: 204 len: 0 microversion: 1.28
Jul 21 16:31:42.601027 n-d-849104-7 devstack@placement-api.service[105169]: [pid: 105169|app: 0|req: 157/317] 10.222.0.65 () {64 vars in 1430 bytes} [Thu Jul 21 16:31:42 2022] PUT /placement/allocations/327ffb98-9619-4d29-b73e-2ef3262abc79 => generated 0 bytes in 118 msecs (HTTP/1.1 204) 5 headers in 199 bytes (1 switches on core 0)
Jul 21 16:31:44.148201 n-d-849104-7 devstack@placement-api.service[105168]: DEBUG placement.requestlog [req-2f0cbbbe-8e86-47f2-a88e-3fe8f255d772 req-e4714166-4550-4847-a41c-b5a007a2dc89 None None] Starting request: 10.222.0.71 "GET /placement/allocation_candidates?limit=1000&resources=DISK_GB%3A1%2CMEMORY_MB%3A1024%2CVCPU%3A1&root_required=%21COMPUTE_STATUS_DISABLED" {{(pid=105168) __call__ /opt/stack/placement/placement/requestlog.py:55}}
Jul 21 16:31:44.170391 n-d-849104-7 devstack@placement-api.service[105169]: DEBUG placement.requestlog [req-ca64968b-5181-42a5-b62c-cb7545e8de5e req-28d181dc-26b2-4258-943c-31172d036ed3 None None] Starting request: 10.222.0.65 "GET /placement/allocations/2658ed89-6ccb-408e-9a87-1bd64d9b8fb5" {{(pid=105169) __call__ /opt/stack/placement/placement/requestlog.py:55}}
Jul 21 16:31:44.202560 n-d-849104-7 devstack@placement-api.service[105169]: INFO placement.requestlog [req-ca64968b-5181-42a5-b62c-cb7545e8de5e req-28d181dc-26b2-4258-943c-31172d036ed3 service placement] 10.222.0.65 "GET /placement/allocations/2658ed89-6ccb-408e-9a87-1bd64d9b8fb5" status: 200 len: 259 microversion: 1.28
Jul 21 16:31:44.203302 n-d-849104-7 devstack@placement-api.service[105169]: [pid: 105169|app: 0|req: 158/318] 10.222.0.65 () {60 vars in 1377 bytes} [Thu Jul 21 16:31:44 2022] GET /placement/allocations/2658ed89-6ccb-408e-9a87-1bd64d9b8fb5 => generated 259 bytes in 33 msecs (HTTP/1.1 200) 8 headers in 296 bytes (1 switches on core 0)
Jul 21 16:31:44.289945 n-d-849104-7 devstack@placement-api.service[105168]: DEBUG placement.objects.research_context [req-2f0cbbbe-8e86-47f2-a88e-3fe8f255d772 req-e4714166-4550-4847-a41c-b5a007a2dc89 service placement] getting providers with 1 DISK_GB {{(pid=105168) __init__ /opt/stack/placement/placement/objects/research_context.py:136}}
Jul 21 16:31:44.295791 n-d-849104-7 devstack@placement-api.service[105168]: DEBUG placement.objects.research_context [req-2f0cbbbe-8e86-47f2-a88e-3fe8f255d772 req-e4714166-4550-4847-a41c-b5a007a2dc89 service placement] getting providers with 1024 MEMORY_MB {{(pid=105168) __init__ /opt/stack/placement/placement/objects/research_context.py:136}}
Jul 21 16:31:44.301376 n-d-849104-7 devstack@placement-api.service[105168]: DEBUG placement.objects.research_context [req-2f0cbbbe-8e86-47f2-a88e-3fe8f255d772 req-e4714166-4550-4847-a41c-b5a007a2dc89 service placement] getting providers with 1 VCPU {{(pid=105168) __init__ /opt/stack/placement/placement/objects/research_context.py:136}}
Jul 21 16:31:44.307829 n-d-849104-7 devstack@placement-api.service[105168]: DEBUG placement.objects.research_context [req-2f0cbbbe-8e86-47f2-a88e-3fe8f255d772 req-e4714166-4550-4847-a41c-b5a007a2dc89 service placement] found 2 providers with available 1 DISK_GB {{(pid=105168) get_provider_ids_matching /opt/stack/placement/placement/objects/research_context.py:563}}
Jul 21 16:31:44.308145 n-d-849104-7 devstack@placement-api.service[105168]: DEBUG placement.objects.research_context [req-2f0cbbbe-8e86-47f2-a88e-3fe8f255d772 req-e4714166-4550-4847-a41c-b5a007a2dc89 service placement] found 2 providers with available 1024 MEMORY_MB {{(pid=105168) get_provider_ids_matching /opt/stack/placement/placement/objects/research_context.py:563}}
Jul 21 16:31:44.308654 n-d-849104-7 devstack@placement-api.service[105168]: DEBUG placement.objects.research_context [req-2f0cbbbe-8e86-47f2-a88e-3fe8f255d772 req-e4714166-4550-4847-a41c-b5a007a2dc89 service placement] found 2 providers after filtering by previous result {{(pid=105168) get_provider_ids_matching /opt/stack/placement/placement/objects/research_context.py:594}}
Jul 21 16:31:44.308917 n-d-849104-7 devstack@placement-api.service[105168]: DEBUG placement.objects.research_context [req-2f0cbbbe-8e86-47f2-a88e-3fe8f255d772 req-e4714166-4550-4847-a41c-b5a007a2dc89 service placement] found 2 providers with available 1 VCPU {{(pid=105168) get_provider_ids_matching /opt/stack/placement/placement/objects/research_context.py:563}}
Jul 21 16:31:44.309220 n-d-849104-7 devstack@placement-api.service[105168]: DEBUG placement.objects.research_context [req-2f0cbbbe-8e86-47f2-a88e-3fe8f255d772 req-e4714166-4550-4847-a41c-b5a007a2dc89 service placement] found 2 providers after filtering by previous result {{(pid=105168) get_provider_ids_matching /opt/stack/placement/placement/objects/research_context.py:594}}
Jul 21 16:31:44.322187 n-d-849104-7 devstack@placement-api.service[105168]: DEBUG placement.objects.allocation_candidate [req-2f0cbbbe-8e86-47f2-a88e-3fe8f255d772 req-e4714166-4550-4847-a41c-b5a007a2dc89 service placement] RequestGroup(use_same_provider=False, resources={DISK_GB:1, MEMORY_MB:1024, VCPU:1}, traits=(), aggregates=[]) (suffix '') returned 2 matches {{(pid=105168) _get_by_requests /opt/stack/placement/placement/objects/allocation_candidate.py:156}}
Jul 21 16:31:44.322793 n-d-849104-7 devstack@placement-api.service[105168]: DEBUG placement.objects.allocation_candidate [req-2f0cbbbe-8e86-47f2-a88e-3fe8f255d772 req-e4714166-4550-4847-a41c-b5a007a2dc89 service placement] Merging candidates yields 2 allocation requests and 2 provider summaries {{(pid=105168) _merge_candidates /opt/stack/placement/placement/objects/allocation_candidate.py:809}}
Jul 21 16:31:44.324494 n-d-849104-7 devstack@placement-api.service[105168]: INFO placement.requestlog [req-2f0cbbbe-8e86-47f2-a88e-3fe8f255d772 req-e4714166-4550-4847-a41c-b5a007a2dc89 service placement] 10.222.0.71 "GET /placement/allocation_candidates?limit=1000&resources=DISK_GB%3A1%2CMEMORY_MB%3A1024%2CVCPU%3A1&root_required=%21COMPUTE_STATUS_DISABLED" status: 200 len: 1312 microversion: 1.36
Jul 21 16:31:44.325522 n-d-849104-7 devstack@placement-api.service[105168]: [pid: 105168|app: 0|req: 161/319] 10.222.0.71 () {60 vars in 1506 bytes} [Thu Jul 21 16:31:44 2022] GET /placement/allocation_candidates?limit=1000&resources=DISK_GB%3A1%2CMEMORY_MB%3A1024%2CVCPU%3A1&root_required=%21COMPUTE_STATUS_DISABLED => generated 1312 bytes in 178 msecs (HTTP/1.1 200) 8 headers in 297 bytes (1 switches on core 0)
Jul 21 16:31:44.383720 n-d-849104-7 devstack@placement-api.service[105169]: DEBUG placement.requestlog [req-2f0cbbbe-8e86-47f2-a88e-3fe8f255d772 req-118a9e43-64aa-464b-a7d9-fc5d4f8b67ed None None] Starting request: 10.222.0.71 "GET /placement/allocations/38b46a83-3faf-471c-b3fb-f8597381c8d6" {{(pid=105169) __call__ /opt/stack/placement/placement/requestlog.py:55}}
Jul 21 16:31:44.403703 n-d-849104-7 devstack@placement-api.service[105169]: INFO placement.requestlog [req-2f0cbbbe-8e86-47f2-a88e-3fe8f255d772 req-118a9e43-64aa-464b-a7d9-fc5d4f8b67ed service placement] 10.222.0.71 "GET /placement/allocations/38b46a83-3faf-471c-b3fb-f8597381c8d6" status: 200 len: 19 microversion: 1.28
Jul 21 16:31:44.404388 n-d-849104-7 devstack@placement-api.service[105169]: [pid: 105169|app: 0|req: 159/320] 10.222.0.71 () {60 vars in 1380 bytes} [Thu Jul 21 16:31:44 2022] GET /placement/allocations/38b46a83-3faf-471c-b3fb-f8597381c8d6 => generated 19 bytes in 21 msecs (HTTP/1.1 200) 8 headers in 295 bytes (1 switches on core 0)
Jul 21 16:31:44.411671 n-d-849104-7 devstack@placement-api.service[105168]: DEBUG placement.requestlog [req-2f0cbbbe-8e86-47f2-a88e-3fe8f255d772 req-ff07a31a-7023-4a83-9d71-c2f77c3d8b15 None None] Starting request: 10.222.0.71 "PUT /placement/allocations/38b46a83-3faf-471c-b3fb-f8597381c8d6" {{(pid=105168) __call__ /opt/stack/placement/placement/requestlog.py:55}}
Jul 21 16:31:44.466211 n-d-849104-7 devstack@placement-api.service[105168]: DEBUG placement.handlers.allocation [req-2f0cbbbe-8e86-47f2-a88e-3fe8f255d772 req-ff07a31a-7023-4a83-9d71-c2f77c3d8b15 service placement] Successfully wrote allocations [, , ] {{(pid=105168) _update_consumers_and_create_allocations /opt/stack/placement/placement/handlers/allocation.py:462}}
Jul 21 16:31:44.469598 n-d-849104-7 devstack@placement-api.service[105168]: INFO placement.requestlog [req-2f0cbbbe-8e86-47f2-a88e-3fe8f255d772 req-ff07a31a-7023-4a83-9d71-c2f77c3d8b15 service placement] 10.222.0.71 "PUT /placement/allocations/38b46a83-3faf-471c-b3fb-f8597381c8d6" status: 204 len: 0 microversion: 1.36
Jul 21 16:31:44.470156 n-d-849104-7 devstack@placement-api.service[105168]: [pid: 105168|app: 0|req: 162/321] 10.222.0.71 () {64 vars in 1433 bytes} [Thu Jul 21 16:31:44 2022] PUT /placement/allocations/38b46a83-3faf-471c-b3fb-f8597381c8d6 => generated 0 bytes in 59 msecs (HTTP/1.1 204) 5 headers in 199 bytes (1 switches on core 0)
Jul 21 16:31:46.775064 n-d-849104-7 devstack@placement-api.service[105169]: DEBUG placement.requestlog [req-2f0cbbbe-8e86-47f2-a88e-3fe8f255d772 req-59d74f7d-6795-407c-8da2-3908e07eebab None None] Starting request: 10.222.0.65 "GET /placement/allocations/38b46a83-3faf-471c-b3fb-f8597381c8d6" {{(pid=105169) __call__ /opt/stack/placement/placement/requestlog.py:55}}
Jul 21 16:31:46.802336 n-d-849104-7 devstack@placement-api.service[105169]: INFO placement.requestlog [req-2f0cbbbe-8e86-47f2-a88e-3fe8f255d772 req-59d74f7d-6795-407c-8da2-3908e07eebab service placement] 10.222.0.65 "GET /placement/allocations/38b46a83-3faf-471c-b3fb-f8597381c8d6" status: 200 len: 259 microversion: 1.28
Jul 21 16:31:46.802811 n-d-849104-7 devstack@placement-api.service[105169]: [pid: 105169|app: 0|req: 160/322] 10.222.0.65 () {60 vars in 1377 bytes} [Thu Jul 21 16:31:46 2022] GET /placement/allocations/38b46a83-3faf-471c-b3fb-f8597381c8d6 => generated 259 bytes in 28 msecs (HTTP/1.1 200) 8 headers in 296 bytes (1 switches on core 0)
Jul 21 16:31:50.039978 n-d-849104-7 devstack@placement-api.service[105168]: DEBUG placement.requestlog [req-278140bf-c63a-4fb0-924a-14a1639b8144 req-a71d3064-dacb-4192-b7db-12678b3b237b None None] Starting request: 10.222.0.65 "DELETE /placement/allocations/655e0f4e-92c8-40cf-b230-01c6c9234c3d" {{(pid=105168) __call__ /opt/stack/placement/placement/requestlog.py:55}}
Jul 21 16:31:50.056226 n-d-849104-7 devstack@placement-api.service[105169]: DEBUG placement.requestlog [req-f50dc269-9599-410a-ba7e-5fcdeb3381af req-412737f4-008e-4828-a612-5423ef37583b None None] Starting request: 10.222.0.65 "DELETE /placement/allocations/3d139236-be1c-4546-b021-4d05ef97d1fd" {{(pid=105169) __call__ /opt/stack/placement/placement/requestlog.py:55}}
Jul 21 16:31:50.079484 n-d-849104-7 devstack@placement-api.service[105168]: DEBUG placement.handlers.allocation [req-278140bf-c63a-4fb0-924a-14a1639b8144 req-a71d3064-dacb-4192-b7db-12678b3b237b service placement] Successfully deleted allocations [, , ] {{(pid=105168) delete_allocations /opt/stack/placement/placement/handlers/allocation.py:627}}
Jul 21 16:31:50.081732 n-d-849104-7 devstack@placement-api.service[105168]: INFO placement.requestlog [req-278140bf-c63a-4fb0-924a-14a1639b8144 req-a71d3064-dacb-4192-b7db-12678b3b237b service placement] 10.222.0.65 "DELETE /placement/allocations/655e0f4e-92c8-40cf-b230-01c6c9234c3d" status: 204 len: 0 microversion: 1.0
Jul 21 16:31:50.083684 n-d-849104-7 devstack@placement-api.service[105168]: [pid: 105168|app: 0|req: 163/323] 10.222.0.65 () {60 vars in 1355 bytes} [Thu Jul 21 16:31:50 2022] DELETE /placement/allocations/655e0f4e-92c8-40cf-b230-01c6c9234c3d => generated 0 bytes in 44 msecs (HTTP/1.1 204) 5 headers in 198 bytes (1 switches on core 0)
Jul 21 16:31:50.108078 n-d-849104-7 devstack@placement-api.service[105169]: DEBUG placement.handlers.allocation [req-f50dc269-9599-410a-ba7e-5fcdeb3381af req-412737f4-008e-4828-a612-5423ef37583b service placement] Successfully deleted allocations [, , ] {{(pid=105169) delete_allocations /opt/stack/placement/placement/handlers/allocation.py:627}}
Jul 21 16:31:50.108672 n-d-849104-7 devstack@placement-api.service[105169]: INFO placement.requestlog [req-f50dc269-9599-410a-ba7e-5fcdeb3381af req-412737f4-008e-4828-a612-5423ef37583b service placement] 10.222.0.65 "DELETE /placement/allocations/3d139236-be1c-4546-b021-4d05ef97d1fd" status: 204 len: 0 microversion: 1.0
Jul 21 16:31:50.109509 n-d-849104-7 devstack@placement-api.service[105169]: [pid: 105169|app: 0|req: 161/324] 10.222.0.65 () {60 vars in 1355 bytes} [Thu Jul 21 16:31:50 2022] DELETE /placement/allocations/3d139236-be1c-4546-b021-4d05ef97d1fd => generated 0 bytes in 53 msecs (HTTP/1.1 204) 5 headers in 198 bytes (2 switches on core 0)
Jul 21 16:31:54.513125 n-d-849104-7 devstack@placement-api.service[105168]: DEBUG placement.requestlog [req-c8083d12-48d3-45cb-bf10-117a830434f6 req-bae64329-73a7-4257-bc57-c00301cea505 None None] Starting request: 10.222.0.71 "GET /placement/allocation_candidates?limit=1000&resources=DISK_GB%3A1%2CMEMORY_MB%3A1024%2CVCPU%3A1&root_required=%21COMPUTE_STATUS_DISABLED" {{(pid=105168) __call__ /opt/stack/placement/placement/requestlog.py:55}}
Jul 21 16:31:54.521675 n-d-849104-7 devstack@placement-api.service[105168]: DEBUG dbcounter [-] [105168] Writing DB stats placement:SELECT=80,placement:INSERT=8,placement:DELETE=8,placement:UPDATE=4 {{(pid=105168) stat_writer /usr/local/lib/python3.8/dist-packages/dbcounter.py:114}}
Jul 21 16:31:54.555280 n-d-849104-7 devstack@placement-api.service[105168]: DEBUG placement.objects.research_context [req-c8083d12-48d3-45cb-bf10-117a830434f6 req-bae64329-73a7-4257-bc57-c00301cea505 service placement] getting providers with 1 DISK_GB {{(pid=105168) __init__ /opt/stack/placement/placement/objects/research_context.py:136}}
Jul 21 16:31:54.562598 n-d-849104-7 devstack@placement-api.service[105168]: DEBUG placement.objects.research_context [req-c8083d12-48d3-45cb-bf10-117a830434f6 req-bae64329-73a7-4257-bc57-c00301cea505 service placement] getting providers with 1024 MEMORY_MB {{(pid=105168) __init__ /opt/stack/placement/placement/objects/research_context.py:136}}
Jul 21 16:31:54.568059 n-d-849104-7 devstack@placement-api.service[105168]: DEBUG placement.objects.research_context [req-c8083d12-48d3-45cb-bf10-117a830434f6 req-bae64329-73a7-4257-bc57-c00301cea505 service placement] getting providers with 1 VCPU {{(pid=105168) __init__ /opt/stack/placement/placement/objects/research_context.py:136}}
Jul 21 16:31:54.574336 n-d-849104-7 devstack@placement-api.service[105168]: DEBUG placement.objects.research_context [req-c8083d12-48d3-45cb-bf10-117a830434f6 req-bae64329-73a7-4257-bc57-c00301cea505 service placement] found 2 providers with available 1 DISK_GB {{(pid=105168) get_provider_ids_matching /opt/stack/placement/placement/objects/research_context.py:563}}
Jul 21 16:31:54.574624 n-d-849104-7 devstack@placement-api.service[105168]: DEBUG placement.objects.research_context [req-c8083d12-48d3-45cb-bf10-117a830434f6 req-bae64329-73a7-4257-bc57-c00301cea505 service placement] found 2 providers with available 1024 MEMORY_MB {{(pid=105168) get_provider_ids_matching /opt/stack/placement/placement/objects/research_context.py:563}}
Jul 21 16:31:54.574902 n-d-849104-7 devstack@placement-api.service[105168]: DEBUG placement.objects.research_context [req-c8083d12-48d3-45cb-bf10-117a830434f6 req-bae64329-73a7-4257-bc57-c00301cea505 service placement] found 2 providers after filtering by previous result {{(pid=105168) get_provider_ids_matching /opt/stack/placement/placement/objects/research_context.py:594}}
Jul 21 16:31:54.575169 n-d-849104-7 devstack@placement-api.service[105168]: DEBUG placement.objects.research_context [req-c8083d12-48d3-45cb-bf10-117a830434f6 req-bae64329-73a7-4257-bc57-c00301cea505 service placement] found 2 providers with available 1 VCPU {{(pid=105168) get_provider_ids_matching /opt/stack/placement/placement/objects/research_context.py:563}}
Jul 21 16:31:54.575471 n-d-849104-7 devstack@placement-api.service[105168]: DEBUG placement.objects.research_context [req-c8083d12-48d3-45cb-bf10-117a830434f6 req-bae64329-73a7-4257-bc57-c00301cea505 service placement] found 2 providers after filtering by previous result {{(pid=105168) get_provider_ids_matching /opt/stack/placement/placement/objects/research_context.py:594}}
Jul 21 16:31:54.587287 n-d-849104-7 devstack@placement-api.service[105168]: DEBUG placement.objects.allocation_candidate [req-c8083d12-48d3-45cb-bf10-117a830434f6 req-bae64329-73a7-4257-bc57-c00301cea505 service placement] RequestGroup(use_same_provider=False, resources={DISK_GB:1, MEMORY_MB:1024, VCPU:1}, traits=(), aggregates=[]) (suffix '') returned 2 matches {{(pid=105168) _get_by_requests /opt/stack/placement/placement/objects/allocation_candidate.py:156}}
Jul 21 16:31:54.587668 n-d-849104-7 devstack@placement-api.service[105168]: DEBUG placement.objects.allocation_candidate [req-c8083d12-48d3-45cb-bf10-117a830434f6 req-bae64329-73a7-4257-bc57-c00301cea505 service placement] Merging candidates yields 2 allocation requests and 2 provider summaries {{(pid=105168) _merge_candidates /opt/stack/placement/placement/objects/allocation_candidate.py:809}}
Jul 21 16:31:54.589227 n-d-849104-7 devstack@placement-api.service[105168]: INFO placement.requestlog [req-c8083d12-48d3-45cb-bf10-117a830434f6 req-bae64329-73a7-4257-bc57-c00301cea505 service placement] 10.222.0.71 "GET /placement/allocation_candidates?limit=1000&resources=DISK_GB%3A1%2CMEMORY_MB%3A1024%2CVCPU%3A1&root_required=%21COMPUTE_STATUS_DISABLED" status: 200 len: 1309 microversion: 1.36
Jul 21 16:31:54.589598 n-d-849104-7 devstack@placement-api.service[105168]: [pid: 105168|app: 0|req: 164/325] 10.222.0.71 () {60 vars in 1506 bytes} [Thu Jul 21 16:31:54 2022] GET /placement/allocation_candidates?limit=1000&resources=DISK_GB%3A1%2CMEMORY_MB%3A1024%2CVCPU%3A1&root_required=%21COMPUTE_STATUS_DISABLED => generated 1309 bytes in 77 msecs (HTTP/1.1 200) 8 headers in 297 bytes (1 switches on core 0)
Jul 21 16:31:54.664576 n-d-849104-7 devstack@placement-api.service[105169]: DEBUG placement.requestlog [req-c8083d12-48d3-45cb-bf10-117a830434f6 req-7bdd06b2-bea1-4bb3-89af-19484418820d None None] Starting request: 10.222.0.71 "GET /placement/allocations/6cca5011-323b-4c50-a90f-2c8a498d4808" {{(pid=105169) __call__ /opt/stack/placement/placement/requestlog.py:55}}
Jul 21 16:31:54.676441 n-d-849104-7 devstack@placement-api.service[105169]: INFO placement.requestlog [req-c8083d12-48d3-45cb-bf10-117a830434f6 req-7bdd06b2-bea1-4bb3-89af-19484418820d service placement] 10.222.0.71 "GET /placement/allocations/6cca5011-323b-4c50-a90f-2c8a498d4808" status: 200 len: 19 microversion: 1.28
Jul 21 16:31:54.677085 n-d-849104-7 devstack@placement-api.service[105169]: [pid: 105169|app: 0|req: 162/326] 10.222.0.71 () {60 vars in 1380 bytes} [Thu Jul 21 16:31:54 2022] GET /placement/allocations/6cca5011-323b-4c50-a90f-2c8a498d4808 => generated 19 bytes in 13 msecs (HTTP/1.1 200) 8 headers in 295 bytes (1 switches on core 0)
Jul 21 16:31:54.683323 n-d-849104-7 devstack@placement-api.service[105168]: DEBUG placement.requestlog [req-c8083d12-48d3-45cb-bf10-117a830434f6 req-0321b5ab-0218-4cd8-8dd5-40997324f4aa None None] Starting request: 10.222.0.71 "PUT /placement/allocations/6cca5011-323b-4c50-a90f-2c8a498d4808" {{(pid=105168) __call__ /opt/stack/placement/placement/requestlog.py:55}}
Jul 21 16:31:54.750422 n-d-849104-7 devstack@placement-api.service[105168]: DEBUG placement.handlers.allocation [req-c8083d12-48d3-45cb-bf10-117a830434f6 req-0321b5ab-0218-4cd8-8dd5-40997324f4aa service placement] Successfully wrote allocations [, , ] {{(pid=105168) _update_consumers_and_create_allocations /opt/stack/placement/placement/handlers/allocation.py:462}}
Jul 21 16:31:54.756544 n-d-849104-7 devstack@placement-api.service[105168]: INFO placement.requestlog [req-c8083d12-48d3-45cb-bf10-117a830434f6 req-0321b5ab-0218-4cd8-8dd5-40997324f4aa service placement] 10.222.0.71 "PUT /placement/allocations/6cca5011-323b-4c50-a90f-2c8a498d4808" status: 204 len: 0 microversion: 1.36
Jul 21 16:31:54.757217 n-d-849104-7 devstack@placement-api.service[105168]: [pid: 105168|app: 0|req: 165/327] 10.222.0.71 () {64 vars in 1433 bytes} [Thu Jul 21 16:31:54 2022] PUT /placement/allocations/6cca5011-323b-4c50-a90f-2c8a498d4808 => generated 0 bytes in 74 msecs (HTTP/1.1 204) 5 headers in 199 bytes (1 switches on core 0)
Jul 21 16:31:55.166300 n-d-849104-7 devstack@placement-api.service[105169]: DEBUG placement.requestlog [req-c8083d12-48d3-45cb-bf10-117a830434f6 req-0bf34588-474c-4456-bf8a-ae20402e5b34 None None] Starting request: 10.222.0.65 "GET /placement/allocations/6cca5011-323b-4c50-a90f-2c8a498d4808" {{(pid=105169) __call__ /opt/stack/placement/placement/requestlog.py:55}}
Jul 21 16:31:55.183326 n-d-849104-7 devstack@placement-api.service[105169]: INFO placement.requestlog [req-c8083d12-48d3-45cb-bf10-117a830434f6 req-0bf34588-474c-4456-bf8a-ae20402e5b34 service placement] 10.222.0.65 "GET /placement/allocations/6cca5011-323b-4c50-a90f-2c8a498d4808" status: 200 len: 259 microversion: 1.28
Jul 21 16:31:55.183795 n-d-849104-7 devstack@placement-api.service[105169]: [pid: 105169|app: 0|req: 163/328] 10.222.0.65 () {60 vars in 1377 bytes} [Thu Jul 21 16:31:55 2022] GET /placement/allocations/6cca5011-323b-4c50-a90f-2c8a498d4808 => generated 259 bytes in 18 msecs (HTTP/1.1 200) 8 headers in 296 bytes (2 switches on core 0)
Jul 21 16:31:55.756893 n-d-849104-7 devstack@placement-api.service[105168]: DEBUG placement.requestlog [req-3c1ed824-36aa-4071-a9af-047ede279efa req-33c36023-e140-4b21-b9dc-11d10b5052bd None None] Starting request: 10.222.0.71 "GET /placement/allocation_candidates?limit=1000&resources=DISK_GB%3A1%2CMEMORY_MB%3A1024%2CVCPU%3A1&root_required=%21COMPUTE_STATUS_DISABLED" {{(pid=105168) __call__ /opt/stack/placement/placement/requestlog.py:55}}
Jul 21 16:31:55.882181 n-d-849104-7 devstack@placement-api.service[105168]: DEBUG placement.objects.research_context [req-3c1ed824-36aa-4071-a9af-047ede279efa req-33c36023-e140-4b21-b9dc-11d10b5052bd service placement] getting providers with 1 DISK_GB {{(pid=105168) __init__ /opt/stack/placement/placement/objects/research_context.py:136}}
Jul 21 16:31:55.902725 n-d-849104-7 devstack@placement-api.service[105168]: DEBUG placement.objects.research_context [req-3c1ed824-36aa-4071-a9af-047ede279efa req-33c36023-e140-4b21-b9dc-11d10b5052bd service placement] getting providers with 1024 MEMORY_MB {{(pid=105168) __init__ /opt/stack/placement/placement/objects/research_context.py:136}}
Jul 21 16:31:55.910924 n-d-849104-7 devstack@placement-api.service[105168]: DEBUG placement.objects.research_context [req-3c1ed824-36aa-4071-a9af-047ede279efa req-33c36023-e140-4b21-b9dc-11d10b5052bd service placement] getting providers with 1 VCPU {{(pid=105168) __init__ /opt/stack/placement/placement/objects/research_context.py:136}}
Jul 21 16:31:55.926764 n-d-849104-7 devstack@placement-api.service[105168]: DEBUG placement.objects.research_context [req-3c1ed824-36aa-4071-a9af-047ede279efa req-33c36023-e140-4b21-b9dc-11d10b5052bd service placement] found 2 providers with available 1 DISK_GB {{(pid=105168) get_provider_ids_matching /opt/stack/placement/placement/objects/research_context.py:563}}
Jul 21 16:31:55.927803 n-d-849104-7 devstack@placement-api.service[105168]: DEBUG placement.objects.research_context [req-3c1ed824-36aa-4071-a9af-047ede279efa req-33c36023-e140-4b21-b9dc-11d10b5052bd service placement] found 2 providers with available 1024 MEMORY_MB {{(pid=105168) get_provider_ids_matching /opt/stack/placement/placement/objects/research_context.py:563}}
Jul 21 16:31:55.928248 n-d-849104-7 devstack@placement-api.service[105168]: DEBUG placement.objects.research_context [req-3c1ed824-36aa-4071-a9af-047ede279efa req-33c36023-e140-4b21-b9dc-11d10b5052bd service placement] found 2 providers after filtering by previous result {{(pid=105168) get_provider_ids_matching /opt/stack/placement/placement/objects/research_context.py:594}}
Jul 21 16:31:55.928704 n-d-849104-7 devstack@placement-api.service[105168]: DEBUG placement.objects.research_context [req-3c1ed824-36aa-4071-a9af-047ede279efa req-33c36023-e140-4b21-b9dc-11d10b5052bd service placement] found 2 providers with available 1 VCPU {{(pid=105168) get_provider_ids_matching /opt/stack/placement/placement/objects/research_context.py:563}}
Jul 21 16:31:55.929119 n-d-849104-7 devstack@placement-api.service[105168]: DEBUG placement.objects.research_context [req-3c1ed824-36aa-4071-a9af-047ede279efa req-33c36023-e140-4b21-b9dc-11d10b5052bd service placement] found 2 providers after filtering by previous result {{(pid=105168) get_provider_ids_matching /opt/stack/placement/placement/objects/research_context.py:594}}
Jul 21 16:31:55.962856 n-d-849104-7 devstack@placement-api.service[105168]: DEBUG placement.objects.allocation_candidate [req-3c1ed824-36aa-4071-a9af-047ede279efa req-33c36023-e140-4b21-b9dc-11d10b5052bd service placement] RequestGroup(use_same_provider=False, resources={DISK_GB:1, MEMORY_MB:1024, VCPU:1}, traits=(), aggregates=[]) (suffix '') returned 2 matches {{(pid=105168) _get_by_requests /opt/stack/placement/placement/objects/allocation_candidate.py:156}}
Jul 21 16:31:55.963230 n-d-849104-7 devstack@placement-api.service[105168]: DEBUG placement.objects.allocation_candidate [req-3c1ed824-36aa-4071-a9af-047ede279efa req-33c36023-e140-4b21-b9dc-11d10b5052bd service placement] Merging candidates yields 2 allocation requests and 2 provider summaries {{(pid=105168) _merge_candidates /opt/stack/placement/placement/objects/allocation_candidate.py:809}}
Jul 21 16:31:55.968743 n-d-849104-7 devstack@placement-api.service[105168]: INFO placement.requestlog [req-3c1ed824-36aa-4071-a9af-047ede279efa req-33c36023-e140-4b21-b9dc-11d10b5052bd service placement] 10.222.0.71 "GET /placement/allocation_candidates?limit=1000&resources=DISK_GB%3A1%2CMEMORY_MB%3A1024%2CVCPU%3A1&root_required=%21COMPUTE_STATUS_DISABLED" status: 200 len: 1312 microversion: 1.36
Jul 21 16:31:55.982367 n-d-849104-7 devstack@placement-api.service[105168]: [pid: 105168|app: 0|req: 166/329] 10.222.0.71 () {60 vars in 1506 bytes} [Thu Jul 21 16:31:55 2022] GET /placement/allocation_candidates?limit=1000&resources=DISK_GB%3A1%2CMEMORY_MB%3A1024%2CVCPU%3A1&root_required=%21COMPUTE_STATUS_DISABLED => generated 1312 bytes in 223 msecs (HTTP/1.1 200) 8 headers in 297 bytes (1 switches on core 0)
Jul 21 16:31:56.074799 n-d-849104-7 devstack@placement-api.service[105169]: DEBUG placement.requestlog [req-3c1ed824-36aa-4071-a9af-047ede279efa req-9042b906-c010-47c0-b0a7-95fe86f2476a None None] Starting request: 10.222.0.71 "GET /placement/allocations/5848c0dc-6a72-4871-a9d7-53b7fb114423" {{(pid=105169) __call__ /opt/stack/placement/placement/requestlog.py:55}}
Jul 21 16:31:56.086426 n-d-849104-7 devstack@placement-api.service[105169]: INFO placement.requestlog [req-3c1ed824-36aa-4071-a9af-047ede279efa req-9042b906-c010-47c0-b0a7-95fe86f2476a service placement] 10.222.0.71 "GET /placement/allocations/5848c0dc-6a72-4871-a9d7-53b7fb114423" status: 200 len: 19 microversion: 1.28
Jul 21 16:31:56.087961 n-d-849104-7 devstack@placement-api.service[105169]: [pid: 105169|app: 0|req: 164/330] 10.222.0.71 () {60 vars in 1380 bytes} [Thu Jul 21 16:31:56 2022] GET /placement/allocations/5848c0dc-6a72-4871-a9d7-53b7fb114423 => generated 19 bytes in 13 msecs (HTTP/1.1 200) 8 headers in 295 bytes (1 switches on core 0)
Jul 21 16:31:56.093307 n-d-849104-7 devstack@placement-api.service[105168]: DEBUG placement.requestlog [req-3c1ed824-36aa-4071-a9af-047ede279efa req-3d2d0f84-a57c-42b0-bbba-8abab24c80fa None None] Starting request: 10.222.0.71 "PUT /placement/allocations/5848c0dc-6a72-4871-a9d7-53b7fb114423" {{(pid=105168) __call__ /opt/stack/placement/placement/requestlog.py:55}}
Jul 21 16:31:56.191801 n-d-849104-7 devstack@placement-api.service[105168]: DEBUG placement.handlers.allocation [req-3c1ed824-36aa-4071-a9af-047ede279efa req-3d2d0f84-a57c-42b0-bbba-8abab24c80fa service placement] Successfully wrote allocations [, , ] {{(pid=105168) _update_consumers_and_create_allocations /opt/stack/placement/placement/handlers/allocation.py:462}}
Jul 21 16:31:56.201948 n-d-849104-7 devstack@placement-api.service[105168]: INFO placement.requestlog [req-3c1ed824-36aa-4071-a9af-047ede279efa req-3d2d0f84-a57c-42b0-bbba-8abab24c80fa service placement] 10.222.0.71 "PUT /placement/allocations/5848c0dc-6a72-4871-a9d7-53b7fb114423" status: 204 len: 0 microversion: 1.36
Jul 21 16:31:56.203184 n-d-849104-7 devstack@placement-api.service[105168]: [pid: 105168|app: 0|req: 167/331] 10.222.0.71 () {64 vars in 1433 bytes} [Thu Jul 21 16:31:56 2022] PUT /placement/allocations/5848c0dc-6a72-4871-a9d7-53b7fb114423 => generated 0 bytes in 110 msecs (HTTP/1.1 204) 5 headers in 199 bytes (1 switches on core 0)
Jul 21 16:31:56.686264 n-d-849104-7 devstack@placement-api.service[105169]: DEBUG placement.requestlog [req-3c1ed824-36aa-4071-a9af-047ede279efa req-cc3ae0e5-cd8b-4df5-8489-f122d31a7526 None None] Starting request: 10.222.0.65 "GET /placement/allocations/5848c0dc-6a72-4871-a9d7-53b7fb114423" {{(pid=105169) __call__ /opt/stack/placement/placement/requestlog.py:55}}
Jul 21 16:31:56.725529 n-d-849104-7 devstack@placement-api.service[105169]: INFO placement.requestlog [req-3c1ed824-36aa-4071-a9af-047ede279efa req-cc3ae0e5-cd8b-4df5-8489-f122d31a7526 service placement] 10.222.0.65 "GET /placement/allocations/5848c0dc-6a72-4871-a9d7-53b7fb114423" status: 200 len: 259 microversion: 1.28
Jul 21 16:31:56.725923 n-d-849104-7 devstack@placement-api.service[105169]: [pid: 105169|app: 0|req: 165/332] 10.222.0.65 () {60 vars in 1377 bytes} [Thu Jul 21 16:31:56 2022] GET /placement/allocations/5848c0dc-6a72-4871-a9d7-53b7fb114423 => generated 259 bytes in 40 msecs (HTTP/1.1 200) 8 headers in 296 bytes (1 switches on core 0)
Jul 21 16:32:06.192555 n-d-849104-7 devstack@placement-api.service[105168]: DEBUG dbcounter [-] [105168] Writing DB stats placement:SELECT=50,placement:INSERT=10,placement:DELETE=4,placement:UPDATE=4 {{(pid=105168) stat_writer /usr/local/lib/python3.8/dist-packages/dbcounter.py:114}}
Jul 21 16:32:06.720716 n-d-849104-7 devstack@placement-api.service[105169]: DEBUG dbcounter [-] [105169] Writing DB stats placement:SELECT=74,placement:INSERT=4,placement:DELETE=6,placement:UPDATE=4 {{(pid=105169) stat_writer /usr/local/lib/python3.8/dist-packages/dbcounter.py:114}}
Jul 21 16:32:09.168385 n-d-849104-7 devstack@placement-api.service[105168]: DEBUG placement.requestlog [req-f19100b4-b911-46ab-9b08-bc2e3a30d51d req-9a4f9162-8a0c-4608-bcf4-1bc2b1949bdd None None] Starting request: 10.222.0.71 "GET /placement/resource_providers/a7fbc22f-9aeb-468f-b438-e5dc24f57428/traits" {{(pid=105168) __call__ /opt/stack/placement/placement/requestlog.py:55}}
Jul 21 16:32:09.210011 n-d-849104-7 devstack@placement-api.service[105168]: INFO placement.requestlog [req-f19100b4-b911-46ab-9b08-bc2e3a30d51d req-9a4f9162-8a0c-4608-bcf4-1bc2b1949bdd service placement] 10.222.0.71 "GET /placement/resource_providers/a7fbc22f-9aeb-468f-b438-e5dc24f57428/traits" status: 200 len: 212 microversion: 1.6
Jul 21 16:32:09.210523 n-d-849104-7 devstack@placement-api.service[105168]: [pid: 105168|app: 0|req: 168/333] 10.222.0.71 () {60 vars in 1412 bytes} [Thu Jul 21 16:32:09 2022] GET /placement/resource_providers/a7fbc22f-9aeb-468f-b438-e5dc24f57428/traits => generated 212 bytes in 42 msecs (HTTP/1.1 200) 6 headers in 224 bytes (1 switches on core 0)
Jul 21 16:32:09.848209 n-d-849104-7 devstack@placement-api.service[105169]: DEBUG placement.requestlog [None req-7a940549-1f97-4057-b1c7-2755502c8c1f None None] Starting request: 10.222.0.71 "GET /placement/" {{(pid=105169) __call__ /opt/stack/placement/placement/requestlog.py:55}}
Jul 21 16:32:09.849205 n-d-849104-7 devstack@placement-api.service[105169]: INFO placement.requestlog [None req-7a940549-1f97-4057-b1c7-2755502c8c1f None None] 10.222.0.71 "GET /placement/" status: 200 len: 136 microversion: 1.0
Jul 21 16:32:09.849701 n-d-849104-7 devstack@placement-api.service[105169]: [pid: 105169|app: 0|req: 166/334] 10.222.0.71 () {54 vars in 916 bytes} [Thu Jul 21 16:32:09 2022] GET /placement => generated 136 bytes in 2 msecs (HTTP/1.1 200) 6 headers in 224 bytes (1 switches on core 0)
Jul 21 16:32:09.857772 n-d-849104-7 devstack@placement-api.service[105168]: DEBUG placement.requestlog [req-f19100b4-b911-46ab-9b08-bc2e3a30d51d req-fc40a59d-7b86-468c-a45d-d1b4c4d410d6 None None] Starting request: 10.222.0.71 "GET /placement/allocations/2658ed89-6ccb-408e-9a87-1bd64d9b8fb5" {{(pid=105168) __call__ /opt/stack/placement/placement/requestlog.py:55}}
Jul 21 16:32:09.930957 n-d-849104-7 devstack@placement-api.service[105168]: INFO placement.requestlog [req-f19100b4-b911-46ab-9b08-bc2e3a30d51d req-fc40a59d-7b86-468c-a45d-d1b4c4d410d6 service placement] 10.222.0.71 "GET /placement/allocations/2658ed89-6ccb-408e-9a87-1bd64d9b8fb5" status: 200 len: 259 microversion: 1.28
Jul 21 16:32:09.931530 n-d-849104-7 devstack@placement-api.service[105168]: [pid: 105168|app: 0|req: 169/335] 10.222.0.71 () {60 vars in 1380 bytes} [Thu Jul 21 16:32:09 2022] GET /placement/allocations/2658ed89-6ccb-408e-9a87-1bd64d9b8fb5 => generated 259 bytes in 74 msecs (HTTP/1.1 200) 8 headers in 296 bytes (1 switches on core 0)
Jul 21 16:32:09.939401 n-d-849104-7 devstack@placement-api.service[105169]: DEBUG placement.requestlog [req-f19100b4-b911-46ab-9b08-bc2e3a30d51d req-f50d9fa0-7b6a-417e-ac82-e3f00105c5fa None None] Starting request: 10.222.0.71 "GET /placement/allocations/2658ed89-6ccb-408e-9a87-1bd64d9b8fb5" {{(pid=105169) __call__ /opt/stack/placement/placement/requestlog.py:55}}
Jul 21 16:32:09.956543 n-d-849104-7 devstack@placement-api.service[105169]: INFO placement.requestlog [req-f19100b4-b911-46ab-9b08-bc2e3a30d51d req-f50d9fa0-7b6a-417e-ac82-e3f00105c5fa service placement] 10.222.0.71 "GET /placement/allocations/2658ed89-6ccb-408e-9a87-1bd64d9b8fb5" status: 200 len: 259 microversion: 1.28
Jul 21 16:32:09.957059 n-d-849104-7 devstack@placement-api.service[105169]: [pid: 105169|app: 0|req: 167/336] 10.222.0.71 () {60 vars in 1380 bytes} [Thu Jul 21 16:32:09 2022] GET /placement/allocations/2658ed89-6ccb-408e-9a87-1bd64d9b8fb5 => generated 259 bytes in 18 msecs (HTTP/1.1 200) 8 headers in 296 bytes (1 switches on core 0)
Jul 21 16:32:09.974271 n-d-849104-7 devstack@placement-api.service[105168]: DEBUG placement.requestlog [req-f19100b4-b911-46ab-9b08-bc2e3a30d51d req-83ecdf75-e87b-4615-8c88-ea7ec67b6837 None None] Starting request: 10.222.0.71 "GET /placement/allocations/429fc85c-0f45-4595-8d4c-5d974fcd9763" {{(pid=105168) __call__ /opt/stack/placement/placement/requestlog.py:55}}
Jul 21 16:32:09.986985 n-d-849104-7 devstack@placement-api.service[105168]: INFO placement.requestlog [req-f19100b4-b911-46ab-9b08-bc2e3a30d51d req-83ecdf75-e87b-4615-8c88-ea7ec67b6837 service placement] 10.222.0.71 "GET /placement/allocations/429fc85c-0f45-4595-8d4c-5d974fcd9763" status: 200 len: 19 microversion: 1.28
Jul 21 16:32:09.987416 n-d-849104-7 devstack@placement-api.service[105168]: [pid: 105168|app: 0|req: 170/337] 10.222.0.71 () {60 vars in 1380 bytes} [Thu Jul 21 16:32:09 2022] GET /placement/allocations/429fc85c-0f45-4595-8d4c-5d974fcd9763 => generated 19 bytes in 13 msecs (HTTP/1.1 200) 8 headers in 295 bytes (1 switches on core 0)
Jul 21 16:32:09.993541 n-d-849104-7 devstack@placement-api.service[105169]: DEBUG placement.requestlog [req-f19100b4-b911-46ab-9b08-bc2e3a30d51d req-affaab45-a1cc-4080-9504-97a5ce05d1b7 None None] Starting request: 10.222.0.71 "POST /placement/allocations" {{(pid=105169) __call__ /opt/stack/placement/placement/requestlog.py:55}}
Jul 21 16:32:10.072200 n-d-849104-7 devstack@placement-api.service[105169]: DEBUG placement.handlers.allocation [req-f19100b4-b911-46ab-9b08-bc2e3a30d51d req-affaab45-a1cc-4080-9504-97a5ce05d1b7 service placement] Successfully wrote allocations [, , , , , ] {{(pid=105169) _update_consumers_and_create_allocations /opt/stack/placement/placement/handlers/allocation.py:572}}
Jul 21 16:32:10.076324 n-d-849104-7 devstack@placement-api.service[105169]: INFO placement.requestlog [req-f19100b4-b911-46ab-9b08-bc2e3a30d51d req-affaab45-a1cc-4080-9504-97a5ce05d1b7 service placement] 10.222.0.71 "POST /placement/allocations" status: 204 len: 0 microversion: 1.28
Jul 21 16:32:10.076916 n-d-849104-7 devstack@placement-api.service[105169]: [pid: 105169|app: 0|req: 168/338] 10.222.0.71 () {64 vars in 1323 bytes} [Thu Jul 21 16:32:09 2022] POST /placement/allocations => generated 0 bytes in 84 msecs (HTTP/1.1 204) 5 headers in 199 bytes (1 switches on core 0)
Jul 21 16:32:10.245549 n-d-849104-7 devstack@placement-api.service[105168]: DEBUG placement.requestlog [req-f19100b4-b911-46ab-9b08-bc2e3a30d51d req-02988756-9df9-42cf-9844-83abcafc1570 None None] Starting request: 10.222.0.71 "GET /placement/allocation_candidates?limit=1000&resources=DISK_GB%3A1%2CMEMORY_MB%3A1024%2CVCPU%3A1&root_required=%21COMPUTE_STATUS_DISABLED" {{(pid=105168) __call__ /opt/stack/placement/placement/requestlog.py:55}}
Jul 21 16:32:10.279337 n-d-849104-7 devstack@placement-api.service[105168]: DEBUG placement.objects.research_context [req-f19100b4-b911-46ab-9b08-bc2e3a30d51d req-02988756-9df9-42cf-9844-83abcafc1570 service placement] getting providers with 1 DISK_GB {{(pid=105168) __init__ /opt/stack/placement/placement/objects/research_context.py:136}}
Jul 21 16:32:10.285388 n-d-849104-7 devstack@placement-api.service[105168]: DEBUG placement.objects.research_context [req-f19100b4-b911-46ab-9b08-bc2e3a30d51d req-02988756-9df9-42cf-9844-83abcafc1570 service placement] getting providers with 1024 MEMORY_MB {{(pid=105168) __init__ /opt/stack/placement/placement/objects/research_context.py:136}}
Jul 21 16:32:10.290417 n-d-849104-7 devstack@placement-api.service[105168]: DEBUG placement.objects.research_context [req-f19100b4-b911-46ab-9b08-bc2e3a30d51d req-02988756-9df9-42cf-9844-83abcafc1570 service placement] getting providers with 1 VCPU {{(pid=105168) __init__ /opt/stack/placement/placement/objects/research_context.py:136}}
Jul 21 16:32:10.296321 n-d-849104-7 devstack@placement-api.service[105168]: DEBUG placement.objects.research_context [req-f19100b4-b911-46ab-9b08-bc2e3a30d51d req-02988756-9df9-42cf-9844-83abcafc1570 service placement] found 2 providers with available 1 DISK_GB {{(pid=105168) get_provider_ids_matching /opt/stack/placement/placement/objects/research_context.py:563}}
Jul 21 16:32:10.296621 n-d-849104-7 devstack@placement-api.service[105168]: DEBUG placement.objects.research_context [req-f19100b4-b911-46ab-9b08-bc2e3a30d51d req-02988756-9df9-42cf-9844-83abcafc1570 service placement] found 2 providers with available 1024 MEMORY_MB {{(pid=105168) get_provider_ids_matching /opt/stack/placement/placement/objects/research_context.py:563}}
Jul 21 16:32:10.296895 n-d-849104-7 devstack@placement-api.service[105168]: DEBUG placement.objects.research_context [req-f19100b4-b911-46ab-9b08-bc2e3a30d51d req-02988756-9df9-42cf-9844-83abcafc1570 service placement] found 2 providers after filtering by previous result {{(pid=105168) get_provider_ids_matching /opt/stack/placement/placement/objects/research_context.py:594}}
Jul 21 16:32:10.297149 n-d-849104-7 devstack@placement-api.service[105168]: DEBUG placement.objects.research_context [req-f19100b4-b911-46ab-9b08-bc2e3a30d51d req-02988756-9df9-42cf-9844-83abcafc1570 service placement] found 2 providers with available 1 VCPU {{(pid=105168) get_provider_ids_matching /opt/stack/placement/placement/objects/research_context.py:563}}
