Jul 21 16:42:27.157710 n-d-849104-7 devstack@placement-api.service[105169]: DEBUG placement.handlers.allocation [req-1ba7c682-c8a4-47ea-a330-8f45f703a4f4 req-d73dcacc-a7e1-4195-bbbb-3c723e6da81c service placement] Successfully wrote allocations [, , ] {{(pid=105169) _update_consumers_and_create_allocations /opt/stack/placement/placement/handlers/allocation.py:462}}
Jul 21 16:42:27.161347 n-d-849104-7 devstack@placement-api.service[105169]: INFO placement.requestlog [req-1ba7c682-c8a4-47ea-a330-8f45f703a4f4 req-d73dcacc-a7e1-4195-bbbb-3c723e6da81c service placement] 10.222.0.71 "PUT /placement/allocations/4ff0955f-fa94-408b-988c-589a2e6e4737" status: 204 len: 0 microversion: 1.36
Jul 21 16:42:27.162020 n-d-849104-7 devstack@placement-api.service[105169]: [pid: 105169|app: 0|req: 368/733] 10.222.0.71 () {64 vars in 1433 bytes} [Thu Jul 21 16:42:27 2022] PUT /placement/allocations/4ff0955f-fa94-408b-988c-589a2e6e4737 => generated 0 bytes in 62 msecs (HTTP/1.1 204) 5 headers in 199 bytes (1 switches on core 0)
Jul 21 16:42:27.529051 n-d-849104-7 devstack@placement-api.service[105168]: DEBUG placement.requestlog [req-1ba7c682-c8a4-47ea-a330-8f45f703a4f4 req-5d5555b1-a61d-4bf2-a93d-a34779d61a72 None None] Starting request: 10.222.0.65 "GET /placement/allocations/4ff0955f-fa94-408b-988c-589a2e6e4737" {{(pid=105168) __call__ /opt/stack/placement/placement/requestlog.py:55}}
Jul 21 16:42:27.549153 n-d-849104-7 devstack@placement-api.service[105168]: INFO placement.requestlog [req-1ba7c682-c8a4-47ea-a330-8f45f703a4f4 req-5d5555b1-a61d-4bf2-a93d-a34779d61a72 service placement] 10.222.0.65 "GET /placement/allocations/4ff0955f-fa94-408b-988c-589a2e6e4737" status: 200 len: 259 microversion: 1.28
Jul 21 16:42:27.556925 n-d-849104-7 devstack@placement-api.service[105168]: [pid: 105168|app: 0|req: 366/734] 10.222.0.65 () {60 vars in 1377 bytes} [Thu Jul 21 16:42:27 2022] GET /placement/allocations/4ff0955f-fa94-408b-988c-589a2e6e4737 => generated 259 bytes in 21 msecs (HTTP/1.1 200) 8 headers in 296 bytes (1 switches on core 0)
Jul 21 16:42:30.521096 n-d-849104-7 devstack@placement-api.service[105169]: DEBUG placement.requestlog [req-d16c89c9-fa90-439b-b2d1-d821afaeb377 req-009e0922-7a94-4a49-9941-f20cdec40c68 None None] Starting request: 10.222.0.71 "GET /placement/allocation_candidates?limit=1000&resources=DISK_GB%3A1%2CMEMORY_MB%3A1024%2CVCPU%3A1&root_required=%21COMPUTE_STATUS_DISABLED" {{(pid=105169) __call__ /opt/stack/placement/placement/requestlog.py:55}}
Jul 21 16:42:30.596618 n-d-849104-7 devstack@placement-api.service[105169]: DEBUG placement.objects.research_context [req-d16c89c9-fa90-439b-b2d1-d821afaeb377 req-009e0922-7a94-4a49-9941-f20cdec40c68 service placement] getting providers with 1 DISK_GB {{(pid=105169) __init__ /opt/stack/placement/placement/objects/research_context.py:136}}
Jul 21 16:42:30.610810 n-d-849104-7 devstack@placement-api.service[105169]: DEBUG placement.objects.research_context [req-d16c89c9-fa90-439b-b2d1-d821afaeb377 req-009e0922-7a94-4a49-9941-f20cdec40c68 service placement] getting providers with 1024 MEMORY_MB {{(pid=105169) __init__ /opt/stack/placement/placement/objects/research_context.py:136}}
Jul 21 16:42:30.643542 n-d-849104-7 devstack@placement-api.service[105169]: DEBUG placement.objects.research_context [req-d16c89c9-fa90-439b-b2d1-d821afaeb377 req-009e0922-7a94-4a49-9941-f20cdec40c68 service placement] getting providers with 1 VCPU {{(pid=105169) __init__ /opt/stack/placement/placement/objects/research_context.py:136}}
Jul 21 16:42:30.657649 n-d-849104-7 devstack@placement-api.service[105169]: DEBUG placement.objects.research_context [req-d16c89c9-fa90-439b-b2d1-d821afaeb377 req-009e0922-7a94-4a49-9941-f20cdec40c68 service placement] found 2 providers with available 1 DISK_GB {{(pid=105169) get_provider_ids_matching /opt/stack/placement/placement/objects/research_context.py:563}}
Jul 21 16:42:30.658056 n-d-849104-7 devstack@placement-api.service[105169]: DEBUG placement.objects.research_context [req-d16c89c9-fa90-439b-b2d1-d821afaeb377 req-009e0922-7a94-4a49-9941-f20cdec40c68 service placement] found 2 providers with available 1024 MEMORY_MB {{(pid=105169) get_provider_ids_matching /opt/stack/placement/placement/objects/research_context.py:563}}
Jul 21 16:42:30.658346 n-d-849104-7 devstack@placement-api.service[105169]: DEBUG placement.objects.research_context [req-d16c89c9-fa90-439b-b2d1-d821afaeb377 req-009e0922-7a94-4a49-9941-f20cdec40c68 service placement] found 2 providers after filtering by previous result {{(pid=105169) get_provider_ids_matching /opt/stack/placement/placement/objects/research_context.py:594}}
Jul 21 16:42:30.658624 n-d-849104-7 devstack@placement-api.service[105169]: DEBUG placement.objects.research_context [req-d16c89c9-fa90-439b-b2d1-d821afaeb377 req-009e0922-7a94-4a49-9941-f20cdec40c68 service placement] found 2 providers with available 1 VCPU {{(pid=105169) get_provider_ids_matching /opt/stack/placement/placement/objects/research_context.py:563}}
Jul 21 16:42:30.659573 n-d-849104-7 devstack@placement-api.service[105169]: DEBUG placement.objects.research_context [req-d16c89c9-fa90-439b-b2d1-d821afaeb377 req-009e0922-7a94-4a49-9941-f20cdec40c68 service placement] found 2 providers after filtering by previous result {{(pid=105169) get_provider_ids_matching /opt/stack/placement/placement/objects/research_context.py:594}}
Jul 21 16:42:30.686974 n-d-849104-7 devstack@placement-api.service[105169]: DEBUG placement.objects.allocation_candidate [req-d16c89c9-fa90-439b-b2d1-d821afaeb377 req-009e0922-7a94-4a49-9941-f20cdec40c68 service placement] RequestGroup(use_same_provider=False, resources={DISK_GB:1, MEMORY_MB:1024, VCPU:1}, traits=(), aggregates=[]) (suffix '') returned 2 matches {{(pid=105169) _get_by_requests /opt/stack/placement/placement/objects/allocation_candidate.py:156}}
Jul 21 16:42:30.687352 n-d-849104-7 devstack@placement-api.service[105169]: DEBUG placement.objects.allocation_candidate [req-d16c89c9-fa90-439b-b2d1-d821afaeb377 req-009e0922-7a94-4a49-9941-f20cdec40c68 service placement] Merging candidates yields 2 allocation requests and 2 provider summaries {{(pid=105169) _merge_candidates /opt/stack/placement/placement/objects/allocation_candidate.py:809}}
Jul 21 16:42:30.691494 n-d-849104-7 devstack@placement-api.service[105169]: INFO placement.requestlog [req-d16c89c9-fa90-439b-b2d1-d821afaeb377 req-009e0922-7a94-4a49-9941-f20cdec40c68 service placement] 10.222.0.71 "GET /placement/allocation_candidates?limit=1000&resources=DISK_GB%3A1%2CMEMORY_MB%3A1024%2CVCPU%3A1&root_required=%21COMPUTE_STATUS_DISABLED" status: 200 len: 1311 microversion: 1.36
Jul 21 16:42:30.693306 n-d-849104-7 devstack@placement-api.service[105169]: [pid: 105169|app: 0|req: 369/735] 10.222.0.71 () {60 vars in 1506 bytes} [Thu Jul 21 16:42:30 2022] GET /placement/allocation_candidates?limit=1000&resources=DISK_GB%3A1%2CMEMORY_MB%3A1024%2CVCPU%3A1&root_required=%21COMPUTE_STATUS_DISABLED => generated 1311 bytes in 172 msecs (HTTP/1.1 200) 8 headers in 297 bytes (1 switches on core 0)
Jul 21 16:42:30.811404 n-d-849104-7 devstack@placement-api.service[105168]: DEBUG placement.requestlog [req-d16c89c9-fa90-439b-b2d1-d821afaeb377 req-67f8b91a-02c4-43ba-a502-538882a38eb1 None None] Starting request: 10.222.0.71 "GET /placement/allocations/c10819b1-250e-4993-ac4b-154a9f286c1f" {{(pid=105168) __call__ /opt/stack/placement/placement/requestlog.py:55}}
Jul 21 16:42:30.824797 n-d-849104-7 devstack@placement-api.service[105168]: INFO placement.requestlog [req-d16c89c9-fa90-439b-b2d1-d821afaeb377 req-67f8b91a-02c4-43ba-a502-538882a38eb1 service placement] 10.222.0.71 "GET /placement/allocations/c10819b1-250e-4993-ac4b-154a9f286c1f" status: 200 len: 19 microversion: 1.28
Jul 21 16:42:30.828678 n-d-849104-7 devstack@placement-api.service[105168]: [pid: 105168|app: 0|req: 367/736] 10.222.0.71 () {60 vars in 1380 bytes} [Thu Jul 21 16:42:30 2022] GET /placement/allocations/c10819b1-250e-4993-ac4b-154a9f286c1f => generated 19 bytes in 17 msecs (HTTP/1.1 200) 8 headers in 295 bytes (1 switches on core 0)
Jul 21 16:42:30.832948 n-d-849104-7 devstack@placement-api.service[105169]: DEBUG placement.requestlog [req-d16c89c9-fa90-439b-b2d1-d821afaeb377 req-a6d1386c-bb91-4cf2-b321-7a8580329f32 None None] Starting request: 10.222.0.71 "PUT /placement/allocations/c10819b1-250e-4993-ac4b-154a9f286c1f" {{(pid=105169) __call__ /opt/stack/placement/placement/requestlog.py:55}}
Jul 21 16:42:30.962760 n-d-849104-7 devstack@placement-api.service[105169]: DEBUG placement.handlers.allocation [req-d16c89c9-fa90-439b-b2d1-d821afaeb377 req-a6d1386c-bb91-4cf2-b321-7a8580329f32 service placement] Successfully wrote allocations [, , ] {{(pid=105169) _update_consumers_and_create_allocations /opt/stack/placement/placement/handlers/allocation.py:462}}
Jul 21 16:42:30.980175 n-d-849104-7 devstack@placement-api.service[105169]: INFO placement.requestlog [req-d16c89c9-fa90-439b-b2d1-d821afaeb377 req-a6d1386c-bb91-4cf2-b321-7a8580329f32 service placement] 10.222.0.71 "PUT /placement/allocations/c10819b1-250e-4993-ac4b-154a9f286c1f" status: 204 len: 0 microversion: 1.36
Jul 21 16:42:30.981277 n-d-849104-7 devstack@placement-api.service[105169]: [pid: 105169|app: 0|req: 370/737] 10.222.0.71 () {64 vars in 1433 bytes} [Thu Jul 21 16:42:30 2022] PUT /placement/allocations/c10819b1-250e-4993-ac4b-154a9f286c1f => generated 0 bytes in 148 msecs (HTTP/1.1 204) 5 headers in 199 bytes (1 switches on core 0)
Jul 21 16:42:31.840991 n-d-849104-7 devstack@placement-api.service[105168]: DEBUG placement.requestlog [req-d16c89c9-fa90-439b-b2d1-d821afaeb377 req-4e40f050-592a-4c1b-a885-01a61862170a None None] Starting request: 10.222.0.74 "GET /placement/allocations/c10819b1-250e-4993-ac4b-154a9f286c1f" {{(pid=105168) __call__ /opt/stack/placement/placement/requestlog.py:55}}
Jul 21 16:42:31.874968 n-d-849104-7 devstack@placement-api.service[105168]: INFO placement.requestlog [req-d16c89c9-fa90-439b-b2d1-d821afaeb377 req-4e40f050-592a-4c1b-a885-01a61862170a service placement] 10.222.0.74 "GET /placement/allocations/c10819b1-250e-4993-ac4b-154a9f286c1f" status: 200 len: 259 microversion: 1.28
Jul 21 16:42:31.875687 n-d-849104-7 devstack@placement-api.service[105168]: [pid: 105168|app: 0|req: 368/738] 10.222.0.74 () {60 vars in 1377 bytes} [Thu Jul 21 16:42:31 2022] GET /placement/allocations/c10819b1-250e-4993-ac4b-154a9f286c1f => generated 259 bytes in 35 msecs (HTTP/1.1 200) 8 headers in 296 bytes (1 switches on core 0)
Jul 21 16:42:35.837545 n-d-849104-7 devstack@placement-api.service[105169]: DEBUG placement.requestlog [req-33ed0be6-62e4-4c5f-900e-4ad60c0b1364 req-98ee4800-e321-4792-b0eb-94815243e417 None None] Starting request: 10.222.0.74 "GET /placement/resource_providers/dae64976-8e9d-4c1a-8baf-5ba28fed56f1/allocations" {{(pid=105169) __call__ /opt/stack/placement/placement/requestlog.py:55}}
Jul 21 16:42:35.866056 n-d-849104-7 devstack@placement-api.service[105169]: INFO placement.requestlog [req-33ed0be6-62e4-4c5f-900e-4ad60c0b1364 req-98ee4800-e321-4792-b0eb-94815243e417 service placement] 10.222.0.74 "GET /placement/resource_providers/dae64976-8e9d-4c1a-8baf-5ba28fed56f1/allocations" status: 200 len: 961 microversion: 1.0
Jul 21 16:42:35.871028 n-d-849104-7 devstack@placement-api.service[105169]: [pid: 105169|app: 0|req: 371/739] 10.222.0.74 () {58 vars in 1390 bytes} [Thu Jul 21 16:42:35 2022] GET /placement/resource_providers/dae64976-8e9d-4c1a-8baf-5ba28fed56f1/allocations => generated 961 bytes in 34 msecs (HTTP/1.1 200) 6 headers in 224 bytes (1 switches on core 0)
Jul 21 16:42:36.337272 n-d-849104-7 devstack@placement-api.service[105168]: DEBUG placement.requestlog [req-767d9ed0-7833-40a0-909f-af2c3273b673 req-a71bc1ac-dfb2-402f-bda8-696e185c0b56 None None] Starting request: 10.222.0.71 "GET /placement/allocation_candidates?resources=DISK_GB%3A1%2CMEMORY_MB%3A1024%2CVCPU%3A1&root_required=%21COMPUTE_STATUS_DISABLED" {{(pid=105168) __call__ /opt/stack/placement/placement/requestlog.py:55}}
Jul 21 16:42:36.409770 n-d-849104-7 devstack@placement-api.service[105168]: DEBUG placement.objects.research_context [req-767d9ed0-7833-40a0-909f-af2c3273b673 req-a71bc1ac-dfb2-402f-bda8-696e185c0b56 service placement] getting providers with 1 DISK_GB {{(pid=105168) __init__ /opt/stack/placement/placement/objects/research_context.py:136}}
Jul 21 16:42:36.423448 n-d-849104-7 devstack@placement-api.service[105168]: DEBUG placement.objects.research_context [req-767d9ed0-7833-40a0-909f-af2c3273b673 req-a71bc1ac-dfb2-402f-bda8-696e185c0b56 service placement] getting providers with 1024 MEMORY_MB {{(pid=105168) __init__ /opt/stack/placement/placement/objects/research_context.py:136}}
Jul 21 16:42:36.444999 n-d-849104-7 devstack@placement-api.service[105168]: DEBUG placement.objects.research_context [req-767d9ed0-7833-40a0-909f-af2c3273b673 req-a71bc1ac-dfb2-402f-bda8-696e185c0b56 service placement] getting providers with 1 VCPU {{(pid=105168) __init__ /opt/stack/placement/placement/objects/research_context.py:136}}
Jul 21 16:42:36.453057 n-d-849104-7 devstack@placement-api.service[105168]: DEBUG placement.objects.research_context [req-767d9ed0-7833-40a0-909f-af2c3273b673 req-a71bc1ac-dfb2-402f-bda8-696e185c0b56 service placement] found 2 providers with available 1 DISK_GB {{(pid=105168) get_provider_ids_matching /opt/stack/placement/placement/objects/research_context.py:563}}
Jul 21 16:42:36.453409 n-d-849104-7 devstack@placement-api.service[105168]: DEBUG placement.objects.research_context [req-767d9ed0-7833-40a0-909f-af2c3273b673 req-a71bc1ac-dfb2-402f-bda8-696e185c0b56 service placement] found 2 providers with available 1024 MEMORY_MB {{(pid=105168) get_provider_ids_matching /opt/stack/placement/placement/objects/research_context.py:563}}
Jul 21 16:42:36.453896 n-d-849104-7 devstack@placement-api.service[105168]: DEBUG placement.objects.research_context [req-767d9ed0-7833-40a0-909f-af2c3273b673 req-a71bc1ac-dfb2-402f-bda8-696e185c0b56 service placement] found 2 providers after filtering by previous result {{(pid=105168) get_provider_ids_matching /opt/stack/placement/placement/objects/research_context.py:594}}
Jul 21 16:42:36.454166 n-d-849104-7 devstack@placement-api.service[105168]: DEBUG placement.objects.research_context [req-767d9ed0-7833-40a0-909f-af2c3273b673 req-a71bc1ac-dfb2-402f-bda8-696e185c0b56 service placement] found 2 providers with available 1 VCPU {{(pid=105168) get_provider_ids_matching /opt/stack/placement/placement/objects/research_context.py:563}}
Jul 21 16:42:36.454428 n-d-849104-7 devstack@placement-api.service[105168]: DEBUG placement.objects.research_context [req-767d9ed0-7833-40a0-909f-af2c3273b673 req-a71bc1ac-dfb2-402f-bda8-696e185c0b56 service placement] found 2 providers after filtering by previous result {{(pid=105168) get_provider_ids_matching /opt/stack/placement/placement/objects/research_context.py:594}}
Jul 21 16:42:36.474616 n-d-849104-7 devstack@placement-api.service[105168]: DEBUG placement.objects.allocation_candidate [req-767d9ed0-7833-40a0-909f-af2c3273b673 req-a71bc1ac-dfb2-402f-bda8-696e185c0b56 service placement] RequestGroup(use_same_provider=False, resources={DISK_GB:1, MEMORY_MB:1024, VCPU:1}, traits=(), aggregates=[]) (suffix '') returned 2 matches {{(pid=105168) _get_by_requests /opt/stack/placement/placement/objects/allocation_candidate.py:156}}
Jul 21 16:42:36.474989 n-d-849104-7 devstack@placement-api.service[105168]: DEBUG placement.objects.allocation_candidate [req-767d9ed0-7833-40a0-909f-af2c3273b673 req-a71bc1ac-dfb2-402f-bda8-696e185c0b56 service placement] Merging candidates yields 2 allocation requests and 2 provider summaries {{(pid=105168) _merge_candidates /opt/stack/placement/placement/objects/allocation_candidate.py:809}}
Jul 21 16:42:36.481043 n-d-849104-7 devstack@placement-api.service[105168]: INFO placement.requestlog [req-767d9ed0-7833-40a0-909f-af2c3273b673 req-a71bc1ac-dfb2-402f-bda8-696e185c0b56 service placement] 10.222.0.71 "GET /placement/allocation_candidates?resources=DISK_GB%3A1%2CMEMORY_MB%3A1024%2CVCPU%3A1&root_required=%21COMPUTE_STATUS_DISABLED" status: 200 len: 1311 microversion: 1.36
Jul 21 16:42:36.484694 n-d-849104-7 devstack@placement-api.service[105168]: [pid: 105168|app: 0|req: 369/740] 10.222.0.71 () {60 vars in 1484 bytes} [Thu Jul 21 16:42:36 2022] GET /placement/allocation_candidates?resources=DISK_GB%3A1%2CMEMORY_MB%3A1024%2CVCPU%3A1&root_required=%21COMPUTE_STATUS_DISABLED => generated 1311 bytes in 148 msecs (HTTP/1.1 200) 8 headers in 297 bytes (1 switches on core 0)
Jul 21 16:42:36.545887 n-d-849104-7 devstack@placement-api.service[105169]: DEBUG placement.requestlog [req-767d9ed0-7833-40a0-909f-af2c3273b673 req-6f0dc426-0d55-4f63-95a0-ab7ad70258de None None] Starting request: 10.222.0.71 "GET /placement/allocations/e705840e-80b6-4bbf-bc20-e0676ab355af" {{(pid=105169) __call__ /opt/stack/placement/placement/requestlog.py:55}}
Jul 21 16:42:36.558862 n-d-849104-7 devstack@placement-api.service[105169]: INFO placement.requestlog [req-767d9ed0-7833-40a0-909f-af2c3273b673 req-6f0dc426-0d55-4f63-95a0-ab7ad70258de service placement] 10.222.0.71 "GET /placement/allocations/e705840e-80b6-4bbf-bc20-e0676ab355af" status: 200 len: 19 microversion: 1.28
Jul 21 16:42:36.560536 n-d-849104-7 devstack@placement-api.service[105169]: [pid: 105169|app: 0|req: 372/741] 10.222.0.71 () {60 vars in 1380 bytes} [Thu Jul 21 16:42:36 2022] GET /placement/allocations/e705840e-80b6-4bbf-bc20-e0676ab355af => generated 19 bytes in 14 msecs (HTTP/1.1 200) 8 headers in 295 bytes (1 switches on core 0)
Jul 21 16:42:36.571145 n-d-849104-7 devstack@placement-api.service[105168]: DEBUG placement.requestlog [req-767d9ed0-7833-40a0-909f-af2c3273b673 req-96332611-6cec-4e71-878a-fcad7a013309 None None] Starting request: 10.222.0.71 "PUT /placement/allocations/e705840e-80b6-4bbf-bc20-e0676ab355af" {{(pid=105168) __call__ /opt/stack/placement/placement/requestlog.py:55}}
Jul 21 16:42:36.630232 n-d-849104-7 devstack@placement-api.service[105168]: DEBUG placement.handlers.allocation [req-767d9ed0-7833-40a0-909f-af2c3273b673 req-96332611-6cec-4e71-878a-fcad7a013309 service placement] Successfully wrote allocations [, , ] {{(pid=105168) _update_consumers_and_create_allocations /opt/stack/placement/placement/handlers/allocation.py:462}}
Jul 21 16:42:36.634999 n-d-849104-7 devstack@placement-api.service[105168]: INFO placement.requestlog [req-767d9ed0-7833-40a0-909f-af2c3273b673 req-96332611-6cec-4e71-878a-fcad7a013309 service placement] 10.222.0.71 "PUT /placement/allocations/e705840e-80b6-4bbf-bc20-e0676ab355af" status: 204 len: 0 microversion: 1.36
Jul 21 16:42:36.635452 n-d-849104-7 devstack@placement-api.service[105168]: [pid: 105168|app: 0|req: 370/742] 10.222.0.71 () {64 vars in 1433 bytes} [Thu Jul 21 16:42:36 2022] PUT /placement/allocations/e705840e-80b6-4bbf-bc20-e0676ab355af => generated 0 bytes in 65 msecs (HTTP/1.1 204) 5 headers in 199 bytes (1 switches on core 0)
Jul 21 16:42:37.309656 n-d-849104-7 devstack@placement-api.service[105169]: DEBUG placement.requestlog [req-767d9ed0-7833-40a0-909f-af2c3273b673 req-9013e970-dc7c-40fd-a7ce-7285fc91a6a0 None None] Starting request: 10.222.0.65 "GET /placement/allocations/e705840e-80b6-4bbf-bc20-e0676ab355af" {{(pid=105169) __call__ /opt/stack/placement/placement/requestlog.py:55}}
Jul 21 16:42:37.333524 n-d-849104-7 devstack@placement-api.service[105169]: INFO placement.requestlog [req-767d9ed0-7833-40a0-909f-af2c3273b673 req-9013e970-dc7c-40fd-a7ce-7285fc91a6a0 service placement] 10.222.0.65 "GET /placement/allocations/e705840e-80b6-4bbf-bc20-e0676ab355af" status: 200 len: 259 microversion: 1.28
Jul 21 16:42:37.334629 n-d-849104-7 devstack@placement-api.service[105169]: [pid: 105169|app: 0|req: 373/743] 10.222.0.65 () {60 vars in 1377 bytes} [Thu Jul 21 16:42:37 2022] GET /placement/allocations/e705840e-80b6-4bbf-bc20-e0676ab355af => generated 259 bytes in 25 msecs (HTTP/1.1 200) 8 headers in 296 bytes (1 switches on core 0)
Jul 21 16:42:46.629938 n-d-849104-7 devstack@placement-api.service[105168]: DEBUG dbcounter [-] [105168] Writing DB stats placement:SELECT=36,placement:INSERT=4,placement:DELETE=2,placement:UPDATE=2 {{(pid=105168) stat_writer /usr/local/lib/python3.8/dist-packages/dbcounter.py:114}}
Jul 21 16:42:47.329305 n-d-849104-7 devstack@placement-api.service[105169]: DEBUG dbcounter [-] [105169] Writing DB stats placement:INSERT=10,placement:SELECT=45,placement:DELETE=4,placement:UPDATE=4 {{(pid=105169) stat_writer /usr/local/lib/python3.8/dist-packages/dbcounter.py:114}}
Jul 21 16:42:48.513463 n-d-849104-7 devstack@placement-api.service[105168]: DEBUG placement.requestlog [req-691f40ad-941b-4330-94ba-3db0d435d3f1 req-a87dd4f1-908c-4192-a398-5f5c78007da4 None None] Starting request: 10.222.0.65 "GET /placement/resource_providers/a7fbc22f-9aeb-468f-b438-e5dc24f57428/allocations" {{(pid=105168) __call__ /opt/stack/placement/placement/requestlog.py:55}}
Jul 21 16:42:48.551050 n-d-849104-7 devstack@placement-api.service[105168]: INFO placement.requestlog [req-691f40ad-941b-4330-94ba-3db0d435d3f1 req-a87dd4f1-908c-4192-a398-5f5c78007da4 service placement] 10.222.0.65 "GET /placement/resource_providers/a7fbc22f-9aeb-468f-b438-e5dc24f57428/allocations" status: 200 len: 1136 microversion: 1.0
Jul 21 16:42:48.551951 n-d-849104-7 devstack@placement-api.service[105168]: [pid: 105168|app: 0|req: 371/744] 10.222.0.65 () {58 vars in 1390 bytes} [Thu Jul 21 16:42:48 2022] GET /placement/resource_providers/a7fbc22f-9aeb-468f-b438-e5dc24f57428/allocations => generated 1136 bytes in 39 msecs (HTTP/1.1 200) 6 headers in 225 bytes (1 switches on core 0)
Jul 21 16:42:48.911354 n-d-849104-7 devstack@placement-api.service[105169]: DEBUG placement.requestlog [req-d25813ac-2c2e-4f3f-b95c-3e7728bb875c req-4631c61d-af6b-4494-b99f-7db02862a486 None None] Starting request: 10.222.0.71 "GET /placement/allocation_candidates?limit=1000&resources=DISK_GB%3A1%2CMEMORY_MB%3A1024%2CVCPU%3A1&root_required=%21COMPUTE_STATUS_DISABLED" {{(pid=105169) __call__ /opt/stack/placement/placement/requestlog.py:55}}
Jul 21 16:42:48.953950 n-d-849104-7 devstack@placement-api.service[105169]: DEBUG placement.objects.research_context [req-d25813ac-2c2e-4f3f-b95c-3e7728bb875c req-4631c61d-af6b-4494-b99f-7db02862a486 service placement] getting providers with 1 DISK_GB {{(pid=105169) __init__ /opt/stack/placement/placement/objects/research_context.py:136}}
Jul 21 16:42:48.959559 n-d-849104-7 devstack@placement-api.service[105169]: DEBUG placement.objects.research_context [req-d25813ac-2c2e-4f3f-b95c-3e7728bb875c req-4631c61d-af6b-4494-b99f-7db02862a486 service placement] getting providers with 1024 MEMORY_MB {{(pid=105169) __init__ /opt/stack/placement/placement/objects/research_context.py:136}}
Jul 21 16:42:48.965915 n-d-849104-7 devstack@placement-api.service[105169]: DEBUG placement.objects.research_context [req-d25813ac-2c2e-4f3f-b95c-3e7728bb875c req-4631c61d-af6b-4494-b99f-7db02862a486 service placement] getting providers with 1 VCPU {{(pid=105169) __init__ /opt/stack/placement/placement/objects/research_context.py:136}}
Jul 21 16:42:48.971126 n-d-849104-7 devstack@placement-api.service[105169]: DEBUG placement.objects.research_context [req-d25813ac-2c2e-4f3f-b95c-3e7728bb875c req-4631c61d-af6b-4494-b99f-7db02862a486 service placement] found 2 providers with available 1 DISK_GB {{(pid=105169) get_provider_ids_matching /opt/stack/placement/placement/objects/research_context.py:563}}
Jul 21 16:42:48.971397 n-d-849104-7 devstack@placement-api.service[105169]: DEBUG placement.objects.research_context [req-d25813ac-2c2e-4f3f-b95c-3e7728bb875c req-4631c61d-af6b-4494-b99f-7db02862a486 service placement] found 2 providers with available 1024 MEMORY_MB {{(pid=105169) get_provider_ids_matching /opt/stack/placement/placement/objects/research_context.py:563}}
Jul 21 16:42:48.971692 n-d-849104-7 devstack@placement-api.service[105169]: DEBUG placement.objects.research_context [req-d25813ac-2c2e-4f3f-b95c-3e7728bb875c req-4631c61d-af6b-4494-b99f-7db02862a486 service placement] found 2 providers after filtering by previous result {{(pid=105169) get_provider_ids_matching /opt/stack/placement/placement/objects/research_context.py:594}}
Jul 21 16:42:48.971947 n-d-849104-7 devstack@placement-api.service[105169]: DEBUG placement.objects.research_context [req-d25813ac-2c2e-4f3f-b95c-3e7728bb875c req-4631c61d-af6b-4494-b99f-7db02862a486 service placement] found 2 providers with available 1 VCPU {{(pid=105169) get_provider_ids_matching /opt/stack/placement/placement/objects/research_context.py:563}}
Jul 21 16:42:48.972204 n-d-849104-7 devstack@placement-api.service[105169]: DEBUG placement.objects.research_context [req-d25813ac-2c2e-4f3f-b95c-3e7728bb875c req-4631c61d-af6b-4494-b99f-7db02862a486 service placement] found 2 providers after filtering by previous result {{(pid=105169) get_provider_ids_matching /opt/stack/placement/placement/objects/research_context.py:594}}
Jul 21 16:42:48.984771 n-d-849104-7 devstack@placement-api.service[105169]: DEBUG placement.objects.allocation_candidate [req-d25813ac-2c2e-4f3f-b95c-3e7728bb875c req-4631c61d-af6b-4494-b99f-7db02862a486 service placement] RequestGroup(use_same_provider=False, resources={DISK_GB:1, MEMORY_MB:1024, VCPU:1}, traits=(), aggregates=[]) (suffix '') returned 2 matches {{(pid=105169) _get_by_requests /opt/stack/placement/placement/objects/allocation_candidate.py:156}}
Jul 21 16:42:48.985139 n-d-849104-7 devstack@placement-api.service[105169]: DEBUG placement.objects.allocation_candidate [req-d25813ac-2c2e-4f3f-b95c-3e7728bb875c req-4631c61d-af6b-4494-b99f-7db02862a486 service placement] Merging candidates yields 2 allocation requests and 2 provider summaries {{(pid=105169) _merge_candidates /opt/stack/placement/placement/objects/allocation_candidate.py:809}}
Jul 21 16:42:48.987027 n-d-849104-7 devstack@placement-api.service[105169]: INFO placement.requestlog [req-d25813ac-2c2e-4f3f-b95c-3e7728bb875c req-4631c61d-af6b-4494-b99f-7db02862a486 service placement] 10.222.0.71 "GET /placement/allocation_candidates?limit=1000&resources=DISK_GB%3A1%2CMEMORY_MB%3A1024%2CVCPU%3A1&root_required=%21COMPUTE_STATUS_DISABLED" status: 200 len: 1311 microversion: 1.36
Jul 21 16:42:48.992373 n-d-849104-7 devstack@placement-api.service[105169]: [pid: 105169|app: 0|req: 374/745] 10.222.0.71 () {60 vars in 1506 bytes} [Thu Jul 21 16:42:48 2022] GET /placement/allocation_candidates?limit=1000&resources=DISK_GB%3A1%2CMEMORY_MB%3A1024%2CVCPU%3A1&root_required=%21COMPUTE_STATUS_DISABLED => generated 1311 bytes in 80 msecs (HTTP/1.1 200) 8 headers in 297 bytes (1 switches on core 0)
Jul 21 16:42:49.068365 n-d-849104-7 devstack@placement-api.service[105168]: DEBUG placement.requestlog [req-d25813ac-2c2e-4f3f-b95c-3e7728bb875c req-924b7d22-c9d7-47d9-8038-676758dc75e6 None None] Starting request: 10.222.0.71 "GET /placement/allocations/12c334b8-c224-423b-9c1e-7ceba3cc981d" {{(pid=105168) __call__ /opt/stack/placement/placement/requestlog.py:55}}
Jul 21 16:42:49.083463 n-d-849104-7 devstack@placement-api.service[105168]: INFO placement.requestlog [req-d25813ac-2c2e-4f3f-b95c-3e7728bb875c req-924b7d22-c9d7-47d9-8038-676758dc75e6 service placement] 10.222.0.71 "GET /placement/allocations/12c334b8-c224-423b-9c1e-7ceba3cc981d" status: 200 len: 19 microversion: 1.28
Jul 21 16:42:49.084121 n-d-849104-7 devstack@placement-api.service[105168]: [pid: 105168|app: 0|req: 372/746] 10.222.0.71 () {60 vars in 1380 bytes} [Thu Jul 21 16:42:49 2022] GET /placement/allocations/12c334b8-c224-423b-9c1e-7ceba3cc981d => generated 19 bytes in 16 msecs (HTTP/1.1 200) 8 headers in 295 bytes (1 switches on core 0)
Jul 21 16:42:49.091186 n-d-849104-7 devstack@placement-api.service[105169]: DEBUG placement.requestlog [req-d25813ac-2c2e-4f3f-b95c-3e7728bb875c req-97e52a9e-d7a7-4c8d-b285-d970b05130fb None None] Starting request: 10.222.0.71 "PUT /placement/allocations/12c334b8-c224-423b-9c1e-7ceba3cc981d" {{(pid=105169) __call__ /opt/stack/placement/placement/requestlog.py:55}}
Jul 21 16:42:49.184141 n-d-849104-7 devstack@placement-api.service[105169]: DEBUG placement.handlers.allocation [req-d25813ac-2c2e-4f3f-b95c-3e7728bb875c req-97e52a9e-d7a7-4c8d-b285-d970b05130fb service placement] Successfully wrote allocations [, , ] {{(pid=105169) _update_consumers_and_create_allocations /opt/stack/placement/placement/handlers/allocation.py:462}}
Jul 21 16:42:49.189148 n-d-849104-7 devstack@placement-api.service[105169]: INFO placement.requestlog [req-d25813ac-2c2e-4f3f-b95c-3e7728bb875c req-97e52a9e-d7a7-4c8d-b285-d970b05130fb service placement] 10.222.0.71 "PUT /placement/allocations/12c334b8-c224-423b-9c1e-7ceba3cc981d" status: 204 len: 0 microversion: 1.36
Jul 21 16:42:49.189741 n-d-849104-7 devstack@placement-api.service[105169]: [pid: 105169|app: 0|req: 375/747] 10.222.0.71 () {64 vars in 1433 bytes} [Thu Jul 21 16:42:49 2022] PUT /placement/allocations/12c334b8-c224-423b-9c1e-7ceba3cc981d => generated 0 bytes in 99 msecs (HTTP/1.1 204) 5 headers in 199 bytes (1 switches on core 0)
Jul 21 16:42:49.588881 n-d-849104-7 devstack@placement-api.service[105168]: DEBUG placement.requestlog [req-d25813ac-2c2e-4f3f-b95c-3e7728bb875c req-81cc5e60-ab4c-4e92-9431-4eb2611d4979 None None] Starting request: 10.222.0.74 "GET /placement/allocations/12c334b8-c224-423b-9c1e-7ceba3cc981d" {{(pid=105168) __call__ /opt/stack/placement/placement/requestlog.py:55}}
Jul 21 16:42:49.613320 n-d-849104-7 devstack@placement-api.service[105168]: INFO placement.requestlog [req-d25813ac-2c2e-4f3f-b95c-3e7728bb875c req-81cc5e60-ab4c-4e92-9431-4eb2611d4979 service placement] 10.222.0.74 "GET /placement/allocations/12c334b8-c224-423b-9c1e-7ceba3cc981d" status: 200 len: 259 microversion: 1.28
Jul 21 16:42:49.613901 n-d-849104-7 devstack@placement-api.service[105168]: [pid: 105168|app: 0|req: 373/748] 10.222.0.74 () {60 vars in 1377 bytes} [Thu Jul 21 16:42:49 2022] GET /placement/allocations/12c334b8-c224-423b-9c1e-7ceba3cc981d => generated 259 bytes in 25 msecs (HTTP/1.1 200) 8 headers in 296 bytes (1 switches on core 0)
Jul 21 16:42:53.308139 n-d-849104-7 devstack@placement-api.service[105169]: DEBUG placement.requestlog [req-15355d23-d8c4-478a-ac51-5f53136237cc req-02ce5d1c-2b4b-46c8-a311-d13ac7217a2f None None] Starting request: 10.222.0.74 "DELETE /placement/allocations/c10819b1-250e-4993-ac4b-154a9f286c1f" {{(pid=105169) __call__ /opt/stack/placement/placement/requestlog.py:55}}
Jul 21 16:42:53.339510 n-d-849104-7 devstack@placement-api.service[105169]: DEBUG placement.handlers.allocation [req-15355d23-d8c4-478a-ac51-5f53136237cc req-02ce5d1c-2b4b-46c8-a311-d13ac7217a2f service placement] Successfully deleted allocations [, , ] {{(pid=105169) delete_allocations /opt/stack/placement/placement/handlers/allocation.py:627}}
Jul 21 16:42:53.340382 n-d-849104-7 devstack@placement-api.service[105169]: INFO placement.requestlog [req-15355d23-d8c4-478a-ac51-5f53136237cc req-02ce5d1c-2b4b-46c8-a311-d13ac7217a2f service placement] 10.222.0.74 "DELETE /placement/allocations/c10819b1-250e-4993-ac4b-154a9f286c1f" status: 204 len: 0 microversion: 1.0
Jul 21 16:42:53.340769 n-d-849104-7 devstack@placement-api.service[105169]: [pid: 105169|app: 0|req: 376/749] 10.222.0.74 () {60 vars in 1355 bytes} [Thu Jul 21 16:42:53 2022] DELETE /placement/allocations/c10819b1-250e-4993-ac4b-154a9f286c1f => generated 0 bytes in 33 msecs (HTTP/1.1 204) 5 headers in 198 bytes (1 switches on core 0)
Jul 21 16:42:58.051412 n-d-849104-7 devstack@placement-api.service[105168]: DEBUG placement.requestlog [None req-3eadcab6-34cd-4788-a4fd-33724a026109 None None] Starting request: 10.222.0.71 "GET /placement/resource_providers/a14142e5-e354-4244-a0af-58e998bf942c/aggregates" {{(pid=105168) __call__ /opt/stack/placement/placement/requestlog.py:55}}
Jul 21 16:42:58.076664 n-d-849104-7 devstack@placement-api.service[105168]: INFO placement.requestlog [None req-3eadcab6-34cd-4788-a4fd-33724a026109 service placement] 10.222.0.71 "GET /placement/resource_providers/a14142e5-e354-4244-a0af-58e998bf942c/aggregates" status: 404 len: 235 microversion: 1.1
Jul 21 16:42:58.077283 n-d-849104-7 devstack@placement-api.service[105168]: [pid: 105168|app: 0|req: 374/750] 10.222.0.71 () {58 vars in 1362 bytes} [Thu Jul 21 16:42:58 2022] GET /placement/resource_providers/a14142e5-e354-4244-a0af-58e998bf942c/aggregates => generated 235 bytes in 26 msecs (HTTP/1.1 404) 5 headers in 202 bytes (1 switches on core 0)
Jul 21 16:42:58.123157 n-d-849104-7 devstack@placement-api.service[105169]: DEBUG placement.requestlog [None req-3e9583fd-2fdb-40c1-916f-f0e1413d27d2 None None] Starting request: 10.222.0.71 "DELETE /placement/resource_providers/a14142e5-e354-4244-a0af-58e998bf942c" {{(pid=105169) __call__ /opt/stack/placement/placement/requestlog.py:55}}
Jul 21 16:42:58.142988 n-d-849104-7 devstack@placement-api.service[105169]: DEBUG placement.wsgi_wrapper [None req-3e9583fd-2fdb-40c1-916f-f0e1413d27d2 service placement] Placement API returning an error response: No resource provider with uuid a14142e5-e354-4244-a0af-58e998bf942c found for delete {{(pid=105169) call_func /opt/stack/placement/placement/wsgi_wrapper.py:31}}
Jul 21 16:42:58.144004 n-d-849104-7 devstack@placement-api.service[105169]: INFO placement.requestlog [None req-3e9583fd-2fdb-40c1-916f-f0e1413d27d2 service placement] 10.222.0.71 "DELETE /placement/resource_providers/a14142e5-e354-4244-a0af-58e998bf942c" status: 404 len: 246 microversion: 1.1
Jul 21 16:42:58.144564 n-d-849104-7 devstack@placement-api.service[105169]: [pid: 105169|app: 0|req: 377/751] 10.222.0.71 () {60 vars in 1351 bytes} [Thu Jul 21 16:42:58 2022] DELETE /placement/resource_providers/a14142e5-e354-4244-a0af-58e998bf942c => generated 246 bytes in 22 msecs (HTTP/1.1 404) 6 headers in 231 bytes (1 switches on core 0)
Jul 21 16:42:59.773388 n-d-849104-7 devstack@placement-api.service[105168]: DEBUG placement.requestlog [req-11923199-fec5-4748-a941-782de77a809d req-cf9664e0-270a-4d66-ad31-7fd98ab36ce4 None None] Starting request: 10.222.0.71 "GET /placement/allocation_candidates?limit=1000&resources=DISK_GB%3A1%2CMEMORY_MB%3A1024%2CVCPU%3A1&root_required=%21COMPUTE_STATUS_DISABLED" {{(pid=105168) __call__ /opt/stack/placement/placement/requestlog.py:55}}
Jul 21 16:42:59.815927 n-d-849104-7 devstack@placement-api.service[105168]: DEBUG placement.objects.research_context [req-11923199-fec5-4748-a941-782de77a809d req-cf9664e0-270a-4d66-ad31-7fd98ab36ce4 service placement] getting providers with 1 DISK_GB {{(pid=105168) __init__ /opt/stack/placement/placement/objects/research_context.py:136}}
Jul 21 16:42:59.824635 n-d-849104-7 devstack@placement-api.service[105168]: DEBUG placement.objects.research_context [req-11923199-fec5-4748-a941-782de77a809d req-cf9664e0-270a-4d66-ad31-7fd98ab36ce4 service placement] getting providers with 1024 MEMORY_MB {{(pid=105168) __init__ /opt/stack/placement/placement/objects/research_context.py:136}}
Jul 21 16:42:59.831535 n-d-849104-7 devstack@placement-api.service[105168]: DEBUG placement.objects.research_context [req-11923199-fec5-4748-a941-782de77a809d req-cf9664e0-270a-4d66-ad31-7fd98ab36ce4 service placement] getting providers with 1 VCPU {{(pid=105168) __init__ /opt/stack/placement/placement/objects/research_context.py:136}}
Jul 21 16:42:59.841990 n-d-849104-7 devstack@placement-api.service[105168]: DEBUG placement.objects.research_context [req-11923199-fec5-4748-a941-782de77a809d req-cf9664e0-270a-4d66-ad31-7fd98ab36ce4 service placement] found 2 providers with available 1 DISK_GB {{(pid=105168) get_provider_ids_matching /opt/stack/placement/placement/objects/research_context.py:563}}
Jul 21 16:42:59.842421 n-d-849104-7 devstack@placement-api.service[105168]: DEBUG placement.objects.research_context [req-11923199-fec5-4748-a941-782de77a809d req-cf9664e0-270a-4d66-ad31-7fd98ab36ce4 service placement] found 2 providers with available 1024 MEMORY_MB {{(pid=105168) get_provider_ids_matching /opt/stack/placement/placement/objects/research_context.py:563}}
Jul 21 16:42:59.842866 n-d-849104-7 devstack@placement-api.service[105168]: DEBUG placement.objects.research_context [req-11923199-fec5-4748-a941-782de77a809d req-cf9664e0-270a-4d66-ad31-7fd98ab36ce4 service placement] found 2 providers after filtering by previous result {{(pid=105168) get_provider_ids_matching /opt/stack/placement/placement/objects/research_context.py:594}}
Jul 21 16:42:59.843292 n-d-849104-7 devstack@placement-api.service[105168]: DEBUG placement.objects.research_context [req-11923199-fec5-4748-a941-782de77a809d req-cf9664e0-270a-4d66-ad31-7fd98ab36ce4 service placement] found 2 providers with available 1 VCPU {{(pid=105168) get_provider_ids_matching /opt/stack/placement/placement/objects/research_context.py:563}}
Jul 21 16:42:59.843730 n-d-849104-7 devstack@placement-api.service[105168]: DEBUG placement.objects.research_context [req-11923199-fec5-4748-a941-782de77a809d req-cf9664e0-270a-4d66-ad31-7fd98ab36ce4 service placement] found 2 providers after filtering by previous result {{(pid=105168) get_provider_ids_matching /opt/stack/placement/placement/objects/research_context.py:594}}
Jul 21 16:42:59.856477 n-d-849104-7 devstack@placement-api.service[105168]: DEBUG placement.objects.allocation_candidate [req-11923199-fec5-4748-a941-782de77a809d req-cf9664e0-270a-4d66-ad31-7fd98ab36ce4 service placement] RequestGroup(use_same_provider=False, resources={DISK_GB:1, MEMORY_MB:1024, VCPU:1}, traits=(), aggregates=[]) (suffix '') returned 2 matches {{(pid=105168) _get_by_requests /opt/stack/placement/placement/objects/allocation_candidate.py:156}}
Jul 21 16:42:59.857048 n-d-849104-7 devstack@placement-api.service[105168]: DEBUG placement.objects.allocation_candidate [req-11923199-fec5-4748-a941-782de77a809d req-cf9664e0-270a-4d66-ad31-7fd98ab36ce4 service placement] Merging candidates yields 2 allocation requests and 2 provider summaries {{(pid=105168) _merge_candidates /opt/stack/placement/placement/objects/allocation_candidate.py:809}}
Jul 21 16:42:59.858928 n-d-849104-7 devstack@placement-api.service[105168]: INFO placement.requestlog [req-11923199-fec5-4748-a941-782de77a809d req-cf9664e0-270a-4d66-ad31-7fd98ab36ce4 service placement] 10.222.0.71 "GET /placement/allocation_candidates?limit=1000&resources=DISK_GB%3A1%2CMEMORY_MB%3A1024%2CVCPU%3A1&root_required=%21COMPUTE_STATUS_DISABLED" status: 200 len: 1311 microversion: 1.36
Jul 21 16:42:59.864328 n-d-849104-7 devstack@placement-api.service[105168]: [pid: 105168|app: 0|req: 375/752] 10.222.0.71 () {60 vars in 1506 bytes} [Thu Jul 21 16:42:59 2022] GET /placement/allocation_candidates?limit=1000&resources=DISK_GB%3A1%2CMEMORY_MB%3A1024%2CVCPU%3A1&root_required=%21COMPUTE_STATUS_DISABLED => generated 1311 bytes in 91 msecs (HTTP/1.1 200) 8 headers in 297 bytes (1 switches on core 0)
Jul 21 16:42:59.962533 n-d-849104-7 devstack@placement-api.service[105169]: DEBUG placement.requestlog [req-11923199-fec5-4748-a941-782de77a809d req-aadcc0d1-75a9-46a5-b9c7-ddd3d19cae46 None None] Starting request: 10.222.0.71 "GET /placement/allocations/ca36a693-77ec-40ed-af7a-7a71f2376a08" {{(pid=105169) __call__ /opt/stack/placement/placement/requestlog.py:55}}
Jul 21 16:42:59.974122 n-d-849104-7 devstack@placement-api.service[105169]: INFO placement.requestlog [req-11923199-fec5-4748-a941-782de77a809d req-aadcc0d1-75a9-46a5-b9c7-ddd3d19cae46 service placement] 10.222.0.71 "GET /placement/allocations/ca36a693-77ec-40ed-af7a-7a71f2376a08" status: 200 len: 19 microversion: 1.28
Jul 21 16:42:59.974802 n-d-849104-7 devstack@placement-api.service[105169]: [pid: 105169|app: 0|req: 378/753] 10.222.0.71 () {60 vars in 1380 bytes} [Thu Jul 21 16:42:59 2022] GET /placement/allocations/ca36a693-77ec-40ed-af7a-7a71f2376a08 => generated 19 bytes in 13 msecs (HTTP/1.1 200) 8 headers in 295 bytes (1 switches on core 0)
Jul 21 16:42:59.985339 n-d-849104-7 devstack@placement-api.service[105168]: DEBUG placement.requestlog [req-11923199-fec5-4748-a941-782de77a809d req-5809bb92-b343-4e60-acd2-ee791cf0943b None None] Starting request: 10.222.0.71 "PUT /placement/allocations/ca36a693-77ec-40ed-af7a-7a71f2376a08" {{(pid=105168) __call__ /opt/stack/placement/placement/requestlog.py:55}}
Jul 21 16:43:00.059655 n-d-849104-7 devstack@placement-api.service[105168]: DEBUG placement.handlers.allocation [req-11923199-fec5-4748-a941-782de77a809d req-5809bb92-b343-4e60-acd2-ee791cf0943b service placement] Successfully wrote allocations [, , ] {{(pid=105168) _update_consumers_and_create_allocations /opt/stack/placement/placement/handlers/allocation.py:462}}
Jul 21 16:43:00.063804 n-d-849104-7 devstack@placement-api.service[105168]: INFO placement.requestlog [req-11923199-fec5-4748-a941-782de77a809d req-5809bb92-b343-4e60-acd2-ee791cf0943b service placement] 10.222.0.71 "PUT /placement/allocations/ca36a693-77ec-40ed-af7a-7a71f2376a08" status: 204 len: 0 microversion: 1.36
Jul 21 16:43:00.064137 n-d-849104-7 devstack@placement-api.service[105168]: [pid: 105168|app: 0|req: 376/754] 10.222.0.71 () {64 vars in 1433 bytes} [Thu Jul 21 16:42:59 2022] PUT /placement/allocations/ca36a693-77ec-40ed-af7a-7a71f2376a08 => generated 0 bytes in 79 msecs (HTTP/1.1 204) 5 headers in 199 bytes (1 switches on core 0)
Jul 21 16:43:00.421731 n-d-849104-7 devstack@placement-api.service[105169]: DEBUG placement.requestlog [req-fe6f0654-bd70-4913-b853-64a9046bb301 req-a0dbe3bd-6f32-49d8-9882-6a08a07ee272 None None] Starting request: 10.222.0.71 "GET /placement/allocation_candidates?limit=1000&resources=DISK_GB%3A1%2CMEMORY_MB%3A1024%2CVCPU%3A1&root_required=%21COMPUTE_STATUS_DISABLED" {{(pid=105169) __call__ /opt/stack/placement/placement/requestlog.py:55}}
Jul 21 16:43:00.433287 n-d-849104-7 devstack@placement-api.service[105168]: DEBUG placement.requestlog [req-11923199-fec5-4748-a941-782de77a809d req-7bd0524a-9625-4c8d-a2a7-76b7778fda9b None None] Starting request: 10.222.0.74 "GET /placement/allocations/ca36a693-77ec-40ed-af7a-7a71f2376a08" {{(pid=105168) __call__ /opt/stack/placement/placement/requestlog.py:55}}
Jul 21 16:43:00.459150 n-d-849104-7 devstack@placement-api.service[105169]: DEBUG placement.objects.research_context [req-fe6f0654-bd70-4913-b853-64a9046bb301 req-a0dbe3bd-6f32-49d8-9882-6a08a07ee272 service placement] getting providers with 1 DISK_GB {{(pid=105169) __init__ /opt/stack/placement/placement/objects/research_context.py:136}}
Jul 21 16:43:00.468046 n-d-849104-7 devstack@placement-api.service[105168]: INFO placement.requestlog [req-11923199-fec5-4748-a941-782de77a809d req-7bd0524a-9625-4c8d-a2a7-76b7778fda9b service placement] 10.222.0.74 "GET /placement/allocations/ca36a693-77ec-40ed-af7a-7a71f2376a08" status: 200 len: 259 microversion: 1.28
Jul 21 16:43:00.468497 n-d-849104-7 devstack@placement-api.service[105169]: DEBUG placement.objects.research_context [req-fe6f0654-bd70-4913-b853-64a9046bb301 req-a0dbe3bd-6f32-49d8-9882-6a08a07ee272 service placement] getting providers with 1024 MEMORY_MB {{(pid=105169) __init__ /opt/stack/placement/placement/objects/research_context.py:136}}
Jul 21 16:43:00.469331 n-d-849104-7 devstack@placement-api.service[105168]: [pid: 105168|app: 0|req: 377/755] 10.222.0.74 () {60 vars in 1377 bytes} [Thu Jul 21 16:43:00 2022] GET /placement/allocations/ca36a693-77ec-40ed-af7a-7a71f2376a08 => generated 259 bytes in 36 msecs (HTTP/1.1 200) 8 headers in 296 bytes (2 switches on core 0)
Jul 21 16:43:00.482986 n-d-849104-7 devstack@placement-api.service[105169]: DEBUG placement.objects.research_context [req-fe6f0654-bd70-4913-b853-64a9046bb301 req-a0dbe3bd-6f32-49d8-9882-6a08a07ee272 service placement] getting providers with 1 VCPU {{(pid=105169) __init__ /opt/stack/placement/placement/objects/research_context.py:136}}
Jul 21 16:43:00.490323 n-d-849104-7 devstack@placement-api.service[105169]: DEBUG placement.objects.research_context [req-fe6f0654-bd70-4913-b853-64a9046bb301 req-a0dbe3bd-6f32-49d8-9882-6a08a07ee272 service placement] found 2 providers with available 1 DISK_GB {{(pid=105169) get_provider_ids_matching /opt/stack/placement/placement/objects/research_context.py:563}}
Jul 21 16:43:00.491046 n-d-849104-7 devstack@placement-api.service[105169]: DEBUG placement.objects.research_context [req-fe6f0654-bd70-4913-b853-64a9046bb301 req-a0dbe3bd-6f32-49d8-9882-6a08a07ee272 service placement] found 2 providers with available 1024 MEMORY_MB {{(pid=105169) get_provider_ids_matching /opt/stack/placement/placement/objects/research_context.py:563}}
Jul 21 16:43:00.491583 n-d-849104-7 devstack@placement-api.service[105169]: DEBUG placement.objects.research_context [req-fe6f0654-bd70-4913-b853-64a9046bb301 req-a0dbe3bd-6f32-49d8-9882-6a08a07ee272 service placement] found 2 providers after filtering by previous result {{(pid=105169) get_provider_ids_matching /opt/stack/placement/placement/objects/research_context.py:594}}
Jul 21 16:43:00.492085 n-d-849104-7 devstack@placement-api.service[105169]: DEBUG placement.objects.research_context [req-fe6f0654-bd70-4913-b853-64a9046bb301 req-a0dbe3bd-6f32-49d8-9882-6a08a07ee272 service placement] found 2 providers with available 1 VCPU {{(pid=105169) get_provider_ids_matching /opt/stack/placement/placement/objects/research_context.py:563}}
Jul 21 16:43:00.493331 n-d-849104-7 devstack@placement-api.service[105169]: DEBUG placement.objects.research_context [req-fe6f0654-bd70-4913-b853-64a9046bb301 req-a0dbe3bd-6f32-49d8-9882-6a08a07ee272 service placement] found 2 providers after filtering by previous result {{(pid=105169) get_provider_ids_matching /opt/stack/placement/placement/objects/research_context.py:594}}
Jul 21 16:43:00.513949 n-d-849104-7 devstack@placement-api.service[105169]: DEBUG placement.objects.allocation_candidate [req-fe6f0654-bd70-4913-b853-64a9046bb301 req-a0dbe3bd-6f32-49d8-9882-6a08a07ee272 service placement] RequestGroup(use_same_provider=False, resources={DISK_GB:1, MEMORY_MB:1024, VCPU:1}, traits=(), aggregates=[]) (suffix '') returned 2 matches {{(pid=105169) _get_by_requests /opt/stack/placement/placement/objects/allocation_candidate.py:156}}
Jul 21 16:43:00.514720 n-d-849104-7 devstack@placement-api.service[105169]: DEBUG placement.objects.allocation_candidate [req-fe6f0654-bd70-4913-b853-64a9046bb301 req-a0dbe3bd-6f32-49d8-9882-6a08a07ee272 service placement] Merging candidates yields 2 allocation requests and 2 provider summaries {{(pid=105169) _merge_candidates /opt/stack/placement/placement/objects/allocation_candidate.py:809}}
Jul 21 16:43:00.516790 n-d-849104-7 devstack@placement-api.service[105169]: INFO placement.requestlog [req-fe6f0654-bd70-4913-b853-64a9046bb301 req-a0dbe3bd-6f32-49d8-9882-6a08a07ee272 service placement] 10.222.0.71 "GET /placement/allocation_candidates?limit=1000&resources=DISK_GB%3A1%2CMEMORY_MB%3A1024%2CVCPU%3A1&root_required=%21COMPUTE_STATUS_DISABLED" status: 200 len: 1313 microversion: 1.36
Jul 21 16:43:00.517779 n-d-849104-7 devstack@placement-api.service[105169]: [pid: 105169|app: 0|req: 379/756] 10.222.0.71 () {60 vars in 1506 bytes} [Thu Jul 21 16:43:00 2022] GET /placement/allocation_candidates?limit=1000&resources=DISK_GB%3A1%2CMEMORY_MB%3A1024%2CVCPU%3A1&root_required=%21COMPUTE_STATUS_DISABLED => generated 1313 bytes in 96 msecs (HTTP/1.1 200) 8 headers in 297 bytes (1 switches on core 0)
Jul 21 16:43:00.645990 n-d-849104-7 devstack@placement-api.service[105168]: DEBUG placement.requestlog [req-fe6f0654-bd70-4913-b853-64a9046bb301 req-6752d8c4-dcde-4601-ace3-d1b878046035 None None] Starting request: 10.222.0.71 "GET /placement/allocations/b75fad0f-714c-46ee-8f86-f8a5159bca24" {{(pid=105168) __call__ /opt/stack/placement/placement/requestlog.py:55}}
Jul 21 16:43:00.658167 n-d-849104-7 devstack@placement-api.service[105168]: INFO placement.requestlog [req-fe6f0654-bd70-4913-b853-64a9046bb301 req-6752d8c4-dcde-4601-ace3-d1b878046035 service placement] 10.222.0.71 "GET /placement/allocations/b75fad0f-714c-46ee-8f86-f8a5159bca24" status: 200 len: 19 microversion: 1.28
Jul 21 16:43:00.669723 n-d-849104-7 devstack@placement-api.service[105169]: DEBUG placement.requestlog [req-fe6f0654-bd70-4913-b853-64a9046bb301 req-e806304e-2e51-4fa1-8acf-dd9ca52f06ad None None] Starting request: 10.222.0.71 "PUT /placement/allocations/b75fad0f-714c-46ee-8f86-f8a5159bca24" {{(pid=105169) __call__ /opt/stack/placement/placement/requestlog.py:55}}
Jul 21 16:43:00.680016 n-d-849104-7 devstack@placement-api.service[105168]: [pid: 105168|app: 0|req: 378/757] 10.222.0.71 () {60 vars in 1380 bytes} [Thu Jul 21 16:43:00 2022] GET /placement/allocations/b75fad0f-714c-46ee-8f86-f8a5159bca24 => generated 19 bytes in 34 msecs (HTTP/1.1 200) 8 headers in 295 bytes (1 switches on core 0)
Jul 21 16:43:00.748560 n-d-849104-7 devstack@placement-api.service[105169]: DEBUG placement.handlers.allocation [req-fe6f0654-bd70-4913-b853-64a9046bb301 req-e806304e-2e51-4fa1-8acf-dd9ca52f06ad service placement] Successfully wrote allocations [, , ] {{(pid=105169) _update_consumers_and_create_allocations /opt/stack/placement/placement/handlers/allocation.py:462}}
Jul 21 16:43:00.755176 n-d-849104-7 devstack@placement-api.service[105169]: INFO placement.requestlog [req-fe6f0654-bd70-4913-b853-64a9046bb301 req-e806304e-2e51-4fa1-8acf-dd9ca52f06ad service placement] 10.222.0.71 "PUT /placement/allocations/b75fad0f-714c-46ee-8f86-f8a5159bca24" status: 204 len: 0 microversion: 1.36
Jul 21 16:43:00.755745 n-d-849104-7 devstack@placement-api.service[105169]: [pid: 105169|app: 0|req: 380/758] 10.222.0.71 () {64 vars in 1433 bytes} [Thu Jul 21 16:43:00 2022] PUT /placement/allocations/b75fad0f-714c-46ee-8f86-f8a5159bca24 => generated 0 bytes in 86 msecs (HTTP/1.1 204) 5 headers in 199 bytes (2 switches on core 0)
