Jul 12 12:37:17.545925 n-d-849104-5 devstack@keystone.service[87214]: DEBUG keystone.server.flask.request_processing.middleware.auth_context [None req-b535203d-0b43-446c-9777-72db4a4e0503 admin admin] RBAC: auth_context: {'token': , 'domain_id': None, 'trust_id': None, 'trustor_id': None, 'trustee_id': None, 'domain_name': None, 'group_ids': [], 'user_id': 'a7464ff7b773448fb1692082cad004b1', 'user_domain_id': 'default', 'system_scope': None, 'project_id': '348b753f786449c3bc31ad10e095f304', 'project_domain_id': 'default', 'roles': ['admin', 'reader', 'member'], 'is_admin_project': True, 'service_user_id': None, 'service_user_domain_id': None, 'service_project_id': None, 'service_project_domain_id': None, 'service_roles': []} {{(pid=87214) fill_context /opt/stack/keystone/keystone/server/flask/request_processing/middleware/auth_context.py:478}}
Jul 12 12:37:17.546581 n-d-849104-5 devstack@keystone.service[87214]: DEBUG keystone.server.flask.request_processing.req_logging [None req-b535203d-0b43-446c-9777-72db4a4e0503 admin admin] REQUEST_METHOD: `GET` {{(pid=87214) log_request_info /opt/stack/keystone/keystone/server/flask/request_processing/req_logging.py:27}}
Jul 12 12:37:17.546864 n-d-849104-5 devstack@keystone.service[87214]: DEBUG keystone.server.flask.request_processing.req_logging [None req-b535203d-0b43-446c-9777-72db4a4e0503 admin admin] SCRIPT_NAME: `/identity` {{(pid=87214) log_request_info /opt/stack/keystone/keystone/server/flask/request_processing/req_logging.py:28}}
Jul 12 12:37:17.547141 n-d-849104-5 devstack@keystone.service[87214]: DEBUG keystone.server.flask.request_processing.req_logging [None req-b535203d-0b43-446c-9777-72db4a4e0503 admin admin] PATH_INFO: `/v3/auth/tokens` {{(pid=87214) log_request_info /opt/stack/keystone/keystone/server/flask/request_processing/req_logging.py:29}}
Jul 12 12:37:17.555882 n-d-849104-5 devstack@keystone.service[87214]: DEBUG keystone.common.rbac_enforcer.enforcer [None req-b535203d-0b43-446c-9777-72db4a4e0503 admin admin] RBAC: Authorizing `identity:validate_token()` {{(pid=87214) enforce_call /opt/stack/keystone/keystone/common/rbac_enforcer/enforcer.py:449}}
Jul 12 12:37:17.607011 n-d-849104-5 devstack@keystone.service[87214]: WARNING keystone.common.rbac_enforcer.enforcer [None req-b535203d-0b43-446c-9777-72db4a4e0503 admin admin] Deprecated policy rules found. Use oslopolicy-policy-generator and oslopolicy-policy-upgrade to detect and resolve deprecated policies in your configuration.
Jul 12 12:37:17.607296 n-d-849104-5 devstack@keystone.service[87214]: DEBUG keystone.common.rbac_enforcer.enforcer [None req-b535203d-0b43-446c-9777-72db4a4e0503 admin admin] RBAC: Authorization granted {{(pid=87214) enforce_call /opt/stack/keystone/keystone/common/rbac_enforcer/enforcer.py:457}}
Jul 12 12:37:17.617294 n-d-849104-5 devstack@keystone.service[87214]: [pid: 87214|app: 0|req: 2/4] 10.222.0.60 () {58 vars in 1324 bytes} [Tue Jul 12 12:37:17 2022] GET /identity/v3/auth/tokens => generated 914 bytes in 287 msecs (HTTP/1.1 200) 6 headers in 379 bytes (2 switches on core 0)
Jul 12 12:37:17.623345 n-d-849104-5 devstack@keystone.service[87215]: DEBUG keystone.server.flask.request_processing.middleware.auth_context [None req-f8b370dd-bc3e-48c9-885a-4e6c8eff63b1 None None] Authenticating user token {{(pid=87215) process_request /usr/local/lib/python3.8/dist-packages/keystonemiddleware/auth_token/__init__.py:407}}
Jul 12 12:37:17.637728 n-d-849104-5 devstack@keystone.service[87215]: DEBUG keystone.server.flask.request_processing.middleware.auth_context [None req-f8b370dd-bc3e-48c9-885a-4e6c8eff63b1 None None] Validating token access rules against request {{(pid=87215) validate_allowed_request /usr/local/lib/python3.8/dist-packages/keystonemiddleware/auth_token/__init__.py:545}}
Jul 12 12:37:17.642133 n-d-849104-5 devstack@keystone.service[87215]: DEBUG keystone.server.flask.request_processing.middleware.auth_context [None req-8b22b399-be4b-43d3-ac12-6f4bdee7fcfd admin admin] RBAC: auth_context: {'token': , 'domain_id': None, 'trust_id': None, 'trustor_id': None, 'trustee_id': None, 'domain_name': None, 'group_ids': [], 'user_id': 'a7464ff7b773448fb1692082cad004b1', 'user_domain_id': 'default', 'system_scope': None, 'project_id': '348b753f786449c3bc31ad10e095f304', 'project_domain_id': 'default', 'roles': ['admin', 'reader', 'member'], 'is_admin_project': True, 'service_user_id': None, 'service_user_domain_id': None, 'service_project_id': None, 'service_project_domain_id': None, 'service_roles': []} {{(pid=87215) fill_context /opt/stack/keystone/keystone/server/flask/request_processing/middleware/auth_context.py:478}}
Jul 12 12:37:17.643255 n-d-849104-5 devstack@keystone.service[87215]: DEBUG keystone.server.flask.request_processing.req_logging [None req-8b22b399-be4b-43d3-ac12-6f4bdee7fcfd admin admin] REQUEST_METHOD: `GET` {{(pid=87215) log_request_info /opt/stack/keystone/keystone/server/flask/request_processing/req_logging.py:27}}
Jul 12 12:37:17.643546 n-d-849104-5 devstack@keystone.service[87215]: DEBUG keystone.server.flask.request_processing.req_logging [None req-8b22b399-be4b-43d3-ac12-6f4bdee7fcfd admin admin] SCRIPT_NAME: `/identity` {{(pid=87215) log_request_info /opt/stack/keystone/keystone/server/flask/request_processing/req_logging.py:28}}
Jul 12 12:37:17.643827 n-d-849104-5 devstack@keystone.service[87215]: DEBUG keystone.server.flask.request_processing.req_logging [None req-8b22b399-be4b-43d3-ac12-6f4bdee7fcfd admin admin] PATH_INFO: `/v3/projects/348b753f786449c3bc31ad10e095f304` {{(pid=87215) log_request_info /opt/stack/keystone/keystone/server/flask/request_processing/req_logging.py:29}}
Jul 12 12:37:17.645358 n-d-849104-5 devstack@keystone.service[87215]: DEBUG keystone.common.rbac_enforcer.enforcer [None req-8b22b399-be4b-43d3-ac12-6f4bdee7fcfd admin admin] RBAC: Authorizing `identity:get_project(project_id=348b753f786449c3bc31ad10e095f304)` {{(pid=87215) enforce_call /opt/stack/keystone/keystone/common/rbac_enforcer/enforcer.py:449}}
Jul 12 12:37:17.699100 n-d-849104-5 devstack@keystone.service[87215]: WARNING keystone.common.rbac_enforcer.enforcer [None req-8b22b399-be4b-43d3-ac12-6f4bdee7fcfd admin admin] Deprecated policy rules found. Use oslopolicy-policy-generator and oslopolicy-policy-upgrade to detect and resolve deprecated policies in your configuration.
Jul 12 12:37:17.699443 n-d-849104-5 devstack@keystone.service[87215]: DEBUG keystone.common.rbac_enforcer.enforcer [None req-8b22b399-be4b-43d3-ac12-6f4bdee7fcfd admin admin] RBAC: Authorization granted {{(pid=87215) enforce_call /opt/stack/keystone/keystone/common/rbac_enforcer/enforcer.py:457}}
Jul 12 12:37:17.704072 n-d-849104-5 devstack@keystone.service[87215]: [pid: 87215|app: 0|req: 3/5] 10.222.0.60 () {56 vars in 1207 bytes} [Tue Jul 12 12:37:17 2022] GET /identity/v3/projects/348b753f786449c3bc31ad10e095f304 => generated 344 bytes in 81 msecs (HTTP/1.1 200) 5 headers in 177 bytes (1 switches on core 0)
Jul 12 12:37:19.820996 n-d-849104-5 devstack@keystone.service[87214]: DEBUG keystone.server.flask.request_processing.req_logging [None req-2aee6b5a-b5ae-4f63-be25-d6f0330d3029 None None] REQUEST_METHOD: `GET` {{(pid=87214) log_request_info /opt/stack/keystone/keystone/server/flask/request_processing/req_logging.py:27}}
Jul 12 12:37:19.821530 n-d-849104-5 devstack@keystone.service[87214]: DEBUG keystone.server.flask.request_processing.req_logging [None req-2aee6b5a-b5ae-4f63-be25-d6f0330d3029 None None] SCRIPT_NAME: `/identity` {{(pid=87214) log_request_info /opt/stack/keystone/keystone/server/flask/request_processing/req_logging.py:28}}
Jul 12 12:37:19.821530 n-d-849104-5 devstack@keystone.service[87214]: DEBUG keystone.server.flask.request_processing.req_logging [None req-2aee6b5a-b5ae-4f63-be25-d6f0330d3029 None None] PATH_INFO: `/` {{(pid=87214) log_request_info /opt/stack/keystone/keystone/server/flask/request_processing/req_logging.py:29}}
Jul 12 12:37:19.825728 n-d-849104-5 devstack@keystone.service[87214]: [pid: 87214|app: 0|req: 3/6] 10.222.0.60 () {54 vars in 926 bytes} [Tue Jul 12 12:37:19 2022] GET /identity => generated 270 bytes in 6 msecs (HTTP/1.1 300) 6 headers in 234 bytes (1 switches on core 0)
Jul 12 12:37:19.831093 n-d-849104-5 devstack@keystone.service[87215]: DEBUG keystone.server.flask.request_processing.req_logging [None req-a4023830-8897-4d58-81da-1e7b5478667f None None] REQUEST_METHOD: `POST` {{(pid=87215) log_request_info /opt/stack/keystone/keystone/server/flask/request_processing/req_logging.py:27}}
Jul 12 12:37:19.831512 n-d-849104-5 devstack@keystone.service[87215]: DEBUG keystone.server.flask.request_processing.req_logging [None req-a4023830-8897-4d58-81da-1e7b5478667f None None] SCRIPT_NAME: `/identity` {{(pid=87215) log_request_info /opt/stack/keystone/keystone/server/flask/request_processing/req_logging.py:28}}
Jul 12 12:37:19.831689 n-d-849104-5 devstack@keystone.service[87215]: DEBUG keystone.server.flask.request_processing.req_logging [None req-a4023830-8897-4d58-81da-1e7b5478667f None None] PATH_INFO: `/v3/auth/tokens` {{(pid=87215) log_request_info /opt/stack/keystone/keystone/server/flask/request_processing/req_logging.py:29}}
Jul 12 12:37:19.850607 n-d-849104-5 devstack@keystone.service[87215]: DEBUG keystone.auth.core [None req-a4023830-8897-4d58-81da-1e7b5478667f None None] MFA Rules not processed for user `a7464ff7b773448fb1692082cad004b1`. Rule list: `[]` (Enabled: `True`). {{(pid=87215) check_auth_methods_against_rules /opt/stack/keystone/keystone/auth/core.py:438}}
Jul 12 12:37:19.852121 n-d-849104-5 devstack@keystone.service[87215]: DEBUG keystone.common.fernet_utils [None req-a4023830-8897-4d58-81da-1e7b5478667f None None] Loaded 2 Fernet keys from /etc/keystone/fernet-keys/, but `[fernet_tokens] max_active_keys = 3`; perhaps there have not been enough key rotations to reach `max_active_keys` yet? {{(pid=87215) load_keys /opt/stack/keystone/keystone/common/fernet_utils.py:286}}
Jul 12 12:37:19.859857 n-d-849104-5 devstack@keystone.service[87215]: [pid: 87215|app: 0|req: 4/7] 10.222.0.60 () {58 vars in 1023 bytes} [Tue Jul 12 12:37:19 2022] POST /identity/v3/auth/tokens => generated 914 bytes in 30 msecs (HTTP/1.1 201) 6 headers in 384 bytes (1 switches on core 0)
Jul 12 12:37:19.881865 n-d-849104-5 devstack@keystone.service[87214]: DEBUG keystone.server.flask.request_processing.middleware.auth_context [None req-2aee6b5a-b5ae-4f63-be25-d6f0330d3029 None None] Authenticating user token {{(pid=87214) process_request /usr/local/lib/python3.8/dist-packages/keystonemiddleware/auth_token/__init__.py:407}}
Jul 12 12:37:19.893568 n-d-849104-5 devstack@keystone.service[87214]: DEBUG keystone.server.flask.request_processing.middleware.auth_context [None req-2aee6b5a-b5ae-4f63-be25-d6f0330d3029 None None] Validating token access rules against request {{(pid=87214) validate_allowed_request /usr/local/lib/python3.8/dist-packages/keystonemiddleware/auth_token/__init__.py:545}}
Jul 12 12:37:19.897673 n-d-849104-5 devstack@keystone.service[87214]: DEBUG keystone.server.flask.request_processing.middleware.auth_context [None req-d924f8eb-9072-4349-9361-1143526eb308 admin admin] RBAC: auth_context: {'token': , 'domain_id': None, 'trust_id': None, 'trustor_id': None, 'trustee_id': None, 'domain_name': None, 'group_ids': [], 'user_id': 'a7464ff7b773448fb1692082cad004b1', 'user_domain_id': 'default', 'system_scope': None, 'project_id': '348b753f786449c3bc31ad10e095f304', 'project_domain_id': 'default', 'roles': ['admin', 'reader', 'member'], 'is_admin_project': True, 'service_user_id': None, 'service_user_domain_id': None, 'service_project_id': None, 'service_project_domain_id': None, 'service_roles': []} {{(pid=87214) fill_context /opt/stack/keystone/keystone/server/flask/request_processing/middleware/auth_context.py:478}}
Jul 12 12:37:19.898287 n-d-849104-5 devstack@keystone.service[87214]: DEBUG keystone.server.flask.request_processing.req_logging [None req-d924f8eb-9072-4349-9361-1143526eb308 admin admin] REQUEST_METHOD: `GET` {{(pid=87214) log_request_info /opt/stack/keystone/keystone/server/flask/request_processing/req_logging.py:27}}
Jul 12 12:37:19.898571 n-d-849104-5 devstack@keystone.service[87214]: DEBUG keystone.server.flask.request_processing.req_logging [None req-d924f8eb-9072-4349-9361-1143526eb308 admin admin] SCRIPT_NAME: `/identity` {{(pid=87214) log_request_info /opt/stack/keystone/keystone/server/flask/request_processing/req_logging.py:28}}
Jul 12 12:37:19.898846 n-d-849104-5 devstack@keystone.service[87214]: DEBUG keystone.server.flask.request_processing.req_logging [None req-d924f8eb-9072-4349-9361-1143526eb308 admin admin] PATH_INFO: `/v3/auth/tokens` {{(pid=87214) log_request_info /opt/stack/keystone/keystone/server/flask/request_processing/req_logging.py:29}}
Jul 12 12:37:19.906385 n-d-849104-5 devstack@keystone.service[87214]: DEBUG keystone.common.rbac_enforcer.enforcer [None req-d924f8eb-9072-4349-9361-1143526eb308 admin admin] RBAC: Authorizing `identity:validate_token()` {{(pid=87214) enforce_call /opt/stack/keystone/keystone/common/rbac_enforcer/enforcer.py:449}}
Jul 12 12:37:19.908146 n-d-849104-5 devstack@keystone.service[87214]: DEBUG keystone.common.rbac_enforcer.enforcer [None req-d924f8eb-9072-4349-9361-1143526eb308 admin admin] RBAC: Authorization granted {{(pid=87214) enforce_call /opt/stack/keystone/keystone/common/rbac_enforcer/enforcer.py:457}}
Jul 12 12:37:19.917303 n-d-849104-5 devstack@keystone.service[87214]: [pid: 87214|app: 0|req: 4/8] 10.222.0.60 () {58 vars in 1324 bytes} [Tue Jul 12 12:37:19 2022] GET /identity/v3/auth/tokens => generated 914 bytes in 36 msecs (HTTP/1.1 200) 6 headers in 379 bytes (1 switches on core 0)
Jul 12 12:37:19.922430 n-d-849104-5 devstack@keystone.service[87215]: DEBUG keystone.server.flask.request_processing.middleware.auth_context [None req-a4023830-8897-4d58-81da-1e7b5478667f None None] Authenticating user token {{(pid=87215) process_request /usr/local/lib/python3.8/dist-packages/keystonemiddleware/auth_token/__init__.py:407}}
Jul 12 12:37:19.932932 n-d-849104-5 devstack@keystone.service[87215]: DEBUG keystone.server.flask.request_processing.middleware.auth_context [None req-a4023830-8897-4d58-81da-1e7b5478667f None None] Validating token access rules against request {{(pid=87215) validate_allowed_request /usr/local/lib/python3.8/dist-packages/keystonemiddleware/auth_token/__init__.py:545}}
Jul 12 12:37:19.937374 n-d-849104-5 devstack@keystone.service[87215]: DEBUG keystone.server.flask.request_processing.middleware.auth_context [None req-b0bb3cda-3c2a-4af7-ab9c-ae80aac29583 admin admin] RBAC: auth_context: {'token': , 'domain_id': None, 'trust_id': None, 'trustor_id': None, 'trustee_id': None, 'domain_name': None, 'group_ids': [], 'user_id': 'a7464ff7b773448fb1692082cad004b1', 'user_domain_id': 'default', 'system_scope': None, 'project_id': '348b753f786449c3bc31ad10e095f304', 'project_domain_id': 'default', 'roles': ['admin', 'reader', 'member'], 'is_admin_project': True, 'service_user_id': None, 'service_user_domain_id': None, 'service_project_id': None, 'service_project_domain_id': None, 'service_roles': []} {{(pid=87215) fill_context /opt/stack/keystone/keystone/server/flask/request_processing/middleware/auth_context.py:478}}
Jul 12 12:37:19.938253 n-d-849104-5 devstack@keystone.service[87215]: DEBUG keystone.server.flask.request_processing.req_logging [None req-b0bb3cda-3c2a-4af7-ab9c-ae80aac29583 admin admin] REQUEST_METHOD: `GET` {{(pid=87215) log_request_info /opt/stack/keystone/keystone/server/flask/request_processing/req_logging.py:27}}
Jul 12 12:37:19.938538 n-d-849104-5 devstack@keystone.service[87215]: DEBUG keystone.server.flask.request_processing.req_logging [None req-b0bb3cda-3c2a-4af7-ab9c-ae80aac29583 admin admin] SCRIPT_NAME: `/identity` {{(pid=87215) log_request_info /opt/stack/keystone/keystone/server/flask/request_processing/req_logging.py:28}}
Jul 12 12:37:19.938816 n-d-849104-5 devstack@keystone.service[87215]: DEBUG keystone.server.flask.request_processing.req_logging [None req-b0bb3cda-3c2a-4af7-ab9c-ae80aac29583 admin admin] PATH_INFO: `/v3/users/a7464ff7b773448fb1692082cad004b1` {{(pid=87215) log_request_info /opt/stack/keystone/keystone/server/flask/request_processing/req_logging.py:29}}
Jul 12 12:37:19.941239 n-d-849104-5 devstack@keystone.service[87215]: DEBUG keystone.common.rbac_enforcer.enforcer [None req-b0bb3cda-3c2a-4af7-ab9c-ae80aac29583 admin admin] RBAC: Authorizing `identity:get_user(user_id=a7464ff7b773448fb1692082cad004b1)` {{(pid=87215) enforce_call /opt/stack/keystone/keystone/common/rbac_enforcer/enforcer.py:449}}
Jul 12 12:37:19.943570 n-d-849104-5 devstack@keystone.service[87215]: DEBUG keystone.common.rbac_enforcer.enforcer [None req-b0bb3cda-3c2a-4af7-ab9c-ae80aac29583 admin admin] RBAC: Authorization granted {{(pid=87215) enforce_call /opt/stack/keystone/keystone/common/rbac_enforcer/enforcer.py:457}}
Jul 12 12:37:19.946548 n-d-849104-5 devstack@keystone.service[87215]: [pid: 87215|app: 0|req: 5/9] 10.222.0.60 () {56 vars in 1198 bytes} [Tue Jul 12 12:37:19 2022] GET /identity/v3/users/a7464ff7b773448fb1692082cad004b1 => generated 247 bytes in 25 msecs (HTTP/1.1 200) 5 headers in 177 bytes (1 switches on core 0)
Jul 12 12:37:22.010441 n-d-849104-5 devstack@keystone.service[87214]: DEBUG keystone.server.flask.request_processing.req_logging [None req-e96ce8c2-8e02-48f9-b550-5ebc3071785b None None] REQUEST_METHOD: `GET` {{(pid=87214) log_request_info /opt/stack/keystone/keystone/server/flask/request_processing/req_logging.py:27}}
Jul 12 12:37:22.010925 n-d-849104-5 devstack@keystone.service[87214]: DEBUG keystone.server.flask.request_processing.req_logging [None req-e96ce8c2-8e02-48f9-b550-5ebc3071785b None None] SCRIPT_NAME: `/identity` {{(pid=87214) log_request_info /opt/stack/keystone/keystone/server/flask/request_processing/req_logging.py:28}}
Jul 12 12:37:22.010925 n-d-849104-5 devstack@keystone.service[87214]: DEBUG keystone.server.flask.request_processing.req_logging [None req-e96ce8c2-8e02-48f9-b550-5ebc3071785b None None] PATH_INFO: `/` {{(pid=87214) log_request_info /opt/stack/keystone/keystone/server/flask/request_processing/req_logging.py:29}}
Jul 12 12:37:22.012338 n-d-849104-5 devstack@keystone.service[87214]: [pid: 87214|app: 0|req: 5/10] 10.222.0.60 () {54 vars in 926 bytes} [Tue Jul 12 12:37:22 2022] GET /identity => generated 270 bytes in 3 msecs (HTTP/1.1 300) 6 headers in 234 bytes (2 switches on core 0)
Jul 12 12:37:22.017515 n-d-849104-5 devstack@keystone.service[87215]: DEBUG keystone.server.flask.request_processing.req_logging [None req-241e896a-7890-48a3-b330-90f5a24962d5 None None] REQUEST_METHOD: `POST` {{(pid=87215) log_request_info /opt/stack/keystone/keystone/server/flask/request_processing/req_logging.py:27}}
Jul 12 12:37:22.017912 n-d-849104-5 devstack@keystone.service[87215]: DEBUG keystone.server.flask.request_processing.req_logging [None req-241e896a-7890-48a3-b330-90f5a24962d5 None None] SCRIPT_NAME: `/identity` {{(pid=87215) log_request_info /opt/stack/keystone/keystone/server/flask/request_processing/req_logging.py:28}}
Jul 12 12:37:22.018074 n-d-849104-5 devstack@keystone.service[87215]: DEBUG keystone.server.flask.request_processing.req_logging [None req-241e896a-7890-48a3-b330-90f5a24962d5 None None] PATH_INFO: `/v3/auth/tokens` {{(pid=87215) log_request_info /opt/stack/keystone/keystone/server/flask/request_processing/req_logging.py:29}}
Jul 12 12:37:22.035129 n-d-849104-5 devstack@keystone.service[87215]: DEBUG keystone.auth.core [None req-241e896a-7890-48a3-b330-90f5a24962d5 None None] MFA Rules not processed for user `a7464ff7b773448fb1692082cad004b1`. Rule list: `[]` (Enabled: `True`). {{(pid=87215) check_auth_methods_against_rules /opt/stack/keystone/keystone/auth/core.py:438}}
Jul 12 12:37:22.036340 n-d-849104-5 devstack@keystone.service[87215]: DEBUG keystone.common.fernet_utils [None req-241e896a-7890-48a3-b330-90f5a24962d5 None None] Loaded 2 Fernet keys from /etc/keystone/fernet-keys/, but `[fernet_tokens] max_active_keys = 3`; perhaps there have not been enough key rotations to reach `max_active_keys` yet? {{(pid=87215) load_keys /opt/stack/keystone/keystone/common/fernet_utils.py:286}}
Jul 12 12:37:22.077927 n-d-849104-5 devstack@keystone.service[87214]: DEBUG keystone.server.flask.request_processing.req_logging [None req-928c55ee-567f-4a2f-9cf2-48a139580523 None None] REQUEST_METHOD: `GET` {{(pid=87214) log_request_info /opt/stack/keystone/keystone/server/flask/request_processing/req_logging.py:27}}
Jul 12 12:37:22.078211 n-d-849104-5 devstack@keystone.service[87214]: DEBUG keystone.server.flask.request_processing.req_logging [None req-928c55ee-567f-4a2f-9cf2-48a139580523 None None] SCRIPT_NAME: `/identity` {{(pid=87214) log_request_info /opt/stack/keystone/keystone/server/flask/request_processing/req_logging.py:28}}
Jul 12 12:37:22.078486 n-d-849104-5 devstack@keystone.service[87214]: DEBUG keystone.server.flask.request_processing.req_logging [None req-928c55ee-567f-4a2f-9cf2-48a139580523 None None] PATH_INFO: `/` {{(pid=87214) log_request_info /opt/stack/keystone/keystone/server/flask/request_processing/req_logging.py:29}}
Jul 12 12:37:22.080013 n-d-849104-5 devstack@keystone.service[87214]: [pid: 87214|app: 0|req: 6/11] 10.222.0.60 () {54 vars in 926 bytes} [Tue Jul 12 12:37:22 2022] GET /identity => generated 270 bytes in 3 msecs (HTTP/1.1 300) 6 headers in 234 bytes (2 switches on core 0)
Jul 12 12:37:22.085514 n-d-849104-5 devstack@keystone.service[87214]: DEBUG keystone.server.flask.request_processing.req_logging [None req-5c0877db-1bcf-4277-8a6b-7907a41c000e None None] REQUEST_METHOD: `POST` {{(pid=87214) log_request_info /opt/stack/keystone/keystone/server/flask/request_processing/req_logging.py:27}}
Jul 12 12:37:22.085801 n-d-849104-5 devstack@keystone.service[87214]: DEBUG keystone.server.flask.request_processing.req_logging [None req-5c0877db-1bcf-4277-8a6b-7907a41c000e None None] SCRIPT_NAME: `/identity` {{(pid=87214) log_request_info /opt/stack/keystone/keystone/server/flask/request_processing/req_logging.py:28}}
Jul 12 12:37:22.086077 n-d-849104-5 devstack@keystone.service[87214]: DEBUG keystone.server.flask.request_processing.req_logging [None req-5c0877db-1bcf-4277-8a6b-7907a41c000e None None] PATH_INFO: `/v3/auth/tokens` {{(pid=87214) log_request_info /opt/stack/keystone/keystone/server/flask/request_processing/req_logging.py:29}}
Jul 12 12:37:22.117541 n-d-849104-5 devstack@keystone.service[87215]: [pid: 87215|app: 0|req: 6/12] 10.222.0.60 () {58 vars in 1023 bytes} [Tue Jul 12 12:37:22 2022] POST /identity/v3/auth/tokens => generated 799 bytes in 101 msecs (HTTP/1.1 201) 6 headers in 363 bytes (1 switches on core 0)
Jul 12 12:37:22.125397 n-d-849104-5 devstack@keystone.service[87214]: DEBUG passlib.handlers.bcrypt [None req-5c0877db-1bcf-4277-8a6b-7907a41c000e None None] detected 'bcrypt' backend, version '3.2.2' {{(pid=87214) _load_backend_mixin /usr/local/lib/python3.8/dist-packages/passlib/handlers/bcrypt.py:625}}
Jul 12 12:37:22.125811 n-d-849104-5 devstack@keystone.service[87214]: DEBUG passlib.handlers.bcrypt [None req-5c0877db-1bcf-4277-8a6b-7907a41c000e None None] 'bcrypt' backend lacks $2$ support, enabling workaround {{(pid=87214) _finalize_backend_mixin /usr/local/lib/python3.8/dist-packages/passlib/handlers/bcrypt.py:406}}
Jul 12 12:37:22.140015 n-d-849104-5 devstack@keystone.service[87215]: DEBUG keystone.server.flask.request_processing.middleware.auth_context [None req-241e896a-7890-48a3-b330-90f5a24962d5 None None] Authenticating user token {{(pid=87215) process_request /usr/local/lib/python3.8/dist-packages/keystonemiddleware/auth_token/__init__.py:407}}
Jul 12 12:37:22.164005 n-d-849104-5 devstack@keystone.service[87215]: DEBUG dbcounter [-] [87215] Writing DB stats keystone:SELECT=100 {{(pid=87215) stat_writer /usr/local/lib/python3.8/dist-packages/dbcounter.py:114}}
Jul 12 12:37:22.171191 n-d-849104-5 devstack@keystone.service[87214]: DEBUG keystone.auth.core [None req-5c0877db-1bcf-4277-8a6b-7907a41c000e None None] MFA Rules not processed for user `a7464ff7b773448fb1692082cad004b1`. Rule list: `[]` (Enabled: `True`). {{(pid=87214) check_auth_methods_against_rules /opt/stack/keystone/keystone/auth/core.py:438}}
Jul 12 12:37:22.172804 n-d-849104-5 devstack@keystone.service[87214]: DEBUG keystone.common.fernet_utils [None req-5c0877db-1bcf-4277-8a6b-7907a41c000e None None] Loaded 2 Fernet keys from /etc/keystone/fernet-keys/, but `[fernet_tokens] max_active_keys = 3`; perhaps there have not been enough key rotations to reach `max_active_keys` yet? {{(pid=87214) load_keys /opt/stack/keystone/keystone/common/fernet_utils.py:286}}
Jul 12 12:37:22.242780 n-d-849104-5 devstack@keystone.service[87215]: DEBUG keystone.server.flask.request_processing.middleware.auth_context [None req-241e896a-7890-48a3-b330-90f5a24962d5 None None] Validating token access rules against request {{(pid=87215) validate_allowed_request /usr/local/lib/python3.8/dist-packages/keystonemiddleware/auth_token/__init__.py:545}}
Jul 12 12:37:22.272359 n-d-849104-5 devstack@keystone.service[87214]: [pid: 87214|app: 0|req: 7/13] 10.222.0.60 () {58 vars in 1023 bytes} [Tue Jul 12 12:37:22 2022] POST /identity/v3/auth/tokens => generated 799 bytes in 187 msecs (HTTP/1.1 201) 6 headers in 363 bytes (2 switches on core 0)
Jul 12 12:37:22.276498 n-d-849104-5 devstack@keystone.service[87215]: DEBUG keystone.server.flask.request_processing.middleware.auth_context [None req-391695eb-85cb-42c4-9904-460ca1f4822d None admin] RBAC: auth_context: {'token': , 'domain_id': None, 'trust_id': None, 'trustor_id': None, 'trustee_id': None, 'domain_name': None, 'group_ids': [], 'user_id': 'a7464ff7b773448fb1692082cad004b1', 'user_domain_id': 'default', 'system_scope': 'all', 'project_id': None, 'project_domain_id': None, 'roles': ['admin', 'member', 'reader'], 'is_admin_project': True, 'service_user_id': None, 'service_user_domain_id': None, 'service_project_id': None, 'service_project_domain_id': None, 'service_roles': []} {{(pid=87215) fill_context /opt/stack/keystone/keystone/server/flask/request_processing/middleware/auth_context.py:478}}
Jul 12 12:37:22.277298 n-d-849104-5 devstack@keystone.service[87215]: DEBUG keystone.server.flask.request_processing.req_logging [None req-391695eb-85cb-42c4-9904-460ca1f4822d None admin] REQUEST_METHOD: `GET` {{(pid=87215) log_request_info /opt/stack/keystone/keystone/server/flask/request_processing/req_logging.py:27}}
Jul 12 12:37:22.277591 n-d-849104-5 devstack@keystone.service[87215]: DEBUG keystone.server.flask.request_processing.req_logging [None req-391695eb-85cb-42c4-9904-460ca1f4822d None admin] SCRIPT_NAME: `/identity` {{(pid=87215) log_request_info /opt/stack/keystone/keystone/server/flask/request_processing/req_logging.py:28}}
Jul 12 12:37:22.277874 n-d-849104-5 devstack@keystone.service[87215]: DEBUG keystone.server.flask.request_processing.req_logging [None req-391695eb-85cb-42c4-9904-460ca1f4822d None admin] PATH_INFO: `/v3/roles/admin` {{(pid=87215) log_request_info /opt/stack/keystone/keystone/server/flask/request_processing/req_logging.py:29}}
Jul 12 12:37:22.289481 n-d-849104-5 devstack@keystone.service[87215]: DEBUG keystone.common.rbac_enforcer.enforcer [None req-391695eb-85cb-42c4-9904-460ca1f4822d None admin] Extracting inferred target data resulted in "NOT FOUND (404)". {{(pid=87215) enforce_call /opt/stack/keystone/keystone/common/rbac_enforcer/enforcer.py:409}}
Jul 12 12:37:22.294447 n-d-849104-5 devstack@keystone.service[87214]: DEBUG keystone.server.flask.request_processing.middleware.auth_context [None req-5c0877db-1bcf-4277-8a6b-7907a41c000e None None] Authenticating user token {{(pid=87214) process_request /usr/local/lib/python3.8/dist-packages/keystonemiddleware/auth_token/__init__.py:407}}
Jul 12 12:37:22.300913 n-d-849104-5 devstack@keystone.service[87215]: ERROR keystone.server.flask.application [None req-391695eb-85cb-42c4-9904-460ca1f4822d None admin] Could not find role: admin.: keystone.exception.RoleNotFound: Could not find role: admin.
Jul 12 12:37:22.300913 n-d-849104-5 devstack@keystone.service[87215]: ERROR keystone.server.flask.application
Traceback (most recent call last):
Jul 12 12:37:22.300913 n-d-849104-5 devstack@keystone.service[87215]: ERROR keystone.server.flask.application
File "/usr/local/lib/python3.8/dist-packages/flask/app.py", line 1523, in full_dispatch_request
Jul 12 12:37:22.300913 n-d-849104-5 devstack@keystone.service[87215]: ERROR keystone.server.flask.application rv = self.dispatch_request()
Jul 12 12:37:22.300913 n-d-849104-5 devstack@keystone.service[87215]: ERROR keystone.server.flask.application
File "/usr/local/lib/python3.8/dist-packages/flask/app.py", line 1509, in dispatch_request
Jul 12 12:37:22.300913 n-d-849104-5 devstack@keystone.service[87215]: ERROR keystone.server.flask.application return self.ensure_sync(self.view_functions[rule.endpoint])(**req.view_args)
Jul 12 12:37:22.300913 n-d-849104-5 devstack@keystone.service[87215]: ERROR keystone.server.flask.application
File "/usr/local/lib/python3.8/dist-packages/flask_restful/__init__.py", line 467, in wrapper
Jul 12 12:37:22.300913 n-d-849104-5 devstack@keystone.service[87215]: ERROR keystone.server.flask.application resp = resource(*args, **kwargs)
Jul 12 12:37:22.300913 n-d-849104-5 devstack@keystone.service[87215]: ERROR keystone.server.flask.application
File "/usr/local/lib/python3.8/dist-packages/flask/views.py", line 84, in view
Jul 12 12:37:22.300913 n-d-849104-5 devstack@keystone.service[87215]: ERROR keystone.server.flask.application return current_app.ensure_sync(self.dispatch_request)(*args, **kwargs)
Jul 12 12:37:22.300913 n-d-849104-5 devstack@keystone.service[87215]: ERROR keystone.server.flask.application
File "/usr/local/lib/python3.8/dist-packages/flask_restful/__init__.py", line 582, in dispatch_request
Jul 12 12:37:22.300913 n-d-849104-5 devstack@keystone.service[87215]: ERROR keystone.server.flask.application resp = meth(*args, **kwargs)
Jul 12 12:37:22.300913 n-d-849104-5 devstack@keystone.service[87215]: ERROR keystone.server.flask.application
File "/opt/stack/keystone/keystone/api/roles.py", line 50, in get
Jul 12 12:37:22.300913 n-d-849104-5 devstack@keystone.service[87215]: ERROR keystone.server.flask.application return self._get_role(role_id)
Jul 12 12:37:22.300913 n-d-849104-5 devstack@keystone.service[87215]: ERROR keystone.server.flask.application
File "/opt/stack/keystone/keystone/api/roles.py", line 70, in _get_role
Jul 12 12:37:22.300913 n-d-849104-5 devstack@keystone.service[87215]: ERROR keystone.server.flask.application ENFORCER.enforce_call(action='identity:get_role')
Jul 12 12:37:22.301888 n-d-849104-5 devstack@keystone.service[87215]: ERROR keystone.server.flask.application
File "/opt/stack/keystone/keystone/common/rbac_enforcer/enforcer.py", line 402, in enforce_call
Jul 12 12:37:22.301888 n-d-849104-5 devstack@keystone.service[87215]: ERROR keystone.server.flask.application policy_dict.update(cls._extract_member_target_data(
Jul 12 12:37:22.301888 n-d-849104-5 devstack@keystone.service[87215]: ERROR keystone.server.flask.application
File "/opt/stack/keystone/keystone/common/rbac_enforcer/enforcer.py", line 234, in _extract_member_target_data
Jul 12 12:37:22.301888 n-d-849104-5 devstack@keystone.service[87215]: ERROR keystone.server.flask.application member_name: func(flask.request.view_args[key])
Jul 12 12:37:22.301888 n-d-849104-5 devstack@keystone.service[87215]: ERROR keystone.server.flask.application
File "/opt/stack/keystone/keystone/common/manager.py", line 115, in wrapped
Jul 12 12:37:22.301888 n-d-849104-5 devstack@keystone.service[87215]: ERROR keystone.server.flask.application __ret_val = __f(*args, **kwargs)
Jul 12 12:37:22.301888 n-d-849104-5 devstack@keystone.service[87215]: ERROR keystone.server.flask.application
File "/usr/local/lib/python3.8/dist-packages/decorator.py", line 232, in fun
Jul 12 12:37:22.301888 n-d-849104-5 devstack@keystone.service[87215]: ERROR keystone.server.flask.application return caller(func, *(extras + args), **kw)
Jul 12 12:37:22.301888 n-d-849104-5 devstack@keystone.service[87215]: ERROR keystone.server.flask.application
File "/usr/local/lib/python3.8/dist-packages/dogpile/cache/region.py", line 1577, in get_or_create_for_user_func
Jul 12 12:37:22.301888 n-d-849104-5 devstack@keystone.service[87215]: ERROR keystone.server.flask.application return self.get_or_create(
Jul 12 12:37:22.301888 n-d-849104-5 devstack@keystone.service[87215]: ERROR keystone.server.flask.application
File "/usr/local/lib/python3.8/dist-packages/dogpile/cache/region.py", line 1042, in get_or_create
Jul 12 12:37:22.301888 n-d-849104-5 devstack@keystone.service[87215]: ERROR keystone.server.flask.application with Lock(
Jul 12 12:37:22.301888 n-d-849104-5 devstack@keystone.service[87215]: ERROR keystone.server.flask.application
File "/usr/local/lib/python3.8/dist-packages/dogpile/lock.py", line 185, in __enter__
Jul 12 12:37:22.301888 n-d-849104-5 devstack@keystone.service[87215]: ERROR keystone.server.flask.application return self._enter()
Jul 12 12:37:22.301888 n-d-849104-5 devstack@keystone.service[87215]: ERROR keystone.server.flask.application
File "/usr/local/lib/python3.8/dist-packages/dogpile/lock.py", line 94, in _enter
Jul 12 12:37:22.301888 n-d-849104-5 devstack@keystone.service[87215]: ERROR keystone.server.flask.application generated = self._enter_create(value, createdtime)
Jul 12 12:37:22.302734 n-d-849104-5 devstack@keystone.service[87215]: ERROR keystone.server.flask.application
File "/usr/local/lib/python3.8/dist-packages/dogpile/lock.py", line 178, in _enter_create
Jul 12 12:37:22.302734 n-d-849104-5 devstack@keystone.service[87215]: ERROR keystone.server.flask.application return self.creator()
Jul 12 12:37:22.302734 n-d-849104-5 devstack@keystone.service[87215]: ERROR keystone.server.flask.application
File "/usr/local/lib/python3.8/dist-packages/dogpile/cache/region.py", line 995, in gen_value
Jul 12 12:37:22.302734 n-d-849104-5 devstack@keystone.service[87215]: ERROR keystone.server.flask.application created_value = creator(
Jul 12 12:37:22.302734 n-d-849104-5 devstack@keystone.service[87215]: ERROR keystone.server.flask.application
File "/opt/stack/keystone/keystone/assignment/core.py", line 1276, in get_role
Jul 12 12:37:22.302734 n-d-849104-5 devstack@keystone.service[87215]: ERROR keystone.server.flask.application return self.driver.get_role(role_id)
Jul 12 12:37:22.302734 n-d-849104-5 devstack@keystone.service[87215]: ERROR keystone.server.flask.application
File "/opt/stack/keystone/keystone/assignment/role_backends/sql.py", line 70, in get_role
Jul 12 12:37:22.302734 n-d-849104-5 devstack@keystone.service[87215]: ERROR keystone.server.flask.application return self._get_role(session, role_id).to_dict()
Jul 12 12:37:22.302734 n-d-849104-5 devstack@keystone.service[87215]: ERROR keystone.server.flask.application
File "/opt/stack/keystone/keystone/assignment/role_backends/sql.py", line 65, in _get_role
Jul 12 12:37:22.302734 n-d-849104-5 devstack@keystone.service[87215]: ERROR keystone.server.flask.application raise exception.RoleNotFound(role_id=role_id)
Jul 12 12:37:22.302734 n-d-849104-5 devstack@keystone.service[87215]: ERROR keystone.server.flask.application keystone.exception.RoleNotFound: Could not find role: admin.
Jul 12 12:37:22.302734 n-d-849104-5 devstack@keystone.service[87215]: ERROR keystone.server.flask.application
Jul 12 12:37:22.302734 n-d-849104-5 devstack@keystone.service[87215]: [pid: 87215|app: 0|req: 7/14] 10.222.0.60 () {56 vars in 1096 bytes} [Tue Jul 12 12:37:22 2022] GET /identity/v3/roles/admin => generated 83 bytes in 163 msecs (HTTP/1.1 404) 5 headers in 183 bytes (2 switches on core 0)
Jul 12 12:37:22.307830 n-d-849104-5 devstack@keystone.service[87215]: DEBUG keystone.server.flask.request_processing.middleware.auth_context [None req-391695eb-85cb-42c4-9904-460ca1f4822d None admin] Authenticating user token {{(pid=87215) process_request /usr/local/lib/python3.8/dist-packages/keystonemiddleware/auth_token/__init__.py:407}}
Jul 12 12:37:22.388046 n-d-849104-5 devstack@keystone.service[87215]: DEBUG dbcounter [-] [87215] Writing DB stats keystone:SELECT=100 {{(pid=87215) stat_writer /usr/local/lib/python3.8/dist-packages/dbcounter.py:114}}
Jul 12 12:37:22.392524 n-d-849104-5 devstack@keystone.service[87214]: DEBUG keystone.server.flask.request_processing.middleware.auth_context [None req-5c0877db-1bcf-4277-8a6b-7907a41c000e None None] Validating token access rules against request {{(pid=87214) validate_allowed_request /usr/local/lib/python3.8/dist-packages/keystonemiddleware/auth_token/__init__.py:545}}
Jul 12 12:37:22.394754 n-d-849104-5 devstack@keystone.service[87214]: DEBUG dbcounter [-] [87214] Writing DB stats keystone:SELECT=100 {{(pid=87214) stat_writer /usr/local/lib/python3.8/dist-packages/dbcounter.py:114}}
Jul 12 12:37:22.406250 n-d-849104-5 devstack@keystone.service[87215]: DEBUG keystone.server.flask.request_processing.middleware.auth_context [None req-391695eb-85cb-42c4-9904-460ca1f4822d None admin] Validating token access rules against request {{(pid=87215) validate_allowed_request /usr/local/lib/python3.8/dist-packages/keystonemiddleware/auth_token/__init__.py:545}}
Jul 12 12:37:22.429542 n-d-849104-5 devstack@keystone.service[87214]: DEBUG keystone.server.flask.request_processing.middleware.auth_context [None req-7df7598e-9ba3-47ae-8cab-bfc517254075 None admin] RBAC: auth_context: {'token': , 'domain_id': None, 'trust_id': None, 'trustor_id': None, 'trustee_id': None, 'domain_name': None, 'group_ids': [], 'user_id': 'a7464ff7b773448fb1692082cad004b1', 'user_domain_id': 'default', 'system_scope': 'all', 'project_id': None, 'project_domain_id': None, 'roles': ['admin', 'member', 'reader'], 'is_admin_project': True, 'service_user_id': None, 'service_user_domain_id': None, 'service_project_id': None, 'service_project_domain_id': None, 'service_roles': []} {{(pid=87214) fill_context /opt/stack/keystone/keystone/server/flask/request_processing/middleware/auth_context.py:478}}
Jul 12 12:37:22.430434 n-d-849104-5 devstack@keystone.service[87214]: DEBUG keystone.server.flask.request_processing.req_logging [None req-7df7598e-9ba3-47ae-8cab-bfc517254075 None admin] REQUEST_METHOD: `GET` {{(pid=87214) log_request_info /opt/stack/keystone/keystone/server/flask/request_processing/req_logging.py:27}}
Jul 12 12:37:22.430719 n-d-849104-5 devstack@keystone.service[87214]: DEBUG keystone.server.flask.request_processing.req_logging [None req-7df7598e-9ba3-47ae-8cab-bfc517254075 None admin] SCRIPT_NAME: `/identity` {{(pid=87214) log_request_info /opt/stack/keystone/keystone/server/flask/request_processing/req_logging.py:28}}
Jul 12 12:37:22.430993 n-d-849104-5 devstack@keystone.service[87214]: DEBUG keystone.server.flask.request_processing.req_logging [None req-7df7598e-9ba3-47ae-8cab-bfc517254075 None admin] PATH_INFO: `/v3/auth/tokens` {{(pid=87214) log_request_info /opt/stack/keystone/keystone/server/flask/request_processing/req_logging.py:29}}
Jul 12 12:37:22.440191 n-d-849104-5 devstack@keystone.service[87215]: DEBUG keystone.server.flask.request_processing.middleware.auth_context [None req-48e5e150-2e79-45db-83c9-37621a882484 None admin] RBAC: auth_context: {'token': , 'domain_id': None, 'trust_id': None, 'trustor_id': None, 'trustee_id': None, 'domain_name': None, 'group_ids': [], 'user_id': 'a7464ff7b773448fb1692082cad004b1', 'user_domain_id': 'default', 'system_scope': 'all', 'project_id': None, 'project_domain_id': None, 'roles': ['admin', 'member', 'reader'], 'is_admin_project': True, 'service_user_id': None, 'service_user_domain_id': None, 'service_project_id': None, 'service_project_domain_id': None, 'service_roles': []} {{(pid=87215) fill_context /opt/stack/keystone/keystone/server/flask/request_processing/middleware/auth_context.py:478}}
Jul 12 12:37:22.440877 n-d-849104-5 devstack@keystone.service[87215]: DEBUG keystone.server.flask.request_processing.req_logging [None req-48e5e150-2e79-45db-83c9-37621a882484 None admin] REQUEST_METHOD: `GET` {{(pid=87215) log_request_info /opt/stack/keystone/keystone/server/flask/request_processing/req_logging.py:27}}
Jul 12 12:37:22.441168 n-d-849104-5 devstack@keystone.service[87215]: DEBUG keystone.server.flask.request_processing.req_logging [None req-48e5e150-2e79-45db-83c9-37621a882484 None admin] SCRIPT_NAME: `/identity` {{(pid=87215) log_request_info /opt/stack/keystone/keystone/server/flask/request_processing/req_logging.py:28}}
Jul 12 12:37:22.441447 n-d-849104-5 devstack@keystone.service[87215]: DEBUG keystone.server.flask.request_processing.req_logging [None req-48e5e150-2e79-45db-83c9-37621a882484 None admin] PATH_INFO: `/v3/roles` {{(pid=87215) log_request_info /opt/stack/keystone/keystone/server/flask/request_processing/req_logging.py:29}}
Jul 12 12:37:22.442202 n-d-849104-5 devstack@keystone.service[87215]: DEBUG keystone.common.rbac_enforcer.enforcer [None req-48e5e150-2e79-45db-83c9-37621a882484 None admin] RBAC: Adding query filter params (name=admin) {{(pid=87215) _extract_filter_values /opt/stack/keystone/keystone/common/rbac_enforcer/enforcer.py:167}}
Jul 12 12:37:22.442515 n-d-849104-5 devstack@keystone.service[87215]: DEBUG keystone.common.rbac_enforcer.enforcer [None req-48e5e150-2e79-45db-83c9-37621a882484 None admin] RBAC: Authorizing `identity:list_roles()` {{(pid=87215) enforce_call /opt/stack/keystone/keystone/common/rbac_enforcer/enforcer.py:449}}
Jul 12 12:37:22.443928 n-d-849104-5 devstack@keystone.service[87215]: DEBUG keystone.common.rbac_enforcer.enforcer [None req-48e5e150-2e79-45db-83c9-37621a882484 None admin] RBAC: Authorization granted {{(pid=87215) enforce_call /opt/stack/keystone/keystone/common/rbac_enforcer/enforcer.py:457}}
Jul 12 12:37:22.455515 n-d-849104-5 devstack@keystone.service[87215]: [pid: 87215|app: 0|req: 8/15] 10.222.0.60 () {56 vars in 1099 bytes} [Tue Jul 12 12:37:22 2022] GET /identity/v3/roles?name=admin => generated 339 bytes in 148 msecs (HTTP/1.1 200) 5 headers in 177 bytes (2 switches on core 0)
Jul 12 12:37:22.461487 n-d-849104-5 devstack@keystone.service[87215]: DEBUG keystone.server.flask.request_processing.middleware.auth_context [None req-48e5e150-2e79-45db-83c9-37621a882484 None admin] Authenticating user token {{(pid=87215) process_request /usr/local/lib/python3.8/dist-packages/keystonemiddleware/auth_token/__init__.py:407}}
Jul 12 12:37:22.499938 n-d-849104-5 devstack@keystone.service[87214]: DEBUG keystone.common.rbac_enforcer.enforcer [None req-7df7598e-9ba3-47ae-8cab-bfc517254075 None admin] RBAC: Authorizing `identity:validate_token()` {{(pid=87214) enforce_call /opt/stack/keystone/keystone/common/rbac_enforcer/enforcer.py:449}}
Jul 12 12:37:22.501490 n-d-849104-5 devstack@keystone.service[87214]: DEBUG keystone.common.rbac_enforcer.enforcer [None req-7df7598e-9ba3-47ae-8cab-bfc517254075 None admin] RBAC: Authorization granted {{(pid=87214) enforce_call /opt/stack/keystone/keystone/common/rbac_enforcer/enforcer.py:457}}
Jul 12 12:37:22.559770 n-d-849104-5 devstack@keystone.service[87215]: DEBUG keystone.server.flask.request_processing.middleware.auth_context [None req-48e5e150-2e79-45db-83c9-37621a882484 None admin] Validating token access rules against request {{(pid=87215) validate_allowed_request /usr/local/lib/python3.8/dist-packages/keystonemiddleware/auth_token/__init__.py:545}}
Jul 12 12:37:22.592780 n-d-849104-5 devstack@keystone.service[87215]: DEBUG keystone.server.flask.request_processing.middleware.auth_context [None req-3cd18cf5-d1be-48df-810c-7c24207256f3 None admin] RBAC: auth_context: {'token': , 'domain_id': None, 'trust_id': None, 'trustor_id': None, 'trustee_id': None, 'domain_name': None, 'group_ids': [], 'user_id': 'a7464ff7b773448fb1692082cad004b1', 'user_domain_id': 'default', 'system_scope': 'all', 'project_id': None, 'project_domain_id': None, 'roles': ['admin', 'member', 'reader'], 'is_admin_project': True, 'service_user_id': None, 'service_user_domain_id': None, 'service_project_id': None, 'service_project_domain_id': None, 'service_roles': []} {{(pid=87215) fill_context /opt/stack/keystone/keystone/server/flask/request_processing/middleware/auth_context.py:478}}
Jul 12 12:37:22.593644 n-d-849104-5 devstack@keystone.service[87215]: DEBUG keystone.server.flask.request_processing.req_logging [None req-3cd18cf5-d1be-48df-810c-7c24207256f3 None admin] REQUEST_METHOD: `GET` {{(pid=87215) log_request_info /opt/stack/keystone/keystone/server/flask/request_processing/req_logging.py:27}}
Jul 12 12:37:22.593930 n-d-849104-5 devstack@keystone.service[87215]: DEBUG keystone.server.flask.request_processing.req_logging [None req-3cd18cf5-d1be-48df-810c-7c24207256f3 None admin] SCRIPT_NAME: `/identity` {{(pid=87215) log_request_info /opt/stack/keystone/keystone/server/flask/request_processing/req_logging.py:28}}
Jul 12 12:37:22.594204 n-d-849104-5 devstack@keystone.service[87215]: DEBUG keystone.server.flask.request_processing.req_logging [None req-3cd18cf5-d1be-48df-810c-7c24207256f3 None admin] PATH_INFO: `/v3/users/a7464ff7b773448fb1692082cad004b1` {{(pid=87215) log_request_info /opt/stack/keystone/keystone/server/flask/request_processing/req_logging.py:29}}
Jul 12 12:37:22.595403 n-d-849104-5 devstack@keystone.service[87215]: DEBUG keystone.common.rbac_enforcer.enforcer [None req-3cd18cf5-d1be-48df-810c-7c24207256f3 None admin] RBAC: Authorizing `identity:get_user(user_id=a7464ff7b773448fb1692082cad004b1)` {{(pid=87215) enforce_call /opt/stack/keystone/keystone/common/rbac_enforcer/enforcer.py:449}}
Jul 12 12:37:22.596906 n-d-849104-5 devstack@keystone.service[87215]: DEBUG keystone.common.rbac_enforcer.enforcer [None req-3cd18cf5-d1be-48df-810c-7c24207256f3 None admin] RBAC: Authorization granted {{(pid=87215) enforce_call /opt/stack/keystone/keystone/common/rbac_enforcer/enforcer.py:457}}
Jul 12 12:37:22.598511 n-d-849104-5 devstack@keystone.service[87215]: [pid: 87215|app: 0|req: 9/16] 10.222.0.60 () {56 vars in 1177 bytes} [Tue Jul 12 12:37:22 2022] GET /identity/v3/users/a7464ff7b773448fb1692082cad004b1 => generated 247 bytes in 137 msecs (HTTP/1.1 200) 5 headers in 177 bytes (2 switches on core 0)
Jul 12 12:37:22.598980 n-d-849104-5 devstack@keystone.service[87214]: [pid: 87214|app: 0|req: 8/17] 10.222.0.60 () {58 vars in 1282 bytes} [Tue Jul 12 12:37:22 2022] GET /identity/v3/auth/tokens => generated 799 bytes in 305 msecs (HTTP/1.1 200) 6 headers in 358 bytes (2 switches on core 0)
Jul 12 12:37:22.604532 n-d-849104-5 devstack@keystone.service[87215]: DEBUG keystone.server.flask.request_processing.middleware.auth_context [None req-3cd18cf5-d1be-48df-810c-7c24207256f3 None admin] Authenticating user token {{(pid=87215) process_request /usr/local/lib/python3.8/dist-packages/keystonemiddleware/auth_token/__init__.py:407}}
Jul 12 12:37:22.604668 n-d-849104-5 devstack@keystone.service[87214]: DEBUG keystone.server.flask.request_processing.middleware.auth_context [None req-7df7598e-9ba3-47ae-8cab-bfc517254075 None admin] Authenticating user token {{(pid=87214) process_request /usr/local/lib/python3.8/dist-packages/keystonemiddleware/auth_token/__init__.py:407}}
Jul 12 12:37:22.607297 n-d-849104-5 devstack@keystone.service[87214]: DEBUG dbcounter [-] [87214] Writing DB stats keystone:SELECT=100 {{(pid=87214) stat_writer /usr/local/lib/python3.8/dist-packages/dbcounter.py:114}}
Jul 12 12:37:22.619054 n-d-849104-5 devstack@keystone.service[87215]: DEBUG dbcounter [-] [87215] Writing DB stats keystone:SELECT=100 {{(pid=87215) stat_writer /usr/local/lib/python3.8/dist-packages/dbcounter.py:114}}
Jul 12 12:37:22.702819 n-d-849104-5 devstack@keystone.service[87214]: DEBUG keystone.server.flask.request_processing.middleware.auth_context [None req-7df7598e-9ba3-47ae-8cab-bfc517254075 None admin] Validating token access rules against request {{(pid=87214) validate_allowed_request /usr/local/lib/python3.8/dist-packages/keystonemiddleware/auth_token/__init__.py:545}}
Jul 12 12:37:22.703210 n-d-849104-5 devstack@keystone.service[87215]: DEBUG keystone.server.flask.request_processing.middleware.auth_context [None req-3cd18cf5-d1be-48df-810c-7c24207256f3 None admin] Validating token access rules against request {{(pid=87215) validate_allowed_request /usr/local/lib/python3.8/dist-packages/keystonemiddleware/auth_token/__init__.py:545}}
Jul 12 12:37:22.736703 n-d-849104-5 devstack@keystone.service[87214]: DEBUG keystone.server.flask.request_processing.middleware.auth_context [None req-b1c3005e-cc47-4d46-95c9-369d1fa138ee None admin] RBAC: auth_context: {'token': , 'domain_id': None, 'trust_id': None, 'trustor_id': None, 'trustee_id': None, 'domain_name': None, 'group_ids': [], 'user_id': 'a7464ff7b773448fb1692082cad004b1', 'user_domain_id': 'default', 'system_scope': 'all', 'project_id': None, 'project_domain_id': None, 'roles': ['admin', 'member', 'reader'], 'is_admin_project': True, 'service_user_id': None, 'service_user_domain_id': None, 'service_project_id': None, 'service_project_domain_id': None, 'service_roles': []} {{(pid=87214) fill_context /opt/stack/keystone/keystone/server/flask/request_processing/middleware/auth_context.py:478}}
