Jul 12 09:07:59.660296 n-d-849104-3 devstack@placement-api.service[105456]: DEBUG placement.requestlog [req-b4b161c3-529b-4813-8799-42acf0d553bb req-0c335df6-5353-427b-96c0-141501182d67 None None] Starting request: 10.222.0.45 "PUT /placement/allocations/e192ba57-ea6c-4f36-b1a9-fbf013dca561" {{(pid=105456) __call__ /opt/stack/placement/placement/requestlog.py:55}}
Jul 12 09:07:59.827410 n-d-849104-3 devstack@placement-api.service[105456]: DEBUG placement.handlers.allocation [req-b4b161c3-529b-4813-8799-42acf0d553bb req-0c335df6-5353-427b-96c0-141501182d67 service placement] Successfully wrote allocations [, , ] {{(pid=105456) _update_consumers_and_create_allocations /opt/stack/placement/placement/handlers/allocation.py:462}}
Jul 12 09:07:59.836531 n-d-849104-3 devstack@placement-api.service[105456]: INFO placement.requestlog [req-b4b161c3-529b-4813-8799-42acf0d553bb req-0c335df6-5353-427b-96c0-141501182d67 service placement] 10.222.0.45 "PUT /placement/allocations/e192ba57-ea6c-4f36-b1a9-fbf013dca561" status: 204 len: 0 microversion: 1.36
Jul 12 09:07:59.844380 n-d-849104-3 devstack@placement-api.service[105456]: [pid: 105456|app: 0|req: 15/29] 10.222.0.45 () {64 vars in 1433 bytes} [Tue Jul 12 09:07:59 2022] PUT /placement/allocations/e192ba57-ea6c-4f36-b1a9-fbf013dca561 => generated 0 bytes in 177 msecs (HTTP/1.1 204) 5 headers in 199 bytes (1 switches on core 0)
Jul 12 09:08:01.093781 n-d-849104-3 devstack@placement-api.service[105455]: DEBUG placement.requestlog [req-b4b161c3-529b-4813-8799-42acf0d553bb req-f5a35bfa-f7b9-47c0-a76d-36894dfb07f4 None None] Starting request: 10.222.0.59 "GET /placement/allocations/e192ba57-ea6c-4f36-b1a9-fbf013dca561" {{(pid=105455) __call__ /opt/stack/placement/placement/requestlog.py:55}}
Jul 12 09:08:01.111769 n-d-849104-3 devstack@placement-api.service[105455]: INFO placement.requestlog [req-b4b161c3-529b-4813-8799-42acf0d553bb req-f5a35bfa-f7b9-47c0-a76d-36894dfb07f4 service placement] 10.222.0.59 "GET /placement/allocations/e192ba57-ea6c-4f36-b1a9-fbf013dca561" status: 200 len: 258 microversion: 1.28
Jul 12 09:08:01.112782 n-d-849104-3 devstack@placement-api.service[105455]: [pid: 105455|app: 0|req: 15/30] 10.222.0.59 () {60 vars in 1377 bytes} [Tue Jul 12 09:08:01 2022] GET /placement/allocations/e192ba57-ea6c-4f36-b1a9-fbf013dca561 => generated 258 bytes in 19 msecs (HTTP/1.1 200) 8 headers in 296 bytes (1 switches on core 0)
Jul 12 09:08:09.826178 n-d-849104-3 devstack@placement-api.service[105456]: DEBUG dbcounter [-] [105456] Writing DB stats placement:SELECT=33,placement:INSERT=6,placement:DELETE=2,placement:UPDATE=2 {{(pid=105456) stat_writer /usr/local/lib/python3.8/dist-packages/dbcounter.py:114}}
Jul 12 09:08:11.108913 n-d-849104-3 devstack@placement-api.service[105455]: DEBUG dbcounter [-] [105455] Writing DB stats placement:SELECT=13,placement:INSERT=2,placement:UPDATE=1 {{(pid=105455) stat_writer /usr/local/lib/python3.8/dist-packages/dbcounter.py:114}}
Jul 12 09:08:16.671635 n-d-849104-3 devstack@placement-api.service[105456]: DEBUG placement.requestlog [None req-bd6d57b7-f9d6-4f8e-a132-fe355b57e34f None None] Starting request: 10.222.0.45 "GET /placement/resource_providers/574c0b51-e57f-4672-b94a-913f91a61af2/aggregates" {{(pid=105456) __call__ /opt/stack/placement/placement/requestlog.py:55}}
Jul 12 09:08:17.061132 n-d-849104-3 devstack@placement-api.service[105456]: INFO placement.requestlog [None req-bd6d57b7-f9d6-4f8e-a132-fe355b57e34f service placement] 10.222.0.45 "GET /placement/resource_providers/574c0b51-e57f-4672-b94a-913f91a61af2/aggregates" status: 404 len: 235 microversion: 1.1
Jul 12 09:08:17.062032 n-d-849104-3 devstack@placement-api.service[105456]: [pid: 105456|app: 0|req: 16/31] 10.222.0.45 () {58 vars in 1362 bytes} [Tue Jul 12 09:08:16 2022] GET /placement/resource_providers/574c0b51-e57f-4672-b94a-913f91a61af2/aggregates => generated 235 bytes in 391 msecs (HTTP/1.1 404) 5 headers in 202 bytes (1 switches on core 0)
Jul 12 09:08:17.069577 n-d-849104-3 devstack@placement-api.service[105455]: DEBUG placement.requestlog [None req-4c043019-ac60-419a-912f-ff9abe58669e None None] Starting request: 10.222.0.45 "DELETE /placement/resource_providers/574c0b51-e57f-4672-b94a-913f91a61af2" {{(pid=105455) __call__ /opt/stack/placement/placement/requestlog.py:55}}
Jul 12 09:08:17.084577 n-d-849104-3 devstack@placement-api.service[105455]: DEBUG placement.wsgi_wrapper [None req-4c043019-ac60-419a-912f-ff9abe58669e service placement] Placement API returning an error response: No resource provider with uuid 574c0b51-e57f-4672-b94a-913f91a61af2 found for delete {{(pid=105455) call_func /opt/stack/placement/placement/wsgi_wrapper.py:31}}
Jul 12 09:08:17.086593 n-d-849104-3 devstack@placement-api.service[105455]: INFO placement.requestlog [None req-4c043019-ac60-419a-912f-ff9abe58669e service placement] 10.222.0.45 "DELETE /placement/resource_providers/574c0b51-e57f-4672-b94a-913f91a61af2" status: 404 len: 246 microversion: 1.1
Jul 12 09:08:17.087623 n-d-849104-3 devstack@placement-api.service[105455]: [pid: 105455|app: 0|req: 16/32] 10.222.0.45 () {60 vars in 1351 bytes} [Tue Jul 12 09:08:17 2022] DELETE /placement/resource_providers/574c0b51-e57f-4672-b94a-913f91a61af2 => generated 246 bytes in 18 msecs (HTTP/1.1 404) 6 headers in 231 bytes (1 switches on core 0)
Jul 12 09:08:21.166974 n-d-849104-3 devstack@placement-api.service[105456]: DEBUG placement.requestlog [req-1c06bf83-77b7-4be6-b15a-3a4c87909ad1 req-019b7a9a-de87-4d81-8344-9f80cf6603fc None None] Starting request: 10.222.0.45 "GET /placement/allocation_candidates?limit=1000&resources=DISK_GB%3A1%2CMEMORY_MB%3A1024%2CVCPU%3A1&root_required=%21COMPUTE_STATUS_DISABLED" {{(pid=105456) __call__ /opt/stack/placement/placement/requestlog.py:55}}
Jul 12 09:08:21.211835 n-d-849104-3 devstack@placement-api.service[105456]: DEBUG placement.objects.research_context [req-1c06bf83-77b7-4be6-b15a-3a4c87909ad1 req-019b7a9a-de87-4d81-8344-9f80cf6603fc service placement] getting providers with 1 DISK_GB {{(pid=105456) __init__ /opt/stack/placement/placement/objects/research_context.py:136}}
Jul 12 09:08:21.218099 n-d-849104-3 devstack@placement-api.service[105456]: DEBUG placement.objects.research_context [req-1c06bf83-77b7-4be6-b15a-3a4c87909ad1 req-019b7a9a-de87-4d81-8344-9f80cf6603fc service placement] getting providers with 1024 MEMORY_MB {{(pid=105456) __init__ /opt/stack/placement/placement/objects/research_context.py:136}}
Jul 12 09:08:21.224643 n-d-849104-3 devstack@placement-api.service[105456]: DEBUG placement.objects.research_context [req-1c06bf83-77b7-4be6-b15a-3a4c87909ad1 req-019b7a9a-de87-4d81-8344-9f80cf6603fc service placement] getting providers with 1 VCPU {{(pid=105456) __init__ /opt/stack/placement/placement/objects/research_context.py:136}}
Jul 12 09:08:21.240906 n-d-849104-3 devstack@placement-api.service[105456]: DEBUG placement.objects.research_context [req-1c06bf83-77b7-4be6-b15a-3a4c87909ad1 req-019b7a9a-de87-4d81-8344-9f80cf6603fc service placement] found 2 providers with available 1 DISK_GB {{(pid=105456) get_provider_ids_matching /opt/stack/placement/placement/objects/research_context.py:563}}
Jul 12 09:08:21.241405 n-d-849104-3 devstack@placement-api.service[105456]: DEBUG placement.objects.research_context [req-1c06bf83-77b7-4be6-b15a-3a4c87909ad1 req-019b7a9a-de87-4d81-8344-9f80cf6603fc service placement] found 2 providers with available 1024 MEMORY_MB {{(pid=105456) get_provider_ids_matching /opt/stack/placement/placement/objects/research_context.py:563}}
Jul 12 09:08:21.241887 n-d-849104-3 devstack@placement-api.service[105456]: DEBUG placement.objects.research_context [req-1c06bf83-77b7-4be6-b15a-3a4c87909ad1 req-019b7a9a-de87-4d81-8344-9f80cf6603fc service placement] found 2 providers after filtering by previous result {{(pid=105456) get_provider_ids_matching /opt/stack/placement/placement/objects/research_context.py:594}}
Jul 12 09:08:21.242360 n-d-849104-3 devstack@placement-api.service[105456]: DEBUG placement.objects.research_context [req-1c06bf83-77b7-4be6-b15a-3a4c87909ad1 req-019b7a9a-de87-4d81-8344-9f80cf6603fc service placement] found 2 providers with available 1 VCPU {{(pid=105456) get_provider_ids_matching /opt/stack/placement/placement/objects/research_context.py:563}}
Jul 12 09:08:21.243016 n-d-849104-3 devstack@placement-api.service[105456]: DEBUG placement.objects.research_context [req-1c06bf83-77b7-4be6-b15a-3a4c87909ad1 req-019b7a9a-de87-4d81-8344-9f80cf6603fc service placement] found 2 providers after filtering by previous result {{(pid=105456) get_provider_ids_matching /opt/stack/placement/placement/objects/research_context.py:594}}
Jul 12 09:08:21.257052 n-d-849104-3 devstack@placement-api.service[105456]: DEBUG placement.objects.allocation_candidate [req-1c06bf83-77b7-4be6-b15a-3a4c87909ad1 req-019b7a9a-de87-4d81-8344-9f80cf6603fc service placement] RequestGroup(use_same_provider=False, resources={DISK_GB:1, MEMORY_MB:1024, VCPU:1}, traits=(), aggregates=[]) (suffix '') returned 2 matches {{(pid=105456) _get_by_requests /opt/stack/placement/placement/objects/allocation_candidate.py:156}}
Jul 12 09:08:21.257907 n-d-849104-3 devstack@placement-api.service[105456]: DEBUG placement.objects.allocation_candidate [req-1c06bf83-77b7-4be6-b15a-3a4c87909ad1 req-019b7a9a-de87-4d81-8344-9f80cf6603fc service placement] Merging candidates yields 2 allocation requests and 2 provider summaries {{(pid=105456) _merge_candidates /opt/stack/placement/placement/objects/allocation_candidate.py:809}}
Jul 12 09:08:21.259638 n-d-849104-3 devstack@placement-api.service[105456]: INFO placement.requestlog [req-1c06bf83-77b7-4be6-b15a-3a4c87909ad1 req-019b7a9a-de87-4d81-8344-9f80cf6603fc service placement] 10.222.0.45 "GET /placement/allocation_candidates?limit=1000&resources=DISK_GB%3A1%2CMEMORY_MB%3A1024%2CVCPU%3A1&root_required=%21COMPUTE_STATUS_DISABLED" status: 200 len: 1306 microversion: 1.36
Jul 12 09:08:21.260474 n-d-849104-3 devstack@placement-api.service[105456]: [pid: 105456|app: 0|req: 17/33] 10.222.0.45 () {60 vars in 1506 bytes} [Tue Jul 12 09:08:21 2022] GET /placement/allocation_candidates?limit=1000&resources=DISK_GB%3A1%2CMEMORY_MB%3A1024%2CVCPU%3A1&root_required=%21COMPUTE_STATUS_DISABLED => generated 1306 bytes in 94 msecs (HTTP/1.1 200) 8 headers in 297 bytes (1 switches on core 0)
Jul 12 09:08:21.476598 n-d-849104-3 devstack@placement-api.service[105455]: DEBUG placement.requestlog [req-1c06bf83-77b7-4be6-b15a-3a4c87909ad1 req-158b9c4e-b75c-4778-96bc-9229b2a74d6e None None] Starting request: 10.222.0.45 "GET /placement/allocations/e39d4e35-e87e-4d44-9f09-4fe2010f0d5d" {{(pid=105455) __call__ /opt/stack/placement/placement/requestlog.py:55}}
Jul 12 09:08:21.492640 n-d-849104-3 devstack@placement-api.service[105455]: INFO placement.requestlog [req-1c06bf83-77b7-4be6-b15a-3a4c87909ad1 req-158b9c4e-b75c-4778-96bc-9229b2a74d6e service placement] 10.222.0.45 "GET /placement/allocations/e39d4e35-e87e-4d44-9f09-4fe2010f0d5d" status: 200 len: 19 microversion: 1.28
Jul 12 09:08:21.493311 n-d-849104-3 devstack@placement-api.service[105455]: [pid: 105455|app: 0|req: 17/34] 10.222.0.45 () {60 vars in 1380 bytes} [Tue Jul 12 09:08:21 2022] GET /placement/allocations/e39d4e35-e87e-4d44-9f09-4fe2010f0d5d => generated 19 bytes in 17 msecs (HTTP/1.1 200) 8 headers in 295 bytes (1 switches on core 0)
Jul 12 09:08:21.501725 n-d-849104-3 devstack@placement-api.service[105456]: DEBUG placement.requestlog [req-1c06bf83-77b7-4be6-b15a-3a4c87909ad1 req-ab50582d-5732-4303-b87f-9ca017c430fd None None] Starting request: 10.222.0.45 "PUT /placement/allocations/e39d4e35-e87e-4d44-9f09-4fe2010f0d5d" {{(pid=105456) __call__ /opt/stack/placement/placement/requestlog.py:55}}
Jul 12 09:08:21.604279 n-d-849104-3 devstack@placement-api.service[105456]: DEBUG placement.handlers.allocation [req-1c06bf83-77b7-4be6-b15a-3a4c87909ad1 req-ab50582d-5732-4303-b87f-9ca017c430fd service placement] Successfully wrote allocations [, , ] {{(pid=105456) _update_consumers_and_create_allocations /opt/stack/placement/placement/handlers/allocation.py:462}}
Jul 12 09:08:21.611488 n-d-849104-3 devstack@placement-api.service[105456]: INFO placement.requestlog [req-1c06bf83-77b7-4be6-b15a-3a4c87909ad1 req-ab50582d-5732-4303-b87f-9ca017c430fd service placement] 10.222.0.45 "PUT /placement/allocations/e39d4e35-e87e-4d44-9f09-4fe2010f0d5d" status: 204 len: 0 microversion: 1.36
Jul 12 09:08:21.611861 n-d-849104-3 devstack@placement-api.service[105456]: [pid: 105456|app: 0|req: 18/35] 10.222.0.45 () {64 vars in 1433 bytes} [Tue Jul 12 09:08:21 2022] PUT /placement/allocations/e39d4e35-e87e-4d44-9f09-4fe2010f0d5d => generated 0 bytes in 111 msecs (HTTP/1.1 204) 5 headers in 199 bytes (2 switches on core 0)
Jul 12 09:08:22.126206 n-d-849104-3 devstack@placement-api.service[105455]: DEBUG placement.requestlog [None req-df4141cf-a49b-4ca3-b356-15cd248fa124 None None] Starting request: 10.222.0.45 "GET /placement/resource_providers/ee98d5af-8730-41f0-b95e-dbb82e5b48c9/aggregates" {{(pid=105455) __call__ /opt/stack/placement/placement/requestlog.py:55}}
Jul 12 09:08:22.283355 n-d-849104-3 devstack@placement-api.service[105456]: DEBUG placement.requestlog [req-1c06bf83-77b7-4be6-b15a-3a4c87909ad1 req-6fb00d32-6d0d-4e4b-8670-1c0758d4a196 None None] Starting request: 10.222.0.58 "GET /placement/allocations/e39d4e35-e87e-4d44-9f09-4fe2010f0d5d" {{(pid=105456) __call__ /opt/stack/placement/placement/requestlog.py:55}}
Jul 12 09:08:22.319016 n-d-849104-3 devstack@placement-api.service[105456]: INFO placement.requestlog [req-1c06bf83-77b7-4be6-b15a-3a4c87909ad1 req-6fb00d32-6d0d-4e4b-8670-1c0758d4a196 service placement] 10.222.0.58 "GET /placement/allocations/e39d4e35-e87e-4d44-9f09-4fe2010f0d5d" status: 200 len: 258 microversion: 1.28
Jul 12 09:08:22.320278 n-d-849104-3 devstack@placement-api.service[105456]: [pid: 105456|app: 0|req: 19/36] 10.222.0.58 () {60 vars in 1377 bytes} [Tue Jul 12 09:08:22 2022] GET /placement/allocations/e39d4e35-e87e-4d44-9f09-4fe2010f0d5d => generated 258 bytes in 37 msecs (HTTP/1.1 200) 8 headers in 296 bytes (2 switches on core 0)
Jul 12 09:08:22.687367 n-d-849104-3 devstack@placement-api.service[105455]: INFO placement.requestlog [None req-df4141cf-a49b-4ca3-b356-15cd248fa124 service placement] 10.222.0.45 "GET /placement/resource_providers/ee98d5af-8730-41f0-b95e-dbb82e5b48c9/aggregates" status: 404 len: 235 microversion: 1.1
Jul 12 09:08:22.689201 n-d-849104-3 devstack@placement-api.service[105455]: [pid: 105455|app: 0|req: 18/37] 10.222.0.45 () {58 vars in 1362 bytes} [Tue Jul 12 09:08:22 2022] GET /placement/resource_providers/ee98d5af-8730-41f0-b95e-dbb82e5b48c9/aggregates => generated 235 bytes in 563 msecs (HTTP/1.1 404) 5 headers in 202 bytes (1 switches on core 0)
Jul 12 09:08:22.696372 n-d-849104-3 devstack@placement-api.service[105456]: DEBUG placement.requestlog [None req-13018224-336a-4960-b166-378a06256706 None None] Starting request: 10.222.0.45 "DELETE /placement/resource_providers/ee98d5af-8730-41f0-b95e-dbb82e5b48c9" {{(pid=105456) __call__ /opt/stack/placement/placement/requestlog.py:55}}
Jul 12 09:08:22.712208 n-d-849104-3 devstack@placement-api.service[105456]: DEBUG placement.wsgi_wrapper [None req-13018224-336a-4960-b166-378a06256706 service placement] Placement API returning an error response: No resource provider with uuid ee98d5af-8730-41f0-b95e-dbb82e5b48c9 found for delete {{(pid=105456) call_func /opt/stack/placement/placement/wsgi_wrapper.py:31}}
Jul 12 09:08:22.712973 n-d-849104-3 devstack@placement-api.service[105456]: INFO placement.requestlog [None req-13018224-336a-4960-b166-378a06256706 service placement] 10.222.0.45 "DELETE /placement/resource_providers/ee98d5af-8730-41f0-b95e-dbb82e5b48c9" status: 404 len: 246 microversion: 1.1
Jul 12 09:08:22.713340 n-d-849104-3 devstack@placement-api.service[105456]: [pid: 105456|app: 0|req: 20/38] 10.222.0.45 () {60 vars in 1351 bytes} [Tue Jul 12 09:08:22 2022] DELETE /placement/resource_providers/ee98d5af-8730-41f0-b95e-dbb82e5b48c9 => generated 246 bytes in 17 msecs (HTTP/1.1 404) 6 headers in 231 bytes (1 switches on core 0)
Jul 12 09:08:32.680688 n-d-849104-3 devstack@placement-api.service[105455]: DEBUG dbcounter [-] [105455] Writing DB stats placement:SELECT=6 {{(pid=105455) stat_writer /usr/local/lib/python3.8/dist-packages/dbcounter.py:114}}
Jul 12 09:08:32.709024 n-d-849104-3 devstack@placement-api.service[105456]: DEBUG dbcounter [-] [105456] Writing DB stats placement:SELECT=35,placement:INSERT=6,placement:DELETE=2,placement:UPDATE=2 {{(pid=105456) stat_writer /usr/local/lib/python3.8/dist-packages/dbcounter.py:114}}
Jul 12 09:08:32.734520 n-d-849104-3 devstack@placement-api.service[105455]: DEBUG placement.requestlog [req-c20ee46b-abd1-4897-8e2b-260b288d465c req-e73046d6-4ba0-4d6d-9ac1-264acc4eedee None None] Starting request: 10.222.0.59 "DELETE /placement/allocations/e192ba57-ea6c-4f36-b1a9-fbf013dca561" {{(pid=105455) __call__ /opt/stack/placement/placement/requestlog.py:55}}
Jul 12 09:08:32.794486 n-d-849104-3 devstack@placement-api.service[105455]: DEBUG placement.handlers.allocation [req-c20ee46b-abd1-4897-8e2b-260b288d465c req-e73046d6-4ba0-4d6d-9ac1-264acc4eedee service placement] Successfully deleted allocations [, , ] {{(pid=105455) delete_allocations /opt/stack/placement/placement/handlers/allocation.py:627}}
Jul 12 09:08:32.795261 n-d-849104-3 devstack@placement-api.service[105455]: INFO placement.requestlog [req-c20ee46b-abd1-4897-8e2b-260b288d465c req-e73046d6-4ba0-4d6d-9ac1-264acc4eedee service placement] 10.222.0.59 "DELETE /placement/allocations/e192ba57-ea6c-4f36-b1a9-fbf013dca561" status: 204 len: 0 microversion: 1.0
Jul 12 09:08:32.796707 n-d-849104-3 devstack@placement-api.service[105455]: [pid: 105455|app: 0|req: 19/39] 10.222.0.59 () {60 vars in 1355 bytes} [Tue Jul 12 09:08:32 2022] DELETE /placement/allocations/e192ba57-ea6c-4f36-b1a9-fbf013dca561 => generated 0 bytes in 63 msecs (HTTP/1.1 204) 5 headers in 198 bytes (1 switches on core 0)
Jul 12 09:08:34.197768 n-d-849104-3 devstack@placement-api.service[105456]: DEBUG placement.requestlog [req-7f3f8c37-ad95-410a-9a8f-4e2daf8902a0 req-c564e989-26ee-4d6e-b489-025e4463b7b6 None None] Starting request: 10.222.0.45 "GET /placement/resource_providers?name=n-h1-849104-3" {{(pid=105456) __call__ /opt/stack/placement/placement/requestlog.py:55}}
Jul 12 09:08:34.216906 n-d-849104-3 devstack@placement-api.service[105456]: INFO placement.requestlog [req-7f3f8c37-ad95-410a-9a8f-4e2daf8902a0 req-c564e989-26ee-4d6e-b489-025e4463b7b6 service placement] 10.222.0.45 "GET /placement/resource_providers?name=n-h1-849104-3" status: 200 len: 440 microversion: 1.0
Jul 12 09:08:34.218708 n-d-849104-3 devstack@placement-api.service[105456]: [pid: 105456|app: 0|req: 21/40] 10.222.0.45 () {58 vars in 1274 bytes} [Tue Jul 12 09:08:34 2022] GET /placement/resource_providers?name=n-h1-849104-3 => generated 440 bytes in 21 msecs (HTTP/1.1 200) 6 headers in 224 bytes (1 switches on core 0)
Jul 12 09:08:34.227137 n-d-849104-3 devstack@placement-api.service[105455]: DEBUG placement.requestlog [req-7f3f8c37-ad95-410a-9a8f-4e2daf8902a0 req-f18c5adc-456d-4627-b303-112f27565516 None None] Starting request: 10.222.0.45 "GET /placement/resource_providers/2f836254-191a-4686-8f0f-528ab15b7880/aggregates" {{(pid=105455) __call__ /opt/stack/placement/placement/requestlog.py:55}}
Jul 12 09:08:34.245812 n-d-849104-3 devstack@placement-api.service[105455]: INFO placement.requestlog [req-7f3f8c37-ad95-410a-9a8f-4e2daf8902a0 req-f18c5adc-456d-4627-b303-112f27565516 service placement] 10.222.0.45 "GET /placement/resource_providers/2f836254-191a-4686-8f0f-528ab15b7880/aggregates" status: 200 len: 91 microversion: 1.19
Jul 12 09:08:34.247533 n-d-849104-3 devstack@placement-api.service[105455]: [pid: 105455|app: 0|req: 20/41] 10.222.0.45 () {60 vars in 1425 bytes} [Tue Jul 12 09:08:34 2022] GET /placement/resource_providers/2f836254-191a-4686-8f0f-528ab15b7880/aggregates => generated 91 bytes in 21 msecs (HTTP/1.1 200) 8 headers in 295 bytes (1 switches on core 0)
Jul 12 09:08:34.257586 n-d-849104-3 devstack@placement-api.service[105456]: DEBUG placement.requestlog [req-7f3f8c37-ad95-410a-9a8f-4e2daf8902a0 req-6d4d2b12-51d5-47a1-aa2a-c00cffed68d9 None None] Starting request: 10.222.0.45 "PUT /placement/resource_providers/2f836254-191a-4686-8f0f-528ab15b7880/aggregates" {{(pid=105456) __call__ /opt/stack/placement/placement/requestlog.py:55}}
Jul 12 09:08:34.280872 n-d-849104-3 devstack@placement-api.service[105456]: DEBUG placement.objects.resource_provider [req-7f3f8c37-ad95-410a-9a8f-4e2daf8902a0 req-6d4d2b12-51d5-47a1-aa2a-c00cffed68d9 service placement] Setting aggregates for provider 2f836254-191a-4686-8f0f-528ab15b7880. Successfully disassociated aggregate f34d60b0-b5d0-43ca-84fa-3d108b84b66b. {{(pid=105456) _set_aggregates /opt/stack/placement/placement/objects/resource_provider.py:404}}
Jul 12 09:08:34.287116 n-d-849104-3 devstack@placement-api.service[105456]: INFO placement.requestlog [req-7f3f8c37-ad95-410a-9a8f-4e2daf8902a0 req-6d4d2b12-51d5-47a1-aa2a-c00cffed68d9 service placement] 10.222.0.45 "PUT /placement/resource_providers/2f836254-191a-4686-8f0f-528ab15b7880/aggregates" status: 200 len: 53 microversion: 1.19
Jul 12 09:08:34.287605 n-d-849104-3 devstack@placement-api.service[105456]: [pid: 105456|app: 0|req: 22/42] 10.222.0.45 () {64 vars in 1477 bytes} [Tue Jul 12 09:08:34 2022] PUT /placement/resource_providers/2f836254-191a-4686-8f0f-528ab15b7880/aggregates => generated 53 bytes in 30 msecs (HTTP/1.1 200) 8 headers in 295 bytes (2 switches on core 0)
Jul 12 09:08:34.658215 n-d-849104-3 devstack@placement-api.service[105455]: DEBUG placement.requestlog [req-fe29dc50-b581-4e93-bb3b-889bc0ca0e2a req-96567ace-1d61-489e-a345-78558d9cb150 None None] Starting request: 10.222.0.45 "GET /placement/resource_providers?name=n-h1-849104-3" {{(pid=105455) __call__ /opt/stack/placement/placement/requestlog.py:55}}
Jul 12 09:08:34.670276 n-d-849104-3 devstack@placement-api.service[105455]: INFO placement.requestlog [req-fe29dc50-b581-4e93-bb3b-889bc0ca0e2a req-96567ace-1d61-489e-a345-78558d9cb150 service placement] 10.222.0.45 "GET /placement/resource_providers?name=n-h1-849104-3" status: 200 len: 440 microversion: 1.0
Jul 12 09:08:34.670813 n-d-849104-3 devstack@placement-api.service[105455]: [pid: 105455|app: 0|req: 21/43] 10.222.0.45 () {58 vars in 1274 bytes} [Tue Jul 12 09:08:34 2022] GET /placement/resource_providers?name=n-h1-849104-3 => generated 440 bytes in 13 msecs (HTTP/1.1 200) 6 headers in 224 bytes (1 switches on core 0)
Jul 12 09:08:34.679630 n-d-849104-3 devstack@placement-api.service[105456]: DEBUG placement.requestlog [req-fe29dc50-b581-4e93-bb3b-889bc0ca0e2a req-7da8be81-30e2-46bd-8698-b3b3e569b1a4 None None] Starting request: 10.222.0.45 "GET /placement/resource_providers/2f836254-191a-4686-8f0f-528ab15b7880/aggregates" {{(pid=105456) __call__ /opt/stack/placement/placement/requestlog.py:55}}
Jul 12 09:08:34.695128 n-d-849104-3 devstack@placement-api.service[105456]: INFO placement.requestlog [req-fe29dc50-b581-4e93-bb3b-889bc0ca0e2a req-7da8be81-30e2-46bd-8698-b3b3e569b1a4 service placement] 10.222.0.45 "GET /placement/resource_providers/2f836254-191a-4686-8f0f-528ab15b7880/aggregates" status: 200 len: 53 microversion: 1.19
Jul 12 09:08:34.695722 n-d-849104-3 devstack@placement-api.service[105456]: [pid: 105456|app: 0|req: 23/44] 10.222.0.45 () {60 vars in 1425 bytes} [Tue Jul 12 09:08:34 2022] GET /placement/resource_providers/2f836254-191a-4686-8f0f-528ab15b7880/aggregates => generated 53 bytes in 16 msecs (HTTP/1.1 200) 8 headers in 295 bytes (1 switches on core 0)
Jul 12 09:08:34.702043 n-d-849104-3 devstack@placement-api.service[105455]: DEBUG placement.requestlog [req-fe29dc50-b581-4e93-bb3b-889bc0ca0e2a req-cce82cf1-9959-48a2-b231-378637d7b4d4 None None] Starting request: 10.222.0.45 "PUT /placement/resource_providers/2f836254-191a-4686-8f0f-528ab15b7880/aggregates" {{(pid=105455) __call__ /opt/stack/placement/placement/requestlog.py:55}}
Jul 12 09:08:34.718962 n-d-849104-3 devstack@placement-api.service[105455]: DEBUG placement.objects.resource_provider [req-fe29dc50-b581-4e93-bb3b-889bc0ca0e2a req-cce82cf1-9959-48a2-b231-378637d7b4d4 service placement] _ensure_aggregate() did not find aggregate 856305b0-1eb9-4256-9ffe-9bf21fcc3315. Attempting to create it. {{(pid=105455) _ensure_aggregate /opt/stack/placement/placement/objects/resource_provider.py:321}}
Jul 12 09:08:34.721043 n-d-849104-3 devstack@placement-api.service[105455]: DEBUG placement.objects.resource_provider [req-fe29dc50-b581-4e93-bb3b-889bc0ca0e2a req-cce82cf1-9959-48a2-b231-378637d7b4d4 service placement] _ensure_aggregate() created new aggregate 856305b0-1eb9-4256-9ffe-9bf21fcc3315 (id=2). {{(pid=105455) _ensure_aggregate /opt/stack/placement/placement/objects/resource_provider.py:327}}
Jul 12 09:08:34.723369 n-d-849104-3 devstack@placement-api.service[105455]: DEBUG placement.objects.resource_provider [req-fe29dc50-b581-4e93-bb3b-889bc0ca0e2a req-cce82cf1-9959-48a2-b231-378637d7b4d4 service placement] Setting aggregates for provider 2f836254-191a-4686-8f0f-528ab15b7880. Successfully associated aggregate 856305b0-1eb9-4256-9ffe-9bf21fcc3315. {{(pid=105455) _set_aggregates /opt/stack/placement/placement/objects/resource_provider.py:389}}
Jul 12 09:08:34.728422 n-d-849104-3 devstack@placement-api.service[105455]: INFO placement.requestlog [req-fe29dc50-b581-4e93-bb3b-889bc0ca0e2a req-cce82cf1-9959-48a2-b231-378637d7b4d4 service placement] 10.222.0.45 "PUT /placement/resource_providers/2f836254-191a-4686-8f0f-528ab15b7880/aggregates" status: 200 len: 91 microversion: 1.19
Jul 12 09:08:34.729458 n-d-849104-3 devstack@placement-api.service[105455]: [pid: 105455|app: 0|req: 22/45] 10.222.0.45 () {64 vars in 1477 bytes} [Tue Jul 12 09:08:34 2022] PUT /placement/resource_providers/2f836254-191a-4686-8f0f-528ab15b7880/aggregates => generated 91 bytes in 28 msecs (HTTP/1.1 200) 8 headers in 295 bytes (1 switches on core 0)
Jul 12 09:08:35.470097 n-d-849104-3 devstack@placement-api.service[105456]: DEBUG placement.requestlog [None req-35ffab2e-bad5-4970-8b7b-75a400a0386b None None] Starting request: 10.222.0.45 "GET /placement/" {{(pid=105456) __call__ /opt/stack/placement/placement/requestlog.py:55}}
Jul 12 09:08:35.471054 n-d-849104-3 devstack@placement-api.service[105456]: INFO placement.requestlog [None req-35ffab2e-bad5-4970-8b7b-75a400a0386b None None] 10.222.0.45 "GET /placement/" status: 200 len: 136 microversion: 1.0
Jul 12 09:08:35.471826 n-d-849104-3 devstack@placement-api.service[105456]: [pid: 105456|app: 0|req: 24/46] 10.222.0.45 () {54 vars in 907 bytes} [Tue Jul 12 09:08:35 2022] GET /placement => generated 136 bytes in 2 msecs (HTTP/1.1 200) 6 headers in 224 bytes (1 switches on core 0)
Jul 12 09:08:35.481648 n-d-849104-3 devstack@placement-api.service[105455]: DEBUG placement.requestlog [req-ecdaa200-b3f4-42e6-99f8-bfaaf0586edb req-61c06d2f-9a78-4788-a5b2-0d7893c7aae7 None None] Starting request: 10.222.0.45 "GET /placement/resource_providers?name=n-h1-849104-3" {{(pid=105455) __call__ /opt/stack/placement/placement/requestlog.py:55}}
Jul 12 09:08:35.573944 n-d-849104-3 devstack@placement-api.service[105455]: INFO placement.requestlog [req-ecdaa200-b3f4-42e6-99f8-bfaaf0586edb req-61c06d2f-9a78-4788-a5b2-0d7893c7aae7 service placement] 10.222.0.45 "GET /placement/resource_providers?name=n-h1-849104-3" status: 200 len: 440 microversion: 1.0
Jul 12 09:08:35.580707 n-d-849104-3 devstack@placement-api.service[105455]: [pid: 105455|app: 0|req: 23/47] 10.222.0.45 () {58 vars in 1274 bytes} [Tue Jul 12 09:08:35 2022] GET /placement/resource_providers?name=n-h1-849104-3 => generated 440 bytes in 99 msecs (HTTP/1.1 200) 6 headers in 224 bytes (1 switches on core 0)
Jul 12 09:08:35.581668 n-d-849104-3 devstack@placement-api.service[105456]: DEBUG placement.requestlog [req-ecdaa200-b3f4-42e6-99f8-bfaaf0586edb req-1518bc1d-4bdd-494a-b2ad-8d2f7efe9e9c None None] Starting request: 10.222.0.45 "GET /placement/resource_providers/2f836254-191a-4686-8f0f-528ab15b7880/aggregates" {{(pid=105456) __call__ /opt/stack/placement/placement/requestlog.py:55}}
Jul 12 09:08:35.598140 n-d-849104-3 devstack@placement-api.service[105456]: INFO placement.requestlog [req-ecdaa200-b3f4-42e6-99f8-bfaaf0586edb req-1518bc1d-4bdd-494a-b2ad-8d2f7efe9e9c service placement] 10.222.0.45 "GET /placement/resource_providers/2f836254-191a-4686-8f0f-528ab15b7880/aggregates" status: 200 len: 91 microversion: 1.19
Jul 12 09:08:35.598953 n-d-849104-3 devstack@placement-api.service[105456]: [pid: 105456|app: 0|req: 25/48] 10.222.0.45 () {60 vars in 1425 bytes} [Tue Jul 12 09:08:35 2022] GET /placement/resource_providers/2f836254-191a-4686-8f0f-528ab15b7880/aggregates => generated 91 bytes in 17 msecs (HTTP/1.1 200) 8 headers in 295 bytes (1 switches on core 0)
Jul 12 09:08:35.605217 n-d-849104-3 devstack@placement-api.service[105455]: DEBUG placement.requestlog [req-ecdaa200-b3f4-42e6-99f8-bfaaf0586edb req-ca2d78a7-cef5-4f62-bc41-fcf034ce6ce2 None None] Starting request: 10.222.0.45 "PUT /placement/resource_providers/2f836254-191a-4686-8f0f-528ab15b7880/aggregates" {{(pid=105455) __call__ /opt/stack/placement/placement/requestlog.py:55}}
Jul 12 09:08:35.625519 n-d-849104-3 devstack@placement-api.service[105455]: DEBUG placement.objects.resource_provider [req-ecdaa200-b3f4-42e6-99f8-bfaaf0586edb req-ca2d78a7-cef5-4f62-bc41-fcf034ce6ce2 service placement] Setting aggregates for provider 2f836254-191a-4686-8f0f-528ab15b7880. Successfully disassociated aggregate 856305b0-1eb9-4256-9ffe-9bf21fcc3315. {{(pid=105455) _set_aggregates /opt/stack/placement/placement/objects/resource_provider.py:404}}
Jul 12 09:08:35.631896 n-d-849104-3 devstack@placement-api.service[105455]: INFO placement.requestlog [req-ecdaa200-b3f4-42e6-99f8-bfaaf0586edb req-ca2d78a7-cef5-4f62-bc41-fcf034ce6ce2 service placement] 10.222.0.45 "PUT /placement/resource_providers/2f836254-191a-4686-8f0f-528ab15b7880/aggregates" status: 200 len: 53 microversion: 1.19
Jul 12 09:08:35.632962 n-d-849104-3 devstack@placement-api.service[105455]: [pid: 105455|app: 0|req: 24/49] 10.222.0.45 () {64 vars in 1477 bytes} [Tue Jul 12 09:08:35 2022] PUT /placement/resource_providers/2f836254-191a-4686-8f0f-528ab15b7880/aggregates => generated 53 bytes in 28 msecs (HTTP/1.1 200) 8 headers in 295 bytes (2 switches on core 0)
Jul 12 09:08:36.102545 n-d-849104-3 devstack@placement-api.service[105456]: DEBUG placement.requestlog [req-8b03fe38-1650-49ae-a224-896623d83603 req-26797e57-9a6d-4251-857b-6e1aa6e80280 None None] Starting request: 10.222.0.45 "GET /placement/resource_providers?name=n-h1-849104-3" {{(pid=105456) __call__ /opt/stack/placement/placement/requestlog.py:55}}
Jul 12 09:08:36.123509 n-d-849104-3 devstack@placement-api.service[105456]: INFO placement.requestlog [req-8b03fe38-1650-49ae-a224-896623d83603 req-26797e57-9a6d-4251-857b-6e1aa6e80280 service placement] 10.222.0.45 "GET /placement/resource_providers?name=n-h1-849104-3" status: 200 len: 440 microversion: 1.0
Jul 12 09:08:36.124659 n-d-849104-3 devstack@placement-api.service[105456]: [pid: 105456|app: 0|req: 26/50] 10.222.0.45 () {58 vars in 1274 bytes} [Tue Jul 12 09:08:36 2022] GET /placement/resource_providers?name=n-h1-849104-3 => generated 440 bytes in 22 msecs (HTTP/1.1 200) 6 headers in 224 bytes (1 switches on core 0)
Jul 12 09:08:36.131379 n-d-849104-3 devstack@placement-api.service[105455]: DEBUG placement.requestlog [req-8b03fe38-1650-49ae-a224-896623d83603 req-e34cbeb1-dd2b-498c-b014-cfaf2b572467 None None] Starting request: 10.222.0.45 "GET /placement/resource_providers/2f836254-191a-4686-8f0f-528ab15b7880/aggregates" {{(pid=105455) __call__ /opt/stack/placement/placement/requestlog.py:55}}
Jul 12 09:08:36.150608 n-d-849104-3 devstack@placement-api.service[105455]: INFO placement.requestlog [req-8b03fe38-1650-49ae-a224-896623d83603 req-e34cbeb1-dd2b-498c-b014-cfaf2b572467 service placement] 10.222.0.45 "GET /placement/resource_providers/2f836254-191a-4686-8f0f-528ab15b7880/aggregates" status: 200 len: 53 microversion: 1.19
Jul 12 09:08:36.158208 n-d-849104-3 devstack@placement-api.service[105455]: [pid: 105455|app: 0|req: 25/51] 10.222.0.45 () {60 vars in 1425 bytes} [Tue Jul 12 09:08:36 2022] GET /placement/resource_providers/2f836254-191a-4686-8f0f-528ab15b7880/aggregates => generated 53 bytes in 27 msecs (HTTP/1.1 200) 8 headers in 295 bytes (1 switches on core 0)
Jul 12 09:08:36.158894 n-d-849104-3 devstack@placement-api.service[105456]: DEBUG placement.requestlog [req-8b03fe38-1650-49ae-a224-896623d83603 req-90e3fcb6-2955-4956-af52-686a21303fe7 None None] Starting request: 10.222.0.45 "PUT /placement/resource_providers/2f836254-191a-4686-8f0f-528ab15b7880/aggregates" {{(pid=105456) __call__ /opt/stack/placement/placement/requestlog.py:55}}
Jul 12 09:08:36.177239 n-d-849104-3 devstack@placement-api.service[105456]: DEBUG placement.objects.resource_provider [req-8b03fe38-1650-49ae-a224-896623d83603 req-90e3fcb6-2955-4956-af52-686a21303fe7 service placement] _ensure_aggregate() did not find aggregate 5f8e67bd-926e-4ef5-93f3-2bbec3db2afb. Attempting to create it. {{(pid=105456) _ensure_aggregate /opt/stack/placement/placement/objects/resource_provider.py:321}}
Jul 12 09:08:36.179251 n-d-849104-3 devstack@placement-api.service[105456]: DEBUG placement.objects.resource_provider [req-8b03fe38-1650-49ae-a224-896623d83603 req-90e3fcb6-2955-4956-af52-686a21303fe7 service placement] _ensure_aggregate() created new aggregate 5f8e67bd-926e-4ef5-93f3-2bbec3db2afb (id=3). {{(pid=105456) _ensure_aggregate /opt/stack/placement/placement/objects/resource_provider.py:327}}
Jul 12 09:08:36.180987 n-d-849104-3 devstack@placement-api.service[105456]: DEBUG placement.objects.resource_provider [req-8b03fe38-1650-49ae-a224-896623d83603 req-90e3fcb6-2955-4956-af52-686a21303fe7 service placement] Setting aggregates for provider 2f836254-191a-4686-8f0f-528ab15b7880. Successfully associated aggregate 5f8e67bd-926e-4ef5-93f3-2bbec3db2afb. {{(pid=105456) _set_aggregates /opt/stack/placement/placement/objects/resource_provider.py:389}}
Jul 12 09:08:36.191039 n-d-849104-3 devstack@placement-api.service[105456]: INFO placement.requestlog [req-8b03fe38-1650-49ae-a224-896623d83603 req-90e3fcb6-2955-4956-af52-686a21303fe7 service placement] 10.222.0.45 "PUT /placement/resource_providers/2f836254-191a-4686-8f0f-528ab15b7880/aggregates" status: 200 len: 91 microversion: 1.19
Jul 12 09:08:36.192215 n-d-849104-3 devstack@placement-api.service[105456]: [pid: 105456|app: 0|req: 27/52] 10.222.0.45 () {64 vars in 1477 bytes} [Tue Jul 12 09:08:36 2022] PUT /placement/resource_providers/2f836254-191a-4686-8f0f-528ab15b7880/aggregates => generated 91 bytes in 34 msecs (HTTP/1.1 200) 8 headers in 295 bytes (2 switches on core 0)
Jul 12 09:08:36.652037 n-d-849104-3 devstack@placement-api.service[105455]: DEBUG placement.requestlog [req-f963548e-8e34-4eb4-b6b8-b07dc5f28024 req-6b71314f-f869-4196-a2bf-696da9b88b1f None None] Starting request: 10.222.0.45 "GET /placement/resource_providers?name=n-h1-849104-3" {{(pid=105455) __call__ /opt/stack/placement/placement/requestlog.py:55}}
Jul 12 09:08:36.665355 n-d-849104-3 devstack@placement-api.service[105455]: INFO placement.requestlog [req-f963548e-8e34-4eb4-b6b8-b07dc5f28024 req-6b71314f-f869-4196-a2bf-696da9b88b1f service placement] 10.222.0.45 "GET /placement/resource_providers?name=n-h1-849104-3" status: 200 len: 440 microversion: 1.0
Jul 12 09:08:36.670902 n-d-849104-3 devstack@placement-api.service[105455]: [pid: 105455|app: 0|req: 26/53] 10.222.0.45 () {58 vars in 1274 bytes} [Tue Jul 12 09:08:36 2022] GET /placement/resource_providers?name=n-h1-849104-3 => generated 440 bytes in 19 msecs (HTTP/1.1 200) 6 headers in 224 bytes (1 switches on core 0)
Jul 12 09:08:36.673549 n-d-849104-3 devstack@placement-api.service[105456]: DEBUG placement.requestlog [req-f963548e-8e34-4eb4-b6b8-b07dc5f28024 req-a816f8f5-7b58-44b3-8b56-38c8d93e1e1c None None] Starting request: 10.222.0.45 "GET /placement/resource_providers/2f836254-191a-4686-8f0f-528ab15b7880/aggregates" {{(pid=105456) __call__ /opt/stack/placement/placement/requestlog.py:55}}
Jul 12 09:08:36.692371 n-d-849104-3 devstack@placement-api.service[105456]: INFO placement.requestlog [req-f963548e-8e34-4eb4-b6b8-b07dc5f28024 req-a816f8f5-7b58-44b3-8b56-38c8d93e1e1c service placement] 10.222.0.45 "GET /placement/resource_providers/2f836254-191a-4686-8f0f-528ab15b7880/aggregates" status: 200 len: 91 microversion: 1.19
Jul 12 09:08:36.694116 n-d-849104-3 devstack@placement-api.service[105456]: [pid: 105456|app: 0|req: 28/54] 10.222.0.45 () {60 vars in 1425 bytes} [Tue Jul 12 09:08:36 2022] GET /placement/resource_providers/2f836254-191a-4686-8f0f-528ab15b7880/aggregates => generated 91 bytes in 21 msecs (HTTP/1.1 200) 8 headers in 295 bytes (1 switches on core 0)
Jul 12 09:08:36.703482 n-d-849104-3 devstack@placement-api.service[105455]: DEBUG placement.requestlog [req-f963548e-8e34-4eb4-b6b8-b07dc5f28024 req-4a07287c-5b07-496e-828c-1bc343c2352f None None] Starting request: 10.222.0.45 "PUT /placement/resource_providers/2f836254-191a-4686-8f0f-528ab15b7880/aggregates" {{(pid=105455) __call__ /opt/stack/placement/placement/requestlog.py:55}}
Jul 12 09:08:36.737829 n-d-849104-3 devstack@placement-api.service[105455]: DEBUG placement.objects.resource_provider [req-f963548e-8e34-4eb4-b6b8-b07dc5f28024 req-4a07287c-5b07-496e-828c-1bc343c2352f service placement] Setting aggregates for provider 2f836254-191a-4686-8f0f-528ab15b7880. Successfully disassociated aggregate 5f8e67bd-926e-4ef5-93f3-2bbec3db2afb. {{(pid=105455) _set_aggregates /opt/stack/placement/placement/objects/resource_provider.py:404}}
Jul 12 09:08:36.750364 n-d-849104-3 devstack@placement-api.service[105455]: INFO placement.requestlog [req-f963548e-8e34-4eb4-b6b8-b07dc5f28024 req-4a07287c-5b07-496e-828c-1bc343c2352f service placement] 10.222.0.45 "PUT /placement/resource_providers/2f836254-191a-4686-8f0f-528ab15b7880/aggregates" status: 200 len: 53 microversion: 1.19
Jul 12 09:08:36.751490 n-d-849104-3 devstack@placement-api.service[105455]: [pid: 105455|app: 0|req: 27/55] 10.222.0.45 () {64 vars in 1477 bytes} [Tue Jul 12 09:08:36 2022] PUT /placement/resource_providers/2f836254-191a-4686-8f0f-528ab15b7880/aggregates => generated 53 bytes in 48 msecs (HTTP/1.1 200) 8 headers in 295 bytes (2 switches on core 0)
Jul 12 09:08:36.984860 n-d-849104-3 devstack@placement-api.service[105456]: DEBUG placement.requestlog [req-55314999-dea3-4c31-bd19-9a1ebb5d0ccb req-0a1bfc0e-6dbd-4caf-80da-04cf9636420c None None] Starting request: 10.222.0.45 "GET /placement/resource_providers?name=n-h1-849104-3" {{(pid=105456) __call__ /opt/stack/placement/placement/requestlog.py:55}}
Jul 12 09:08:36.999810 n-d-849104-3 devstack@placement-api.service[105456]: INFO placement.requestlog [req-55314999-dea3-4c31-bd19-9a1ebb5d0ccb req-0a1bfc0e-6dbd-4caf-80da-04cf9636420c service placement] 10.222.0.45 "GET /placement/resource_providers?name=n-h1-849104-3" status: 200 len: 440 microversion: 1.0
Jul 12 09:08:37.000321 n-d-849104-3 devstack@placement-api.service[105456]: [pid: 105456|app: 0|req: 29/56] 10.222.0.45 () {58 vars in 1274 bytes} [Tue Jul 12 09:08:36 2022] GET /placement/resource_providers?name=n-h1-849104-3 => generated 440 bytes in 16 msecs (HTTP/1.1 200) 6 headers in 224 bytes (1 switches on core 0)
Jul 12 09:08:37.008748 n-d-849104-3 devstack@placement-api.service[105455]: DEBUG placement.requestlog [req-55314999-dea3-4c31-bd19-9a1ebb5d0ccb req-fd1bf317-99bb-4c6d-b0f1-35ef7a11abdf None None] Starting request: 10.222.0.45 "GET /placement/resource_providers/2f836254-191a-4686-8f0f-528ab15b7880/aggregates" {{(pid=105455) __call__ /opt/stack/placement/placement/requestlog.py:55}}
Jul 12 09:08:37.031860 n-d-849104-3 devstack@placement-api.service[105455]: INFO placement.requestlog [req-55314999-dea3-4c31-bd19-9a1ebb5d0ccb req-fd1bf317-99bb-4c6d-b0f1-35ef7a11abdf service placement] 10.222.0.45 "GET /placement/resource_providers/2f836254-191a-4686-8f0f-528ab15b7880/aggregates" status: 200 len: 53 microversion: 1.19
Jul 12 09:08:37.040885 n-d-849104-3 devstack@placement-api.service[105455]: [pid: 105455|app: 0|req: 28/57] 10.222.0.45 () {60 vars in 1425 bytes} [Tue Jul 12 09:08:37 2022] GET /placement/resource_providers/2f836254-191a-4686-8f0f-528ab15b7880/aggregates => generated 53 bytes in 32 msecs (HTTP/1.1 200) 8 headers in 295 bytes (2 switches on core 0)
Jul 12 09:08:37.044612 n-d-849104-3 devstack@placement-api.service[105456]: DEBUG placement.requestlog [req-55314999-dea3-4c31-bd19-9a1ebb5d0ccb req-f65ad9d0-f266-41a6-bbe0-0221df874b92 None None] Starting request: 10.222.0.45 "PUT /placement/resource_providers/2f836254-191a-4686-8f0f-528ab15b7880/aggregates" {{(pid=105456) __call__ /opt/stack/placement/placement/requestlog.py:55}}
Jul 12 09:08:37.065534 n-d-849104-3 devstack@placement-api.service[105456]: DEBUG placement.objects.resource_provider [req-55314999-dea3-4c31-bd19-9a1ebb5d0ccb req-f65ad9d0-f266-41a6-bbe0-0221df874b92 service placement] _ensure_aggregate() did not find aggregate 3ed37a8b-c2ee-4691-a4e9-c4b9a13f85a3. Attempting to create it. {{(pid=105456) _ensure_aggregate /opt/stack/placement/placement/objects/resource_provider.py:321}}
Jul 12 09:08:37.067900 n-d-849104-3 devstack@placement-api.service[105456]: DEBUG placement.objects.resource_provider [req-55314999-dea3-4c31-bd19-9a1ebb5d0ccb req-f65ad9d0-f266-41a6-bbe0-0221df874b92 service placement] _ensure_aggregate() created new aggregate 3ed37a8b-c2ee-4691-a4e9-c4b9a13f85a3 (id=4). {{(pid=105456) _ensure_aggregate /opt/stack/placement/placement/objects/resource_provider.py:327}}
Jul 12 09:08:37.069276 n-d-849104-3 devstack@placement-api.service[105456]: DEBUG placement.objects.resource_provider [req-55314999-dea3-4c31-bd19-9a1ebb5d0ccb req-f65ad9d0-f266-41a6-bbe0-0221df874b92 service placement] Setting aggregates for provider 2f836254-191a-4686-8f0f-528ab15b7880. Successfully associated aggregate 3ed37a8b-c2ee-4691-a4e9-c4b9a13f85a3. {{(pid=105456) _set_aggregates /opt/stack/placement/placement/objects/resource_provider.py:389}}
Jul 12 09:08:37.077193 n-d-849104-3 devstack@placement-api.service[105456]: INFO placement.requestlog [req-55314999-dea3-4c31-bd19-9a1ebb5d0ccb req-f65ad9d0-f266-41a6-bbe0-0221df874b92 service placement] 10.222.0.45 "PUT /placement/resource_providers/2f836254-191a-4686-8f0f-528ab15b7880/aggregates" status: 200 len: 92 microversion: 1.19
Jul 12 09:08:37.087054 n-d-849104-3 devstack@placement-api.service[105456]: [pid: 105456|app: 0|req: 30/58] 10.222.0.45 () {64 vars in 1477 bytes} [Tue Jul 12 09:08:37 2022] PUT /placement/resource_providers/2f836254-191a-4686-8f0f-528ab15b7880/aggregates => generated 92 bytes in 40 msecs (HTTP/1.1 200) 8 headers in 295 bytes (1 switches on core 0)
Jul 12 09:08:37.144311 n-d-849104-3 devstack@placement-api.service[105455]: DEBUG placement.requestlog [req-20407cb0-cc07-48ea-b81a-86b118c2803b req-3350718a-0c3e-4644-baef-67887ce899ac None None] Starting request: 10.222.0.45 "GET /placement/resource_providers?name=n-h1-849104-3" {{(pid=105455) __call__ /opt/stack/placement/placement/requestlog.py:55}}
Jul 12 09:08:37.161428 n-d-849104-3 devstack@placement-api.service[105455]: INFO placement.requestlog [req-20407cb0-cc07-48ea-b81a-86b118c2803b req-3350718a-0c3e-4644-baef-67887ce899ac service placement] 10.222.0.45 "GET /placement/resource_providers?name=n-h1-849104-3" status: 200 len: 441 microversion: 1.0
Jul 12 09:08:37.163272 n-d-849104-3 devstack@placement-api.service[105455]: [pid: 105455|app: 0|req: 29/59] 10.222.0.45 () {58 vars in 1274 bytes} [Tue Jul 12 09:08:37 2022] GET /placement/resource_providers?name=n-h1-849104-3 => generated 441 bytes in 19 msecs (HTTP/1.1 200) 6 headers in 224 bytes (1 switches on core 0)
Jul 12 09:08:37.170674 n-d-849104-3 devstack@placement-api.service[105456]: DEBUG placement.requestlog [req-20407cb0-cc07-48ea-b81a-86b118c2803b req-90acea7a-a123-4183-a420-4562a7f15365 None None] Starting request: 10.222.0.45 "GET /placement/resource_providers/2f836254-191a-4686-8f0f-528ab15b7880/aggregates" {{(pid=105456) __call__ /opt/stack/placement/placement/requestlog.py:55}}
Jul 12 09:08:37.187777 n-d-849104-3 devstack@placement-api.service[105456]: INFO placement.requestlog [req-20407cb0-cc07-48ea-b81a-86b118c2803b req-90acea7a-a123-4183-a420-4562a7f15365 service placement] 10.222.0.45 "GET /placement/resource_providers/2f836254-191a-4686-8f0f-528ab15b7880/aggregates" status: 200 len: 92 microversion: 1.19
Jul 12 09:08:37.188906 n-d-849104-3 devstack@placement-api.service[105456]: [pid: 105456|app: 0|req: 31/60] 10.222.0.45 () {60 vars in 1425 bytes} [Tue Jul 12 09:08:37 2022] GET /placement/resource_providers/2f836254-191a-4686-8f0f-528ab15b7880/aggregates => generated 92 bytes in 18 msecs (HTTP/1.1 200) 8 headers in 295 bytes (1 switches on core 0)
Jul 12 09:08:37.197416 n-d-849104-3 devstack@placement-api.service[105455]: DEBUG placement.requestlog [req-20407cb0-cc07-48ea-b81a-86b118c2803b req-84a6a0ab-589c-4502-9757-14b5d7dc0f10 None None] Starting request: 10.222.0.45 "PUT /placement/resource_providers/2f836254-191a-4686-8f0f-528ab15b7880/aggregates" {{(pid=105455) __call__ /opt/stack/placement/placement/requestlog.py:55}}
Jul 12 09:08:37.219951 n-d-849104-3 devstack@placement-api.service[105455]: DEBUG placement.objects.resource_provider [req-20407cb0-cc07-48ea-b81a-86b118c2803b req-84a6a0ab-589c-4502-9757-14b5d7dc0f10 service placement] Setting aggregates for provider 2f836254-191a-4686-8f0f-528ab15b7880. Successfully disassociated aggregate 3ed37a8b-c2ee-4691-a4e9-c4b9a13f85a3. {{(pid=105455) _set_aggregates /opt/stack/placement/placement/objects/resource_provider.py:404}}
Jul 12 09:08:37.226489 n-d-849104-3 devstack@placement-api.service[105455]: INFO placement.requestlog [req-20407cb0-cc07-48ea-b81a-86b118c2803b req-84a6a0ab-589c-4502-9757-14b5d7dc0f10 service placement] 10.222.0.45 "PUT /placement/resource_providers/2f836254-191a-4686-8f0f-528ab15b7880/aggregates" status: 200 len: 54 microversion: 1.19
Jul 12 09:08:37.231847 n-d-849104-3 devstack@placement-api.service[105455]: [pid: 105455|app: 0|req: 30/61] 10.222.0.45 () {64 vars in 1477 bytes} [Tue Jul 12 09:08:37 2022] PUT /placement/resource_providers/2f836254-191a-4686-8f0f-528ab15b7880/aggregates => generated 54 bytes in 34 msecs (HTTP/1.1 200) 8 headers in 295 bytes (1 switches on core 0)
Jul 12 09:08:37.884971 n-d-849104-3 devstack@placement-api.service[105456]: DEBUG placement.requestlog [req-a1b23433-93fa-4ccf-adbc-9dac03fcc860 req-f59b2a91-b710-4107-bdbe-a8b20b0a6fce None None] Starting request: 10.222.0.45 "GET /placement/resource_providers?name=n-h1-849104-3" {{(pid=105456) __call__ /opt/stack/placement/placement/requestlog.py:55}}
Jul 12 09:08:37.903345 n-d-849104-3 devstack@placement-api.service[105456]: INFO placement.requestlog [req-a1b23433-93fa-4ccf-adbc-9dac03fcc860 req-f59b2a91-b710-4107-bdbe-a8b20b0a6fce service placement] 10.222.0.45 "GET /placement/resource_providers?name=n-h1-849104-3" status: 200 len: 441 microversion: 1.0
Jul 12 09:08:37.903728 n-d-849104-3 devstack@placement-api.service[105456]: [pid: 105456|app: 0|req: 32/62] 10.222.0.45 () {58 vars in 1274 bytes} [Tue Jul 12 09:08:37 2022] GET /placement/resource_providers?name=n-h1-849104-3 => generated 441 bytes in 19 msecs (HTTP/1.1 200) 6 headers in 224 bytes (1 switches on core 0)
Jul 12 09:08:37.911609 n-d-849104-3 devstack@placement-api.service[105455]: DEBUG placement.requestlog [req-a1b23433-93fa-4ccf-adbc-9dac03fcc860 req-efa87b4f-2907-4989-8e15-de07df2bce34 None None] Starting request: 10.222.0.45 "GET /placement/resource_providers/2f836254-191a-4686-8f0f-528ab15b7880/aggregates" {{(pid=105455) __call__ /opt/stack/placement/placement/requestlog.py:55}}
Jul 12 09:08:37.935086 n-d-849104-3 devstack@placement-api.service[105455]: INFO placement.requestlog [req-a1b23433-93fa-4ccf-adbc-9dac03fcc860 req-efa87b4f-2907-4989-8e15-de07df2bce34 service placement] 10.222.0.45 "GET /placement/resource_providers/2f836254-191a-4686-8f0f-528ab15b7880/aggregates" status: 200 len: 54 microversion: 1.19
Jul 12 09:08:37.935612 n-d-849104-3 devstack@placement-api.service[105455]: [pid: 105455|app: 0|req: 31/63] 10.222.0.45 () {60 vars in 1425 bytes} [Tue Jul 12 09:08:37 2022] GET /placement/resource_providers/2f836254-191a-4686-8f0f-528ab15b7880/aggregates => generated 54 bytes in 26 msecs (HTTP/1.1 200) 8 headers in 295 bytes (1 switches on core 0)
Jul 12 09:08:37.942854 n-d-849104-3 devstack@placement-api.service[105456]: DEBUG placement.requestlog [req-a1b23433-93fa-4ccf-adbc-9dac03fcc860 req-5d204852-0f4c-4f47-ae0c-0a4738c58fe5 None None] Starting request: 10.222.0.45 "PUT /placement/resource_providers/2f836254-191a-4686-8f0f-528ab15b7880/aggregates" {{(pid=105456) __call__ /opt/stack/placement/placement/requestlog.py:55}}
Jul 12 09:08:37.982700 n-d-849104-3 devstack@placement-api.service[105456]: DEBUG placement.objects.resource_provider [req-a1b23433-93fa-4ccf-adbc-9dac03fcc860 req-5d204852-0f4c-4f47-ae0c-0a4738c58fe5 service placement] _ensure_aggregate() did not find aggregate 250f2587-3547-4274-a1e2-cde3ebcbc037. Attempting to create it. {{(pid=105456) _ensure_aggregate /opt/stack/placement/placement/objects/resource_provider.py:321}}
Jul 12 09:08:37.985886 n-d-849104-3 devstack@placement-api.service[105456]: DEBUG placement.objects.resource_provider [req-a1b23433-93fa-4ccf-adbc-9dac03fcc860 req-5d204852-0f4c-4f47-ae0c-0a4738c58fe5 service placement] _ensure_aggregate() created new aggregate 250f2587-3547-4274-a1e2-cde3ebcbc037 (id=5). {{(pid=105456) _ensure_aggregate /opt/stack/placement/placement/objects/resource_provider.py:327}}
