Aug 03 06:22:56.474556 n-d-848886-18 devstack@placement-api.service[111854]: DEBUG placement.requestlog [None req-62ca120e-d87b-4583-b233-cdadd08de6b4 None None] Starting request: 10.222.0.36 "DELETE /placement/resource_providers/a0ebefb3-38de-4f3d-a579-bbebcd212a2a" {{(pid=111854) __call__ /opt/stack/placement/placement/requestlog.py:55}}
Aug 03 06:22:56.540916 n-d-848886-18 devstack@placement-api.service[111854]: DEBUG placement.wsgi_wrapper [None req-62ca120e-d87b-4583-b233-cdadd08de6b4 service placement] Placement API returning an error response: No resource provider with uuid a0ebefb3-38de-4f3d-a579-bbebcd212a2a found for delete {{(pid=111854) call_func /opt/stack/placement/placement/wsgi_wrapper.py:31}}
Aug 03 06:22:56.543673 n-d-848886-18 devstack@placement-api.service[111854]: INFO placement.requestlog [None req-62ca120e-d87b-4583-b233-cdadd08de6b4 service placement] 10.222.0.36 "DELETE /placement/resource_providers/a0ebefb3-38de-4f3d-a579-bbebcd212a2a" status: 404 len: 246 microversion: 1.1
Aug 03 06:22:56.543673 n-d-848886-18 devstack@placement-api.service[111854]: [pid: 111854|app: 0|req: 576/1155] 10.222.0.36 () {60 vars in 1351 bytes} [Wed Aug 3 06:22:56 2022] DELETE /placement/resource_providers/a0ebefb3-38de-4f3d-a579-bbebcd212a2a => generated 246 bytes in 71 msecs (HTTP/1.1 404) 6 headers in 231 bytes (2 switches on core 0)
Aug 03 06:22:58.695772 n-d-848886-18 devstack@placement-api.service[111853]: DEBUG placement.requestlog [None req-1f3a0c48-54c2-4da2-a1db-338d34228f14 None None] Starting request: 10.222.0.36 "GET /placement/resource_providers/f6721236-6293-40cd-8d98-0c29c200eac7/aggregates" {{(pid=111853) __call__ /opt/stack/placement/placement/requestlog.py:55}}
Aug 03 06:22:58.703943 n-d-848886-18 devstack@placement-api.service[111853]: DEBUG dbcounter [-] [111853] Writing DB stats placement:SELECT=24,placement:DELETE=2 {{(pid=111853) stat_writer /usr/local/lib/python3.8/dist-packages/dbcounter.py:114}}
Aug 03 06:22:58.712750 n-d-848886-18 devstack@placement-api.service[111853]: INFO placement.requestlog [None req-1f3a0c48-54c2-4da2-a1db-338d34228f14 service placement] 10.222.0.36 "GET /placement/resource_providers/f6721236-6293-40cd-8d98-0c29c200eac7/aggregates" status: 404 len: 235 microversion: 1.1
Aug 03 06:22:58.718242 n-d-848886-18 devstack@placement-api.service[111853]: [pid: 111853|app: 0|req: 580/1156] 10.222.0.36 () {58 vars in 1362 bytes} [Wed Aug 3 06:22:58 2022] GET /placement/resource_providers/f6721236-6293-40cd-8d98-0c29c200eac7/aggregates => generated 235 bytes in 22 msecs (HTTP/1.1 404) 5 headers in 202 bytes (1 switches on core 0)
Aug 03 06:22:58.756648 n-d-848886-18 devstack@placement-api.service[111854]: DEBUG placement.requestlog [None req-b4b81af3-282f-48b6-ba4a-0626814a7665 None None] Starting request: 10.222.0.36 "DELETE /placement/resource_providers/f6721236-6293-40cd-8d98-0c29c200eac7" {{(pid=111854) __call__ /opt/stack/placement/placement/requestlog.py:55}}
Aug 03 06:22:58.764359 n-d-848886-18 devstack@placement-api.service[111854]: DEBUG dbcounter [-] [111854] Writing DB stats placement:SELECT=28,placement:DELETE=2 {{(pid=111854) stat_writer /usr/local/lib/python3.8/dist-packages/dbcounter.py:114}}
Aug 03 06:22:58.770192 n-d-848886-18 devstack@placement-api.service[111854]: DEBUG placement.wsgi_wrapper [None req-b4b81af3-282f-48b6-ba4a-0626814a7665 service placement] Placement API returning an error response: No resource provider with uuid f6721236-6293-40cd-8d98-0c29c200eac7 found for delete {{(pid=111854) call_func /opt/stack/placement/placement/wsgi_wrapper.py:31}}
Aug 03 06:22:58.773735 n-d-848886-18 devstack@placement-api.service[111854]: INFO placement.requestlog [None req-b4b81af3-282f-48b6-ba4a-0626814a7665 service placement] 10.222.0.36 "DELETE /placement/resource_providers/f6721236-6293-40cd-8d98-0c29c200eac7" status: 404 len: 246 microversion: 1.1
Aug 03 06:22:58.773735 n-d-848886-18 devstack@placement-api.service[111854]: [pid: 111854|app: 0|req: 577/1157] 10.222.0.36 () {60 vars in 1351 bytes} [Wed Aug 3 06:22:58 2022] DELETE /placement/resource_providers/f6721236-6293-40cd-8d98-0c29c200eac7 => generated 246 bytes in 15 msecs (HTTP/1.1 404) 6 headers in 231 bytes (1 switches on core 0)
Aug 03 06:22:58.916246 n-d-848886-18 devstack@placement-api.service[111853]: DEBUG placement.requestlog [req-d55010e6-76f9-4ab6-ab6c-da72fa669c2b req-bd95b5c5-9150-4315-b73d-658462e9273e None None] Starting request: 10.222.0.57 "GET /placement/resource_providers/e5bb354b-44a9-428c-8a2c-7bcb13cc43e1/allocations" {{(pid=111853) __call__ /opt/stack/placement/placement/requestlog.py:55}}
Aug 03 06:22:58.962705 n-d-848886-18 devstack@placement-api.service[111853]: INFO placement.requestlog [req-d55010e6-76f9-4ab6-ab6c-da72fa669c2b req-bd95b5c5-9150-4315-b73d-658462e9273e service placement] 10.222.0.57 "GET /placement/resource_providers/e5bb354b-44a9-428c-8a2c-7bcb13cc43e1/allocations" status: 200 len: 55 microversion: 1.0
Aug 03 06:22:58.963695 n-d-848886-18 devstack@placement-api.service[111853]: [pid: 111853|app: 0|req: 581/1158] 10.222.0.57 () {58 vars in 1390 bytes} [Wed Aug 3 06:22:58 2022] GET /placement/resource_providers/e5bb354b-44a9-428c-8a2c-7bcb13cc43e1/allocations => generated 55 bytes in 47 msecs (HTTP/1.1 200) 6 headers in 223 bytes (1 switches on core 0)
Aug 03 06:23:00.973293 n-d-848886-18 devstack@placement-api.service[111854]: DEBUG placement.requestlog [None req-91b0652f-5117-4eac-93f5-5ee1d89628cb None None] Starting request: 10.222.0.36 "GET /placement/resource_providers/a0ebefb3-38de-4f3d-a579-bbebcd212a2a/aggregates" {{(pid=111854) __call__ /opt/stack/placement/placement/requestlog.py:55}}
Aug 03 06:23:01.029193 n-d-848886-18 devstack@placement-api.service[111854]: INFO placement.requestlog [None req-91b0652f-5117-4eac-93f5-5ee1d89628cb service placement] 10.222.0.36 "GET /placement/resource_providers/a0ebefb3-38de-4f3d-a579-bbebcd212a2a/aggregates" status: 404 len: 235 microversion: 1.1
Aug 03 06:23:01.035362 n-d-848886-18 devstack@placement-api.service[111854]: [pid: 111854|app: 0|req: 578/1159] 10.222.0.36 () {58 vars in 1362 bytes} [Wed Aug 3 06:23:00 2022] GET /placement/resource_providers/a0ebefb3-38de-4f3d-a579-bbebcd212a2a/aggregates => generated 235 bytes in 62 msecs (HTTP/1.1 404) 5 headers in 202 bytes (1 switches on core 0)
Aug 03 06:23:01.079582 n-d-848886-18 devstack@placement-api.service[111853]: DEBUG placement.requestlog [None req-5efe3ee0-c820-40b9-a92b-1e90e868bc95 None None] Starting request: 10.222.0.36 "DELETE /placement/resource_providers/a0ebefb3-38de-4f3d-a579-bbebcd212a2a" {{(pid=111853) __call__ /opt/stack/placement/placement/requestlog.py:55}}
Aug 03 06:23:01.114921 n-d-848886-18 devstack@placement-api.service[111853]: DEBUG placement.wsgi_wrapper [None req-5efe3ee0-c820-40b9-a92b-1e90e868bc95 service placement] Placement API returning an error response: No resource provider with uuid a0ebefb3-38de-4f3d-a579-bbebcd212a2a found for delete {{(pid=111853) call_func /opt/stack/placement/placement/wsgi_wrapper.py:31}}
Aug 03 06:23:01.122464 n-d-848886-18 devstack@placement-api.service[111853]: INFO placement.requestlog [None req-5efe3ee0-c820-40b9-a92b-1e90e868bc95 service placement] 10.222.0.36 "DELETE /placement/resource_providers/a0ebefb3-38de-4f3d-a579-bbebcd212a2a" status: 404 len: 246 microversion: 1.1
Aug 03 06:23:01.122464 n-d-848886-18 devstack@placement-api.service[111853]: [pid: 111853|app: 0|req: 582/1160] 10.222.0.36 () {60 vars in 1351 bytes} [Wed Aug 3 06:23:01 2022] DELETE /placement/resource_providers/a0ebefb3-38de-4f3d-a579-bbebcd212a2a => generated 246 bytes in 42 msecs (HTTP/1.1 404) 6 headers in 231 bytes (1 switches on core 0)
Aug 03 06:23:03.203728 n-d-848886-18 devstack@placement-api.service[111854]: DEBUG placement.requestlog [None req-35165c37-1bbc-4f48-a6f7-5146c93336ae None None] Starting request: 10.222.0.36 "GET /placement/resource_providers/fda9a226-59ad-48f3-9fc7-c80af58c83b3/aggregates" {{(pid=111854) __call__ /opt/stack/placement/placement/requestlog.py:55}}
Aug 03 06:23:03.231337 n-d-848886-18 devstack@placement-api.service[111854]: INFO placement.requestlog [None req-35165c37-1bbc-4f48-a6f7-5146c93336ae service placement] 10.222.0.36 "GET /placement/resource_providers/fda9a226-59ad-48f3-9fc7-c80af58c83b3/aggregates" status: 404 len: 235 microversion: 1.1
Aug 03 06:23:03.232974 n-d-848886-18 devstack@placement-api.service[111854]: [pid: 111854|app: 0|req: 579/1161] 10.222.0.36 () {58 vars in 1362 bytes} [Wed Aug 3 06:23:03 2022] GET /placement/resource_providers/fda9a226-59ad-48f3-9fc7-c80af58c83b3/aggregates => generated 235 bytes in 30 msecs (HTTP/1.1 404) 5 headers in 202 bytes (1 switches on core 0)
Aug 03 06:23:03.282240 n-d-848886-18 devstack@placement-api.service[111853]: DEBUG placement.requestlog [None req-f026398c-1141-4e32-9301-a73639cfc35c None None] Starting request: 10.222.0.36 "GET /placement/resource_providers/f6721236-6293-40cd-8d98-0c29c200eac7/aggregates" {{(pid=111853) __call__ /opt/stack/placement/placement/requestlog.py:55}}
Aug 03 06:23:03.319831 n-d-848886-18 devstack@placement-api.service[111853]: INFO placement.requestlog [None req-f026398c-1141-4e32-9301-a73639cfc35c service placement] 10.222.0.36 "GET /placement/resource_providers/f6721236-6293-40cd-8d98-0c29c200eac7/aggregates" status: 404 len: 235 microversion: 1.1
Aug 03 06:23:03.331305 n-d-848886-18 devstack@placement-api.service[111853]: [pid: 111853|app: 0|req: 583/1162] 10.222.0.36 () {58 vars in 1362 bytes} [Wed Aug 3 06:23:03 2022] GET /placement/resource_providers/f6721236-6293-40cd-8d98-0c29c200eac7/aggregates => generated 235 bytes in 50 msecs (HTTP/1.1 404) 5 headers in 202 bytes (1 switches on core 0)
Aug 03 06:23:03.364822 n-d-848886-18 devstack@placement-api.service[111854]: DEBUG placement.requestlog [None req-879315cd-5021-4540-86f2-4b6d54b8424f None None] Starting request: 10.222.0.36 "DELETE /placement/resource_providers/fda9a226-59ad-48f3-9fc7-c80af58c83b3" {{(pid=111854) __call__ /opt/stack/placement/placement/requestlog.py:55}}
Aug 03 06:23:03.408855 n-d-848886-18 devstack@placement-api.service[111854]: DEBUG placement.wsgi_wrapper [None req-879315cd-5021-4540-86f2-4b6d54b8424f service placement] Placement API returning an error response: No resource provider with uuid fda9a226-59ad-48f3-9fc7-c80af58c83b3 found for delete {{(pid=111854) call_func /opt/stack/placement/placement/wsgi_wrapper.py:31}}
Aug 03 06:23:03.409794 n-d-848886-18 devstack@placement-api.service[111854]: INFO placement.requestlog [None req-879315cd-5021-4540-86f2-4b6d54b8424f service placement] 10.222.0.36 "DELETE /placement/resource_providers/fda9a226-59ad-48f3-9fc7-c80af58c83b3" status: 404 len: 246 microversion: 1.1
Aug 03 06:23:03.413365 n-d-848886-18 devstack@placement-api.service[111854]: [pid: 111854|app: 0|req: 580/1163] 10.222.0.36 () {60 vars in 1351 bytes} [Wed Aug 3 06:23:03 2022] DELETE /placement/resource_providers/fda9a226-59ad-48f3-9fc7-c80af58c83b3 => generated 246 bytes in 49 msecs (HTTP/1.1 404) 6 headers in 231 bytes (1 switches on core 0)
Aug 03 06:23:03.642756 n-d-848886-18 devstack@placement-api.service[111853]: DEBUG placement.requestlog [None req-02cebee1-29dd-4393-8ed1-c8b1dc688629 None None] Starting request: 10.222.0.36 "DELETE /placement/resource_providers/f6721236-6293-40cd-8d98-0c29c200eac7" {{(pid=111853) __call__ /opt/stack/placement/placement/requestlog.py:55}}
Aug 03 06:23:03.657561 n-d-848886-18 devstack@placement-api.service[111853]: DEBUG placement.wsgi_wrapper [None req-02cebee1-29dd-4393-8ed1-c8b1dc688629 service placement] Placement API returning an error response: No resource provider with uuid f6721236-6293-40cd-8d98-0c29c200eac7 found for delete {{(pid=111853) call_func /opt/stack/placement/placement/wsgi_wrapper.py:31}}
Aug 03 06:23:03.659900 n-d-848886-18 devstack@placement-api.service[111853]: INFO placement.requestlog [None req-02cebee1-29dd-4393-8ed1-c8b1dc688629 service placement] 10.222.0.36 "DELETE /placement/resource_providers/f6721236-6293-40cd-8d98-0c29c200eac7" status: 404 len: 246 microversion: 1.1
Aug 03 06:23:03.662908 n-d-848886-18 devstack@placement-api.service[111853]: [pid: 111853|app: 0|req: 584/1164] 10.222.0.36 () {60 vars in 1351 bytes} [Wed Aug 3 06:23:03 2022] DELETE /placement/resource_providers/f6721236-6293-40cd-8d98-0c29c200eac7 => generated 246 bytes in 20 msecs (HTTP/1.1 404) 6 headers in 231 bytes (1 switches on core 0)
Aug 03 06:23:05.574040 n-d-848886-18 devstack@placement-api.service[111854]: DEBUG placement.requestlog [None req-96e0624f-d248-42d1-b3e2-ede2381ddf15 None None] Starting request: 10.222.0.36 "GET /placement/resource_providers/0da0f072-c198-46f5-9a18-1e27f1a7999a/aggregates" {{(pid=111854) __call__ /opt/stack/placement/placement/requestlog.py:55}}
Aug 03 06:23:05.616699 n-d-848886-18 devstack@placement-api.service[111854]: INFO placement.requestlog [None req-96e0624f-d248-42d1-b3e2-ede2381ddf15 service placement] 10.222.0.36 "GET /placement/resource_providers/0da0f072-c198-46f5-9a18-1e27f1a7999a/aggregates" status: 404 len: 235 microversion: 1.1
Aug 03 06:23:05.617070 n-d-848886-18 devstack@placement-api.service[111854]: [pid: 111854|app: 0|req: 581/1165] 10.222.0.36 () {58 vars in 1362 bytes} [Wed Aug 3 06:23:05 2022] GET /placement/resource_providers/0da0f072-c198-46f5-9a18-1e27f1a7999a/aggregates => generated 235 bytes in 43 msecs (HTTP/1.1 404) 5 headers in 202 bytes (1 switches on core 0)
Aug 03 06:23:05.632600 n-d-848886-18 devstack@placement-api.service[111853]: DEBUG placement.requestlog [None req-09b01a76-c203-4980-95f8-61ae8ee49708 None None] Starting request: 10.222.0.36 "DELETE /placement/resource_providers/0da0f072-c198-46f5-9a18-1e27f1a7999a" {{(pid=111853) __call__ /opt/stack/placement/placement/requestlog.py:55}}
Aug 03 06:23:05.653124 n-d-848886-18 devstack@placement-api.service[111853]: DEBUG placement.wsgi_wrapper [None req-09b01a76-c203-4980-95f8-61ae8ee49708 service placement] Placement API returning an error response: No resource provider with uuid 0da0f072-c198-46f5-9a18-1e27f1a7999a found for delete {{(pid=111853) call_func /opt/stack/placement/placement/wsgi_wrapper.py:31}}
Aug 03 06:23:05.658872 n-d-848886-18 devstack@placement-api.service[111853]: INFO placement.requestlog [None req-09b01a76-c203-4980-95f8-61ae8ee49708 service placement] 10.222.0.36 "DELETE /placement/resource_providers/0da0f072-c198-46f5-9a18-1e27f1a7999a" status: 404 len: 246 microversion: 1.1
Aug 03 06:23:05.662246 n-d-848886-18 devstack@placement-api.service[111853]: [pid: 111853|app: 0|req: 585/1166] 10.222.0.36 () {60 vars in 1351 bytes} [Wed Aug 3 06:23:05 2022] DELETE /placement/resource_providers/0da0f072-c198-46f5-9a18-1e27f1a7999a => generated 246 bytes in 30 msecs (HTTP/1.1 404) 6 headers in 231 bytes (2 switches on core 0)
Aug 03 06:23:07.723920 n-d-848886-18 devstack@placement-api.service[111854]: DEBUG placement.requestlog [None req-a4bfb7a1-7aef-4b58-9ee6-4360a544c34c None None] Starting request: 10.222.0.36 "GET /placement/resource_providers/414b9c7d-f827-45b5-bbdc-77717a6556e3/aggregates" {{(pid=111854) __call__ /opt/stack/placement/placement/requestlog.py:55}}
Aug 03 06:23:07.751035 n-d-848886-18 devstack@placement-api.service[111854]: INFO placement.requestlog [None req-a4bfb7a1-7aef-4b58-9ee6-4360a544c34c service placement] 10.222.0.36 "GET /placement/resource_providers/414b9c7d-f827-45b5-bbdc-77717a6556e3/aggregates" status: 404 len: 235 microversion: 1.1
Aug 03 06:23:07.752018 n-d-848886-18 devstack@placement-api.service[111854]: [pid: 111854|app: 0|req: 582/1167] 10.222.0.36 () {58 vars in 1362 bytes} [Wed Aug 3 06:23:07 2022] GET /placement/resource_providers/414b9c7d-f827-45b5-bbdc-77717a6556e3/aggregates => generated 235 bytes in 28 msecs (HTTP/1.1 404) 5 headers in 202 bytes (2 switches on core 0)
Aug 03 06:23:08.290600 n-d-848886-18 devstack@placement-api.service[111853]: DEBUG placement.requestlog [None req-ffb53c04-1646-481b-a525-69c082cab9cc None None] Starting request: 10.222.0.36 "DELETE /placement/resource_providers/414b9c7d-f827-45b5-bbdc-77717a6556e3" {{(pid=111853) __call__ /opt/stack/placement/placement/requestlog.py:55}}
Aug 03 06:23:08.302300 n-d-848886-18 devstack@placement-api.service[111853]: DEBUG placement.wsgi_wrapper [None req-ffb53c04-1646-481b-a525-69c082cab9cc service placement] Placement API returning an error response: No resource provider with uuid 414b9c7d-f827-45b5-bbdc-77717a6556e3 found for delete {{(pid=111853) call_func /opt/stack/placement/placement/wsgi_wrapper.py:31}}
Aug 03 06:23:08.305659 n-d-848886-18 devstack@placement-api.service[111853]: INFO placement.requestlog [None req-ffb53c04-1646-481b-a525-69c082cab9cc service placement] 10.222.0.36 "DELETE /placement/resource_providers/414b9c7d-f827-45b5-bbdc-77717a6556e3" status: 404 len: 246 microversion: 1.1
Aug 03 06:23:08.306512 n-d-848886-18 devstack@placement-api.service[111853]: [pid: 111853|app: 0|req: 586/1168] 10.222.0.36 () {60 vars in 1351 bytes} [Wed Aug 3 06:23:08 2022] DELETE /placement/resource_providers/414b9c7d-f827-45b5-bbdc-77717a6556e3 => generated 246 bytes in 16 msecs (HTTP/1.1 404) 6 headers in 231 bytes (1 switches on core 0)
Aug 03 06:23:10.906090 n-d-848886-18 devstack@placement-api.service[111854]: DEBUG placement.requestlog [None req-9bcdcaec-8e4c-446d-b41b-c3155cd13df8 None None] Starting request: 10.222.0.36 "GET /placement/resource_providers/fc371ae1-ed58-4c5c-b3bf-8a94bed23bbd/aggregates" {{(pid=111854) __call__ /opt/stack/placement/placement/requestlog.py:55}}
Aug 03 06:23:10.936534 n-d-848886-18 devstack@placement-api.service[111854]: INFO placement.requestlog [None req-9bcdcaec-8e4c-446d-b41b-c3155cd13df8 service placement] 10.222.0.36 "GET /placement/resource_providers/fc371ae1-ed58-4c5c-b3bf-8a94bed23bbd/aggregates" status: 404 len: 235 microversion: 1.1
Aug 03 06:23:10.938379 n-d-848886-18 devstack@placement-api.service[111854]: [pid: 111854|app: 0|req: 583/1169] 10.222.0.36 () {58 vars in 1362 bytes} [Wed Aug 3 06:23:10 2022] GET /placement/resource_providers/fc371ae1-ed58-4c5c-b3bf-8a94bed23bbd/aggregates => generated 235 bytes in 33 msecs (HTTP/1.1 404) 5 headers in 202 bytes (1 switches on core 0)
Aug 03 06:23:11.120131 n-d-848886-18 devstack@placement-api.service[111853]: DEBUG placement.requestlog [None req-103becb7-1a9f-45a7-b61e-82ce9268e0a5 None None] Starting request: 10.222.0.36 "DELETE /placement/resource_providers/fc371ae1-ed58-4c5c-b3bf-8a94bed23bbd" {{(pid=111853) __call__ /opt/stack/placement/placement/requestlog.py:55}}
Aug 03 06:23:11.137030 n-d-848886-18 devstack@placement-api.service[111853]: DEBUG placement.wsgi_wrapper [None req-103becb7-1a9f-45a7-b61e-82ce9268e0a5 service placement] Placement API returning an error response: No resource provider with uuid fc371ae1-ed58-4c5c-b3bf-8a94bed23bbd found for delete {{(pid=111853) call_func /opt/stack/placement/placement/wsgi_wrapper.py:31}}
Aug 03 06:23:11.142275 n-d-848886-18 devstack@placement-api.service[111853]: INFO placement.requestlog [None req-103becb7-1a9f-45a7-b61e-82ce9268e0a5 service placement] 10.222.0.36 "DELETE /placement/resource_providers/fc371ae1-ed58-4c5c-b3bf-8a94bed23bbd" status: 404 len: 246 microversion: 1.1
Aug 03 06:23:11.143185 n-d-848886-18 devstack@placement-api.service[111853]: [pid: 111853|app: 0|req: 587/1170] 10.222.0.36 () {60 vars in 1351 bytes} [Wed Aug 3 06:23:11 2022] DELETE /placement/resource_providers/fc371ae1-ed58-4c5c-b3bf-8a94bed23bbd => generated 246 bytes in 23 msecs (HTTP/1.1 404) 6 headers in 231 bytes (1 switches on core 0)
Aug 03 06:23:15.911897 n-d-848886-18 devstack@placement-api.service[111854]: DEBUG placement.requestlog [None req-dda50ab8-6ca9-4bb1-84a7-1572c5b13c0a None None] Starting request: 10.222.0.36 "GET /placement/resource_providers/82b215c6-e64d-4ed5-96ce-40fb8ede92a0/aggregates" {{(pid=111854) __call__ /opt/stack/placement/placement/requestlog.py:55}}
Aug 03 06:23:15.926839 n-d-848886-18 devstack@placement-api.service[111854]: INFO placement.requestlog [None req-dda50ab8-6ca9-4bb1-84a7-1572c5b13c0a service placement] 10.222.0.36 "GET /placement/resource_providers/82b215c6-e64d-4ed5-96ce-40fb8ede92a0/aggregates" status: 404 len: 235 microversion: 1.1
Aug 03 06:23:15.927675 n-d-848886-18 devstack@placement-api.service[111854]: [pid: 111854|app: 0|req: 584/1171] 10.222.0.36 () {58 vars in 1362 bytes} [Wed Aug 3 06:23:15 2022] GET /placement/resource_providers/82b215c6-e64d-4ed5-96ce-40fb8ede92a0/aggregates => generated 235 bytes in 16 msecs (HTTP/1.1 404) 5 headers in 202 bytes (1 switches on core 0)
Aug 03 06:23:15.988354 n-d-848886-18 devstack@placement-api.service[111853]: DEBUG placement.requestlog [None req-0d3e4b68-8faf-4f21-8014-96c9fb8e8688 None None] Starting request: 10.222.0.36 "GET /placement/resource_providers/46e049fa-d0f6-4e4b-89d9-8d132a7a964d/aggregates" {{(pid=111853) __call__ /opt/stack/placement/placement/requestlog.py:55}}
Aug 03 06:23:16.021728 n-d-848886-18 devstack@placement-api.service[111853]: INFO placement.requestlog [None req-0d3e4b68-8faf-4f21-8014-96c9fb8e8688 service placement] 10.222.0.36 "GET /placement/resource_providers/46e049fa-d0f6-4e4b-89d9-8d132a7a964d/aggregates" status: 404 len: 235 microversion: 1.1
Aug 03 06:23:16.023481 n-d-848886-18 devstack@placement-api.service[111853]: [pid: 111853|app: 0|req: 588/1172] 10.222.0.36 () {58 vars in 1362 bytes} [Wed Aug 3 06:23:15 2022] GET /placement/resource_providers/46e049fa-d0f6-4e4b-89d9-8d132a7a964d/aggregates => generated 235 bytes in 35 msecs (HTTP/1.1 404) 5 headers in 202 bytes (1 switches on core 0)
Aug 03 06:23:16.048512 n-d-848886-18 devstack@placement-api.service[111854]: DEBUG placement.requestlog [None req-b8cfdf06-9c71-461a-a5b2-996827755211 None None] Starting request: 10.222.0.36 "DELETE /placement/resource_providers/46e049fa-d0f6-4e4b-89d9-8d132a7a964d" {{(pid=111854) __call__ /opt/stack/placement/placement/requestlog.py:55}}
Aug 03 06:23:16.065220 n-d-848886-18 devstack@placement-api.service[111853]: DEBUG placement.requestlog [None req-f6d25d4c-758b-4679-87f3-2a6ad42a3b41 None None] Starting request: 10.222.0.36 "DELETE /placement/resource_providers/82b215c6-e64d-4ed5-96ce-40fb8ede92a0" {{(pid=111853) __call__ /opt/stack/placement/placement/requestlog.py:55}}
Aug 03 06:23:16.087824 n-d-848886-18 devstack@placement-api.service[111853]: DEBUG placement.wsgi_wrapper [None req-f6d25d4c-758b-4679-87f3-2a6ad42a3b41 service placement] Placement API returning an error response: No resource provider with uuid 82b215c6-e64d-4ed5-96ce-40fb8ede92a0 found for delete {{(pid=111853) call_func /opt/stack/placement/placement/wsgi_wrapper.py:31}}
Aug 03 06:23:16.089588 n-d-848886-18 devstack@placement-api.service[111854]: DEBUG placement.wsgi_wrapper [None req-b8cfdf06-9c71-461a-a5b2-996827755211 service placement] Placement API returning an error response: No resource provider with uuid 46e049fa-d0f6-4e4b-89d9-8d132a7a964d found for delete {{(pid=111854) call_func /opt/stack/placement/placement/wsgi_wrapper.py:31}}
Aug 03 06:23:16.094661 n-d-848886-18 devstack@placement-api.service[111853]: INFO placement.requestlog [None req-f6d25d4c-758b-4679-87f3-2a6ad42a3b41 service placement] 10.222.0.36 "DELETE /placement/resource_providers/82b215c6-e64d-4ed5-96ce-40fb8ede92a0" status: 404 len: 246 microversion: 1.1
Aug 03 06:23:16.095425 n-d-848886-18 devstack@placement-api.service[111854]: INFO placement.requestlog [None req-b8cfdf06-9c71-461a-a5b2-996827755211 service placement] 10.222.0.36 "DELETE /placement/resource_providers/46e049fa-d0f6-4e4b-89d9-8d132a7a964d" status: 404 len: 246 microversion: 1.1
Aug 03 06:23:16.096744 n-d-848886-18 devstack@placement-api.service[111853]: [pid: 111853|app: 0|req: 589/1173] 10.222.0.36 () {60 vars in 1351 bytes} [Wed Aug 3 06:23:16 2022] DELETE /placement/resource_providers/82b215c6-e64d-4ed5-96ce-40fb8ede92a0 => generated 246 bytes in 32 msecs (HTTP/1.1 404) 6 headers in 231 bytes (1 switches on core 0)
Aug 03 06:23:16.097210 n-d-848886-18 devstack@placement-api.service[111854]: [pid: 111854|app: 0|req: 585/1174] 10.222.0.36 () {60 vars in 1351 bytes} [Wed Aug 3 06:23:16 2022] DELETE /placement/resource_providers/46e049fa-d0f6-4e4b-89d9-8d132a7a964d => generated 246 bytes in 49 msecs (HTTP/1.1 404) 6 headers in 231 bytes (1 switches on core 0)
Aug 03 06:23:18.517256 n-d-848886-18 devstack@placement-api.service[111853]: DEBUG placement.requestlog [req-78962329-e8b9-41a4-a369-713fa454574b req-def8cf0e-a9c3-4d30-8953-8cd0f0ac3569 None None] Starting request: 10.222.0.36 "GET /placement/allocation_candidates?limit=1000&resources=DISK_GB%3A1%2CMEMORY_MB%3A1024%2CVCPU%3A1&root_required=%21COMPUTE_STATUS_DISABLED" {{(pid=111853) __call__ /opt/stack/placement/placement/requestlog.py:55}}
Aug 03 06:23:19.455680 n-d-848886-18 devstack@placement-api.service[111853]: DEBUG placement.objects.research_context [req-78962329-e8b9-41a4-a369-713fa454574b req-def8cf0e-a9c3-4d30-8953-8cd0f0ac3569 service placement] getting providers with 1 DISK_GB {{(pid=111853) __init__ /opt/stack/placement/placement/objects/research_context.py:136}}
Aug 03 06:23:19.477294 n-d-848886-18 devstack@placement-api.service[111853]: DEBUG placement.objects.research_context [req-78962329-e8b9-41a4-a369-713fa454574b req-def8cf0e-a9c3-4d30-8953-8cd0f0ac3569 service placement] getting providers with 1024 MEMORY_MB {{(pid=111853) __init__ /opt/stack/placement/placement/objects/research_context.py:136}}
Aug 03 06:23:19.493087 n-d-848886-18 devstack@placement-api.service[111853]: DEBUG placement.objects.research_context [req-78962329-e8b9-41a4-a369-713fa454574b req-def8cf0e-a9c3-4d30-8953-8cd0f0ac3569 service placement] getting providers with 1 VCPU {{(pid=111853) __init__ /opt/stack/placement/placement/objects/research_context.py:136}}
Aug 03 06:23:19.519525 n-d-848886-18 devstack@placement-api.service[111853]: DEBUG placement.objects.research_context [req-78962329-e8b9-41a4-a369-713fa454574b req-def8cf0e-a9c3-4d30-8953-8cd0f0ac3569 service placement] found 2 providers with available 1 DISK_GB {{(pid=111853) get_provider_ids_matching /opt/stack/placement/placement/objects/research_context.py:563}}
Aug 03 06:23:19.520194 n-d-848886-18 devstack@placement-api.service[111853]: DEBUG placement.objects.research_context [req-78962329-e8b9-41a4-a369-713fa454574b req-def8cf0e-a9c3-4d30-8953-8cd0f0ac3569 service placement] found 2 providers with available 1024 MEMORY_MB {{(pid=111853) get_provider_ids_matching /opt/stack/placement/placement/objects/research_context.py:563}}
Aug 03 06:23:19.520501 n-d-848886-18 devstack@placement-api.service[111853]: DEBUG placement.objects.research_context [req-78962329-e8b9-41a4-a369-713fa454574b req-def8cf0e-a9c3-4d30-8953-8cd0f0ac3569 service placement] found 2 providers after filtering by previous result {{(pid=111853) get_provider_ids_matching /opt/stack/placement/placement/objects/research_context.py:594}}
Aug 03 06:23:19.521944 n-d-848886-18 devstack@placement-api.service[111853]: DEBUG placement.objects.research_context [req-78962329-e8b9-41a4-a369-713fa454574b req-def8cf0e-a9c3-4d30-8953-8cd0f0ac3569 service placement] found 2 providers with available 1 VCPU {{(pid=111853) get_provider_ids_matching /opt/stack/placement/placement/objects/research_context.py:563}}
Aug 03 06:23:19.522966 n-d-848886-18 devstack@placement-api.service[111853]: DEBUG placement.objects.research_context [req-78962329-e8b9-41a4-a369-713fa454574b req-def8cf0e-a9c3-4d30-8953-8cd0f0ac3569 service placement] found 2 providers after filtering by previous result {{(pid=111853) get_provider_ids_matching /opt/stack/placement/placement/objects/research_context.py:594}}
Aug 03 06:23:19.551197 n-d-848886-18 devstack@placement-api.service[111853]: DEBUG placement.objects.allocation_candidate [req-78962329-e8b9-41a4-a369-713fa454574b req-def8cf0e-a9c3-4d30-8953-8cd0f0ac3569 service placement] RequestGroup(use_same_provider=False, resources={DISK_GB:1, MEMORY_MB:1024, VCPU:1}, traits=(), aggregates=[]) (suffix '') returned 2 matches {{(pid=111853) _get_by_requests /opt/stack/placement/placement/objects/allocation_candidate.py:156}}
Aug 03 06:23:19.552589 n-d-848886-18 devstack@placement-api.service[111853]: DEBUG placement.objects.allocation_candidate [req-78962329-e8b9-41a4-a369-713fa454574b req-def8cf0e-a9c3-4d30-8953-8cd0f0ac3569 service placement] Merging candidates yields 2 allocation requests and 2 provider summaries {{(pid=111853) _merge_candidates /opt/stack/placement/placement/objects/allocation_candidate.py:809}}
Aug 03 06:23:19.564411 n-d-848886-18 devstack@placement-api.service[111853]: INFO placement.requestlog [req-78962329-e8b9-41a4-a369-713fa454574b req-def8cf0e-a9c3-4d30-8953-8cd0f0ac3569 service placement] 10.222.0.36 "GET /placement/allocation_candidates?limit=1000&resources=DISK_GB%3A1%2CMEMORY_MB%3A1024%2CVCPU%3A1&root_required=%21COMPUTE_STATUS_DISABLED" status: 200 len: 1303 microversion: 1.36
Aug 03 06:23:19.581352 n-d-848886-18 devstack@placement-api.service[111853]: [pid: 111853|app: 0|req: 590/1175] 10.222.0.36 () {60 vars in 1506 bytes} [Wed Aug 3 06:23:18 2022] GET /placement/allocation_candidates?limit=1000&resources=DISK_GB%3A1%2CMEMORY_MB%3A1024%2CVCPU%3A1&root_required=%21COMPUTE_STATUS_DISABLED => generated 1303 bytes in 1064 msecs (HTTP/1.1 200) 8 headers in 297 bytes (1 switches on core 0)
Aug 03 06:23:19.784640 n-d-848886-18 devstack@placement-api.service[111854]: DEBUG placement.requestlog [req-78962329-e8b9-41a4-a369-713fa454574b req-28c56779-76eb-436e-90f9-3c53c9a47965 None None] Starting request: 10.222.0.36 "GET /placement/allocations/fa88b5ac-faab-4457-aef2-17313167c87b" {{(pid=111854) __call__ /opt/stack/placement/placement/requestlog.py:55}}
Aug 03 06:23:19.809698 n-d-848886-18 devstack@placement-api.service[111854]: INFO placement.requestlog [req-78962329-e8b9-41a4-a369-713fa454574b req-28c56779-76eb-436e-90f9-3c53c9a47965 service placement] 10.222.0.36 "GET /placement/allocations/fa88b5ac-faab-4457-aef2-17313167c87b" status: 200 len: 19 microversion: 1.28
Aug 03 06:23:19.821010 n-d-848886-18 devstack@placement-api.service[111854]: [pid: 111854|app: 0|req: 586/1176] 10.222.0.36 () {60 vars in 1380 bytes} [Wed Aug 3 06:23:19 2022] GET /placement/allocations/fa88b5ac-faab-4457-aef2-17313167c87b => generated 19 bytes in 36 msecs (HTTP/1.1 200) 8 headers in 295 bytes (1 switches on core 0)
Aug 03 06:23:19.824548 n-d-848886-18 devstack@placement-api.service[111853]: DEBUG placement.requestlog [req-78962329-e8b9-41a4-a369-713fa454574b req-6094c053-56a1-4f2b-b494-cc066d988aa4 None None] Starting request: 10.222.0.36 "PUT /placement/allocations/fa88b5ac-faab-4457-aef2-17313167c87b" {{(pid=111853) __call__ /opt/stack/placement/placement/requestlog.py:55}}
Aug 03 06:23:20.055075 n-d-848886-18 devstack@placement-api.service[111853]: DEBUG placement.handlers.allocation [req-78962329-e8b9-41a4-a369-713fa454574b req-6094c053-56a1-4f2b-b494-cc066d988aa4 service placement] Successfully wrote allocations [, , ] {{(pid=111853) _update_consumers_and_create_allocations /opt/stack/placement/placement/handlers/allocation.py:462}}
Aug 03 06:23:20.068537 n-d-848886-18 devstack@placement-api.service[111853]: INFO placement.requestlog [req-78962329-e8b9-41a4-a369-713fa454574b req-6094c053-56a1-4f2b-b494-cc066d988aa4 service placement] 10.222.0.36 "PUT /placement/allocations/fa88b5ac-faab-4457-aef2-17313167c87b" status: 204 len: 0 microversion: 1.36
Aug 03 06:23:20.069282 n-d-848886-18 devstack@placement-api.service[111853]: [pid: 111853|app: 0|req: 591/1177] 10.222.0.36 () {64 vars in 1433 bytes} [Wed Aug 3 06:23:19 2022] PUT /placement/allocations/fa88b5ac-faab-4457-aef2-17313167c87b => generated 0 bytes in 245 msecs (HTTP/1.1 204) 5 headers in 199 bytes (2 switches on core 0)
Aug 03 06:23:20.400803 n-d-848886-18 devstack@placement-api.service[111854]: DEBUG placement.requestlog [None req-7991a143-c043-492d-9ca3-5862ec6defdf None None] Starting request: 10.222.0.36 "GET /placement/resource_providers/33930960-2750-4d7e-b584-bbae76cb2b9d/aggregates" {{(pid=111854) __call__ /opt/stack/placement/placement/requestlog.py:55}}
Aug 03 06:23:20.422971 n-d-848886-18 devstack@placement-api.service[111854]: INFO placement.requestlog [None req-7991a143-c043-492d-9ca3-5862ec6defdf service placement] 10.222.0.36 "GET /placement/resource_providers/33930960-2750-4d7e-b584-bbae76cb2b9d/aggregates" status: 404 len: 235 microversion: 1.1
Aug 03 06:23:20.426998 n-d-848886-18 devstack@placement-api.service[111854]: [pid: 111854|app: 0|req: 587/1178] 10.222.0.36 () {58 vars in 1362 bytes} [Wed Aug 3 06:23:20 2022] GET /placement/resource_providers/33930960-2750-4d7e-b584-bbae76cb2b9d/aggregates => generated 235 bytes in 27 msecs (HTTP/1.1 404) 5 headers in 202 bytes (1 switches on core 0)
Aug 03 06:23:20.758575 n-d-848886-18 devstack@placement-api.service[111853]: DEBUG placement.requestlog [None req-a82cc4d2-120a-4ddd-bf0a-25aef607b3e4 None None] Starting request: 10.222.0.36 "DELETE /placement/resource_providers/33930960-2750-4d7e-b584-bbae76cb2b9d" {{(pid=111853) __call__ /opt/stack/placement/placement/requestlog.py:55}}
Aug 03 06:23:20.769363 n-d-848886-18 devstack@placement-api.service[111853]: DEBUG placement.wsgi_wrapper [None req-a82cc4d2-120a-4ddd-bf0a-25aef607b3e4 service placement] Placement API returning an error response: No resource provider with uuid 33930960-2750-4d7e-b584-bbae76cb2b9d found for delete {{(pid=111853) call_func /opt/stack/placement/placement/wsgi_wrapper.py:31}}
Aug 03 06:23:20.778350 n-d-848886-18 devstack@placement-api.service[111853]: INFO placement.requestlog [None req-a82cc4d2-120a-4ddd-bf0a-25aef607b3e4 service placement] 10.222.0.36 "DELETE /placement/resource_providers/33930960-2750-4d7e-b584-bbae76cb2b9d" status: 404 len: 246 microversion: 1.1
Aug 03 06:23:20.778717 n-d-848886-18 devstack@placement-api.service[111853]: [pid: 111853|app: 0|req: 592/1179] 10.222.0.36 () {60 vars in 1351 bytes} [Wed Aug 3 06:23:20 2022] DELETE /placement/resource_providers/33930960-2750-4d7e-b584-bbae76cb2b9d => generated 246 bytes in 20 msecs (HTTP/1.1 404) 6 headers in 231 bytes (1 switches on core 0)
Aug 03 06:23:21.203432 n-d-848886-18 devstack@placement-api.service[111854]: DEBUG placement.requestlog [req-78962329-e8b9-41a4-a369-713fa454574b req-b6dd2937-8d5e-47b4-a745-08ee03580671 None None] Starting request: 10.222.0.42 "GET /placement/allocations/fa88b5ac-faab-4457-aef2-17313167c87b" {{(pid=111854) __call__ /opt/stack/placement/placement/requestlog.py:55}}
Aug 03 06:23:21.247312 n-d-848886-18 devstack@placement-api.service[111854]: INFO placement.requestlog [req-78962329-e8b9-41a4-a369-713fa454574b req-b6dd2937-8d5e-47b4-a745-08ee03580671 service placement] 10.222.0.42 "GET /placement/allocations/fa88b5ac-faab-4457-aef2-17313167c87b" status: 200 len: 259 microversion: 1.28
Aug 03 06:23:21.250944 n-d-848886-18 devstack@placement-api.service[111854]: [pid: 111854|app: 0|req: 588/1180] 10.222.0.42 () {60 vars in 1377 bytes} [Wed Aug 3 06:23:21 2022] GET /placement/allocations/fa88b5ac-faab-4457-aef2-17313167c87b => generated 259 bytes in 47 msecs (HTTP/1.1 200) 8 headers in 296 bytes (1 switches on core 0)
Aug 03 06:23:22.910693 n-d-848886-18 devstack@placement-api.service[111853]: DEBUG placement.requestlog [None req-8c8bdc3e-8fa2-45c1-9d57-9bc96f04e263 None None] Starting request: 10.222.0.36 "GET /placement/resource_providers/33930960-2750-4d7e-b584-bbae76cb2b9d/aggregates" {{(pid=111853) __call__ /opt/stack/placement/placement/requestlog.py:55}}
Aug 03 06:23:22.935514 n-d-848886-18 devstack@placement-api.service[111853]: INFO placement.requestlog [None req-8c8bdc3e-8fa2-45c1-9d57-9bc96f04e263 service placement] 10.222.0.36 "GET /placement/resource_providers/33930960-2750-4d7e-b584-bbae76cb2b9d/aggregates" status: 404 len: 235 microversion: 1.1
Aug 03 06:23:22.936349 n-d-848886-18 devstack@placement-api.service[111853]: [pid: 111853|app: 0|req: 593/1181] 10.222.0.36 () {58 vars in 1362 bytes} [Wed Aug 3 06:23:22 2022] GET /placement/resource_providers/33930960-2750-4d7e-b584-bbae76cb2b9d/aggregates => generated 235 bytes in 26 msecs (HTTP/1.1 404) 5 headers in 202 bytes (1 switches on core 0)
Aug 03 06:23:23.035752 n-d-848886-18 devstack@placement-api.service[111854]: DEBUG placement.requestlog [None req-3c7c2943-6b11-4a48-a438-868c0f4b5076 None None] Starting request: 10.222.0.36 "DELETE /placement/resource_providers/33930960-2750-4d7e-b584-bbae76cb2b9d" {{(pid=111854) __call__ /opt/stack/placement/placement/requestlog.py:55}}
Aug 03 06:23:23.050546 n-d-848886-18 devstack@placement-api.service[111854]: DEBUG placement.wsgi_wrapper [None req-3c7c2943-6b11-4a48-a438-868c0f4b5076 service placement] Placement API returning an error response: No resource provider with uuid 33930960-2750-4d7e-b584-bbae76cb2b9d found for delete {{(pid=111854) call_func /opt/stack/placement/placement/wsgi_wrapper.py:31}}
Aug 03 06:23:23.058400 n-d-848886-18 devstack@placement-api.service[111854]: INFO placement.requestlog [None req-3c7c2943-6b11-4a48-a438-868c0f4b5076 service placement] 10.222.0.36 "DELETE /placement/resource_providers/33930960-2750-4d7e-b584-bbae76cb2b9d" status: 404 len: 246 microversion: 1.1
Aug 03 06:23:23.060870 n-d-848886-18 devstack@placement-api.service[111854]: [pid: 111854|app: 0|req: 589/1182] 10.222.0.36 () {60 vars in 1351 bytes} [Wed Aug 3 06:23:23 2022] DELETE /placement/resource_providers/33930960-2750-4d7e-b584-bbae76cb2b9d => generated 246 bytes in 25 msecs (HTTP/1.1 404) 6 headers in 231 bytes (1 switches on core 0)
Aug 03 06:23:28.818471 n-d-848886-18 devstack@placement-api.service[111853]: DEBUG placement.requestlog [req-763b7e97-26a4-488d-9fe1-cdcbd6046875 req-0d60fb99-b761-467b-abb4-b188a41c8a46 None None] Starting request: 10.222.0.36 "GET /placement/allocation_candidates?limit=1000&resources=DISK_GB%3A1%2CMEMORY_MB%3A1024%2CVCPU%3A1&root_required=%21COMPUTE_STATUS_DISABLED" {{(pid=111853) __call__ /opt/stack/placement/placement/requestlog.py:55}}
Aug 03 06:23:28.835415 n-d-848886-18 devstack@placement-api.service[111853]: DEBUG dbcounter [-] [111853] Writing DB stats placement:SELECT=53,placement:INSERT=6,placement:DELETE=2,placement:UPDATE=2 {{(pid=111853) stat_writer /usr/local/lib/python3.8/dist-packages/dbcounter.py:114}}
Aug 03 06:23:28.881583 n-d-848886-18 devstack@placement-api.service[111853]: DEBUG placement.objects.research_context [req-763b7e97-26a4-488d-9fe1-cdcbd6046875 req-0d60fb99-b761-467b-abb4-b188a41c8a46 service placement] getting providers with 1 DISK_GB {{(pid=111853) __init__ /opt/stack/placement/placement/objects/research_context.py:136}}
Aug 03 06:23:28.891882 n-d-848886-18 devstack@placement-api.service[111853]: DEBUG placement.objects.research_context [req-763b7e97-26a4-488d-9fe1-cdcbd6046875 req-0d60fb99-b761-467b-abb4-b188a41c8a46 service placement] getting providers with 1024 MEMORY_MB {{(pid=111853) __init__ /opt/stack/placement/placement/objects/research_context.py:136}}
Aug 03 06:23:28.903682 n-d-848886-18 devstack@placement-api.service[111853]: DEBUG placement.objects.research_context [req-763b7e97-26a4-488d-9fe1-cdcbd6046875 req-0d60fb99-b761-467b-abb4-b188a41c8a46 service placement] getting providers with 1 VCPU {{(pid=111853) __init__ /opt/stack/placement/placement/objects/research_context.py:136}}
Aug 03 06:23:28.912636 n-d-848886-18 devstack@placement-api.service[111853]: DEBUG placement.objects.research_context [req-763b7e97-26a4-488d-9fe1-cdcbd6046875 req-0d60fb99-b761-467b-abb4-b188a41c8a46 service placement] found 2 providers with available 1 DISK_GB {{(pid=111853) get_provider_ids_matching /opt/stack/placement/placement/objects/research_context.py:563}}
Aug 03 06:23:28.913387 n-d-848886-18 devstack@placement-api.service[111853]: DEBUG placement.objects.research_context [req-763b7e97-26a4-488d-9fe1-cdcbd6046875 req-0d60fb99-b761-467b-abb4-b188a41c8a46 service placement] found 2 providers with available 1024 MEMORY_MB {{(pid=111853) get_provider_ids_matching /opt/stack/placement/placement/objects/research_context.py:563}}
Aug 03 06:23:28.914048 n-d-848886-18 devstack@placement-api.service[111853]: DEBUG placement.objects.research_context [req-763b7e97-26a4-488d-9fe1-cdcbd6046875 req-0d60fb99-b761-467b-abb4-b188a41c8a46 service placement] found 2 providers after filtering by previous result {{(pid=111853) get_provider_ids_matching /opt/stack/placement/placement/objects/research_context.py:594}}
Aug 03 06:23:28.914515 n-d-848886-18 devstack@placement-api.service[111853]: DEBUG placement.objects.research_context [req-763b7e97-26a4-488d-9fe1-cdcbd6046875 req-0d60fb99-b761-467b-abb4-b188a41c8a46 service placement] found 2 providers with available 1 VCPU {{(pid=111853) get_provider_ids_matching /opt/stack/placement/placement/objects/research_context.py:563}}
Aug 03 06:23:28.915111 n-d-848886-18 devstack@placement-api.service[111853]: DEBUG placement.objects.research_context [req-763b7e97-26a4-488d-9fe1-cdcbd6046875 req-0d60fb99-b761-467b-abb4-b188a41c8a46 service placement] found 2 providers after filtering by previous result {{(pid=111853) get_provider_ids_matching /opt/stack/placement/placement/objects/research_context.py:594}}
Aug 03 06:23:28.935188 n-d-848886-18 devstack@placement-api.service[111853]: DEBUG placement.objects.allocation_candidate [req-763b7e97-26a4-488d-9fe1-cdcbd6046875 req-0d60fb99-b761-467b-abb4-b188a41c8a46 service placement] RequestGroup(use_same_provider=False, resources={DISK_GB:1, MEMORY_MB:1024, VCPU:1}, traits=(), aggregates=[]) (suffix '') returned 2 matches {{(pid=111853) _get_by_requests /opt/stack/placement/placement/objects/allocation_candidate.py:156}}
Aug 03 06:23:28.935807 n-d-848886-18 devstack@placement-api.service[111853]: DEBUG placement.objects.allocation_candidate [req-763b7e97-26a4-488d-9fe1-cdcbd6046875 req-0d60fb99-b761-467b-abb4-b188a41c8a46 service placement] Merging candidates yields 2 allocation requests and 2 provider summaries {{(pid=111853) _merge_candidates /opt/stack/placement/placement/objects/allocation_candidate.py:809}}
Aug 03 06:23:28.938473 n-d-848886-18 devstack@placement-api.service[111853]: INFO placement.requestlog [req-763b7e97-26a4-488d-9fe1-cdcbd6046875 req-0d60fb99-b761-467b-abb4-b188a41c8a46 service placement] 10.222.0.36 "GET /placement/allocation_candidates?limit=1000&resources=DISK_GB%3A1%2CMEMORY_MB%3A1024%2CVCPU%3A1&root_required=%21COMPUTE_STATUS_DISABLED" status: 200 len: 1306 microversion: 1.36
Aug 03 06:23:28.939330 n-d-848886-18 devstack@placement-api.service[111853]: [pid: 111853|app: 0|req: 594/1183] 10.222.0.36 () {60 vars in 1506 bytes} [Wed Aug 3 06:23:28 2022] GET /placement/allocation_candidates?limit=1000&resources=DISK_GB%3A1%2CMEMORY_MB%3A1024%2CVCPU%3A1&root_required=%21COMPUTE_STATUS_DISABLED => generated 1306 bytes in 141 msecs (HTTP/1.1 200) 8 headers in 297 bytes (1 switches on core 0)
Aug 03 06:23:29.144358 n-d-848886-18 devstack@placement-api.service[111854]: DEBUG placement.requestlog [req-763b7e97-26a4-488d-9fe1-cdcbd6046875 req-077a169e-a6fa-48f2-a881-0b2352f3d932 None None] Starting request: 10.222.0.36 "GET /placement/allocations/3aa0c317-0369-4e64-8fda-e5d4ae985214" {{(pid=111854) __call__ /opt/stack/placement/placement/requestlog.py:55}}
Aug 03 06:23:29.161803 n-d-848886-18 devstack@placement-api.service[111854]: DEBUG dbcounter [-] [111854] Writing DB stats placement:SELECT=28 {{(pid=111854) stat_writer /usr/local/lib/python3.8/dist-packages/dbcounter.py:114}}
Aug 03 06:23:29.179038 n-d-848886-18 devstack@placement-api.service[111854]: INFO placement.requestlog [req-763b7e97-26a4-488d-9fe1-cdcbd6046875 req-077a169e-a6fa-48f2-a881-0b2352f3d932 service placement] 10.222.0.36 "GET /placement/allocations/3aa0c317-0369-4e64-8fda-e5d4ae985214" status: 200 len: 19 microversion: 1.28
Aug 03 06:23:29.179769 n-d-848886-18 devstack@placement-api.service[111854]: [pid: 111854|app: 0|req: 590/1184] 10.222.0.36 () {60 vars in 1380 bytes} [Wed Aug 3 06:23:29 2022] GET /placement/allocations/3aa0c317-0369-4e64-8fda-e5d4ae985214 => generated 19 bytes in 36 msecs (HTTP/1.1 200) 8 headers in 295 bytes (1 switches on core 0)
Aug 03 06:23:29.191727 n-d-848886-18 devstack@placement-api.service[111853]: DEBUG placement.requestlog [req-763b7e97-26a4-488d-9fe1-cdcbd6046875 req-58aba08e-91ed-4fc6-9a19-7157d9d9b48b None None] Starting request: 10.222.0.36 "PUT /placement/allocations/3aa0c317-0369-4e64-8fda-e5d4ae985214" {{(pid=111853) __call__ /opt/stack/placement/placement/requestlog.py:55}}
Aug 03 06:23:29.395247 n-d-848886-18 devstack@placement-api.service[111853]: DEBUG placement.handlers.allocation [req-763b7e97-26a4-488d-9fe1-cdcbd6046875 req-58aba08e-91ed-4fc6-9a19-7157d9d9b48b service placement] Successfully wrote allocations [, , ] {{(pid=111853) _update_consumers_and_create_allocations /opt/stack/placement/placement/handlers/allocation.py:462}}
Aug 03 06:23:29.404614 n-d-848886-18 devstack@placement-api.service[111853]: INFO placement.requestlog [req-763b7e97-26a4-488d-9fe1-cdcbd6046875 req-58aba08e-91ed-4fc6-9a19-7157d9d9b48b service placement] 10.222.0.36 "PUT /placement/allocations/3aa0c317-0369-4e64-8fda-e5d4ae985214" status: 204 len: 0 microversion: 1.36
Aug 03 06:23:29.405025 n-d-848886-18 devstack@placement-api.service[111853]: [pid: 111853|app: 0|req: 595/1185] 10.222.0.36 () {64 vars in 1433 bytes} [Wed Aug 3 06:23:29 2022] PUT /placement/allocations/3aa0c317-0369-4e64-8fda-e5d4ae985214 => generated 0 bytes in 214 msecs (HTTP/1.1 204) 5 headers in 199 bytes (2 switches on core 0)
Aug 03 06:23:30.525461 n-d-848886-18 devstack@placement-api.service[111854]: DEBUG placement.requestlog [req-763b7e97-26a4-488d-9fe1-cdcbd6046875 req-11bf8381-ffdb-43c6-be4a-5acaa8e12631 None None] Starting request: 10.222.0.57 "GET /placement/allocations/3aa0c317-0369-4e64-8fda-e5d4ae985214" {{(pid=111854) __call__ /opt/stack/placement/placement/requestlog.py:55}}
Aug 03 06:23:30.579066 n-d-848886-18 devstack@placement-api.service[111854]: INFO placement.requestlog [req-763b7e97-26a4-488d-9fe1-cdcbd6046875 req-11bf8381-ffdb-43c6-be4a-5acaa8e12631 service placement] 10.222.0.57 "GET /placement/allocations/3aa0c317-0369-4e64-8fda-e5d4ae985214" status: 200 len: 259 microversion: 1.28
Aug 03 06:23:30.579747 n-d-848886-18 devstack@placement-api.service[111854]: [pid: 111854|app: 0|req: 591/1186] 10.222.0.57 () {60 vars in 1377 bytes} [Wed Aug 3 06:23:30 2022] GET /placement/allocations/3aa0c317-0369-4e64-8fda-e5d4ae985214 => generated 259 bytes in 54 msecs (HTTP/1.1 200) 8 headers in 296 bytes (1 switches on core 0)
Aug 03 06:23:39.400805 n-d-848886-18 devstack@placement-api.service[111853]: DEBUG dbcounter [-] [111853] Writing DB stats placement:SELECT=26,placement:INSERT=6,placement:DELETE=2,placement:UPDATE=2 {{(pid=111853) stat_writer /usr/local/lib/python3.8/dist-packages/dbcounter.py:114}}
Aug 03 06:23:40.555788 n-d-848886-18 devstack@placement-api.service[111854]: DEBUG dbcounter [-] [111854] Writing DB stats placement:SELECT=5 {{(pid=111854) stat_writer /usr/local/lib/python3.8/dist-packages/dbcounter.py:114}}
Aug 03 06:23:43.657104 n-d-848886-18 devstack@placement-api.service[111853]: DEBUG placement.requestlog [None req-f760bb5f-0a6d-47af-abf8-4a371607aa99 None None] Starting request: 10.222.0.36 "GET /placement/resource_providers/14d83989-e819-4042-ae0d-1d017feb5b93/aggregates" {{(pid=111853) __call__ /opt/stack/placement/placement/requestlog.py:55}}
Aug 03 06:23:43.711704 n-d-848886-18 devstack@placement-api.service[111853]: INFO placement.requestlog [None req-f760bb5f-0a6d-47af-abf8-4a371607aa99 service placement] 10.222.0.36 "GET /placement/resource_providers/14d83989-e819-4042-ae0d-1d017feb5b93/aggregates" status: 404 len: 235 microversion: 1.1
Aug 03 06:23:43.718971 n-d-848886-18 devstack@placement-api.service[111853]: [pid: 111853|app: 0|req: 596/1187] 10.222.0.36 () {58 vars in 1362 bytes} [Wed Aug 3 06:23:43 2022] GET /placement/resource_providers/14d83989-e819-4042-ae0d-1d017feb5b93/aggregates => generated 235 bytes in 60 msecs (HTTP/1.1 404) 5 headers in 202 bytes (1 switches on core 0)
Aug 03 06:23:43.791810 n-d-848886-18 devstack@placement-api.service[111854]: DEBUG placement.requestlog [None req-82bcf719-a4b0-4a02-9351-ebe6f1a18e53 None None] Starting request: 10.222.0.36 "DELETE /placement/resource_providers/14d83989-e819-4042-ae0d-1d017feb5b93" {{(pid=111854) __call__ /opt/stack/placement/placement/requestlog.py:55}}
Aug 03 06:23:43.806095 n-d-848886-18 devstack@placement-api.service[111854]: DEBUG placement.wsgi_wrapper [None req-82bcf719-a4b0-4a02-9351-ebe6f1a18e53 service placement] Placement API returning an error response: No resource provider with uuid 14d83989-e819-4042-ae0d-1d017feb5b93 found for delete {{(pid=111854) call_func /opt/stack/placement/placement/wsgi_wrapper.py:31}}
Aug 03 06:23:43.807320 n-d-848886-18 devstack@placement-api.service[111854]: INFO placement.requestlog [None req-82bcf719-a4b0-4a02-9351-ebe6f1a18e53 service placement] 10.222.0.36 "DELETE /placement/resource_providers/14d83989-e819-4042-ae0d-1d017feb5b93" status: 404 len: 246 microversion: 1.1
Aug 03 06:23:43.807320 n-d-848886-18 devstack@placement-api.service[111854]: [pid: 111854|app: 0|req: 592/1188] 10.222.0.36 () {60 vars in 1351 bytes} [Wed Aug 3 06:23:43 2022] DELETE /placement/resource_providers/14d83989-e819-4042-ae0d-1d017feb5b93 => generated 246 bytes in 16 msecs (HTTP/1.1 404) 6 headers in 231 bytes (2 switches on core 0)
Aug 03 06:23:46.144510 n-d-848886-18 devstack@placement-api.service[111853]: DEBUG placement.requestlog [None req-28eaa5e2-2a53-4c8c-8c7a-9ee7f34d8914 None None] Starting request: 10.222.0.36 "GET /placement/resource_providers/a2286231-7836-43ac-ada4-f0d07c1c2723/aggregates" {{(pid=111853) __call__ /opt/stack/placement/placement/requestlog.py:55}}
