Jul 06 19:32:35.819335 n-d-848886-1 devstack@placement-api.service[105657]: DEBUG placement.requestlog [req-00af8151-6a78-4826-9539-bacd3cabd5f9 req-50ae14aa-25f8-49e0-9cf6-aaae67549437 None None] Starting request: 10.222.0.17 "GET /placement/allocations/7519060a-97a7-44ab-8f29-f47d0c4687ca" {{(pid=105657) __call__ /opt/stack/placement/placement/requestlog.py:55}}
Jul 06 19:32:35.845215 n-d-848886-1 devstack@placement-api.service[105657]: INFO placement.requestlog [req-00af8151-6a78-4826-9539-bacd3cabd5f9 req-50ae14aa-25f8-49e0-9cf6-aaae67549437 service placement] 10.222.0.17 "GET /placement/allocations/7519060a-97a7-44ab-8f29-f47d0c4687ca" status: 200 len: 259 microversion: 1.28
Jul 06 19:32:35.845215 n-d-848886-1 devstack@placement-api.service[105657]: [pid: 105657|app: 0|req: 72/143] 10.222.0.17 () {60 vars in 1377 bytes} [Wed Jul 6 19:32:35 2022] GET /placement/allocations/7519060a-97a7-44ab-8f29-f47d0c4687ca => generated 259 bytes in 24 msecs (HTTP/1.1 200) 8 headers in 296 bytes (1 switches on core 0)
Jul 06 19:32:35.958316 n-d-848886-1 devstack@placement-api.service[105658]: DEBUG placement.handlers.allocation [req-a488f81e-7688-4d37-ac27-573c52d3f5f0 req-93ce8f67-c3a6-4df2-97d0-2f8d78ec1342 service placement] Successfully wrote allocations [, , ] {{(pid=105658) _update_consumers_and_create_allocations /opt/stack/placement/placement/handlers/allocation.py:462}}
Jul 06 19:32:36.042028 n-d-848886-1 devstack@placement-api.service[105658]: INFO placement.requestlog [req-a488f81e-7688-4d37-ac27-573c52d3f5f0 req-93ce8f67-c3a6-4df2-97d0-2f8d78ec1342 service placement] 10.222.0.45 "PUT /placement/allocations/4cfdd5b1-b017-4940-86d3-09864e9f0819" status: 204 len: 0 microversion: 1.36
Jul 06 19:32:36.042685 n-d-848886-1 devstack@placement-api.service[105658]: [pid: 105658|app: 0|req: 72/144] 10.222.0.45 () {64 vars in 1433 bytes} [Wed Jul 6 19:32:35 2022] PUT /placement/allocations/4cfdd5b1-b017-4940-86d3-09864e9f0819 => generated 0 bytes in 266 msecs (HTTP/1.1 204) 5 headers in 199 bytes (1 switches on core 0)
Jul 06 19:32:37.863380 n-d-848886-1 devstack@placement-api.service[105657]: DEBUG placement.requestlog [req-5a00548e-2518-4de7-9fcf-321823012685 req-dd1d581e-63c5-4c93-94af-888b1409a4e5 None None] Starting request: 10.222.0.40 "GET /placement/allocations/5b51f60a-2c9d-4efc-9f03-a3bd053f8c18" {{(pid=105657) __call__ /opt/stack/placement/placement/requestlog.py:55}}
Jul 06 19:32:37.893296 n-d-848886-1 devstack@placement-api.service[105657]: INFO placement.requestlog [req-5a00548e-2518-4de7-9fcf-321823012685 req-dd1d581e-63c5-4c93-94af-888b1409a4e5 service placement] 10.222.0.40 "GET /placement/allocations/5b51f60a-2c9d-4efc-9f03-a3bd053f8c18" status: 200 len: 259 microversion: 1.28
Jul 06 19:32:37.899378 n-d-848886-1 devstack@placement-api.service[105657]: [pid: 105657|app: 0|req: 73/145] 10.222.0.40 () {60 vars in 1377 bytes} [Wed Jul 6 19:32:37 2022] GET /placement/allocations/5b51f60a-2c9d-4efc-9f03-a3bd053f8c18 => generated 259 bytes in 36 msecs (HTTP/1.1 200) 8 headers in 296 bytes (1 switches on core 0)
Jul 06 19:32:37.958399 n-d-848886-1 devstack@placement-api.service[105658]: DEBUG placement.requestlog [req-a488f81e-7688-4d37-ac27-573c52d3f5f0 req-842eed39-de00-4ef2-a118-b3b66fc284b1 None None] Starting request: 10.222.0.17 "GET /placement/allocations/4cfdd5b1-b017-4940-86d3-09864e9f0819" {{(pid=105658) __call__ /opt/stack/placement/placement/requestlog.py:55}}
Jul 06 19:32:37.988133 n-d-848886-1 devstack@placement-api.service[105658]: INFO placement.requestlog [req-a488f81e-7688-4d37-ac27-573c52d3f5f0 req-842eed39-de00-4ef2-a118-b3b66fc284b1 service placement] 10.222.0.17 "GET /placement/allocations/4cfdd5b1-b017-4940-86d3-09864e9f0819" status: 200 len: 259 microversion: 1.28
Jul 06 19:32:37.990186 n-d-848886-1 devstack@placement-api.service[105658]: [pid: 105658|app: 0|req: 73/146] 10.222.0.17 () {60 vars in 1377 bytes} [Wed Jul 6 19:32:37 2022] GET /placement/allocations/4cfdd5b1-b017-4940-86d3-09864e9f0819 => generated 259 bytes in 31 msecs (HTTP/1.1 200) 8 headers in 296 bytes (1 switches on core 0)
Jul 06 19:32:40.534393 n-d-848886-1 devstack@placement-api.service[105657]: DEBUG placement.requestlog [req-d66ddd5d-9c12-4ebd-9421-25386deee908 req-ed07d5ff-3fd0-4761-80c0-caa60f125f36 None None] Starting request: 10.222.0.17 "DELETE /placement/allocations/33e7482a-0131-4c00-b4ae-d3e18f36be7c" {{(pid=105657) __call__ /opt/stack/placement/placement/requestlog.py:55}}
Jul 06 19:32:40.736873 n-d-848886-1 devstack@placement-api.service[105657]: DEBUG placement.handlers.allocation [req-d66ddd5d-9c12-4ebd-9421-25386deee908 req-ed07d5ff-3fd0-4761-80c0-caa60f125f36 service placement] Successfully deleted allocations [, , ] {{(pid=105657) delete_allocations /opt/stack/placement/placement/handlers/allocation.py:627}}
Jul 06 19:32:40.737935 n-d-848886-1 devstack@placement-api.service[105657]: INFO placement.requestlog [req-d66ddd5d-9c12-4ebd-9421-25386deee908 req-ed07d5ff-3fd0-4761-80c0-caa60f125f36 service placement] 10.222.0.17 "DELETE /placement/allocations/33e7482a-0131-4c00-b4ae-d3e18f36be7c" status: 204 len: 0 microversion: 1.0
Jul 06 19:32:40.739124 n-d-848886-1 devstack@placement-api.service[105657]: [pid: 105657|app: 0|req: 74/147] 10.222.0.17 () {60 vars in 1355 bytes} [Wed Jul 6 19:32:40 2022] DELETE /placement/allocations/33e7482a-0131-4c00-b4ae-d3e18f36be7c => generated 0 bytes in 205 msecs (HTTP/1.1 204) 5 headers in 198 bytes (1 switches on core 0)
Jul 06 19:32:42.074213 n-d-848886-1 devstack@placement-api.service[105658]: DEBUG placement.requestlog [None req-449cf826-6b8f-4365-8567-86b11c331299 None None] Starting request: 10.222.0.45 "GET /placement/" {{(pid=105658) __call__ /opt/stack/placement/placement/requestlog.py:55}}
Jul 06 19:32:42.076132 n-d-848886-1 devstack@placement-api.service[105658]: INFO placement.requestlog [None req-449cf826-6b8f-4365-8567-86b11c331299 None None] 10.222.0.45 "GET /placement/" status: 200 len: 136 microversion: 1.0
Jul 06 19:32:42.076941 n-d-848886-1 devstack@placement-api.service[105658]: [pid: 105658|app: 0|req: 74/148] 10.222.0.45 () {54 vars in 916 bytes} [Wed Jul 6 19:32:42 2022] GET /placement => generated 136 bytes in 3 msecs (HTTP/1.1 200) 6 headers in 224 bytes (1 switches on core 0)
Jul 06 19:32:42.094314 n-d-848886-1 devstack@placement-api.service[105657]: DEBUG placement.requestlog [req-2a31f04c-e28f-47a6-bf6b-058878a5a2e6 req-989e507f-44a5-4f41-9b29-17be33790a4a None None] Starting request: 10.222.0.45 "GET /placement/allocations/1a38f0d3-bf1b-4587-8c04-41ebdbe87c79" {{(pid=105657) __call__ /opt/stack/placement/placement/requestlog.py:55}}
Jul 06 19:32:42.226655 n-d-848886-1 devstack@placement-api.service[105657]: INFO placement.requestlog [req-2a31f04c-e28f-47a6-bf6b-058878a5a2e6 req-989e507f-44a5-4f41-9b29-17be33790a4a service placement] 10.222.0.45 "GET /placement/allocations/1a38f0d3-bf1b-4587-8c04-41ebdbe87c79" status: 200 len: 259 microversion: 1.28
Jul 06 19:32:42.228266 n-d-848886-1 devstack@placement-api.service[105657]: [pid: 105657|app: 0|req: 75/149] 10.222.0.45 () {60 vars in 1380 bytes} [Wed Jul 6 19:32:42 2022] GET /placement/allocations/1a38f0d3-bf1b-4587-8c04-41ebdbe87c79 => generated 259 bytes in 136 msecs (HTTP/1.1 200) 8 headers in 296 bytes (1 switches on core 0)
Jul 06 19:32:42.243931 n-d-848886-1 devstack@placement-api.service[105658]: DEBUG placement.requestlog [req-2a31f04c-e28f-47a6-bf6b-058878a5a2e6 req-0b20a6a4-f7f2-4328-b832-c5289c00ae11 None None] Starting request: 10.222.0.45 "GET /placement/allocations/1a38f0d3-bf1b-4587-8c04-41ebdbe87c79" {{(pid=105658) __call__ /opt/stack/placement/placement/requestlog.py:55}}
Jul 06 19:32:42.276482 n-d-848886-1 devstack@placement-api.service[105658]: INFO placement.requestlog [req-2a31f04c-e28f-47a6-bf6b-058878a5a2e6 req-0b20a6a4-f7f2-4328-b832-c5289c00ae11 service placement] 10.222.0.45 "GET /placement/allocations/1a38f0d3-bf1b-4587-8c04-41ebdbe87c79" status: 200 len: 259 microversion: 1.28
Jul 06 19:32:42.276882 n-d-848886-1 devstack@placement-api.service[105658]: [pid: 105658|app: 0|req: 75/150] 10.222.0.45 () {60 vars in 1380 bytes} [Wed Jul 6 19:32:42 2022] GET /placement/allocations/1a38f0d3-bf1b-4587-8c04-41ebdbe87c79 => generated 259 bytes in 33 msecs (HTTP/1.1 200) 8 headers in 296 bytes (1 switches on core 0)
Jul 06 19:32:42.283400 n-d-848886-1 devstack@placement-api.service[105657]: DEBUG placement.requestlog [req-2a31f04c-e28f-47a6-bf6b-058878a5a2e6 req-32c128ae-24b2-43dd-9a30-c67e338a979a None None] Starting request: 10.222.0.45 "GET /placement/allocations/9f31ef1c-0f65-4c6b-a560-6de25b99991b" {{(pid=105657) __call__ /opt/stack/placement/placement/requestlog.py:55}}
Jul 06 19:32:42.302352 n-d-848886-1 devstack@placement-api.service[105657]: INFO placement.requestlog [req-2a31f04c-e28f-47a6-bf6b-058878a5a2e6 req-32c128ae-24b2-43dd-9a30-c67e338a979a service placement] 10.222.0.45 "GET /placement/allocations/9f31ef1c-0f65-4c6b-a560-6de25b99991b" status: 200 len: 19 microversion: 1.28
Jul 06 19:32:42.302923 n-d-848886-1 devstack@placement-api.service[105657]: [pid: 105657|app: 0|req: 76/151] 10.222.0.45 () {60 vars in 1380 bytes} [Wed Jul 6 19:32:42 2022] GET /placement/allocations/9f31ef1c-0f65-4c6b-a560-6de25b99991b => generated 19 bytes in 20 msecs (HTTP/1.1 200) 8 headers in 295 bytes (1 switches on core 0)
Jul 06 19:32:42.308510 n-d-848886-1 devstack@placement-api.service[105658]: DEBUG placement.requestlog [req-2a31f04c-e28f-47a6-bf6b-058878a5a2e6 req-765f2ca0-4814-4084-8969-02e766a2737c None None] Starting request: 10.222.0.45 "POST /placement/allocations" {{(pid=105658) __call__ /opt/stack/placement/placement/requestlog.py:55}}
Jul 06 19:32:42.484737 n-d-848886-1 devstack@placement-api.service[105658]: DEBUG placement.handlers.allocation [req-2a31f04c-e28f-47a6-bf6b-058878a5a2e6 req-765f2ca0-4814-4084-8969-02e766a2737c service placement] Successfully wrote allocations [, , , , , ] {{(pid=105658) _update_consumers_and_create_allocations /opt/stack/placement/placement/handlers/allocation.py:572}}
Jul 06 19:32:42.574369 n-d-848886-1 devstack@placement-api.service[105658]: INFO placement.requestlog [req-2a31f04c-e28f-47a6-bf6b-058878a5a2e6 req-765f2ca0-4814-4084-8969-02e766a2737c service placement] 10.222.0.45 "POST /placement/allocations" status: 204 len: 0 microversion: 1.28
Jul 06 19:32:42.579566 n-d-848886-1 devstack@placement-api.service[105658]: [pid: 105658|app: 0|req: 76/152] 10.222.0.45 () {64 vars in 1323 bytes} [Wed Jul 6 19:32:42 2022] POST /placement/allocations => generated 0 bytes in 267 msecs (HTTP/1.1 204) 5 headers in 199 bytes (1 switches on core 0)
Jul 06 19:32:42.649875 n-d-848886-1 devstack@placement-api.service[105657]: DEBUG placement.requestlog [req-2a31f04c-e28f-47a6-bf6b-058878a5a2e6 req-05dd20ff-74c2-4e0a-840e-fee0ec290327 None None] Starting request: 10.222.0.45 "GET /placement/allocations/1a38f0d3-bf1b-4587-8c04-41ebdbe87c79" {{(pid=105657) __call__ /opt/stack/placement/placement/requestlog.py:55}}
Jul 06 19:32:42.656646 n-d-848886-1 devstack@placement-api.service[105658]: DEBUG placement.requestlog [req-ed86aaad-4498-4ca1-9e6b-b4279408479e req-49a8c67f-70dd-4579-a9ac-eab36c6cbd61 None None] Starting request: 10.222.0.45 "GET /placement/allocation_candidates?resources=DISK_GB%3A1%2CMEMORY_MB%3A1024%2CVCPU%3A1&root_required=%21COMPUTE_STATUS_DISABLED" {{(pid=105658) __call__ /opt/stack/placement/placement/requestlog.py:55}}
Jul 06 19:32:42.715288 n-d-848886-1 devstack@placement-api.service[105658]: DEBUG placement.objects.research_context [req-ed86aaad-4498-4ca1-9e6b-b4279408479e req-49a8c67f-70dd-4579-a9ac-eab36c6cbd61 service placement] getting providers with 1 DISK_GB {{(pid=105658) __init__ /opt/stack/placement/placement/objects/research_context.py:136}}
Jul 06 19:32:42.726653 n-d-848886-1 devstack@placement-api.service[105658]: DEBUG placement.objects.research_context [req-ed86aaad-4498-4ca1-9e6b-b4279408479e req-49a8c67f-70dd-4579-a9ac-eab36c6cbd61 service placement] getting providers with 1024 MEMORY_MB {{(pid=105658) __init__ /opt/stack/placement/placement/objects/research_context.py:136}}
Jul 06 19:32:42.736944 n-d-848886-1 devstack@placement-api.service[105658]: DEBUG placement.objects.research_context [req-ed86aaad-4498-4ca1-9e6b-b4279408479e req-49a8c67f-70dd-4579-a9ac-eab36c6cbd61 service placement] getting providers with 1 VCPU {{(pid=105658) __init__ /opt/stack/placement/placement/objects/research_context.py:136}}
Jul 06 19:32:42.750065 n-d-848886-1 devstack@placement-api.service[105658]: DEBUG placement.objects.research_context [req-ed86aaad-4498-4ca1-9e6b-b4279408479e req-49a8c67f-70dd-4579-a9ac-eab36c6cbd61 service placement] found 2 providers with available 1 DISK_GB {{(pid=105658) get_provider_ids_matching /opt/stack/placement/placement/objects/research_context.py:563}}
Jul 06 19:32:42.751010 n-d-848886-1 devstack@placement-api.service[105658]: DEBUG placement.objects.research_context [req-ed86aaad-4498-4ca1-9e6b-b4279408479e req-49a8c67f-70dd-4579-a9ac-eab36c6cbd61 service placement] found 2 providers with available 1024 MEMORY_MB {{(pid=105658) get_provider_ids_matching /opt/stack/placement/placement/objects/research_context.py:563}}
Jul 06 19:32:42.751556 n-d-848886-1 devstack@placement-api.service[105658]: DEBUG placement.objects.research_context [req-ed86aaad-4498-4ca1-9e6b-b4279408479e req-49a8c67f-70dd-4579-a9ac-eab36c6cbd61 service placement] found 2 providers after filtering by previous result {{(pid=105658) get_provider_ids_matching /opt/stack/placement/placement/objects/research_context.py:594}}
Jul 06 19:32:42.752141 n-d-848886-1 devstack@placement-api.service[105658]: DEBUG placement.objects.research_context [req-ed86aaad-4498-4ca1-9e6b-b4279408479e req-49a8c67f-70dd-4579-a9ac-eab36c6cbd61 service placement] found 2 providers with available 1 VCPU {{(pid=105658) get_provider_ids_matching /opt/stack/placement/placement/objects/research_context.py:563}}
Jul 06 19:32:42.753184 n-d-848886-1 devstack@placement-api.service[105658]: DEBUG placement.objects.research_context [req-ed86aaad-4498-4ca1-9e6b-b4279408479e req-49a8c67f-70dd-4579-a9ac-eab36c6cbd61 service placement] found 2 providers after filtering by previous result {{(pid=105658) get_provider_ids_matching /opt/stack/placement/placement/objects/research_context.py:594}}
Jul 06 19:32:42.769659 n-d-848886-1 devstack@placement-api.service[105657]: INFO placement.requestlog [req-2a31f04c-e28f-47a6-bf6b-058878a5a2e6 req-05dd20ff-74c2-4e0a-840e-fee0ec290327 service placement] 10.222.0.45 "GET /placement/allocations/1a38f0d3-bf1b-4587-8c04-41ebdbe87c79" status: 200 len: 19 microversion: 1.28
Jul 06 19:32:42.770033 n-d-848886-1 devstack@placement-api.service[105657]: [pid: 105657|app: 0|req: 77/153] 10.222.0.45 () {60 vars in 1380 bytes} [Wed Jul 6 19:32:42 2022] GET /placement/allocations/1a38f0d3-bf1b-4587-8c04-41ebdbe87c79 => generated 19 bytes in 122 msecs (HTTP/1.1 200) 8 headers in 295 bytes (1 switches on core 0)
Jul 06 19:32:42.776785 n-d-848886-1 devstack@placement-api.service[105657]: DEBUG placement.requestlog [req-2a31f04c-e28f-47a6-bf6b-058878a5a2e6 req-59c651af-e9a3-44ea-aace-1e691de663e1 None None] Starting request: 10.222.0.45 "PUT /placement/allocations/1a38f0d3-bf1b-4587-8c04-41ebdbe87c79" {{(pid=105657) __call__ /opt/stack/placement/placement/requestlog.py:55}}
Jul 06 19:32:42.795734 n-d-848886-1 devstack@placement-api.service[105658]: DEBUG placement.objects.allocation_candidate [req-ed86aaad-4498-4ca1-9e6b-b4279408479e req-49a8c67f-70dd-4579-a9ac-eab36c6cbd61 service placement] RequestGroup(use_same_provider=False, resources={DISK_GB:1, MEMORY_MB:1024, VCPU:1}, traits=(), aggregates=[]) (suffix '') returned 2 matches {{(pid=105658) _get_by_requests /opt/stack/placement/placement/objects/allocation_candidate.py:156}}
Jul 06 19:32:42.798226 n-d-848886-1 devstack@placement-api.service[105658]: DEBUG placement.objects.allocation_candidate [req-ed86aaad-4498-4ca1-9e6b-b4279408479e req-49a8c67f-70dd-4579-a9ac-eab36c6cbd61 service placement] Merging candidates yields 2 allocation requests and 2 provider summaries {{(pid=105658) _merge_candidates /opt/stack/placement/placement/objects/allocation_candidate.py:809}}
Jul 06 19:32:42.802143 n-d-848886-1 devstack@placement-api.service[105658]: INFO placement.requestlog [req-ed86aaad-4498-4ca1-9e6b-b4279408479e req-49a8c67f-70dd-4579-a9ac-eab36c6cbd61 service placement] 10.222.0.45 "GET /placement/allocation_candidates?resources=DISK_GB%3A1%2CMEMORY_MB%3A1024%2CVCPU%3A1&root_required=%21COMPUTE_STATUS_DISABLED" status: 200 len: 1309 microversion: 1.36
Jul 06 19:32:42.830020 n-d-848886-1 devstack@placement-api.service[105658]: [pid: 105658|app: 0|req: 77/154] 10.222.0.45 () {60 vars in 1484 bytes} [Wed Jul 6 19:32:42 2022] GET /placement/allocation_candidates?resources=DISK_GB%3A1%2CMEMORY_MB%3A1024%2CVCPU%3A1&root_required=%21COMPUTE_STATUS_DISABLED => generated 1309 bytes in 173 msecs (HTTP/1.1 200) 8 headers in 297 bytes (1 switches on core 0)
Jul 06 19:32:42.960674 n-d-848886-1 devstack@placement-api.service[105657]: DEBUG placement.handlers.allocation [req-2a31f04c-e28f-47a6-bf6b-058878a5a2e6 req-59c651af-e9a3-44ea-aace-1e691de663e1 service placement] Successfully wrote allocations [, , ] {{(pid=105657) _update_consumers_and_create_allocations /opt/stack/placement/placement/handlers/allocation.py:462}}
Jul 06 19:32:42.966205 n-d-848886-1 devstack@placement-api.service[105658]: DEBUG placement.requestlog [req-ed86aaad-4498-4ca1-9e6b-b4279408479e req-ff3e588b-b068-4575-ab46-54516c06f75c None None] Starting request: 10.222.0.45 "GET /placement/allocations/c65547bc-3a94-4395-9c62-6198411b919d" {{(pid=105658) __call__ /opt/stack/placement/placement/requestlog.py:55}}
Jul 06 19:32:42.985409 n-d-848886-1 devstack@placement-api.service[105658]: INFO placement.requestlog [req-ed86aaad-4498-4ca1-9e6b-b4279408479e req-ff3e588b-b068-4575-ab46-54516c06f75c service placement] 10.222.0.45 "GET /placement/allocations/c65547bc-3a94-4395-9c62-6198411b919d" status: 200 len: 19 microversion: 1.28
Jul 06 19:32:42.986105 n-d-848886-1 devstack@placement-api.service[105658]: [pid: 105658|app: 0|req: 78/155] 10.222.0.45 () {60 vars in 1380 bytes} [Wed Jul 6 19:32:42 2022] GET /placement/allocations/c65547bc-3a94-4395-9c62-6198411b919d => generated 19 bytes in 21 msecs (HTTP/1.1 200) 8 headers in 295 bytes (1 switches on core 0)
Jul 06 19:32:42.992767 n-d-848886-1 devstack@placement-api.service[105658]: DEBUG placement.requestlog [req-ed86aaad-4498-4ca1-9e6b-b4279408479e req-583ed28d-79eb-4d44-9044-b5aa1e0c4739 None None] Starting request: 10.222.0.45 "PUT /placement/allocations/c65547bc-3a94-4395-9c62-6198411b919d" {{(pid=105658) __call__ /opt/stack/placement/placement/requestlog.py:55}}
Jul 06 19:32:43.062497 n-d-848886-1 devstack@placement-api.service[105657]: INFO placement.requestlog [req-2a31f04c-e28f-47a6-bf6b-058878a5a2e6 req-59c651af-e9a3-44ea-aace-1e691de663e1 service placement] 10.222.0.45 "PUT /placement/allocations/1a38f0d3-bf1b-4587-8c04-41ebdbe87c79" status: 204 len: 0 microversion: 1.28
Jul 06 19:32:43.062907 n-d-848886-1 devstack@placement-api.service[105657]: [pid: 105657|app: 0|req: 78/156] 10.222.0.45 () {64 vars in 1433 bytes} [Wed Jul 6 19:32:42 2022] PUT /placement/allocations/1a38f0d3-bf1b-4587-8c04-41ebdbe87c79 => generated 0 bytes in 286 msecs (HTTP/1.1 204) 5 headers in 199 bytes (1 switches on core 0)
Jul 06 19:32:43.131494 n-d-848886-1 devstack@placement-api.service[105658]: DEBUG dbcounter [-] [105658] Writing DB stats placement:SELECT=81,placement:INSERT=9,placement:DELETE=5,placement:UPDATE=5 {{(pid=105658) stat_writer /usr/local/lib/python3.8/dist-packages/dbcounter.py:114}}
Jul 06 19:32:43.157660 n-d-848886-1 devstack@placement-api.service[105658]: DEBUG placement.handlers.allocation [req-ed86aaad-4498-4ca1-9e6b-b4279408479e req-583ed28d-79eb-4d44-9044-b5aa1e0c4739 service placement] Successfully wrote allocations [, , ] {{(pid=105658) _update_consumers_and_create_allocations /opt/stack/placement/placement/handlers/allocation.py:462}}
Jul 06 19:32:43.251035 n-d-848886-1 devstack@placement-api.service[105658]: INFO placement.requestlog [req-ed86aaad-4498-4ca1-9e6b-b4279408479e req-583ed28d-79eb-4d44-9044-b5aa1e0c4739 service placement] 10.222.0.45 "PUT /placement/allocations/c65547bc-3a94-4395-9c62-6198411b919d" status: 204 len: 0 microversion: 1.36
Jul 06 19:32:43.251745 n-d-848886-1 devstack@placement-api.service[105658]: [pid: 105658|app: 0|req: 79/157] 10.222.0.45 () {64 vars in 1433 bytes} [Wed Jul 6 19:32:42 2022] PUT /placement/allocations/c65547bc-3a94-4395-9c62-6198411b919d => generated 0 bytes in 259 msecs (HTTP/1.1 204) 5 headers in 199 bytes (1 switches on core 0)
Jul 06 19:32:43.276293 n-d-848886-1 devstack@placement-api.service[105657]: DEBUG placement.requestlog [req-ed86aaad-4498-4ca1-9e6b-b4279408479e req-8f1f1269-dc47-42d2-84f5-fb79b1abb169 None None] Starting request: 10.222.0.45 "GET /placement/allocations/b2c77ac6-5ac2-4d8f-bf08-d64312f18b8c" {{(pid=105657) __call__ /opt/stack/placement/placement/requestlog.py:55}}
Jul 06 19:32:43.292812 n-d-848886-1 devstack@placement-api.service[105657]: INFO placement.requestlog [req-ed86aaad-4498-4ca1-9e6b-b4279408479e req-8f1f1269-dc47-42d2-84f5-fb79b1abb169 service placement] 10.222.0.45 "GET /placement/allocations/b2c77ac6-5ac2-4d8f-bf08-d64312f18b8c" status: 200 len: 19 microversion: 1.28
Jul 06 19:32:43.293185 n-d-848886-1 devstack@placement-api.service[105657]: [pid: 105657|app: 0|req: 79/158] 10.222.0.45 () {60 vars in 1380 bytes} [Wed Jul 6 19:32:43 2022] GET /placement/allocations/b2c77ac6-5ac2-4d8f-bf08-d64312f18b8c => generated 19 bytes in 17 msecs (HTTP/1.1 200) 8 headers in 295 bytes (1 switches on core 0)
Jul 06 19:32:43.299792 n-d-848886-1 devstack@placement-api.service[105658]: DEBUG placement.requestlog [req-ed86aaad-4498-4ca1-9e6b-b4279408479e req-77a7b246-f9e5-48a3-b186-96926f45c69f None None] Starting request: 10.222.0.45 "PUT /placement/allocations/b2c77ac6-5ac2-4d8f-bf08-d64312f18b8c" {{(pid=105658) __call__ /opt/stack/placement/placement/requestlog.py:55}}
Jul 06 19:32:43.310776 n-d-848886-1 devstack@placement-api.service[105657]: DEBUG placement.requestlog [req-2a31f04c-e28f-47a6-bf6b-058878a5a2e6 req-2b10fd61-a73b-44bc-a6a3-ccb6d11b6243 None None] Starting request: 10.222.0.40 "GET /placement/allocations/1a38f0d3-bf1b-4587-8c04-41ebdbe87c79" {{(pid=105657) __call__ /opt/stack/placement/placement/requestlog.py:55}}
Jul 06 19:32:43.375830 n-d-848886-1 devstack@placement-api.service[105657]: INFO placement.requestlog [req-2a31f04c-e28f-47a6-bf6b-058878a5a2e6 req-2b10fd61-a73b-44bc-a6a3-ccb6d11b6243 service placement] 10.222.0.40 "GET /placement/allocations/1a38f0d3-bf1b-4587-8c04-41ebdbe87c79" status: 200 len: 259 microversion: 1.28
Jul 06 19:32:43.376727 n-d-848886-1 devstack@placement-api.service[105657]: [pid: 105657|app: 0|req: 80/159] 10.222.0.40 () {60 vars in 1377 bytes} [Wed Jul 6 19:32:43 2022] GET /placement/allocations/1a38f0d3-bf1b-4587-8c04-41ebdbe87c79 => generated 259 bytes in 66 msecs (HTTP/1.1 200) 8 headers in 296 bytes (1 switches on core 0)
Jul 06 19:32:43.427352 n-d-848886-1 devstack@placement-api.service[105658]: DEBUG placement.handlers.allocation [req-ed86aaad-4498-4ca1-9e6b-b4279408479e req-77a7b246-f9e5-48a3-b186-96926f45c69f service placement] Successfully wrote allocations [, , ] {{(pid=105658) _update_consumers_and_create_allocations /opt/stack/placement/placement/handlers/allocation.py:462}}
Jul 06 19:32:43.477012 n-d-848886-1 devstack@placement-api.service[105658]: INFO placement.requestlog [req-ed86aaad-4498-4ca1-9e6b-b4279408479e req-77a7b246-f9e5-48a3-b186-96926f45c69f service placement] 10.222.0.45 "PUT /placement/allocations/b2c77ac6-5ac2-4d8f-bf08-d64312f18b8c" status: 204 len: 0 microversion: 1.36
Jul 06 19:32:43.478533 n-d-848886-1 devstack@placement-api.service[105658]: [pid: 105658|app: 0|req: 80/160] 10.222.0.45 () {64 vars in 1433 bytes} [Wed Jul 6 19:32:43 2022] PUT /placement/allocations/b2c77ac6-5ac2-4d8f-bf08-d64312f18b8c => generated 0 bytes in 179 msecs (HTTP/1.1 204) 5 headers in 199 bytes (1 switches on core 0)
Jul 06 19:32:44.803833 n-d-848886-1 devstack@placement-api.service[105657]: DEBUG placement.requestlog [req-ed86aaad-4498-4ca1-9e6b-b4279408479e req-a8c5e0a4-5c37-4c9e-9092-7bc7f68a38a9 None None] Starting request: 10.222.0.40 "GET /placement/allocations/c65547bc-3a94-4395-9c62-6198411b919d" {{(pid=105657) __call__ /opt/stack/placement/placement/requestlog.py:55}}
Jul 06 19:32:44.820288 n-d-848886-1 devstack@placement-api.service[105657]: INFO placement.requestlog [req-ed86aaad-4498-4ca1-9e6b-b4279408479e req-a8c5e0a4-5c37-4c9e-9092-7bc7f68a38a9 service placement] 10.222.0.40 "GET /placement/allocations/c65547bc-3a94-4395-9c62-6198411b919d" status: 200 len: 259 microversion: 1.28
Jul 06 19:32:44.821219 n-d-848886-1 devstack@placement-api.service[105657]: [pid: 105657|app: 0|req: 81/161] 10.222.0.40 () {60 vars in 1377 bytes} [Wed Jul 6 19:32:44 2022] GET /placement/allocations/c65547bc-3a94-4395-9c62-6198411b919d => generated 259 bytes in 18 msecs (HTTP/1.1 200) 8 headers in 296 bytes (1 switches on core 0)
Jul 06 19:32:45.392460 n-d-848886-1 devstack@placement-api.service[105658]: DEBUG placement.requestlog [req-ed86aaad-4498-4ca1-9e6b-b4279408479e req-d5612324-5b20-4705-9db7-c57853aa0a97 None None] Starting request: 10.222.0.17 "GET /placement/allocations/b2c77ac6-5ac2-4d8f-bf08-d64312f18b8c" {{(pid=105658) __call__ /opt/stack/placement/placement/requestlog.py:55}}
Jul 06 19:32:45.438237 n-d-848886-1 devstack@placement-api.service[105658]: INFO placement.requestlog [req-ed86aaad-4498-4ca1-9e6b-b4279408479e req-d5612324-5b20-4705-9db7-c57853aa0a97 service placement] 10.222.0.17 "GET /placement/allocations/b2c77ac6-5ac2-4d8f-bf08-d64312f18b8c" status: 200 len: 259 microversion: 1.28
Jul 06 19:32:45.438237 n-d-848886-1 devstack@placement-api.service[105658]: [pid: 105658|app: 0|req: 81/162] 10.222.0.17 () {60 vars in 1377 bytes} [Wed Jul 6 19:32:45 2022] GET /placement/allocations/b2c77ac6-5ac2-4d8f-bf08-d64312f18b8c => generated 259 bytes in 44 msecs (HTTP/1.1 200) 8 headers in 296 bytes (1 switches on core 0)
Jul 06 19:32:54.817545 n-d-848886-1 devstack@placement-api.service[105657]: DEBUG dbcounter [-] [105657] Writing DB stats placement:SELECT=75,placement:INSERT=10,placement:DELETE=6,placement:UPDATE=4 {{(pid=105657) stat_writer /usr/local/lib/python3.8/dist-packages/dbcounter.py:114}}
Jul 06 19:32:55.420200 n-d-848886-1 devstack@placement-api.service[105658]: DEBUG dbcounter [-] [105658] Writing DB stats placement:DELETE=4,placement:SELECT=20,placement:INSERT=7,placement:UPDATE=4 {{(pid=105658) stat_writer /usr/local/lib/python3.8/dist-packages/dbcounter.py:114}}
Jul 06 19:32:57.562174 n-d-848886-1 devstack@placement-api.service[105657]: DEBUG placement.requestlog [None req-b82f803c-35a0-4df8-84fe-eb67da6d5883 None None] Starting request: 10.222.0.45 "GET /placement/resource_providers/a3bb6d91-e197-417f-84a2-b8977b9567c7/aggregates" {{(pid=105657) __call__ /opt/stack/placement/placement/requestlog.py:55}}
Jul 06 19:32:57.696911 n-d-848886-1 devstack@placement-api.service[105657]: INFO placement.requestlog [None req-b82f803c-35a0-4df8-84fe-eb67da6d5883 service placement] 10.222.0.45 "GET /placement/resource_providers/a3bb6d91-e197-417f-84a2-b8977b9567c7/aggregates" status: 404 len: 235 microversion: 1.1
Jul 06 19:32:57.697567 n-d-848886-1 devstack@placement-api.service[105657]: [pid: 105657|app: 0|req: 82/163] 10.222.0.45 () {58 vars in 1362 bytes} [Wed Jul 6 19:32:57 2022] GET /placement/resource_providers/a3bb6d91-e197-417f-84a2-b8977b9567c7/aggregates => generated 235 bytes in 136 msecs (HTTP/1.1 404) 5 headers in 202 bytes (1 switches on core 0)
Jul 06 19:32:57.705317 n-d-848886-1 devstack@placement-api.service[105658]: DEBUG placement.requestlog [None req-7c5f8dd4-f615-4eda-a158-b172eefb918b None None] Starting request: 10.222.0.45 "DELETE /placement/resource_providers/a3bb6d91-e197-417f-84a2-b8977b9567c7" {{(pid=105658) __call__ /opt/stack/placement/placement/requestlog.py:55}}
Jul 06 19:32:57.716112 n-d-848886-1 devstack@placement-api.service[105658]: DEBUG placement.wsgi_wrapper [None req-7c5f8dd4-f615-4eda-a158-b172eefb918b service placement] Placement API returning an error response: No resource provider with uuid a3bb6d91-e197-417f-84a2-b8977b9567c7 found for delete {{(pid=105658) call_func /opt/stack/placement/placement/wsgi_wrapper.py:31}}
Jul 06 19:32:57.716858 n-d-848886-1 devstack@placement-api.service[105658]: INFO placement.requestlog [None req-7c5f8dd4-f615-4eda-a158-b172eefb918b service placement] 10.222.0.45 "DELETE /placement/resource_providers/a3bb6d91-e197-417f-84a2-b8977b9567c7" status: 404 len: 246 microversion: 1.1
Jul 06 19:32:57.718156 n-d-848886-1 devstack@placement-api.service[105658]: [pid: 105658|app: 0|req: 82/164] 10.222.0.45 () {60 vars in 1351 bytes} [Wed Jul 6 19:32:57 2022] DELETE /placement/resource_providers/a3bb6d91-e197-417f-84a2-b8977b9567c7 => generated 246 bytes in 12 msecs (HTTP/1.1 404) 6 headers in 231 bytes (1 switches on core 0)
Jul 06 19:33:00.911223 n-d-848886-1 devstack@placement-api.service[105657]: DEBUG placement.requestlog [req-28b0b1d4-1eff-428e-bdd8-7ef67500e807 req-8bcbaefc-19ee-4570-b766-271844e45d8f None None] Starting request: 10.222.0.17 "DELETE /placement/allocations/6e1e823e-c010-44b4-a452-5229b85cb23f" {{(pid=105657) __call__ /opt/stack/placement/placement/requestlog.py:55}}
Jul 06 19:33:01.100833 n-d-848886-1 devstack@placement-api.service[105657]: DEBUG placement.handlers.allocation [req-28b0b1d4-1eff-428e-bdd8-7ef67500e807 req-8bcbaefc-19ee-4570-b766-271844e45d8f service placement] Successfully deleted allocations [, , ] {{(pid=105657) delete_allocations /opt/stack/placement/placement/handlers/allocation.py:627}}
Jul 06 19:33:01.101327 n-d-848886-1 devstack@placement-api.service[105657]: INFO placement.requestlog [req-28b0b1d4-1eff-428e-bdd8-7ef67500e807 req-8bcbaefc-19ee-4570-b766-271844e45d8f service placement] 10.222.0.17 "DELETE /placement/allocations/6e1e823e-c010-44b4-a452-5229b85cb23f" status: 204 len: 0 microversion: 1.0
Jul 06 19:33:01.105707 n-d-848886-1 devstack@placement-api.service[105657]: [pid: 105657|app: 0|req: 83/165] 10.222.0.17 () {60 vars in 1355 bytes} [Wed Jul 6 19:33:00 2022] DELETE /placement/allocations/6e1e823e-c010-44b4-a452-5229b85cb23f => generated 0 bytes in 195 msecs (HTTP/1.1 204) 5 headers in 198 bytes (1 switches on core 0)
Jul 06 19:33:04.091636 n-d-848886-1 devstack@placement-api.service[105658]: DEBUG placement.requestlog [req-503cd670-5479-4cd2-b152-987611e13012 req-d789eed8-b28b-4c89-a1c7-dcb71d5ef0c4 None None] Starting request: 10.222.0.40 "GET /placement/resource_providers/615b003b-e4cb-423a-a72c-67931c4ccf86/allocations" {{(pid=105658) __call__ /opt/stack/placement/placement/requestlog.py:55}}
Jul 06 19:33:04.267379 n-d-848886-1 devstack@placement-api.service[105658]: INFO placement.requestlog [req-503cd670-5479-4cd2-b152-987611e13012 req-d789eed8-b28b-4c89-a1c7-dcb71d5ef0c4 service placement] 10.222.0.40 "GET /placement/resource_providers/615b003b-e4cb-423a-a72c-67931c4ccf86/allocations" status: 200 len: 861 microversion: 1.0
Jul 06 19:33:04.267878 n-d-848886-1 devstack@placement-api.service[105658]: [pid: 105658|app: 0|req: 83/166] 10.222.0.40 () {58 vars in 1390 bytes} [Wed Jul 6 19:33:04 2022] GET /placement/resource_providers/615b003b-e4cb-423a-a72c-67931c4ccf86/allocations => generated 861 bytes in 177 msecs (HTTP/1.1 200) 6 headers in 224 bytes (1 switches on core 0)
Jul 06 19:33:04.507322 n-d-848886-1 devstack@placement-api.service[105657]: DEBUG placement.requestlog [req-503cd670-5479-4cd2-b152-987611e13012 req-caee70e6-7bec-482d-8803-f70bb902c614 None None] Starting request: 10.222.0.40 "GET /placement/resource_providers?in_tree=615b003b-e4cb-423a-a72c-67931c4ccf86" {{(pid=105657) __call__ /opt/stack/placement/placement/requestlog.py:55}}
Jul 06 19:33:04.527540 n-d-848886-1 devstack@placement-api.service[105657]: INFO placement.requestlog [req-503cd670-5479-4cd2-b152-987611e13012 req-caee70e6-7bec-482d-8803-f70bb902c614 service placement] 10.222.0.40 "GET /placement/resource_providers?in_tree=615b003b-e4cb-423a-a72c-67931c4ccf86" status: 200 len: 863 microversion: 1.14
Jul 06 19:33:04.528487 n-d-848886-1 devstack@placement-api.service[105657]: [pid: 105657|app: 0|req: 84/167] 10.222.0.40 () {60 vars in 1376 bytes} [Wed Jul 6 19:33:04 2022] GET /placement/resource_providers?in_tree=615b003b-e4cb-423a-a72c-67931c4ccf86 => generated 863 bytes in 21 msecs (HTTP/1.1 200) 6 headers in 225 bytes (2 switches on core 0)
Jul 06 19:33:04.565262 n-d-848886-1 devstack@placement-api.service[105658]: DEBUG placement.requestlog [req-503cd670-5479-4cd2-b152-987611e13012 req-0d0cfdd3-d3cd-47e7-917e-0c730013b473 None None] Starting request: 10.222.0.40 "GET /placement/resource_providers/615b003b-e4cb-423a-a72c-67931c4ccf86/inventories" {{(pid=105658) __call__ /opt/stack/placement/placement/requestlog.py:55}}
Jul 06 19:33:04.608906 n-d-848886-1 devstack@placement-api.service[105658]: INFO placement.requestlog [req-503cd670-5479-4cd2-b152-987611e13012 req-0d0cfdd3-d3cd-47e7-917e-0c730013b473 service placement] 10.222.0.40 "GET /placement/resource_providers/615b003b-e4cb-423a-a72c-67931c4ccf86/inventories" status: 200 len: 398 microversion: 1.0
Jul 06 19:33:04.610262 n-d-848886-1 devstack@placement-api.service[105658]: [pid: 105658|app: 0|req: 84/168] 10.222.0.40 () {58 vars in 1390 bytes} [Wed Jul 6 19:33:04 2022] GET /placement/resource_providers/615b003b-e4cb-423a-a72c-67931c4ccf86/inventories => generated 398 bytes in 45 msecs (HTTP/1.1 200) 6 headers in 224 bytes (1 switches on core 0)
Jul 06 19:33:05.056790 n-d-848886-1 devstack@placement-api.service[105657]: DEBUG placement.requestlog [req-503cd670-5479-4cd2-b152-987611e13012 req-bf5bd01f-9c21-40b2-89e4-2d7fb5d1f92a None None] Starting request: 10.222.0.40 "GET /placement/resource_providers/615b003b-e4cb-423a-a72c-67931c4ccf86/aggregates" {{(pid=105657) __call__ /opt/stack/placement/placement/requestlog.py:55}}
Jul 06 19:33:05.073013 n-d-848886-1 devstack@placement-api.service[105657]: INFO placement.requestlog [req-503cd670-5479-4cd2-b152-987611e13012 req-bf5bd01f-9c21-40b2-89e4-2d7fb5d1f92a service placement] 10.222.0.40 "GET /placement/resource_providers/615b003b-e4cb-423a-a72c-67931c4ccf86/aggregates" status: 200 len: 54 microversion: 1.19
Jul 06 19:33:05.073861 n-d-848886-1 devstack@placement-api.service[105657]: [pid: 105657|app: 0|req: 85/169] 10.222.0.40 () {60 vars in 1431 bytes} [Wed Jul 6 19:33:05 2022] GET /placement/resource_providers/615b003b-e4cb-423a-a72c-67931c4ccf86/aggregates => generated 54 bytes in 17 msecs (HTTP/1.1 200) 8 headers in 295 bytes (1 switches on core 0)
Jul 06 19:33:05.082511 n-d-848886-1 devstack@placement-api.service[105658]: DEBUG placement.requestlog [req-503cd670-5479-4cd2-b152-987611e13012 req-9112ac67-9ee7-4bb2-b7ed-564ed319ee3c None None] Starting request: 10.222.0.40 "GET /placement/resource_providers/615b003b-e4cb-423a-a72c-67931c4ccf86/traits" {{(pid=105658) __call__ /opt/stack/placement/placement/requestlog.py:55}}
Jul 06 19:33:05.112394 n-d-848886-1 devstack@placement-api.service[105658]: INFO placement.requestlog [req-503cd670-5479-4cd2-b152-987611e13012 req-9112ac67-9ee7-4bb2-b7ed-564ed319ee3c service placement] 10.222.0.40 "GET /placement/resource_providers/615b003b-e4cb-423a-a72c-67931c4ccf86/traits" status: 200 len: 212 microversion: 1.6
Jul 06 19:33:05.113708 n-d-848886-1 devstack@placement-api.service[105658]: [pid: 105658|app: 0|req: 85/170] 10.222.0.40 () {60 vars in 1418 bytes} [Wed Jul 6 19:33:05 2022] GET /placement/resource_providers/615b003b-e4cb-423a-a72c-67931c4ccf86/traits => generated 212 bytes in 31 msecs (HTTP/1.1 200) 6 headers in 224 bytes (1 switches on core 0)
Jul 06 19:33:07.470560 n-d-848886-1 devstack@placement-api.service[105657]: DEBUG placement.requestlog [req-87813306-bda4-4393-b668-93acfb16fe13 req-1c1050bf-f4b8-49cb-8e06-e02c9209c30d None None] Starting request: 10.222.0.17 "DELETE /placement/allocations/26e1a942-8561-48c9-ad37-691aa8f8e511" {{(pid=105657) __call__ /opt/stack/placement/placement/requestlog.py:55}}
Jul 06 19:33:07.683612 n-d-848886-1 devstack@placement-api.service[105657]: DEBUG placement.handlers.allocation [req-87813306-bda4-4393-b668-93acfb16fe13 req-1c1050bf-f4b8-49cb-8e06-e02c9209c30d service placement] Successfully deleted allocations [, , ] {{(pid=105657) delete_allocations /opt/stack/placement/placement/handlers/allocation.py:627}}
Jul 06 19:33:07.685012 n-d-848886-1 devstack@placement-api.service[105657]: INFO placement.requestlog [req-87813306-bda4-4393-b668-93acfb16fe13 req-1c1050bf-f4b8-49cb-8e06-e02c9209c30d service placement] 10.222.0.17 "DELETE /placement/allocations/26e1a942-8561-48c9-ad37-691aa8f8e511" status: 204 len: 0 microversion: 1.0
Jul 06 19:33:07.685918 n-d-848886-1 devstack@placement-api.service[105657]: [pid: 105657|app: 0|req: 86/171] 10.222.0.17 () {60 vars in 1355 bytes} [Wed Jul 6 19:33:07 2022] DELETE /placement/allocations/26e1a942-8561-48c9-ad37-691aa8f8e511 => generated 0 bytes in 215 msecs (HTTP/1.1 204) 5 headers in 198 bytes (1 switches on core 0)
Jul 06 19:33:08.876483 n-d-848886-1 devstack@placement-api.service[105658]: DEBUG placement.requestlog [req-446b96f1-7def-4d22-ad3d-a4f401388625 req-cc71fd5d-32d5-4ecb-90eb-19fd745e89e2 None None] Starting request: 10.222.0.45 "GET /placement/allocation_candidates?limit=1000&resources=DISK_GB%3A1%2CMEMORY_MB%3A1024%2CVCPU%3A1&root_required=%21COMPUTE_STATUS_DISABLED" {{(pid=105658) __call__ /opt/stack/placement/placement/requestlog.py:55}}
Jul 06 19:33:08.922934 n-d-848886-1 devstack@placement-api.service[105658]: DEBUG placement.objects.research_context [req-446b96f1-7def-4d22-ad3d-a4f401388625 req-cc71fd5d-32d5-4ecb-90eb-19fd745e89e2 service placement] getting providers with 1 DISK_GB {{(pid=105658) __init__ /opt/stack/placement/placement/objects/research_context.py:136}}
Jul 06 19:33:08.929841 n-d-848886-1 devstack@placement-api.service[105658]: DEBUG placement.objects.research_context [req-446b96f1-7def-4d22-ad3d-a4f401388625 req-cc71fd5d-32d5-4ecb-90eb-19fd745e89e2 service placement] getting providers with 1024 MEMORY_MB {{(pid=105658) __init__ /opt/stack/placement/placement/objects/research_context.py:136}}
Jul 06 19:33:08.936285 n-d-848886-1 devstack@placement-api.service[105658]: DEBUG placement.objects.research_context [req-446b96f1-7def-4d22-ad3d-a4f401388625 req-cc71fd5d-32d5-4ecb-90eb-19fd745e89e2 service placement] getting providers with 1 VCPU {{(pid=105658) __init__ /opt/stack/placement/placement/objects/research_context.py:136}}
Jul 06 19:33:08.942530 n-d-848886-1 devstack@placement-api.service[105658]: DEBUG placement.objects.research_context [req-446b96f1-7def-4d22-ad3d-a4f401388625 req-cc71fd5d-32d5-4ecb-90eb-19fd745e89e2 service placement] found 2 providers with available 1 DISK_GB {{(pid=105658) get_provider_ids_matching /opt/stack/placement/placement/objects/research_context.py:563}}
Jul 06 19:33:08.943061 n-d-848886-1 devstack@placement-api.service[105658]: DEBUG placement.objects.research_context [req-446b96f1-7def-4d22-ad3d-a4f401388625 req-cc71fd5d-32d5-4ecb-90eb-19fd745e89e2 service placement] found 2 providers with available 1024 MEMORY_MB {{(pid=105658) get_provider_ids_matching /opt/stack/placement/placement/objects/research_context.py:563}}
Jul 06 19:33:08.943522 n-d-848886-1 devstack@placement-api.service[105658]: DEBUG placement.objects.research_context [req-446b96f1-7def-4d22-ad3d-a4f401388625 req-cc71fd5d-32d5-4ecb-90eb-19fd745e89e2 service placement] found 2 providers after filtering by previous result {{(pid=105658) get_provider_ids_matching /opt/stack/placement/placement/objects/research_context.py:594}}
Jul 06 19:33:08.943956 n-d-848886-1 devstack@placement-api.service[105658]: DEBUG placement.objects.research_context [req-446b96f1-7def-4d22-ad3d-a4f401388625 req-cc71fd5d-32d5-4ecb-90eb-19fd745e89e2 service placement] found 2 providers with available 1 VCPU {{(pid=105658) get_provider_ids_matching /opt/stack/placement/placement/objects/research_context.py:563}}
Jul 06 19:33:08.944398 n-d-848886-1 devstack@placement-api.service[105658]: DEBUG placement.objects.research_context [req-446b96f1-7def-4d22-ad3d-a4f401388625 req-cc71fd5d-32d5-4ecb-90eb-19fd745e89e2 service placement] found 2 providers after filtering by previous result {{(pid=105658) get_provider_ids_matching /opt/stack/placement/placement/objects/research_context.py:594}}
Jul 06 19:33:08.957329 n-d-848886-1 devstack@placement-api.service[105658]: DEBUG placement.objects.allocation_candidate [req-446b96f1-7def-4d22-ad3d-a4f401388625 req-cc71fd5d-32d5-4ecb-90eb-19fd745e89e2 service placement] RequestGroup(use_same_provider=False, resources={DISK_GB:1, MEMORY_MB:1024, VCPU:1}, traits=(), aggregates=[]) (suffix '') returned 2 matches {{(pid=105658) _get_by_requests /opt/stack/placement/placement/objects/allocation_candidate.py:156}}
Jul 06 19:33:08.958058 n-d-848886-1 devstack@placement-api.service[105658]: DEBUG placement.objects.allocation_candidate [req-446b96f1-7def-4d22-ad3d-a4f401388625 req-cc71fd5d-32d5-4ecb-90eb-19fd745e89e2 service placement] Merging candidates yields 2 allocation requests and 2 provider summaries {{(pid=105658) _merge_candidates /opt/stack/placement/placement/objects/allocation_candidate.py:809}}
Jul 06 19:33:08.959833 n-d-848886-1 devstack@placement-api.service[105658]: INFO placement.requestlog [req-446b96f1-7def-4d22-ad3d-a4f401388625 req-cc71fd5d-32d5-4ecb-90eb-19fd745e89e2 service placement] 10.222.0.45 "GET /placement/allocation_candidates?limit=1000&resources=DISK_GB%3A1%2CMEMORY_MB%3A1024%2CVCPU%3A1&root_required=%21COMPUTE_STATUS_DISABLED" status: 200 len: 1309 microversion: 1.36
Jul 06 19:33:08.966101 n-d-848886-1 devstack@placement-api.service[105658]: [pid: 105658|app: 0|req: 86/172] 10.222.0.45 () {60 vars in 1506 bytes} [Wed Jul 6 19:33:08 2022] GET /placement/allocation_candidates?limit=1000&resources=DISK_GB%3A1%2CMEMORY_MB%3A1024%2CVCPU%3A1&root_required=%21COMPUTE_STATUS_DISABLED => generated 1309 bytes in 84 msecs (HTTP/1.1 200) 8 headers in 297 bytes (1 switches on core 0)
Jul 06 19:33:09.126902 n-d-848886-1 devstack@placement-api.service[105657]: DEBUG placement.requestlog [req-446b96f1-7def-4d22-ad3d-a4f401388625 req-5527c6b9-1ce2-4691-bd9d-b9aa21e139fd None None] Starting request: 10.222.0.45 "GET /placement/allocations/995d3685-1467-4e9e-95dc-217244c8d8b5" {{(pid=105657) __call__ /opt/stack/placement/placement/requestlog.py:55}}
Jul 06 19:33:09.152295 n-d-848886-1 devstack@placement-api.service[105657]: INFO placement.requestlog [req-446b96f1-7def-4d22-ad3d-a4f401388625 req-5527c6b9-1ce2-4691-bd9d-b9aa21e139fd service placement] 10.222.0.45 "GET /placement/allocations/995d3685-1467-4e9e-95dc-217244c8d8b5" status: 200 len: 19 microversion: 1.28
Jul 06 19:33:09.154894 n-d-848886-1 devstack@placement-api.service[105657]: [pid: 105657|app: 0|req: 87/173] 10.222.0.45 () {60 vars in 1380 bytes} [Wed Jul 6 19:33:09 2022] GET /placement/allocations/995d3685-1467-4e9e-95dc-217244c8d8b5 => generated 19 bytes in 29 msecs (HTTP/1.1 200) 8 headers in 295 bytes (1 switches on core 0)
Jul 06 19:33:09.162387 n-d-848886-1 devstack@placement-api.service[105658]: DEBUG placement.requestlog [req-446b96f1-7def-4d22-ad3d-a4f401388625 req-b1313708-570d-41f7-b8fb-677abfb173b7 None None] Starting request: 10.222.0.45 "PUT /placement/allocations/995d3685-1467-4e9e-95dc-217244c8d8b5" {{(pid=105658) __call__ /opt/stack/placement/placement/requestlog.py:55}}
Jul 06 19:33:09.332931 n-d-848886-1 devstack@placement-api.service[105658]: DEBUG placement.handlers.allocation [req-446b96f1-7def-4d22-ad3d-a4f401388625 req-b1313708-570d-41f7-b8fb-677abfb173b7 service placement] Successfully wrote allocations [, , ] {{(pid=105658) _update_consumers_and_create_allocations /opt/stack/placement/placement/handlers/allocation.py:462}}
Jul 06 19:33:09.398736 n-d-848886-1 devstack@placement-api.service[105658]: INFO placement.requestlog [req-446b96f1-7def-4d22-ad3d-a4f401388625 req-b1313708-570d-41f7-b8fb-677abfb173b7 service placement] 10.222.0.45 "PUT /placement/allocations/995d3685-1467-4e9e-95dc-217244c8d8b5" status: 204 len: 0 microversion: 1.36
Jul 06 19:33:09.399344 n-d-848886-1 devstack@placement-api.service[105658]: [pid: 105658|app: 0|req: 87/174] 10.222.0.45 () {64 vars in 1433 bytes} [Wed Jul 6 19:33:09 2022] PUT /placement/allocations/995d3685-1467-4e9e-95dc-217244c8d8b5 => generated 0 bytes in 238 msecs (HTTP/1.1 204) 5 headers in 199 bytes (1 switches on core 0)
Jul 06 19:33:10.409890 n-d-848886-1 devstack@placement-api.service[105657]: DEBUG placement.requestlog [req-3eb9979c-dae5-414c-8cf3-57abbd948dc3 req-45209bf9-5c41-4145-8c11-403e3b9d1b12 None None] Starting request: 10.222.0.45 "GET /placement/allocation_candidates?limit=1000&resources=DISK_GB%3A1%2CMEMORY_MB%3A1024%2CVCPU%3A1&root_required=%21COMPUTE_STATUS_DISABLED" {{(pid=105657) __call__ /opt/stack/placement/placement/requestlog.py:55}}
Jul 06 19:33:10.478701 n-d-848886-1 devstack@placement-api.service[105657]: DEBUG placement.objects.research_context [req-3eb9979c-dae5-414c-8cf3-57abbd948dc3 req-45209bf9-5c41-4145-8c11-403e3b9d1b12 service placement] getting providers with 1 DISK_GB {{(pid=105657) __init__ /opt/stack/placement/placement/objects/research_context.py:136}}
Jul 06 19:33:10.493197 n-d-848886-1 devstack@placement-api.service[105657]: DEBUG placement.objects.research_context [req-3eb9979c-dae5-414c-8cf3-57abbd948dc3 req-45209bf9-5c41-4145-8c11-403e3b9d1b12 service placement] getting providers with 1024 MEMORY_MB {{(pid=105657) __init__ /opt/stack/placement/placement/objects/research_context.py:136}}
Jul 06 19:33:10.510271 n-d-848886-1 devstack@placement-api.service[105657]: DEBUG placement.objects.research_context [req-3eb9979c-dae5-414c-8cf3-57abbd948dc3 req-45209bf9-5c41-4145-8c11-403e3b9d1b12 service placement] getting providers with 1 VCPU {{(pid=105657) __init__ /opt/stack/placement/placement/objects/research_context.py:136}}
Jul 06 19:33:10.517259 n-d-848886-1 devstack@placement-api.service[105657]: DEBUG placement.objects.research_context [req-3eb9979c-dae5-414c-8cf3-57abbd948dc3 req-45209bf9-5c41-4145-8c11-403e3b9d1b12 service placement] found 2 providers with available 1 DISK_GB {{(pid=105657) get_provider_ids_matching /opt/stack/placement/placement/objects/research_context.py:563}}
Jul 06 19:33:10.517775 n-d-848886-1 devstack@placement-api.service[105657]: DEBUG placement.objects.research_context [req-3eb9979c-dae5-414c-8cf3-57abbd948dc3 req-45209bf9-5c41-4145-8c11-403e3b9d1b12 service placement] found 2 providers with available 1024 MEMORY_MB {{(pid=105657) get_provider_ids_matching /opt/stack/placement/placement/objects/research_context.py:563}}
Jul 06 19:33:10.518279 n-d-848886-1 devstack@placement-api.service[105657]: DEBUG placement.objects.research_context [req-3eb9979c-dae5-414c-8cf3-57abbd948dc3 req-45209bf9-5c41-4145-8c11-403e3b9d1b12 service placement] found 2 providers after filtering by previous result {{(pid=105657) get_provider_ids_matching /opt/stack/placement/placement/objects/research_context.py:594}}
Jul 06 19:33:10.518690 n-d-848886-1 devstack@placement-api.service[105657]: DEBUG placement.objects.research_context [req-3eb9979c-dae5-414c-8cf3-57abbd948dc3 req-45209bf9-5c41-4145-8c11-403e3b9d1b12 service placement] found 2 providers with available 1 VCPU {{(pid=105657) get_provider_ids_matching /opt/stack/placement/placement/objects/research_context.py:563}}
Jul 06 19:33:10.519118 n-d-848886-1 devstack@placement-api.service[105657]: DEBUG placement.objects.research_context [req-3eb9979c-dae5-414c-8cf3-57abbd948dc3 req-45209bf9-5c41-4145-8c11-403e3b9d1b12 service placement] found 2 providers after filtering by previous result {{(pid=105657) get_provider_ids_matching /opt/stack/placement/placement/objects/research_context.py:594}}
Jul 06 19:33:10.532219 n-d-848886-1 devstack@placement-api.service[105657]: DEBUG placement.objects.allocation_candidate [req-3eb9979c-dae5-414c-8cf3-57abbd948dc3 req-45209bf9-5c41-4145-8c11-403e3b9d1b12 service placement] RequestGroup(use_same_provider=False, resources={DISK_GB:1, MEMORY_MB:1024, VCPU:1}, traits=(), aggregates=[]) (suffix '') returned 2 matches {{(pid=105657) _get_by_requests /opt/stack/placement/placement/objects/allocation_candidate.py:156}}
Jul 06 19:33:10.532875 n-d-848886-1 devstack@placement-api.service[105657]: DEBUG placement.objects.allocation_candidate [req-3eb9979c-dae5-414c-8cf3-57abbd948dc3 req-45209bf9-5c41-4145-8c11-403e3b9d1b12 service placement] Merging candidates yields 2 allocation requests and 2 provider summaries {{(pid=105657) _merge_candidates /opt/stack/placement/placement/objects/allocation_candidate.py:809}}
Jul 06 19:33:10.534647 n-d-848886-1 devstack@placement-api.service[105657]: INFO placement.requestlog [req-3eb9979c-dae5-414c-8cf3-57abbd948dc3 req-45209bf9-5c41-4145-8c11-403e3b9d1b12 service placement] 10.222.0.45 "GET /placement/allocation_candidates?limit=1000&resources=DISK_GB%3A1%2CMEMORY_MB%3A1024%2CVCPU%3A1&root_required=%21COMPUTE_STATUS_DISABLED" status: 200 len: 1309 microversion: 1.36
Jul 06 19:33:10.535509 n-d-848886-1 devstack@placement-api.service[105657]: [pid: 105657|app: 0|req: 88/175] 10.222.0.45 () {60 vars in 1506 bytes} [Wed Jul 6 19:33:10 2022] GET /placement/allocation_candidates?limit=1000&resources=DISK_GB%3A1%2CMEMORY_MB%3A1024%2CVCPU%3A1&root_required=%21COMPUTE_STATUS_DISABLED => generated 1309 bytes in 126 msecs (HTTP/1.1 200) 8 headers in 297 bytes (1 switches on core 0)
