Sep 16 09:16:19.868675 n-d-848638-4 devstack@placement-api.service[108097]: [pid: 108097|app: 0|req: 81/165] 10.222.0.66 () {64 vars in 1433 bytes} [Fri Sep 16 09:16:19 2022] PUT /placement/allocations/a6435194-3aca-4f56-8c99-6cde5870aff2 => generated 0 bytes in 694 msecs (HTTP/1.1 204) 5 headers in 199 bytes (1 switches on core 0)
Sep 16 09:16:20.682380 n-d-848638-4 devstack@placement-api.service[108096]: DEBUG placement.requestlog [req-3aad0371-c477-495a-9438-0fa5e1cf2bcc req-8ce9b58b-7268-407e-bdb7-5ec093e506ed None None] Starting request: 10.222.0.66 "GET /placement/allocation_candidates?limit=1000&resources=DISK_GB%3A2%2CMEMORY_MB%3A1024%2CVCPU%3A1&root_required=%21COMPUTE_STATUS_DISABLED" {{(pid=108096) __call__ /opt/stack/placement/placement/requestlog.py:55}}
Sep 16 09:16:20.754863 n-d-848638-4 devstack@placement-api.service[108096]: DEBUG placement.objects.research_context [req-3aad0371-c477-495a-9438-0fa5e1cf2bcc req-8ce9b58b-7268-407e-bdb7-5ec093e506ed service placement] getting providers with 2 DISK_GB {{(pid=108096) __init__ /opt/stack/placement/placement/objects/research_context.py:136}}
Sep 16 09:16:20.761093 n-d-848638-4 devstack@placement-api.service[108096]: DEBUG placement.objects.research_context [req-3aad0371-c477-495a-9438-0fa5e1cf2bcc req-8ce9b58b-7268-407e-bdb7-5ec093e506ed service placement] getting providers with 1024 MEMORY_MB {{(pid=108096) __init__ /opt/stack/placement/placement/objects/research_context.py:136}}
Sep 16 09:16:20.783960 n-d-848638-4 devstack@placement-api.service[108096]: DEBUG placement.objects.research_context [req-3aad0371-c477-495a-9438-0fa5e1cf2bcc req-8ce9b58b-7268-407e-bdb7-5ec093e506ed service placement] getting providers with 1 VCPU {{(pid=108096) __init__ /opt/stack/placement/placement/objects/research_context.py:136}}
Sep 16 09:16:20.793104 n-d-848638-4 devstack@placement-api.service[108096]: DEBUG placement.objects.research_context [req-3aad0371-c477-495a-9438-0fa5e1cf2bcc req-8ce9b58b-7268-407e-bdb7-5ec093e506ed service placement] found 2 providers with available 2 DISK_GB {{(pid=108096) get_provider_ids_matching /opt/stack/placement/placement/objects/research_context.py:563}}
Sep 16 09:16:20.793791 n-d-848638-4 devstack@placement-api.service[108096]: DEBUG placement.objects.research_context [req-3aad0371-c477-495a-9438-0fa5e1cf2bcc req-8ce9b58b-7268-407e-bdb7-5ec093e506ed service placement] found 2 providers with available 1024 MEMORY_MB {{(pid=108096) get_provider_ids_matching /opt/stack/placement/placement/objects/research_context.py:563}}
Sep 16 09:16:20.796067 n-d-848638-4 devstack@placement-api.service[108096]: DEBUG placement.objects.research_context [req-3aad0371-c477-495a-9438-0fa5e1cf2bcc req-8ce9b58b-7268-407e-bdb7-5ec093e506ed service placement] found 2 providers after filtering by previous result {{(pid=108096) get_provider_ids_matching /opt/stack/placement/placement/objects/research_context.py:594}}
Sep 16 09:16:20.796666 n-d-848638-4 devstack@placement-api.service[108096]: DEBUG placement.objects.research_context [req-3aad0371-c477-495a-9438-0fa5e1cf2bcc req-8ce9b58b-7268-407e-bdb7-5ec093e506ed service placement] found 2 providers with available 1 VCPU {{(pid=108096) get_provider_ids_matching /opt/stack/placement/placement/objects/research_context.py:563}}
Sep 16 09:16:20.797152 n-d-848638-4 devstack@placement-api.service[108096]: DEBUG placement.objects.research_context [req-3aad0371-c477-495a-9438-0fa5e1cf2bcc req-8ce9b58b-7268-407e-bdb7-5ec093e506ed service placement] found 2 providers after filtering by previous result {{(pid=108096) get_provider_ids_matching /opt/stack/placement/placement/objects/research_context.py:594}}
Sep 16 09:16:20.814676 n-d-848638-4 devstack@placement-api.service[108096]: DEBUG placement.objects.allocation_candidate [req-3aad0371-c477-495a-9438-0fa5e1cf2bcc req-8ce9b58b-7268-407e-bdb7-5ec093e506ed service placement] RequestGroup(use_same_provider=False, resources={DISK_GB:2, MEMORY_MB:1024, VCPU:1}, traits=(), aggregates=[]) (suffix '') returned 2 matches {{(pid=108096) _get_by_requests /opt/stack/placement/placement/objects/allocation_candidate.py:156}}
Sep 16 09:16:20.815244 n-d-848638-4 devstack@placement-api.service[108096]: DEBUG placement.objects.allocation_candidate [req-3aad0371-c477-495a-9438-0fa5e1cf2bcc req-8ce9b58b-7268-407e-bdb7-5ec093e506ed service placement] Merging candidates yields 2 allocation requests and 2 provider summaries {{(pid=108096) _merge_candidates /opt/stack/placement/placement/objects/allocation_candidate.py:809}}
Sep 16 09:16:20.817132 n-d-848638-4 devstack@placement-api.service[108096]: INFO placement.requestlog [req-3aad0371-c477-495a-9438-0fa5e1cf2bcc req-8ce9b58b-7268-407e-bdb7-5ec093e506ed service placement] 10.222.0.66 "GET /placement/allocation_candidates?limit=1000&resources=DISK_GB%3A2%2CMEMORY_MB%3A1024%2CVCPU%3A1&root_required=%21COMPUTE_STATUS_DISABLED" status: 200 len: 1309 microversion: 1.36
Sep 16 09:16:20.818091 n-d-848638-4 devstack@placement-api.service[108096]: [pid: 108096|app: 0|req: 85/166] 10.222.0.66 () {60 vars in 1506 bytes} [Fri Sep 16 09:16:20 2022] GET /placement/allocation_candidates?limit=1000&resources=DISK_GB%3A2%2CMEMORY_MB%3A1024%2CVCPU%3A1&root_required=%21COMPUTE_STATUS_DISABLED => generated 1309 bytes in 136 msecs (HTTP/1.1 200) 8 headers in 297 bytes (1 switches on core 0)
Sep 16 09:16:21.071482 n-d-848638-4 devstack@placement-api.service[108097]: DEBUG placement.requestlog [req-3aad0371-c477-495a-9438-0fa5e1cf2bcc req-b8368064-6a9a-472a-9483-4299a6a3076e None None] Starting request: 10.222.0.66 "GET /placement/allocations/9d11c41f-80e0-4ad0-89a8-974adccca733" {{(pid=108097) __call__ /opt/stack/placement/placement/requestlog.py:55}}
Sep 16 09:16:21.093934 n-d-848638-4 devstack@placement-api.service[108097]: INFO placement.requestlog [req-3aad0371-c477-495a-9438-0fa5e1cf2bcc req-b8368064-6a9a-472a-9483-4299a6a3076e service placement] 10.222.0.66 "GET /placement/allocations/9d11c41f-80e0-4ad0-89a8-974adccca733" status: 200 len: 19 microversion: 1.28
Sep 16 09:16:21.094426 n-d-848638-4 devstack@placement-api.service[108097]: [pid: 108097|app: 0|req: 82/167] 10.222.0.66 () {60 vars in 1380 bytes} [Fri Sep 16 09:16:21 2022] GET /placement/allocations/9d11c41f-80e0-4ad0-89a8-974adccca733 => generated 19 bytes in 23 msecs (HTTP/1.1 200) 8 headers in 295 bytes (1 switches on core 0)
Sep 16 09:16:21.108862 n-d-848638-4 devstack@placement-api.service[108096]: DEBUG placement.requestlog [req-3aad0371-c477-495a-9438-0fa5e1cf2bcc req-7ca80161-b095-4237-ae74-ebcd312c9693 None None] Starting request: 10.222.0.66 "PUT /placement/allocations/9d11c41f-80e0-4ad0-89a8-974adccca733" {{(pid=108096) __call__ /opt/stack/placement/placement/requestlog.py:55}}
Sep 16 09:16:21.178361 n-d-848638-4 devstack@placement-api.service[108097]: DEBUG placement.requestlog [req-acd51b47-7bb0-4f8c-b5d4-3a7a9ae88271 req-ba7286b9-f292-4d11-bc56-2f1c6dee2c63 None None] Starting request: 10.222.0.48 "GET /placement/allocations/a6435194-3aca-4f56-8c99-6cde5870aff2" {{(pid=108097) __call__ /opt/stack/placement/placement/requestlog.py:55}}
Sep 16 09:16:21.233200 n-d-848638-4 devstack@placement-api.service[108097]: INFO placement.requestlog [req-acd51b47-7bb0-4f8c-b5d4-3a7a9ae88271 req-ba7286b9-f292-4d11-bc56-2f1c6dee2c63 service placement] 10.222.0.48 "GET /placement/allocations/a6435194-3aca-4f56-8c99-6cde5870aff2" status: 200 len: 258 microversion: 1.28
Sep 16 09:16:21.234842 n-d-848638-4 devstack@placement-api.service[108097]: [pid: 108097|app: 0|req: 83/168] 10.222.0.48 () {60 vars in 1377 bytes} [Fri Sep 16 09:16:21 2022] GET /placement/allocations/a6435194-3aca-4f56-8c99-6cde5870aff2 => generated 258 bytes in 57 msecs (HTTP/1.1 200) 8 headers in 296 bytes (2 switches on core 0)
Sep 16 09:16:21.337903 n-d-848638-4 devstack@placement-api.service[108096]: DEBUG placement.handlers.allocation [req-3aad0371-c477-495a-9438-0fa5e1cf2bcc req-7ca80161-b095-4237-ae74-ebcd312c9693 service placement] Successfully wrote allocations [, , ] {{(pid=108096) _update_consumers_and_create_allocations /opt/stack/placement/placement/handlers/allocation.py:462}}
Sep 16 09:16:21.427837 n-d-848638-4 devstack@placement-api.service[108096]: INFO placement.requestlog [req-3aad0371-c477-495a-9438-0fa5e1cf2bcc req-7ca80161-b095-4237-ae74-ebcd312c9693 service placement] 10.222.0.66 "PUT /placement/allocations/9d11c41f-80e0-4ad0-89a8-974adccca733" status: 204 len: 0 microversion: 1.36
Sep 16 09:16:21.428253 n-d-848638-4 devstack@placement-api.service[108096]: [pid: 108096|app: 0|req: 86/169] 10.222.0.66 () {64 vars in 1433 bytes} [Fri Sep 16 09:16:21 2022] PUT /placement/allocations/9d11c41f-80e0-4ad0-89a8-974adccca733 => generated 0 bytes in 320 msecs (HTTP/1.1 204) 5 headers in 199 bytes (1 switches on core 0)
Sep 16 09:16:21.789516 n-d-848638-4 devstack@placement-api.service[108097]: DEBUG placement.requestlog [req-acd51b47-7bb0-4f8c-b5d4-3a7a9ae88271 req-fa1e5221-92d3-4131-ada4-ad0540cdb10a None None] Starting request: 10.222.0.48 "GET /placement/resource_providers/09f4dbd5-99d1-4b49-b0ad-f46be31fee54/allocations" {{(pid=108097) __call__ /opt/stack/placement/placement/requestlog.py:55}}
Sep 16 09:16:21.850564 n-d-848638-4 devstack@placement-api.service[108097]: INFO placement.requestlog [req-acd51b47-7bb0-4f8c-b5d4-3a7a9ae88271 req-fa1e5221-92d3-4131-ada4-ad0540cdb10a service placement] 10.222.0.48 "GET /placement/resource_providers/09f4dbd5-99d1-4b49-b0ad-f46be31fee54/allocations" status: 200 len: 356 microversion: 1.0
Sep 16 09:16:21.855160 n-d-848638-4 devstack@placement-api.service[108097]: [pid: 108097|app: 0|req: 84/170] 10.222.0.48 () {58 vars in 1390 bytes} [Fri Sep 16 09:16:21 2022] GET /placement/resource_providers/09f4dbd5-99d1-4b49-b0ad-f46be31fee54/allocations => generated 356 bytes in 66 msecs (HTTP/1.1 200) 6 headers in 224 bytes (1 switches on core 0)
Sep 16 09:16:21.861247 n-d-848638-4 devstack@placement-api.service[108096]: DEBUG placement.requestlog [req-acd51b47-7bb0-4f8c-b5d4-3a7a9ae88271 req-adb3104a-681f-4c36-a45a-003ba44241a7 None None] Starting request: 10.222.0.48 "GET /placement/allocations/9d11c41f-80e0-4ad0-89a8-974adccca733" {{(pid=108096) __call__ /opt/stack/placement/placement/requestlog.py:55}}
Sep 16 09:16:21.878961 n-d-848638-4 devstack@placement-api.service[108096]: DEBUG dbcounter [-] [108096] Writing DB stats placement:SELECT=86,placement:DELETE=5,placement:UPDATE=5,placement:INSERT=4 {{(pid=108096) stat_writer /usr/local/lib/python3.8/dist-packages/dbcounter.py:114}}
Sep 16 09:16:21.886790 n-d-848638-4 devstack@placement-api.service[108096]: INFO placement.requestlog [req-acd51b47-7bb0-4f8c-b5d4-3a7a9ae88271 req-adb3104a-681f-4c36-a45a-003ba44241a7 service placement] 10.222.0.48 "GET /placement/allocations/9d11c41f-80e0-4ad0-89a8-974adccca733" status: 200 len: 259 microversion: 1.28
Sep 16 09:16:21.897115 n-d-848638-4 devstack@placement-api.service[108096]: [pid: 108096|app: 0|req: 87/171] 10.222.0.48 () {60 vars in 1377 bytes} [Fri Sep 16 09:16:21 2022] GET /placement/allocations/9d11c41f-80e0-4ad0-89a8-974adccca733 => generated 259 bytes in 36 msecs (HTTP/1.1 200) 8 headers in 296 bytes (1 switches on core 0)
Sep 16 09:16:21.897746 n-d-848638-4 devstack@placement-api.service[108097]: DEBUG placement.requestlog [req-acd51b47-7bb0-4f8c-b5d4-3a7a9ae88271 req-19e70dcf-4a54-48a5-b53c-81915a8e3be8 None None] Starting request: 10.222.0.48 "GET /placement/allocations/a6435194-3aca-4f56-8c99-6cde5870aff2" {{(pid=108097) __call__ /opt/stack/placement/placement/requestlog.py:55}}
Sep 16 09:16:21.921186 n-d-848638-4 devstack@placement-api.service[108097]: INFO placement.requestlog [req-acd51b47-7bb0-4f8c-b5d4-3a7a9ae88271 req-19e70dcf-4a54-48a5-b53c-81915a8e3be8 service placement] 10.222.0.48 "GET /placement/allocations/a6435194-3aca-4f56-8c99-6cde5870aff2" status: 200 len: 259 microversion: 1.28
Sep 16 09:16:21.929278 n-d-848638-4 devstack@placement-api.service[108097]: [pid: 108097|app: 0|req: 85/172] 10.222.0.48 () {60 vars in 1377 bytes} [Fri Sep 16 09:16:21 2022] GET /placement/allocations/a6435194-3aca-4f56-8c99-6cde5870aff2 => generated 259 bytes in 25 msecs (HTTP/1.1 200) 8 headers in 296 bytes (1 switches on core 0)
Sep 16 09:16:21.931485 n-d-848638-4 devstack@placement-api.service[108096]: DEBUG placement.requestlog [req-acd51b47-7bb0-4f8c-b5d4-3a7a9ae88271 req-f75330f5-ef6f-401d-8103-3fc782babd3a None None] Starting request: 10.222.0.48 "GET /placement/allocations/4954a014-797a-41c0-a615-9302ebfb00aa" {{(pid=108096) __call__ /opt/stack/placement/placement/requestlog.py:55}}
Sep 16 09:16:21.958897 n-d-848638-4 devstack@placement-api.service[108096]: INFO placement.requestlog [req-acd51b47-7bb0-4f8c-b5d4-3a7a9ae88271 req-f75330f5-ef6f-401d-8103-3fc782babd3a service placement] 10.222.0.48 "GET /placement/allocations/4954a014-797a-41c0-a615-9302ebfb00aa" status: 200 len: 259 microversion: 1.28
Sep 16 09:16:21.969328 n-d-848638-4 devstack@placement-api.service[108096]: [pid: 108096|app: 0|req: 88/173] 10.222.0.48 () {60 vars in 1377 bytes} [Fri Sep 16 09:16:21 2022] GET /placement/allocations/4954a014-797a-41c0-a615-9302ebfb00aa => generated 259 bytes in 28 msecs (HTTP/1.1 200) 8 headers in 296 bytes (1 switches on core 0)
Sep 16 09:16:23.414587 n-d-848638-4 devstack@placement-api.service[108097]: DEBUG placement.requestlog [req-3aad0371-c477-495a-9438-0fa5e1cf2bcc req-c1c1c879-e889-4d8b-8090-97d51620c482 None None] Starting request: 10.222.0.48 "GET /placement/allocations/9d11c41f-80e0-4ad0-89a8-974adccca733" {{(pid=108097) __call__ /opt/stack/placement/placement/requestlog.py:55}}
Sep 16 09:16:23.447454 n-d-848638-4 devstack@placement-api.service[108097]: INFO placement.requestlog [req-3aad0371-c477-495a-9438-0fa5e1cf2bcc req-c1c1c879-e889-4d8b-8090-97d51620c482 service placement] 10.222.0.48 "GET /placement/allocations/9d11c41f-80e0-4ad0-89a8-974adccca733" status: 200 len: 259 microversion: 1.28
Sep 16 09:16:23.447883 n-d-848638-4 devstack@placement-api.service[108097]: [pid: 108097|app: 0|req: 86/174] 10.222.0.48 () {60 vars in 1377 bytes} [Fri Sep 16 09:16:23 2022] GET /placement/allocations/9d11c41f-80e0-4ad0-89a8-974adccca733 => generated 259 bytes in 34 msecs (HTTP/1.1 200) 8 headers in 296 bytes (1 switches on core 0)
Sep 16 09:16:23.682789 n-d-848638-4 devstack@placement-api.service[108096]: DEBUG placement.requestlog [req-02fe995e-70db-48c7-99e2-373be5810871 req-f9f31c0f-b6e0-4925-8a07-f1e80fe8ca2a None None] Starting request: 10.222.0.65 "GET /placement/resource_providers/b20df694-18de-44b5-abb5-ecef71eab86f/allocations" {{(pid=108096) __call__ /opt/stack/placement/placement/requestlog.py:55}}
Sep 16 09:16:23.740241 n-d-848638-4 devstack@placement-api.service[108096]: INFO placement.requestlog [req-02fe995e-70db-48c7-99e2-373be5810871 req-f9f31c0f-b6e0-4925-8a07-f1e80fe8ca2a service placement] 10.222.0.65 "GET /placement/resource_providers/b20df694-18de-44b5-abb5-ecef71eab86f/allocations" status: 200 len: 356 microversion: 1.0
Sep 16 09:16:23.746818 n-d-848638-4 devstack@placement-api.service[108096]: [pid: 108096|app: 0|req: 89/175] 10.222.0.65 () {58 vars in 1390 bytes} [Fri Sep 16 09:16:23 2022] GET /placement/resource_providers/b20df694-18de-44b5-abb5-ecef71eab86f/allocations => generated 356 bytes in 61 msecs (HTTP/1.1 200) 6 headers in 224 bytes (1 switches on core 0)
Sep 16 09:16:23.755463 n-d-848638-4 devstack@placement-api.service[108097]: DEBUG placement.requestlog [req-02fe995e-70db-48c7-99e2-373be5810871 req-36eed93f-10db-4005-9968-3cec0cc1409d None None] Starting request: 10.222.0.65 "GET /placement/allocations/f39ba50f-2b01-48aa-9302-492ab3228703" {{(pid=108097) __call__ /opt/stack/placement/placement/requestlog.py:55}}
Sep 16 09:16:23.782530 n-d-848638-4 devstack@placement-api.service[108097]: INFO placement.requestlog [req-02fe995e-70db-48c7-99e2-373be5810871 req-36eed93f-10db-4005-9968-3cec0cc1409d service placement] 10.222.0.65 "GET /placement/allocations/f39ba50f-2b01-48aa-9302-492ab3228703" status: 200 len: 259 microversion: 1.28
Sep 16 09:16:23.787662 n-d-848638-4 devstack@placement-api.service[108097]: [pid: 108097|app: 0|req: 87/176] 10.222.0.65 () {60 vars in 1377 bytes} [Fri Sep 16 09:16:23 2022] GET /placement/allocations/f39ba50f-2b01-48aa-9302-492ab3228703 => generated 259 bytes in 33 msecs (HTTP/1.1 200) 8 headers in 296 bytes (1 switches on core 0)
Sep 16 09:16:23.795044 n-d-848638-4 devstack@placement-api.service[108096]: DEBUG placement.requestlog [req-02fe995e-70db-48c7-99e2-373be5810871 req-f34a3162-4e18-4a9c-aa29-744a6e40d575 None None] Starting request: 10.222.0.65 "GET /placement/allocations/edc0af04-c25a-42d1-9b9e-a91dedb26c90" {{(pid=108096) __call__ /opt/stack/placement/placement/requestlog.py:55}}
Sep 16 09:16:23.827680 n-d-848638-4 devstack@placement-api.service[108096]: INFO placement.requestlog [req-02fe995e-70db-48c7-99e2-373be5810871 req-f34a3162-4e18-4a9c-aa29-744a6e40d575 service placement] 10.222.0.65 "GET /placement/allocations/edc0af04-c25a-42d1-9b9e-a91dedb26c90" status: 200 len: 259 microversion: 1.28
Sep 16 09:16:23.831380 n-d-848638-4 devstack@placement-api.service[108096]: [pid: 108096|app: 0|req: 90/177] 10.222.0.65 () {60 vars in 1377 bytes} [Fri Sep 16 09:16:23 2022] GET /placement/allocations/edc0af04-c25a-42d1-9b9e-a91dedb26c90 => generated 259 bytes in 37 msecs (HTTP/1.1 200) 8 headers in 296 bytes (1 switches on core 0)
Sep 16 09:16:23.839964 n-d-848638-4 devstack@placement-api.service[108097]: DEBUG placement.requestlog [req-02fe995e-70db-48c7-99e2-373be5810871 req-4e201f33-a682-469f-a6ae-62d70a208bb0 None None] Starting request: 10.222.0.65 "GET /placement/allocations/b478f0e3-4fb8-4b3d-89e8-138952589be7" {{(pid=108097) __call__ /opt/stack/placement/placement/requestlog.py:55}}
Sep 16 09:16:23.871520 n-d-848638-4 devstack@placement-api.service[108097]: INFO placement.requestlog [req-02fe995e-70db-48c7-99e2-373be5810871 req-4e201f33-a682-469f-a6ae-62d70a208bb0 service placement] 10.222.0.65 "GET /placement/allocations/b478f0e3-4fb8-4b3d-89e8-138952589be7" status: 200 len: 259 microversion: 1.28
Sep 16 09:16:23.877607 n-d-848638-4 devstack@placement-api.service[108097]: [pid: 108097|app: 0|req: 88/178] 10.222.0.65 () {60 vars in 1377 bytes} [Fri Sep 16 09:16:23 2022] GET /placement/allocations/b478f0e3-4fb8-4b3d-89e8-138952589be7 => generated 259 bytes in 38 msecs (HTTP/1.1 200) 8 headers in 296 bytes (1 switches on core 0)
Sep 16 09:16:23.959495 n-d-848638-4 devstack@placement-api.service[108096]: DEBUG placement.requestlog [req-3aad0371-c477-495a-9438-0fa5e1cf2bcc req-74daf17f-6366-49c5-a829-684c68a2e9cf None None] Starting request: 10.222.0.48 "GET /placement/resource_providers/09f4dbd5-99d1-4b49-b0ad-f46be31fee54/allocations" {{(pid=108096) __call__ /opt/stack/placement/placement/requestlog.py:55}}
Sep 16 09:16:24.028050 n-d-848638-4 devstack@placement-api.service[108096]: INFO placement.requestlog [req-3aad0371-c477-495a-9438-0fa5e1cf2bcc req-74daf17f-6366-49c5-a829-684c68a2e9cf service placement] 10.222.0.48 "GET /placement/resource_providers/09f4dbd5-99d1-4b49-b0ad-f46be31fee54/allocations" status: 200 len: 356 microversion: 1.0
Sep 16 09:16:24.030019 n-d-848638-4 devstack@placement-api.service[108096]: [pid: 108096|app: 0|req: 91/179] 10.222.0.48 () {58 vars in 1390 bytes} [Fri Sep 16 09:16:23 2022] GET /placement/resource_providers/09f4dbd5-99d1-4b49-b0ad-f46be31fee54/allocations => generated 356 bytes in 71 msecs (HTTP/1.1 200) 6 headers in 224 bytes (1 switches on core 0)
Sep 16 09:16:24.039140 n-d-848638-4 devstack@placement-api.service[108097]: DEBUG placement.requestlog [req-3aad0371-c477-495a-9438-0fa5e1cf2bcc req-4a404fd1-331a-4b1c-83f3-73788e47dd3c None None] Starting request: 10.222.0.48 "GET /placement/allocations/9d11c41f-80e0-4ad0-89a8-974adccca733" {{(pid=108097) __call__ /opt/stack/placement/placement/requestlog.py:55}}
Sep 16 09:16:24.066005 n-d-848638-4 devstack@placement-api.service[108097]: INFO placement.requestlog [req-3aad0371-c477-495a-9438-0fa5e1cf2bcc req-4a404fd1-331a-4b1c-83f3-73788e47dd3c service placement] 10.222.0.48 "GET /placement/allocations/9d11c41f-80e0-4ad0-89a8-974adccca733" status: 200 len: 259 microversion: 1.28
Sep 16 09:16:24.067246 n-d-848638-4 devstack@placement-api.service[108097]: [pid: 108097|app: 0|req: 89/180] 10.222.0.48 () {60 vars in 1377 bytes} [Fri Sep 16 09:16:24 2022] GET /placement/allocations/9d11c41f-80e0-4ad0-89a8-974adccca733 => generated 259 bytes in 28 msecs (HTTP/1.1 200) 8 headers in 296 bytes (1 switches on core 0)
Sep 16 09:16:24.090490 n-d-848638-4 devstack@placement-api.service[108096]: DEBUG placement.requestlog [req-3aad0371-c477-495a-9438-0fa5e1cf2bcc req-9622752d-c3d5-44c9-b27b-c0ee713fca00 None None] Starting request: 10.222.0.48 "GET /placement/allocations/a6435194-3aca-4f56-8c99-6cde5870aff2" {{(pid=108096) __call__ /opt/stack/placement/placement/requestlog.py:55}}
Sep 16 09:16:24.117638 n-d-848638-4 devstack@placement-api.service[108096]: INFO placement.requestlog [req-3aad0371-c477-495a-9438-0fa5e1cf2bcc req-9622752d-c3d5-44c9-b27b-c0ee713fca00 service placement] 10.222.0.48 "GET /placement/allocations/a6435194-3aca-4f56-8c99-6cde5870aff2" status: 200 len: 259 microversion: 1.28
Sep 16 09:16:24.118724 n-d-848638-4 devstack@placement-api.service[108096]: [pid: 108096|app: 0|req: 92/181] 10.222.0.48 () {60 vars in 1377 bytes} [Fri Sep 16 09:16:24 2022] GET /placement/allocations/a6435194-3aca-4f56-8c99-6cde5870aff2 => generated 259 bytes in 29 msecs (HTTP/1.1 200) 8 headers in 296 bytes (1 switches on core 0)
Sep 16 09:16:24.132077 n-d-848638-4 devstack@placement-api.service[108097]: DEBUG placement.requestlog [req-3aad0371-c477-495a-9438-0fa5e1cf2bcc req-8f72480c-8a57-4184-b736-1817e121335c None None] Starting request: 10.222.0.48 "GET /placement/allocations/4954a014-797a-41c0-a615-9302ebfb00aa" {{(pid=108097) __call__ /opt/stack/placement/placement/requestlog.py:55}}
Sep 16 09:16:24.140660 n-d-848638-4 devstack@placement-api.service[108096]: DEBUG placement.requestlog [req-02fe995e-70db-48c7-99e2-373be5810871 req-38082a60-fcfb-41d6-9622-22bb12f06212 None None] Starting request: 10.222.0.65 "DELETE /placement/allocations/f39ba50f-2b01-48aa-9302-492ab3228703" {{(pid=108096) __call__ /opt/stack/placement/placement/requestlog.py:55}}
Sep 16 09:16:24.196941 n-d-848638-4 devstack@placement-api.service[108097]: INFO placement.requestlog [req-3aad0371-c477-495a-9438-0fa5e1cf2bcc req-8f72480c-8a57-4184-b736-1817e121335c service placement] 10.222.0.48 "GET /placement/allocations/4954a014-797a-41c0-a615-9302ebfb00aa" status: 200 len: 259 microversion: 1.28
Sep 16 09:16:24.196941 n-d-848638-4 devstack@placement-api.service[108097]: [pid: 108097|app: 0|req: 90/182] 10.222.0.48 () {60 vars in 1377 bytes} [Fri Sep 16 09:16:24 2022] GET /placement/allocations/4954a014-797a-41c0-a615-9302ebfb00aa => generated 259 bytes in 56 msecs (HTTP/1.1 200) 8 headers in 296 bytes (1 switches on core 0)
Sep 16 09:16:24.424535 n-d-848638-4 devstack@placement-api.service[108096]: DEBUG placement.handlers.allocation [req-02fe995e-70db-48c7-99e2-373be5810871 req-38082a60-fcfb-41d6-9622-22bb12f06212 service placement] Successfully deleted allocations [, , ] {{(pid=108096) delete_allocations /opt/stack/placement/placement/handlers/allocation.py:627}}
Sep 16 09:16:24.425271 n-d-848638-4 devstack@placement-api.service[108096]: INFO placement.requestlog [req-02fe995e-70db-48c7-99e2-373be5810871 req-38082a60-fcfb-41d6-9622-22bb12f06212 service placement] 10.222.0.65 "DELETE /placement/allocations/f39ba50f-2b01-48aa-9302-492ab3228703" status: 204 len: 0 microversion: 1.0
Sep 16 09:16:24.425831 n-d-848638-4 devstack@placement-api.service[108096]: [pid: 108096|app: 0|req: 93/183] 10.222.0.65 () {60 vars in 1355 bytes} [Fri Sep 16 09:16:24 2022] DELETE /placement/allocations/f39ba50f-2b01-48aa-9302-492ab3228703 => generated 0 bytes in 286 msecs (HTTP/1.1 204) 5 headers in 198 bytes (1 switches on core 0)
Sep 16 09:16:25.657701 n-d-848638-4 devstack@placement-api.service[108097]: DEBUG placement.requestlog [req-b7e5fa62-5722-411b-ad6a-afcdf3d60d6b req-19ba5b0a-1fd4-4381-abcb-8d53cbd09fb1 None None] Starting request: 10.222.0.65 "GET /placement/resource_providers/b20df694-18de-44b5-abb5-ecef71eab86f/allocations" {{(pid=108097) __call__ /opt/stack/placement/placement/requestlog.py:55}}
Sep 16 09:16:25.689456 n-d-848638-4 devstack@placement-api.service[108097]: INFO placement.requestlog [req-b7e5fa62-5722-411b-ad6a-afcdf3d60d6b req-19ba5b0a-1fd4-4381-abcb-8d53cbd09fb1 service placement] 10.222.0.65 "GET /placement/resource_providers/b20df694-18de-44b5-abb5-ecef71eab86f/allocations" status: 200 len: 255 microversion: 1.0
Sep 16 09:16:25.689932 n-d-848638-4 devstack@placement-api.service[108097]: [pid: 108097|app: 0|req: 91/184] 10.222.0.65 () {58 vars in 1390 bytes} [Fri Sep 16 09:16:25 2022] GET /placement/resource_providers/b20df694-18de-44b5-abb5-ecef71eab86f/allocations => generated 255 bytes in 33 msecs (HTTP/1.1 200) 6 headers in 224 bytes (1 switches on core 0)
Sep 16 09:16:25.829851 n-d-848638-4 devstack@placement-api.service[108096]: DEBUG placement.requestlog [req-b7e5fa62-5722-411b-ad6a-afcdf3d60d6b req-ddf9c07f-9d51-4f1b-a881-def78e39ce84 None None] Starting request: 10.222.0.65 "GET /placement/resource_providers/b20df694-18de-44b5-abb5-ecef71eab86f/allocations" {{(pid=108096) __call__ /opt/stack/placement/placement/requestlog.py:55}}
Sep 16 09:16:25.854325 n-d-848638-4 devstack@placement-api.service[108096]: INFO placement.requestlog [req-b7e5fa62-5722-411b-ad6a-afcdf3d60d6b req-ddf9c07f-9d51-4f1b-a881-def78e39ce84 service placement] 10.222.0.65 "GET /placement/resource_providers/b20df694-18de-44b5-abb5-ecef71eab86f/allocations" status: 200 len: 255 microversion: 1.0
Sep 16 09:16:25.854840 n-d-848638-4 devstack@placement-api.service[108096]: [pid: 108096|app: 0|req: 94/185] 10.222.0.65 () {58 vars in 1390 bytes} [Fri Sep 16 09:16:25 2022] GET /placement/resource_providers/b20df694-18de-44b5-abb5-ecef71eab86f/allocations => generated 255 bytes in 25 msecs (HTTP/1.1 200) 6 headers in 224 bytes (1 switches on core 0)
Sep 16 09:16:25.862265 n-d-848638-4 devstack@placement-api.service[108097]: DEBUG placement.requestlog [req-b7e5fa62-5722-411b-ad6a-afcdf3d60d6b req-1942406d-5dd2-425e-af85-dc560210d133 None None] Starting request: 10.222.0.65 "GET /placement/allocations/edc0af04-c25a-42d1-9b9e-a91dedb26c90" {{(pid=108097) __call__ /opt/stack/placement/placement/requestlog.py:55}}
Sep 16 09:16:25.883793 n-d-848638-4 devstack@placement-api.service[108097]: INFO placement.requestlog [req-b7e5fa62-5722-411b-ad6a-afcdf3d60d6b req-1942406d-5dd2-425e-af85-dc560210d133 service placement] 10.222.0.65 "GET /placement/allocations/edc0af04-c25a-42d1-9b9e-a91dedb26c90" status: 200 len: 259 microversion: 1.28
Sep 16 09:16:25.884470 n-d-848638-4 devstack@placement-api.service[108097]: [pid: 108097|app: 0|req: 92/186] 10.222.0.65 () {60 vars in 1377 bytes} [Fri Sep 16 09:16:25 2022] GET /placement/allocations/edc0af04-c25a-42d1-9b9e-a91dedb26c90 => generated 259 bytes in 23 msecs (HTTP/1.1 200) 8 headers in 296 bytes (1 switches on core 0)
Sep 16 09:16:25.895643 n-d-848638-4 devstack@placement-api.service[108096]: DEBUG placement.requestlog [req-b7e5fa62-5722-411b-ad6a-afcdf3d60d6b req-5948726f-ef98-4e90-a290-175f4d0f443d None None] Starting request: 10.222.0.65 "GET /placement/allocations/b478f0e3-4fb8-4b3d-89e8-138952589be7" {{(pid=108096) __call__ /opt/stack/placement/placement/requestlog.py:55}}
Sep 16 09:16:25.946840 n-d-848638-4 devstack@placement-api.service[108096]: INFO placement.requestlog [req-b7e5fa62-5722-411b-ad6a-afcdf3d60d6b req-5948726f-ef98-4e90-a290-175f4d0f443d service placement] 10.222.0.65 "GET /placement/allocations/b478f0e3-4fb8-4b3d-89e8-138952589be7" status: 200 len: 259 microversion: 1.28
Sep 16 09:16:25.948246 n-d-848638-4 devstack@placement-api.service[108096]: [pid: 108096|app: 0|req: 95/187] 10.222.0.65 () {60 vars in 1377 bytes} [Fri Sep 16 09:16:25 2022] GET /placement/allocations/b478f0e3-4fb8-4b3d-89e8-138952589be7 => generated 259 bytes in 53 msecs (HTTP/1.1 200) 8 headers in 296 bytes (1 switches on core 0)
Sep 16 09:16:28.930821 n-d-848638-4 devstack@placement-api.service[108097]: DEBUG placement.requestlog [req-a59f0eca-2163-4dd6-b358-435a520173e0 req-e92c5b05-4637-4d21-87c1-39878d2f1843 None None] Starting request: 10.222.0.66 "GET /placement/allocations/4954a014-797a-41c0-a615-9302ebfb00aa" {{(pid=108097) __call__ /opt/stack/placement/placement/requestlog.py:55}}
Sep 16 09:16:28.947736 n-d-848638-4 devstack@placement-api.service[108097]: INFO placement.requestlog [req-a59f0eca-2163-4dd6-b358-435a520173e0 req-e92c5b05-4637-4d21-87c1-39878d2f1843 service placement] 10.222.0.66 "GET /placement/allocations/4954a014-797a-41c0-a615-9302ebfb00aa" status: 200 len: 259 microversion: 1.28
Sep 16 09:16:28.948130 n-d-848638-4 devstack@placement-api.service[108097]: [pid: 108097|app: 0|req: 93/188] 10.222.0.66 () {60 vars in 1380 bytes} [Fri Sep 16 09:16:28 2022] GET /placement/allocations/4954a014-797a-41c0-a615-9302ebfb00aa => generated 259 bytes in 18 msecs (HTTP/1.1 200) 8 headers in 296 bytes (1 switches on core 0)
Sep 16 09:16:28.954886 n-d-848638-4 devstack@placement-api.service[108096]: DEBUG placement.requestlog [req-a59f0eca-2163-4dd6-b358-435a520173e0 req-15d66174-f005-41ae-a77a-0f8667095f2c None None] Starting request: 10.222.0.66 "GET /placement/allocations/4954a014-797a-41c0-a615-9302ebfb00aa" {{(pid=108096) __call__ /opt/stack/placement/placement/requestlog.py:55}}
Sep 16 09:16:28.979577 n-d-848638-4 devstack@placement-api.service[108096]: INFO placement.requestlog [req-a59f0eca-2163-4dd6-b358-435a520173e0 req-15d66174-f005-41ae-a77a-0f8667095f2c service placement] 10.222.0.66 "GET /placement/allocations/4954a014-797a-41c0-a615-9302ebfb00aa" status: 200 len: 259 microversion: 1.28
Sep 16 09:16:28.980194 n-d-848638-4 devstack@placement-api.service[108096]: [pid: 108096|app: 0|req: 96/189] 10.222.0.66 () {60 vars in 1380 bytes} [Fri Sep 16 09:16:28 2022] GET /placement/allocations/4954a014-797a-41c0-a615-9302ebfb00aa => generated 259 bytes in 26 msecs (HTTP/1.1 200) 8 headers in 296 bytes (1 switches on core 0)
Sep 16 09:16:28.990887 n-d-848638-4 devstack@placement-api.service[108097]: DEBUG placement.requestlog [req-a59f0eca-2163-4dd6-b358-435a520173e0 req-ead5366e-7fe8-4694-b4d2-911fa68c0a00 None None] Starting request: 10.222.0.66 "GET /placement/allocations/98de678b-a5e5-4581-8946-38333e41a399" {{(pid=108097) __call__ /opt/stack/placement/placement/requestlog.py:55}}
Sep 16 09:16:29.007190 n-d-848638-4 devstack@placement-api.service[108097]: INFO placement.requestlog [req-a59f0eca-2163-4dd6-b358-435a520173e0 req-ead5366e-7fe8-4694-b4d2-911fa68c0a00 service placement] 10.222.0.66 "GET /placement/allocations/98de678b-a5e5-4581-8946-38333e41a399" status: 200 len: 19 microversion: 1.28
Sep 16 09:16:29.011128 n-d-848638-4 devstack@placement-api.service[108097]: [pid: 108097|app: 0|req: 94/190] 10.222.0.66 () {60 vars in 1380 bytes} [Fri Sep 16 09:16:28 2022] GET /placement/allocations/98de678b-a5e5-4581-8946-38333e41a399 => generated 19 bytes in 18 msecs (HTTP/1.1 200) 8 headers in 295 bytes (1 switches on core 0)
Sep 16 09:16:29.014755 n-d-848638-4 devstack@placement-api.service[108096]: DEBUG placement.requestlog [req-a59f0eca-2163-4dd6-b358-435a520173e0 req-890a3dd2-fd61-4d05-8821-cd12db53631f None None] Starting request: 10.222.0.66 "POST /placement/allocations" {{(pid=108096) __call__ /opt/stack/placement/placement/requestlog.py:55}}
Sep 16 09:16:29.240554 n-d-848638-4 devstack@placement-api.service[108096]: DEBUG placement.handlers.allocation [req-a59f0eca-2163-4dd6-b358-435a520173e0 req-890a3dd2-fd61-4d05-8821-cd12db53631f service placement] Successfully wrote allocations [, , , , , ] {{(pid=108096) _update_consumers_and_create_allocations /opt/stack/placement/placement/handlers/allocation.py:572}}
Sep 16 09:16:29.331259 n-d-848638-4 devstack@placement-api.service[108096]: INFO placement.requestlog [req-a59f0eca-2163-4dd6-b358-435a520173e0 req-890a3dd2-fd61-4d05-8821-cd12db53631f service placement] 10.222.0.66 "POST /placement/allocations" status: 204 len: 0 microversion: 1.28
Sep 16 09:16:29.331771 n-d-848638-4 devstack@placement-api.service[108096]: [pid: 108096|app: 0|req: 97/191] 10.222.0.66 () {64 vars in 1323 bytes} [Fri Sep 16 09:16:29 2022] POST /placement/allocations => generated 0 bytes in 317 msecs (HTTP/1.1 204) 5 headers in 199 bytes (1 switches on core 0)
Sep 16 09:16:29.449916 n-d-848638-4 devstack@placement-api.service[108097]: DEBUG placement.requestlog [req-a59f0eca-2163-4dd6-b358-435a520173e0 req-406d83ba-5ce7-4fe5-a68e-7e300f66d66c None None] Starting request: 10.222.0.66 "GET /placement/allocation_candidates?limit=1000&resources=DISK_GB%3A1%2CMEMORY_MB%3A512%2CVCPU%3A1&root_required=%21COMPUTE_STATUS_DISABLED" {{(pid=108097) __call__ /opt/stack/placement/placement/requestlog.py:55}}
Sep 16 09:16:29.526899 n-d-848638-4 devstack@placement-api.service[108097]: DEBUG placement.objects.research_context [req-a59f0eca-2163-4dd6-b358-435a520173e0 req-406d83ba-5ce7-4fe5-a68e-7e300f66d66c service placement] getting providers with 1 DISK_GB {{(pid=108097) __init__ /opt/stack/placement/placement/objects/research_context.py:136}}
Sep 16 09:16:29.536374 n-d-848638-4 devstack@placement-api.service[108097]: DEBUG placement.objects.research_context [req-a59f0eca-2163-4dd6-b358-435a520173e0 req-406d83ba-5ce7-4fe5-a68e-7e300f66d66c service placement] getting providers with 512 MEMORY_MB {{(pid=108097) __init__ /opt/stack/placement/placement/objects/research_context.py:136}}
Sep 16 09:16:29.548945 n-d-848638-4 devstack@placement-api.service[108097]: DEBUG placement.objects.research_context [req-a59f0eca-2163-4dd6-b358-435a520173e0 req-406d83ba-5ce7-4fe5-a68e-7e300f66d66c service placement] getting providers with 1 VCPU {{(pid=108097) __init__ /opt/stack/placement/placement/objects/research_context.py:136}}
Sep 16 09:16:29.555478 n-d-848638-4 devstack@placement-api.service[108097]: DEBUG placement.objects.research_context [req-a59f0eca-2163-4dd6-b358-435a520173e0 req-406d83ba-5ce7-4fe5-a68e-7e300f66d66c service placement] found 2 providers with available 1 DISK_GB {{(pid=108097) get_provider_ids_matching /opt/stack/placement/placement/objects/research_context.py:563}}
Sep 16 09:16:29.555890 n-d-848638-4 devstack@placement-api.service[108097]: DEBUG placement.objects.research_context [req-a59f0eca-2163-4dd6-b358-435a520173e0 req-406d83ba-5ce7-4fe5-a68e-7e300f66d66c service placement] found 2 providers with available 512 MEMORY_MB {{(pid=108097) get_provider_ids_matching /opt/stack/placement/placement/objects/research_context.py:563}}
Sep 16 09:16:29.557415 n-d-848638-4 devstack@placement-api.service[108097]: DEBUG placement.objects.research_context [req-a59f0eca-2163-4dd6-b358-435a520173e0 req-406d83ba-5ce7-4fe5-a68e-7e300f66d66c service placement] found 2 providers after filtering by previous result {{(pid=108097) get_provider_ids_matching /opt/stack/placement/placement/objects/research_context.py:594}}
Sep 16 09:16:29.557865 n-d-848638-4 devstack@placement-api.service[108097]: DEBUG placement.objects.research_context [req-a59f0eca-2163-4dd6-b358-435a520173e0 req-406d83ba-5ce7-4fe5-a68e-7e300f66d66c service placement] found 2 providers with available 1 VCPU {{(pid=108097) get_provider_ids_matching /opt/stack/placement/placement/objects/research_context.py:563}}
Sep 16 09:16:29.558151 n-d-848638-4 devstack@placement-api.service[108097]: DEBUG placement.objects.research_context [req-a59f0eca-2163-4dd6-b358-435a520173e0 req-406d83ba-5ce7-4fe5-a68e-7e300f66d66c service placement] found 2 providers after filtering by previous result {{(pid=108097) get_provider_ids_matching /opt/stack/placement/placement/objects/research_context.py:594}}
Sep 16 09:16:29.577773 n-d-848638-4 devstack@placement-api.service[108097]: DEBUG placement.objects.allocation_candidate [req-a59f0eca-2163-4dd6-b358-435a520173e0 req-406d83ba-5ce7-4fe5-a68e-7e300f66d66c service placement] RequestGroup(use_same_provider=False, resources={DISK_GB:1, MEMORY_MB:512, VCPU:1}, traits=(), aggregates=[]) (suffix '') returned 2 matches {{(pid=108097) _get_by_requests /opt/stack/placement/placement/objects/allocation_candidate.py:156}}
Sep 16 09:16:29.578198 n-d-848638-4 devstack@placement-api.service[108097]: DEBUG placement.objects.allocation_candidate [req-a59f0eca-2163-4dd6-b358-435a520173e0 req-406d83ba-5ce7-4fe5-a68e-7e300f66d66c service placement] Merging candidates yields 2 allocation requests and 2 provider summaries {{(pid=108097) _merge_candidates /opt/stack/placement/placement/objects/allocation_candidate.py:809}}
Sep 16 09:16:29.579741 n-d-848638-4 devstack@placement-api.service[108097]: INFO placement.requestlog [req-a59f0eca-2163-4dd6-b358-435a520173e0 req-406d83ba-5ce7-4fe5-a68e-7e300f66d66c service placement] 10.222.0.66 "GET /placement/allocation_candidates?limit=1000&resources=DISK_GB%3A1%2CMEMORY_MB%3A512%2CVCPU%3A1&root_required=%21COMPUTE_STATUS_DISABLED" status: 200 len: 1307 microversion: 1.36
Sep 16 09:16:29.586032 n-d-848638-4 devstack@placement-api.service[108097]: [pid: 108097|app: 0|req: 95/192] 10.222.0.66 () {60 vars in 1504 bytes} [Fri Sep 16 09:16:29 2022] GET /placement/allocation_candidates?limit=1000&resources=DISK_GB%3A1%2CMEMORY_MB%3A512%2CVCPU%3A1&root_required=%21COMPUTE_STATUS_DISABLED => generated 1307 bytes in 131 msecs (HTTP/1.1 200) 8 headers in 297 bytes (1 switches on core 0)
Sep 16 09:16:29.660681 n-d-848638-4 devstack@placement-api.service[108096]: DEBUG placement.requestlog [req-a59f0eca-2163-4dd6-b358-435a520173e0 req-96534874-c93e-4212-9d6c-e4e13602c3b0 None None] Starting request: 10.222.0.66 "GET /placement/allocations/4954a014-797a-41c0-a615-9302ebfb00aa" {{(pid=108096) __call__ /opt/stack/placement/placement/requestlog.py:55}}
Sep 16 09:16:29.672125 n-d-848638-4 devstack@placement-api.service[108096]: INFO placement.requestlog [req-a59f0eca-2163-4dd6-b358-435a520173e0 req-96534874-c93e-4212-9d6c-e4e13602c3b0 service placement] 10.222.0.66 "GET /placement/allocations/4954a014-797a-41c0-a615-9302ebfb00aa" status: 200 len: 19 microversion: 1.28
Sep 16 09:16:29.672627 n-d-848638-4 devstack@placement-api.service[108096]: [pid: 108096|app: 0|req: 98/193] 10.222.0.66 () {60 vars in 1380 bytes} [Fri Sep 16 09:16:29 2022] GET /placement/allocations/4954a014-797a-41c0-a615-9302ebfb00aa => generated 19 bytes in 13 msecs (HTTP/1.1 200) 8 headers in 295 bytes (1 switches on core 0)
Sep 16 09:16:29.679057 n-d-848638-4 devstack@placement-api.service[108097]: DEBUG placement.requestlog [req-a59f0eca-2163-4dd6-b358-435a520173e0 req-decf2d02-1220-4347-9158-bd805de2e4f7 None None] Starting request: 10.222.0.66 "PUT /placement/allocations/4954a014-797a-41c0-a615-9302ebfb00aa" {{(pid=108097) __call__ /opt/stack/placement/placement/requestlog.py:55}}
Sep 16 09:16:29.874724 n-d-848638-4 devstack@placement-api.service[108097]: DEBUG dbcounter [-] [108097] Writing DB stats placement:SELECT=86,placement:INSERT=9,placement:DELETE=3,placement:UPDATE=2 {{(pid=108097) stat_writer /usr/local/lib/python3.8/dist-packages/dbcounter.py:114}}
Sep 16 09:16:29.884623 n-d-848638-4 devstack@placement-api.service[108097]: DEBUG placement.handlers.allocation [req-a59f0eca-2163-4dd6-b358-435a520173e0 req-decf2d02-1220-4347-9158-bd805de2e4f7 service placement] Successfully wrote allocations [, , ] {{(pid=108097) _update_consumers_and_create_allocations /opt/stack/placement/placement/handlers/allocation.py:462}}
Sep 16 09:16:29.991858 n-d-848638-4 devstack@placement-api.service[108097]: INFO placement.requestlog [req-a59f0eca-2163-4dd6-b358-435a520173e0 req-decf2d02-1220-4347-9158-bd805de2e4f7 service placement] 10.222.0.66 "PUT /placement/allocations/4954a014-797a-41c0-a615-9302ebfb00aa" status: 204 len: 0 microversion: 1.36
Sep 16 09:16:29.996511 n-d-848638-4 devstack@placement-api.service[108097]: [pid: 108097|app: 0|req: 96/194] 10.222.0.66 () {64 vars in 1433 bytes} [Fri Sep 16 09:16:29 2022] PUT /placement/allocations/4954a014-797a-41c0-a615-9302ebfb00aa => generated 0 bytes in 314 msecs (HTTP/1.1 204) 5 headers in 199 bytes (2 switches on core 0)
Sep 16 09:16:30.306927 n-d-848638-4 devstack@placement-api.service[108096]: DEBUG placement.requestlog [req-316d95df-0202-48d3-8a5c-71c0478d4c5b req-e8e987c2-a45e-42a3-af25-cc2ccdcae6d3 None None] Starting request: 10.222.0.66 "GET /placement/allocation_candidates?limit=1000&resources=DISK_GB%3A1%2CMEMORY_MB%3A1024%2CVCPU%3A1&root_required=%21COMPUTE_STATUS_DISABLED" {{(pid=108096) __call__ /opt/stack/placement/placement/requestlog.py:55}}
Sep 16 09:16:30.357998 n-d-848638-4 devstack@placement-api.service[108096]: DEBUG placement.objects.research_context [req-316d95df-0202-48d3-8a5c-71c0478d4c5b req-e8e987c2-a45e-42a3-af25-cc2ccdcae6d3 service placement] getting providers with 1 DISK_GB {{(pid=108096) __init__ /opt/stack/placement/placement/objects/research_context.py:136}}
Sep 16 09:16:30.365178 n-d-848638-4 devstack@placement-api.service[108096]: DEBUG placement.objects.research_context [req-316d95df-0202-48d3-8a5c-71c0478d4c5b req-e8e987c2-a45e-42a3-af25-cc2ccdcae6d3 service placement] getting providers with 1024 MEMORY_MB {{(pid=108096) __init__ /opt/stack/placement/placement/objects/research_context.py:136}}
Sep 16 09:16:30.371344 n-d-848638-4 devstack@placement-api.service[108096]: DEBUG placement.objects.research_context [req-316d95df-0202-48d3-8a5c-71c0478d4c5b req-e8e987c2-a45e-42a3-af25-cc2ccdcae6d3 service placement] getting providers with 1 VCPU {{(pid=108096) __init__ /opt/stack/placement/placement/objects/research_context.py:136}}
Sep 16 09:16:30.379656 n-d-848638-4 devstack@placement-api.service[108096]: DEBUG placement.objects.research_context [req-316d95df-0202-48d3-8a5c-71c0478d4c5b req-e8e987c2-a45e-42a3-af25-cc2ccdcae6d3 service placement] found 2 providers with available 1 DISK_GB {{(pid=108096) get_provider_ids_matching /opt/stack/placement/placement/objects/research_context.py:563}}
Sep 16 09:16:30.380264 n-d-848638-4 devstack@placement-api.service[108096]: DEBUG placement.objects.research_context [req-316d95df-0202-48d3-8a5c-71c0478d4c5b req-e8e987c2-a45e-42a3-af25-cc2ccdcae6d3 service placement] found 2 providers with available 1024 MEMORY_MB {{(pid=108096) get_provider_ids_matching /opt/stack/placement/placement/objects/research_context.py:563}}
Sep 16 09:16:30.380704 n-d-848638-4 devstack@placement-api.service[108096]: DEBUG placement.objects.research_context [req-316d95df-0202-48d3-8a5c-71c0478d4c5b req-e8e987c2-a45e-42a3-af25-cc2ccdcae6d3 service placement] found 2 providers after filtering by previous result {{(pid=108096) get_provider_ids_matching /opt/stack/placement/placement/objects/research_context.py:594}}
Sep 16 09:16:30.381153 n-d-848638-4 devstack@placement-api.service[108096]: DEBUG placement.objects.research_context [req-316d95df-0202-48d3-8a5c-71c0478d4c5b req-e8e987c2-a45e-42a3-af25-cc2ccdcae6d3 service placement] found 2 providers with available 1 VCPU {{(pid=108096) get_provider_ids_matching /opt/stack/placement/placement/objects/research_context.py:563}}
Sep 16 09:16:30.381581 n-d-848638-4 devstack@placement-api.service[108096]: DEBUG placement.objects.research_context [req-316d95df-0202-48d3-8a5c-71c0478d4c5b req-e8e987c2-a45e-42a3-af25-cc2ccdcae6d3 service placement] found 2 providers after filtering by previous result {{(pid=108096) get_provider_ids_matching /opt/stack/placement/placement/objects/research_context.py:594}}
Sep 16 09:16:30.395221 n-d-848638-4 devstack@placement-api.service[108096]: DEBUG placement.objects.allocation_candidate [req-316d95df-0202-48d3-8a5c-71c0478d4c5b req-e8e987c2-a45e-42a3-af25-cc2ccdcae6d3 service placement] RequestGroup(use_same_provider=False, resources={DISK_GB:1, MEMORY_MB:1024, VCPU:1}, traits=(), aggregates=[]) (suffix '') returned 2 matches {{(pid=108096) _get_by_requests /opt/stack/placement/placement/objects/allocation_candidate.py:156}}
Sep 16 09:16:30.395844 n-d-848638-4 devstack@placement-api.service[108096]: DEBUG placement.objects.allocation_candidate [req-316d95df-0202-48d3-8a5c-71c0478d4c5b req-e8e987c2-a45e-42a3-af25-cc2ccdcae6d3 service placement] Merging candidates yields 2 allocation requests and 2 provider summaries {{(pid=108096) _merge_candidates /opt/stack/placement/placement/objects/allocation_candidate.py:809}}
Sep 16 09:16:30.397720 n-d-848638-4 devstack@placement-api.service[108096]: INFO placement.requestlog [req-316d95df-0202-48d3-8a5c-71c0478d4c5b req-e8e987c2-a45e-42a3-af25-cc2ccdcae6d3 service placement] 10.222.0.66 "GET /placement/allocation_candidates?limit=1000&resources=DISK_GB%3A1%2CMEMORY_MB%3A1024%2CVCPU%3A1&root_required=%21COMPUTE_STATUS_DISABLED" status: 200 len: 1309 microversion: 1.36
Sep 16 09:16:30.402787 n-d-848638-4 devstack@placement-api.service[108096]: [pid: 108096|app: 0|req: 99/195] 10.222.0.66 () {60 vars in 1506 bytes} [Fri Sep 16 09:16:30 2022] GET /placement/allocation_candidates?limit=1000&resources=DISK_GB%3A1%2CMEMORY_MB%3A1024%2CVCPU%3A1&root_required=%21COMPUTE_STATUS_DISABLED => generated 1309 bytes in 96 msecs (HTTP/1.1 200) 8 headers in 297 bytes (1 switches on core 0)
Sep 16 09:16:30.461402 n-d-848638-4 devstack@placement-api.service[108097]: DEBUG placement.requestlog [req-316d95df-0202-48d3-8a5c-71c0478d4c5b req-1c22de47-907b-42f8-98a7-71277e587f47 None None] Starting request: 10.222.0.66 "GET /placement/allocations/643b766e-2cdd-44b0-a02e-61f52b8bd6bf" {{(pid=108097) __call__ /opt/stack/placement/placement/requestlog.py:55}}
Sep 16 09:16:30.472254 n-d-848638-4 devstack@placement-api.service[108097]: INFO placement.requestlog [req-316d95df-0202-48d3-8a5c-71c0478d4c5b req-1c22de47-907b-42f8-98a7-71277e587f47 service placement] 10.222.0.66 "GET /placement/allocations/643b766e-2cdd-44b0-a02e-61f52b8bd6bf" status: 200 len: 19 microversion: 1.28
Sep 16 09:16:30.472610 n-d-848638-4 devstack@placement-api.service[108097]: [pid: 108097|app: 0|req: 97/196] 10.222.0.66 () {60 vars in 1380 bytes} [Fri Sep 16 09:16:30 2022] GET /placement/allocations/643b766e-2cdd-44b0-a02e-61f52b8bd6bf => generated 19 bytes in 12 msecs (HTTP/1.1 200) 8 headers in 295 bytes (1 switches on core 0)
Sep 16 09:16:30.479428 n-d-848638-4 devstack@placement-api.service[108096]: DEBUG placement.requestlog [req-316d95df-0202-48d3-8a5c-71c0478d4c5b req-d2cdb2c8-3033-4c7e-a4d2-02d95de8b0f5 None None] Starting request: 10.222.0.66 "PUT /placement/allocations/643b766e-2cdd-44b0-a02e-61f52b8bd6bf" {{(pid=108096) __call__ /opt/stack/placement/placement/requestlog.py:55}}
Sep 16 09:16:30.545321 n-d-848638-4 devstack@placement-api.service[108097]: DEBUG placement.requestlog [req-a59f0eca-2163-4dd6-b358-435a520173e0 req-d63d1956-a81b-4c01-843f-439a90dae64e None None] Starting request: 10.222.0.65 "GET /placement/allocations/4954a014-797a-41c0-a615-9302ebfb00aa" {{(pid=108097) __call__ /opt/stack/placement/placement/requestlog.py:55}}
Sep 16 09:16:30.568489 n-d-848638-4 devstack@placement-api.service[108097]: INFO placement.requestlog [req-a59f0eca-2163-4dd6-b358-435a520173e0 req-d63d1956-a81b-4c01-843f-439a90dae64e service placement] 10.222.0.65 "GET /placement/allocations/4954a014-797a-41c0-a615-9302ebfb00aa" status: 200 len: 258 microversion: 1.28
Sep 16 09:16:30.569612 n-d-848638-4 devstack@placement-api.service[108097]: [pid: 108097|app: 0|req: 98/197] 10.222.0.65 () {60 vars in 1377 bytes} [Fri Sep 16 09:16:30 2022] GET /placement/allocations/4954a014-797a-41c0-a615-9302ebfb00aa => generated 258 bytes in 28 msecs (HTTP/1.1 200) 8 headers in 296 bytes (2 switches on core 0)
Sep 16 09:16:30.634027 n-d-848638-4 devstack@placement-api.service[108096]: DEBUG dbcounter [-] [108096] Writing DB stats placement:SELECT=87,placement:DELETE=5,placement:INSERT=5,placement:UPDATE=3 {{(pid=108096) stat_writer /usr/local/lib/python3.8/dist-packages/dbcounter.py:114}}
Sep 16 09:16:30.868873 n-d-848638-4 devstack@placement-api.service[108096]: DEBUG placement.handlers.allocation [req-316d95df-0202-48d3-8a5c-71c0478d4c5b req-d2cdb2c8-3033-4c7e-a4d2-02d95de8b0f5 service placement] Successfully wrote allocations [, , ] {{(pid=108096) _update_consumers_and_create_allocations /opt/stack/placement/placement/handlers/allocation.py:462}}
Sep 16 09:16:30.990334 n-d-848638-4 devstack@placement-api.service[108096]: INFO placement.requestlog [req-316d95df-0202-48d3-8a5c-71c0478d4c5b req-d2cdb2c8-3033-4c7e-a4d2-02d95de8b0f5 service placement] 10.222.0.66 "PUT /placement/allocations/643b766e-2cdd-44b0-a02e-61f52b8bd6bf" status: 204 len: 0 microversion: 1.36
Sep 16 09:16:30.990334 n-d-848638-4 devstack@placement-api.service[108096]: [pid: 108096|app: 0|req: 100/198] 10.222.0.66 () {64 vars in 1433 bytes} [Fri Sep 16 09:16:30 2022] PUT /placement/allocations/643b766e-2cdd-44b0-a02e-61f52b8bd6bf => generated 0 bytes in 509 msecs (HTTP/1.1 204) 5 headers in 199 bytes (1 switches on core 0)
Sep 16 09:16:31.057162 n-d-848638-4 devstack@placement-api.service[108097]: DEBUG placement.requestlog [req-a59f0eca-2163-4dd6-b358-435a520173e0 req-53867da5-3c1b-4851-98aa-8e7ab7e38d57 None None] Starting request: 10.222.0.65 "GET /placement/resource_providers/b20df694-18de-44b5-abb5-ecef71eab86f/allocations" {{(pid=108097) __call__ /opt/stack/placement/placement/requestlog.py:55}}
Sep 16 09:16:31.087599 n-d-848638-4 devstack@placement-api.service[108097]: INFO placement.requestlog [req-a59f0eca-2163-4dd6-b358-435a520173e0 req-53867da5-3c1b-4851-98aa-8e7ab7e38d57 service placement] 10.222.0.65 "GET /placement/resource_providers/b20df694-18de-44b5-abb5-ecef71eab86f/allocations" status: 200 len: 456 microversion: 1.0
Sep 16 09:16:31.088267 n-d-848638-4 devstack@placement-api.service[108097]: [pid: 108097|app: 0|req: 99/199] 10.222.0.65 () {58 vars in 1390 bytes} [Fri Sep 16 09:16:31 2022] GET /placement/resource_providers/b20df694-18de-44b5-abb5-ecef71eab86f/allocations => generated 456 bytes in 31 msecs (HTTP/1.1 200) 6 headers in 224 bytes (1 switches on core 0)
