Aug 24 14:09:55.922219 n-d-848021-3 devstack@placement-api.service[108295]: DEBUG placement.objects.research_context [req-fad147ee-ff7a-46df-821e-ead74a40db0a req-65c4e5ef-e45b-4c67-8fdb-8a2c65c90b08 service placement] found 2 providers with available 1 VCPU {{(pid=108295) get_provider_ids_matching /opt/stack/placement/placement/objects/research_context.py:563}}
Aug 24 14:09:55.922597 n-d-848021-3 devstack@placement-api.service[108295]: DEBUG placement.objects.research_context [req-fad147ee-ff7a-46df-821e-ead74a40db0a req-65c4e5ef-e45b-4c67-8fdb-8a2c65c90b08 service placement] found 2 providers after filtering by previous result {{(pid=108295) get_provider_ids_matching /opt/stack/placement/placement/objects/research_context.py:594}}
Aug 24 14:09:55.941279 n-d-848021-3 devstack@placement-api.service[108295]: DEBUG placement.objects.allocation_candidate [req-fad147ee-ff7a-46df-821e-ead74a40db0a req-65c4e5ef-e45b-4c67-8fdb-8a2c65c90b08 service placement] RequestGroup(use_same_provider=False, resources={DISK_GB:1, MEMORY_MB:1024, VCPU:1}, traits=(), aggregates=[]) (suffix '') returned 2 matches {{(pid=108295) _get_by_requests /opt/stack/placement/placement/objects/allocation_candidate.py:156}}
Aug 24 14:09:55.942201 n-d-848021-3 devstack@placement-api.service[108295]: DEBUG placement.objects.allocation_candidate [req-fad147ee-ff7a-46df-821e-ead74a40db0a req-65c4e5ef-e45b-4c67-8fdb-8a2c65c90b08 service placement] Merging candidates yields 2 allocation requests and 2 provider summaries {{(pid=108295) _merge_candidates /opt/stack/placement/placement/objects/allocation_candidate.py:809}}
Aug 24 14:09:55.944116 n-d-848021-3 devstack@placement-api.service[108295]: INFO placement.requestlog [req-fad147ee-ff7a-46df-821e-ead74a40db0a req-65c4e5ef-e45b-4c67-8fdb-8a2c65c90b08 service placement] 10.222.0.26 "GET /placement/allocation_candidates?limit=1000&resources=DISK_GB%3A1%2CMEMORY_MB%3A1024%2CVCPU%3A1&root_required=%21COMPUTE_STATUS_DISABLED" status: 200 len: 1303 microversion: 1.36
Aug 24 14:09:55.944832 n-d-848021-3 devstack@placement-api.service[108295]: [pid: 108295|app: 0|req: 13/27] 10.222.0.26 () {60 vars in 1506 bytes} [Wed Aug 24 14:09:55 2022] GET /placement/allocation_candidates?limit=1000&resources=DISK_GB%3A1%2CMEMORY_MB%3A1024%2CVCPU%3A1&root_required=%21COMPUTE_STATUS_DISABLED => generated 1303 bytes in 590 msecs (HTTP/1.1 200) 8 headers in 297 bytes (1 switches on core 0)
Aug 24 14:09:56.144845 n-d-848021-3 devstack@placement-api.service[108295]: DEBUG placement.requestlog [req-fad147ee-ff7a-46df-821e-ead74a40db0a req-ef9cc198-4e0c-4439-8078-8765417e5933 None None] Starting request: 10.222.0.26 "GET /placement/allocations/1871704a-5ea3-490d-86d3-b85a5e89d5a0" {{(pid=108295) __call__ /opt/stack/placement/placement/requestlog.py:55}}
Aug 24 14:09:56.167147 n-d-848021-3 devstack@placement-api.service[108295]: INFO placement.requestlog [req-fad147ee-ff7a-46df-821e-ead74a40db0a req-ef9cc198-4e0c-4439-8078-8765417e5933 service placement] 10.222.0.26 "GET /placement/allocations/1871704a-5ea3-490d-86d3-b85a5e89d5a0" status: 200 len: 19 microversion: 1.28
Aug 24 14:09:56.168062 n-d-848021-3 devstack@placement-api.service[108295]: [pid: 108295|app: 0|req: 14/28] 10.222.0.26 () {60 vars in 1380 bytes} [Wed Aug 24 14:09:56 2022] GET /placement/allocations/1871704a-5ea3-490d-86d3-b85a5e89d5a0 => generated 19 bytes in 23 msecs (HTTP/1.1 200) 8 headers in 295 bytes (2 switches on core 0)
Aug 24 14:09:56.170859 n-d-848021-3 devstack@placement-api.service[108296]: DEBUG placement.objects.research_context [req-f82c327f-ecda-4106-aa3d-66fa4f13815d req-3b59def4-3801-47f7-b8cd-5f7b842d9fcd service placement] getting providers with 1 DISK_GB {{(pid=108296) __init__ /opt/stack/placement/placement/objects/research_context.py:136}}
Aug 24 14:09:56.179046 n-d-848021-3 devstack@placement-api.service[108295]: DEBUG placement.requestlog [req-fad147ee-ff7a-46df-821e-ead74a40db0a req-de8fac0d-38c1-4af2-966f-a7b7edd3f722 None None] Starting request: 10.222.0.26 "PUT /placement/allocations/1871704a-5ea3-490d-86d3-b85a5e89d5a0" {{(pid=108295) __call__ /opt/stack/placement/placement/requestlog.py:55}}
Aug 24 14:09:56.181951 n-d-848021-3 devstack@placement-api.service[108296]: DEBUG placement.objects.research_context [req-f82c327f-ecda-4106-aa3d-66fa4f13815d req-3b59def4-3801-47f7-b8cd-5f7b842d9fcd service placement] getting providers with 1024 MEMORY_MB {{(pid=108296) __init__ /opt/stack/placement/placement/objects/research_context.py:136}}
Aug 24 14:09:56.189107 n-d-848021-3 devstack@placement-api.service[108296]: DEBUG placement.objects.research_context [req-f82c327f-ecda-4106-aa3d-66fa4f13815d req-3b59def4-3801-47f7-b8cd-5f7b842d9fcd service placement] getting providers with 1 VCPU {{(pid=108296) __init__ /opt/stack/placement/placement/objects/research_context.py:136}}
Aug 24 14:09:56.197311 n-d-848021-3 devstack@placement-api.service[108296]: DEBUG placement.objects.research_context [req-f82c327f-ecda-4106-aa3d-66fa4f13815d req-3b59def4-3801-47f7-b8cd-5f7b842d9fcd service placement] found 1 providers after applying required aggregates filter ([{'d346864d-78d4-4418-afb8-2baea59a864c'}]) {{(pid=108296) get_provider_ids_for_traits_and_aggs /opt/stack/placement/placement/objects/research_context.py:1158}}
Aug 24 14:09:56.197836 n-d-848021-3 devstack@placement-api.service[108296]: DEBUG placement.objects.research_context [req-f82c327f-ecda-4106-aa3d-66fa4f13815d req-3b59def4-3801-47f7-b8cd-5f7b842d9fcd service placement] found 2 providers with available 1 DISK_GB {{(pid=108296) get_provider_ids_matching /opt/stack/placement/placement/objects/research_context.py:563}}
Aug 24 14:09:56.198432 n-d-848021-3 devstack@placement-api.service[108296]: DEBUG placement.objects.research_context [req-f82c327f-ecda-4106-aa3d-66fa4f13815d req-3b59def4-3801-47f7-b8cd-5f7b842d9fcd service placement] found 1 providers after applying initial aggregate and trait filters {{(pid=108296) get_provider_ids_matching /opt/stack/placement/placement/objects/research_context.py:575}}
Aug 24 14:09:56.199559 n-d-848021-3 devstack@placement-api.service[108296]: DEBUG placement.objects.research_context [req-f82c327f-ecda-4106-aa3d-66fa4f13815d req-3b59def4-3801-47f7-b8cd-5f7b842d9fcd service placement] found 2 providers with available 1024 MEMORY_MB {{(pid=108296) get_provider_ids_matching /opt/stack/placement/placement/objects/research_context.py:563}}
Aug 24 14:09:56.200009 n-d-848021-3 devstack@placement-api.service[108296]: DEBUG placement.objects.research_context [req-f82c327f-ecda-4106-aa3d-66fa4f13815d req-3b59def4-3801-47f7-b8cd-5f7b842d9fcd service placement] found 1 providers after filtering by previous result {{(pid=108296) get_provider_ids_matching /opt/stack/placement/placement/objects/research_context.py:594}}
Aug 24 14:09:56.200402 n-d-848021-3 devstack@placement-api.service[108296]: DEBUG placement.objects.research_context [req-f82c327f-ecda-4106-aa3d-66fa4f13815d req-3b59def4-3801-47f7-b8cd-5f7b842d9fcd service placement] found 2 providers with available 1 VCPU {{(pid=108296) get_provider_ids_matching /opt/stack/placement/placement/objects/research_context.py:563}}
Aug 24 14:09:56.200790 n-d-848021-3 devstack@placement-api.service[108296]: DEBUG placement.objects.research_context [req-f82c327f-ecda-4106-aa3d-66fa4f13815d req-3b59def4-3801-47f7-b8cd-5f7b842d9fcd service placement] found 1 providers after filtering by previous result {{(pid=108296) get_provider_ids_matching /opt/stack/placement/placement/objects/research_context.py:594}}
Aug 24 14:09:56.219928 n-d-848021-3 devstack@placement-api.service[108296]: DEBUG placement.objects.allocation_candidate [req-f82c327f-ecda-4106-aa3d-66fa4f13815d req-3b59def4-3801-47f7-b8cd-5f7b842d9fcd service placement] RequestGroup(use_same_provider=False, resources={DISK_GB:1, MEMORY_MB:1024, VCPU:1}, traits=(), aggregates=[[d346864d-78d4-4418-afb8-2baea59a864c]]) (suffix '') returned 1 matches {{(pid=108296) _get_by_requests /opt/stack/placement/placement/objects/allocation_candidate.py:156}}
Aug 24 14:09:56.227151 n-d-848021-3 devstack@placement-api.service[108296]: DEBUG placement.objects.allocation_candidate [req-f82c327f-ecda-4106-aa3d-66fa4f13815d req-3b59def4-3801-47f7-b8cd-5f7b842d9fcd service placement] Merging candidates yields 1 allocation requests and 1 provider summaries {{(pid=108296) _merge_candidates /opt/stack/placement/placement/objects/allocation_candidate.py:809}}
Aug 24 14:09:56.229368 n-d-848021-3 devstack@placement-api.service[108296]: INFO placement.requestlog [req-f82c327f-ecda-4106-aa3d-66fa4f13815d req-3b59def4-3801-47f7-b8cd-5f7b842d9fcd service placement] 10.222.0.26 "GET /placement/allocation_candidates?limit=1000&member_of=in%3Ad346864d-78d4-4418-afb8-2baea59a864c&resources=DISK_GB%3A1%2CMEMORY_MB%3A1024%2CVCPU%3A1&root_required=%21COMPUTE_STATUS_DISABLED" status: 200 len: 676 microversion: 1.36
Aug 24 14:09:56.242206 n-d-848021-3 devstack@placement-api.service[108296]: [pid: 108296|app: 0|req: 15/29] 10.222.0.26 () {60 vars in 1610 bytes} [Wed Aug 24 14:09:55 2022] GET /placement/allocation_candidates?limit=1000&member_of=in%3Ad346864d-78d4-4418-afb8-2baea59a864c&resources=DISK_GB%3A1%2CMEMORY_MB%3A1024%2CVCPU%3A1&root_required=%21COMPUTE_STATUS_DISABLED => generated 676 bytes in 611 msecs (HTTP/1.1 200) 8 headers in 296 bytes (1 switches on core 0)
Aug 24 14:09:56.391178 n-d-848021-3 devstack@placement-api.service[108296]: DEBUG placement.requestlog [req-f82c327f-ecda-4106-aa3d-66fa4f13815d req-6439b4bd-aa37-4a7c-92f5-bf2254d41102 None None] Starting request: 10.222.0.26 "GET /placement/allocations/71349611-716c-4524-9748-4031f722cb4e" {{(pid=108296) __call__ /opt/stack/placement/placement/requestlog.py:55}}
Aug 24 14:09:56.407191 n-d-848021-3 devstack@placement-api.service[108296]: INFO placement.requestlog [req-f82c327f-ecda-4106-aa3d-66fa4f13815d req-6439b4bd-aa37-4a7c-92f5-bf2254d41102 service placement] 10.222.0.26 "GET /placement/allocations/71349611-716c-4524-9748-4031f722cb4e" status: 200 len: 19 microversion: 1.28
Aug 24 14:09:56.407534 n-d-848021-3 devstack@placement-api.service[108296]: [pid: 108296|app: 0|req: 16/30] 10.222.0.26 () {60 vars in 1380 bytes} [Wed Aug 24 14:09:56 2022] GET /placement/allocations/71349611-716c-4524-9748-4031f722cb4e => generated 19 bytes in 17 msecs (HTTP/1.1 200) 8 headers in 295 bytes (2 switches on core 0)
Aug 24 14:09:56.414793 n-d-848021-3 devstack@placement-api.service[108296]: DEBUG placement.requestlog [req-f82c327f-ecda-4106-aa3d-66fa4f13815d req-03b0f167-bf3d-4442-a3c5-2820b88332b2 None None] Starting request: 10.222.0.26 "PUT /placement/allocations/71349611-716c-4524-9748-4031f722cb4e" {{(pid=108296) __call__ /opt/stack/placement/placement/requestlog.py:55}}
Aug 24 14:09:56.608060 n-d-848021-3 devstack@placement-api.service[108295]: DEBUG placement.handlers.allocation [req-fad147ee-ff7a-46df-821e-ead74a40db0a req-de8fac0d-38c1-4af2-966f-a7b7edd3f722 service placement] Successfully wrote allocations [, , ] {{(pid=108295) _update_consumers_and_create_allocations /opt/stack/placement/placement/handlers/allocation.py:462}}
Aug 24 14:09:56.713526 n-d-848021-3 devstack@placement-api.service[108295]: INFO placement.requestlog [req-fad147ee-ff7a-46df-821e-ead74a40db0a req-de8fac0d-38c1-4af2-966f-a7b7edd3f722 service placement] 10.222.0.26 "PUT /placement/allocations/1871704a-5ea3-490d-86d3-b85a5e89d5a0" status: 204 len: 0 microversion: 1.36
Aug 24 14:09:56.714290 n-d-848021-3 devstack@placement-api.service[108295]: [pid: 108295|app: 0|req: 15/31] 10.222.0.26 () {64 vars in 1433 bytes} [Wed Aug 24 14:09:56 2022] PUT /placement/allocations/1871704a-5ea3-490d-86d3-b85a5e89d5a0 => generated 0 bytes in 536 msecs (HTTP/1.1 204) 5 headers in 199 bytes (1 switches on core 0)
Aug 24 14:09:56.799116 n-d-848021-3 devstack@placement-api.service[108296]: DEBUG placement.handlers.allocation [req-f82c327f-ecda-4106-aa3d-66fa4f13815d req-03b0f167-bf3d-4442-a3c5-2820b88332b2 service placement] Successfully wrote allocations [, , ] {{(pid=108296) _update_consumers_and_create_allocations /opt/stack/placement/placement/handlers/allocation.py:462}}
Aug 24 14:09:56.924638 n-d-848021-3 devstack@placement-api.service[108296]: INFO placement.requestlog [req-f82c327f-ecda-4106-aa3d-66fa4f13815d req-03b0f167-bf3d-4442-a3c5-2820b88332b2 service placement] 10.222.0.26 "PUT /placement/allocations/71349611-716c-4524-9748-4031f722cb4e" status: 204 len: 0 microversion: 1.36
Aug 24 14:09:56.925699 n-d-848021-3 devstack@placement-api.service[108296]: [pid: 108296|app: 0|req: 17/32] 10.222.0.26 () {64 vars in 1433 bytes} [Wed Aug 24 14:09:56 2022] PUT /placement/allocations/71349611-716c-4524-9748-4031f722cb4e => generated 0 bytes in 511 msecs (HTTP/1.1 204) 5 headers in 199 bytes (1 switches on core 0)
Aug 24 14:09:58.596219 n-d-848021-3 devstack@placement-api.service[108295]: DEBUG placement.requestlog [req-fad147ee-ff7a-46df-821e-ead74a40db0a req-35de5b23-9eba-4add-9f1a-702cf714db3f None None] Starting request: 10.222.0.42 "GET /placement/allocations/1871704a-5ea3-490d-86d3-b85a5e89d5a0" {{(pid=108295) __call__ /opt/stack/placement/placement/requestlog.py:55}}
Aug 24 14:09:58.620032 n-d-848021-3 devstack@placement-api.service[108295]: INFO placement.requestlog [req-fad147ee-ff7a-46df-821e-ead74a40db0a req-35de5b23-9eba-4add-9f1a-702cf714db3f service placement] 10.222.0.42 "GET /placement/allocations/1871704a-5ea3-490d-86d3-b85a5e89d5a0" status: 200 len: 258 microversion: 1.28
Aug 24 14:09:58.620707 n-d-848021-3 devstack@placement-api.service[108295]: [pid: 108295|app: 0|req: 16/33] 10.222.0.42 () {60 vars in 1377 bytes} [Wed Aug 24 14:09:58 2022] GET /placement/allocations/1871704a-5ea3-490d-86d3-b85a5e89d5a0 => generated 258 bytes in 26 msecs (HTTP/1.1 200) 8 headers in 296 bytes (1 switches on core 0)
Aug 24 14:09:58.793692 n-d-848021-3 devstack@placement-api.service[108296]: DEBUG placement.requestlog [req-f82c327f-ecda-4106-aa3d-66fa4f13815d req-156789f8-1ff2-46bb-9cdd-26fa49386337 None None] Starting request: 10.222.0.42 "GET /placement/allocations/71349611-716c-4524-9748-4031f722cb4e" {{(pid=108296) __call__ /opt/stack/placement/placement/requestlog.py:55}}
Aug 24 14:09:58.813649 n-d-848021-3 devstack@placement-api.service[108296]: INFO placement.requestlog [req-f82c327f-ecda-4106-aa3d-66fa4f13815d req-156789f8-1ff2-46bb-9cdd-26fa49386337 service placement] 10.222.0.42 "GET /placement/allocations/71349611-716c-4524-9748-4031f722cb4e" status: 200 len: 258 microversion: 1.28
Aug 24 14:09:58.814427 n-d-848021-3 devstack@placement-api.service[108296]: [pid: 108296|app: 0|req: 18/34] 10.222.0.42 () {60 vars in 1377 bytes} [Wed Aug 24 14:09:58 2022] GET /placement/allocations/71349611-716c-4524-9748-4031f722cb4e => generated 258 bytes in 21 msecs (HTTP/1.1 200) 8 headers in 296 bytes (1 switches on core 0)
Aug 24 14:10:08.616150 n-d-848021-3 devstack@placement-api.service[108295]: DEBUG dbcounter [-] [108295] Writing DB stats placement:SELECT=37,placement:INSERT=6,placement:DELETE=2,placement:UPDATE=2 {{(pid=108295) stat_writer /usr/local/lib/python3.8/dist-packages/dbcounter.py:114}}
Aug 24 14:10:08.813402 n-d-848021-3 devstack@placement-api.service[108296]: DEBUG dbcounter [-] [108296] Writing DB stats placement:SELECT=46,placement:INSERT=8,placement:UPDATE=3,placement:DELETE=2 {{(pid=108296) stat_writer /usr/local/lib/python3.8/dist-packages/dbcounter.py:114}}
Aug 24 14:10:19.463283 n-d-848021-3 devstack@placement-api.service[108295]: DEBUG placement.requestlog [req-005e7749-1cb3-4bfd-92c6-dbe0112d8310 req-f91d366a-1078-427e-8f7c-60c9afbc81ed None None] Starting request: 10.222.0.26 "GET /placement/allocation_candidates?limit=1000&resources=DISK_GB%3A1%2CMEMORY_MB%3A1024%2CVCPU%3A1&root_required=%21COMPUTE_STATUS_DISABLED" {{(pid=108295) __call__ /opt/stack/placement/placement/requestlog.py:55}}
Aug 24 14:10:19.510794 n-d-848021-3 devstack@placement-api.service[108295]: DEBUG placement.objects.research_context [req-005e7749-1cb3-4bfd-92c6-dbe0112d8310 req-f91d366a-1078-427e-8f7c-60c9afbc81ed service placement] getting providers with 1 DISK_GB {{(pid=108295) __init__ /opt/stack/placement/placement/objects/research_context.py:136}}
Aug 24 14:10:19.518119 n-d-848021-3 devstack@placement-api.service[108295]: DEBUG placement.objects.research_context [req-005e7749-1cb3-4bfd-92c6-dbe0112d8310 req-f91d366a-1078-427e-8f7c-60c9afbc81ed service placement] getting providers with 1024 MEMORY_MB {{(pid=108295) __init__ /opt/stack/placement/placement/objects/research_context.py:136}}
Aug 24 14:10:19.525098 n-d-848021-3 devstack@placement-api.service[108295]: DEBUG placement.objects.research_context [req-005e7749-1cb3-4bfd-92c6-dbe0112d8310 req-f91d366a-1078-427e-8f7c-60c9afbc81ed service placement] getting providers with 1 VCPU {{(pid=108295) __init__ /opt/stack/placement/placement/objects/research_context.py:136}}
Aug 24 14:10:19.531349 n-d-848021-3 devstack@placement-api.service[108295]: DEBUG placement.objects.research_context [req-005e7749-1cb3-4bfd-92c6-dbe0112d8310 req-f91d366a-1078-427e-8f7c-60c9afbc81ed service placement] found 2 providers with available 1 DISK_GB {{(pid=108295) get_provider_ids_matching /opt/stack/placement/placement/objects/research_context.py:563}}
Aug 24 14:10:19.531626 n-d-848021-3 devstack@placement-api.service[108295]: DEBUG placement.objects.research_context [req-005e7749-1cb3-4bfd-92c6-dbe0112d8310 req-f91d366a-1078-427e-8f7c-60c9afbc81ed service placement] found 2 providers with available 1024 MEMORY_MB {{(pid=108295) get_provider_ids_matching /opt/stack/placement/placement/objects/research_context.py:563}}
Aug 24 14:10:19.532145 n-d-848021-3 devstack@placement-api.service[108295]: DEBUG placement.objects.research_context [req-005e7749-1cb3-4bfd-92c6-dbe0112d8310 req-f91d366a-1078-427e-8f7c-60c9afbc81ed service placement] found 2 providers after filtering by previous result {{(pid=108295) get_provider_ids_matching /opt/stack/placement/placement/objects/research_context.py:594}}
Aug 24 14:10:19.532410 n-d-848021-3 devstack@placement-api.service[108295]: DEBUG placement.objects.research_context [req-005e7749-1cb3-4bfd-92c6-dbe0112d8310 req-f91d366a-1078-427e-8f7c-60c9afbc81ed service placement] found 2 providers with available 1 VCPU {{(pid=108295) get_provider_ids_matching /opt/stack/placement/placement/objects/research_context.py:563}}
Aug 24 14:10:19.532674 n-d-848021-3 devstack@placement-api.service[108295]: DEBUG placement.objects.research_context [req-005e7749-1cb3-4bfd-92c6-dbe0112d8310 req-f91d366a-1078-427e-8f7c-60c9afbc81ed service placement] found 2 providers after filtering by previous result {{(pid=108295) get_provider_ids_matching /opt/stack/placement/placement/objects/research_context.py:594}}
Aug 24 14:10:19.549519 n-d-848021-3 devstack@placement-api.service[108295]: DEBUG placement.objects.allocation_candidate [req-005e7749-1cb3-4bfd-92c6-dbe0112d8310 req-f91d366a-1078-427e-8f7c-60c9afbc81ed service placement] RequestGroup(use_same_provider=False, resources={DISK_GB:1, MEMORY_MB:1024, VCPU:1}, traits=(), aggregates=[]) (suffix '') returned 2 matches {{(pid=108295) _get_by_requests /opt/stack/placement/placement/objects/allocation_candidate.py:156}}
Aug 24 14:10:19.550014 n-d-848021-3 devstack@placement-api.service[108295]: DEBUG placement.objects.allocation_candidate [req-005e7749-1cb3-4bfd-92c6-dbe0112d8310 req-f91d366a-1078-427e-8f7c-60c9afbc81ed service placement] Merging candidates yields 2 allocation requests and 2 provider summaries {{(pid=108295) _merge_candidates /opt/stack/placement/placement/objects/allocation_candidate.py:809}}
Aug 24 14:10:19.552636 n-d-848021-3 devstack@placement-api.service[108295]: INFO placement.requestlog [req-005e7749-1cb3-4bfd-92c6-dbe0112d8310 req-f91d366a-1078-427e-8f7c-60c9afbc81ed service placement] 10.222.0.26 "GET /placement/allocation_candidates?limit=1000&resources=DISK_GB%3A1%2CMEMORY_MB%3A1024%2CVCPU%3A1&root_required=%21COMPUTE_STATUS_DISABLED" status: 200 len: 1306 microversion: 1.36
Aug 24 14:10:19.553036 n-d-848021-3 devstack@placement-api.service[108295]: [pid: 108295|app: 0|req: 17/35] 10.222.0.26 () {60 vars in 1506 bytes} [Wed Aug 24 14:10:19 2022] GET /placement/allocation_candidates?limit=1000&resources=DISK_GB%3A1%2CMEMORY_MB%3A1024%2CVCPU%3A1&root_required=%21COMPUTE_STATUS_DISABLED => generated 1306 bytes in 90 msecs (HTTP/1.1 200) 8 headers in 297 bytes (1 switches on core 0)
Aug 24 14:10:19.645833 n-d-848021-3 devstack@placement-api.service[108296]: DEBUG placement.requestlog [req-005e7749-1cb3-4bfd-92c6-dbe0112d8310 req-e758650b-fda4-40a4-b313-c04f6efdb1ba None None] Starting request: 10.222.0.26 "GET /placement/allocations/dffb9bea-99a4-4059-8bcc-e2278d9eb32f" {{(pid=108296) __call__ /opt/stack/placement/placement/requestlog.py:55}}
Aug 24 14:10:19.658510 n-d-848021-3 devstack@placement-api.service[108296]: INFO placement.requestlog [req-005e7749-1cb3-4bfd-92c6-dbe0112d8310 req-e758650b-fda4-40a4-b313-c04f6efdb1ba service placement] 10.222.0.26 "GET /placement/allocations/dffb9bea-99a4-4059-8bcc-e2278d9eb32f" status: 200 len: 19 microversion: 1.28
Aug 24 14:10:19.664184 n-d-848021-3 devstack@placement-api.service[108296]: [pid: 108296|app: 0|req: 19/36] 10.222.0.26 () {60 vars in 1380 bytes} [Wed Aug 24 14:10:19 2022] GET /placement/allocations/dffb9bea-99a4-4059-8bcc-e2278d9eb32f => generated 19 bytes in 19 msecs (HTTP/1.1 200) 8 headers in 295 bytes (1 switches on core 0)
Aug 24 14:10:19.667438 n-d-848021-3 devstack@placement-api.service[108295]: DEBUG placement.requestlog [req-005e7749-1cb3-4bfd-92c6-dbe0112d8310 req-c73a0606-d476-420b-993c-176b9fcf642b None None] Starting request: 10.222.0.26 "PUT /placement/allocations/dffb9bea-99a4-4059-8bcc-e2278d9eb32f" {{(pid=108295) __call__ /opt/stack/placement/placement/requestlog.py:55}}
Aug 24 14:10:20.048605 n-d-848021-3 devstack@placement-api.service[108295]: DEBUG placement.handlers.allocation [req-005e7749-1cb3-4bfd-92c6-dbe0112d8310 req-c73a0606-d476-420b-993c-176b9fcf642b service placement] Successfully wrote allocations [, , ] {{(pid=108295) _update_consumers_and_create_allocations /opt/stack/placement/placement/handlers/allocation.py:462}}
Aug 24 14:10:20.175297 n-d-848021-3 devstack@placement-api.service[108295]: INFO placement.requestlog [req-005e7749-1cb3-4bfd-92c6-dbe0112d8310 req-c73a0606-d476-420b-993c-176b9fcf642b service placement] 10.222.0.26 "PUT /placement/allocations/dffb9bea-99a4-4059-8bcc-e2278d9eb32f" status: 204 len: 0 microversion: 1.36
Aug 24 14:10:20.176370 n-d-848021-3 devstack@placement-api.service[108295]: [pid: 108295|app: 0|req: 18/37] 10.222.0.26 () {64 vars in 1433 bytes} [Wed Aug 24 14:10:19 2022] PUT /placement/allocations/dffb9bea-99a4-4059-8bcc-e2278d9eb32f => generated 0 bytes in 509 msecs (HTTP/1.1 204) 5 headers in 199 bytes (1 switches on core 0)
Aug 24 14:10:21.510174 n-d-848021-3 devstack@placement-api.service[108296]: DEBUG placement.requestlog [req-005e7749-1cb3-4bfd-92c6-dbe0112d8310 req-0e76c745-1dc7-4d28-b2bc-482105f67cc1 None None] Starting request: 10.222.0.50 "GET /placement/allocations/dffb9bea-99a4-4059-8bcc-e2278d9eb32f" {{(pid=108296) __call__ /opt/stack/placement/placement/requestlog.py:55}}
Aug 24 14:10:21.528237 n-d-848021-3 devstack@placement-api.service[108296]: INFO placement.requestlog [req-005e7749-1cb3-4bfd-92c6-dbe0112d8310 req-0e76c745-1dc7-4d28-b2bc-482105f67cc1 service placement] 10.222.0.50 "GET /placement/allocations/dffb9bea-99a4-4059-8bcc-e2278d9eb32f" status: 200 len: 258 microversion: 1.28
Aug 24 14:10:21.528982 n-d-848021-3 devstack@placement-api.service[108296]: [pid: 108296|app: 0|req: 20/38] 10.222.0.50 () {60 vars in 1377 bytes} [Wed Aug 24 14:10:21 2022] GET /placement/allocations/dffb9bea-99a4-4059-8bcc-e2278d9eb32f => generated 258 bytes in 19 msecs (HTTP/1.1 200) 8 headers in 296 bytes (1 switches on core 0)
Aug 24 14:10:29.496730 n-d-848021-3 devstack@placement-api.service[108295]: DEBUG placement.requestlog [req-fe1de274-fc14-4393-b5e5-14577cedbe92 req-33f821e9-2b96-4550-a525-1ed2b2d0d7c8 None None] Starting request: 10.222.0.42 "DELETE /placement/allocations/1871704a-5ea3-490d-86d3-b85a5e89d5a0" {{(pid=108295) __call__ /opt/stack/placement/placement/requestlog.py:55}}
Aug 24 14:10:29.729709 n-d-848021-3 devstack@placement-api.service[108295]: DEBUG placement.handlers.allocation [req-fe1de274-fc14-4393-b5e5-14577cedbe92 req-33f821e9-2b96-4550-a525-1ed2b2d0d7c8 service placement] Successfully deleted allocations [, , ] {{(pid=108295) delete_allocations /opt/stack/placement/placement/handlers/allocation.py:627}}
Aug 24 14:10:29.730240 n-d-848021-3 devstack@placement-api.service[108295]: INFO placement.requestlog [req-fe1de274-fc14-4393-b5e5-14577cedbe92 req-33f821e9-2b96-4550-a525-1ed2b2d0d7c8 service placement] 10.222.0.42 "DELETE /placement/allocations/1871704a-5ea3-490d-86d3-b85a5e89d5a0" status: 204 len: 0 microversion: 1.0
Aug 24 14:10:29.730627 n-d-848021-3 devstack@placement-api.service[108295]: [pid: 108295|app: 0|req: 19/39] 10.222.0.42 () {60 vars in 1355 bytes} [Wed Aug 24 14:10:29 2022] DELETE /placement/allocations/1871704a-5ea3-490d-86d3-b85a5e89d5a0 => generated 0 bytes in 234 msecs (HTTP/1.1 204) 5 headers in 198 bytes (1 switches on core 0)
Aug 24 14:10:30.264051 n-d-848021-3 devstack@placement-api.service[108296]: DEBUG placement.requestlog [req-9f15b0b7-b776-48ec-b517-8fe5f4b9b080 req-ff36c1cb-aae1-4da9-a285-892fd4058f73 None None] Starting request: 10.222.0.42 "DELETE /placement/allocations/71349611-716c-4524-9748-4031f722cb4e" {{(pid=108296) __call__ /opt/stack/placement/placement/requestlog.py:55}}
Aug 24 14:10:30.483522 n-d-848021-3 devstack@placement-api.service[108296]: DEBUG placement.handlers.allocation [req-9f15b0b7-b776-48ec-b517-8fe5f4b9b080 req-ff36c1cb-aae1-4da9-a285-892fd4058f73 service placement] Successfully deleted allocations [, , ] {{(pid=108296) delete_allocations /opt/stack/placement/placement/handlers/allocation.py:627}}
Aug 24 14:10:30.484478 n-d-848021-3 devstack@placement-api.service[108296]: INFO placement.requestlog [req-9f15b0b7-b776-48ec-b517-8fe5f4b9b080 req-ff36c1cb-aae1-4da9-a285-892fd4058f73 service placement] 10.222.0.42 "DELETE /placement/allocations/71349611-716c-4524-9748-4031f722cb4e" status: 204 len: 0 microversion: 1.0
Aug 24 14:10:30.484478 n-d-848021-3 devstack@placement-api.service[108296]: [pid: 108296|app: 0|req: 21/40] 10.222.0.42 () {60 vars in 1355 bytes} [Wed Aug 24 14:10:30 2022] DELETE /placement/allocations/71349611-716c-4524-9748-4031f722cb4e => generated 0 bytes in 221 msecs (HTTP/1.1 204) 5 headers in 198 bytes (1 switches on core 0)
Aug 24 14:10:30.495442 n-d-848021-3 devstack@placement-api.service[108295]: DEBUG placement.requestlog [req-b30657cd-e2f1-4b64-ae95-92c0068a5cca req-7609ff53-f272-4b2f-8e48-70ec498aee69 None None] Starting request: 10.222.0.42 "GET /placement/resource_providers/1c73a74f-bf0b-4105-9bf0-4358884e4b6f/allocations" {{(pid=108295) __call__ /opt/stack/placement/placement/requestlog.py:55}}
Aug 24 14:10:30.515902 n-d-848021-3 devstack@placement-api.service[108295]: INFO placement.requestlog [req-b30657cd-e2f1-4b64-ae95-92c0068a5cca req-7609ff53-f272-4b2f-8e48-70ec498aee69 service placement] 10.222.0.42 "GET /placement/resource_providers/1c73a74f-bf0b-4105-9bf0-4358884e4b6f/allocations" status: 200 len: 54 microversion: 1.0
Aug 24 14:10:30.516613 n-d-848021-3 devstack@placement-api.service[108295]: [pid: 108295|app: 0|req: 20/41] 10.222.0.42 () {58 vars in 1390 bytes} [Wed Aug 24 14:10:30 2022] GET /placement/resource_providers/1c73a74f-bf0b-4105-9bf0-4358884e4b6f/allocations => generated 54 bytes in 21 msecs (HTTP/1.1 200) 6 headers in 223 bytes (1 switches on core 0)
Aug 24 14:10:31.509945 n-d-848021-3 devstack@placement-api.service[108296]: DEBUG placement.requestlog [None req-f8b627c4-6aa8-4600-8766-1ec5ace07815 None None] Starting request: 10.222.0.26 "GET /placement/" {{(pid=108296) __call__ /opt/stack/placement/placement/requestlog.py:55}}
Aug 24 14:10:31.511138 n-d-848021-3 devstack@placement-api.service[108296]: INFO placement.requestlog [None req-f8b627c4-6aa8-4600-8766-1ec5ace07815 None None] 10.222.0.26 "GET /placement/" status: 200 len: 136 microversion: 1.0
Aug 24 14:10:31.511766 n-d-848021-3 devstack@placement-api.service[108296]: [pid: 108296|app: 0|req: 22/42] 10.222.0.26 () {54 vars in 907 bytes} [Wed Aug 24 14:10:31 2022] GET /placement => generated 136 bytes in 2 msecs (HTTP/1.1 200) 6 headers in 224 bytes (1 switches on core 0)
Aug 24 14:10:31.528522 n-d-848021-3 devstack@placement-api.service[108295]: DEBUG placement.requestlog [req-96f391c4-e292-439f-8d1f-fc7128c68c4c req-86ec5e8b-80cf-4b3f-b858-1f15c07ec946 None None] Starting request: 10.222.0.26 "GET /placement/resource_providers?name=n-h1-848021-3" {{(pid=108295) __call__ /opt/stack/placement/placement/requestlog.py:55}}
Aug 24 14:10:31.870592 n-d-848021-3 devstack@placement-api.service[108296]: DEBUG placement.requestlog [req-cb416691-9b70-45a3-a3ca-8199eb810672 req-7465b227-1145-4eb4-a878-4ca520ea3568 None None] Starting request: 10.222.0.26 "GET /placement/allocation_candidates?limit=1000&resources=DISK_GB%3A1%2CMEMORY_MB%3A1024%2CVCPU%3A1&root_required=%21COMPUTE_STATUS_DISABLED" {{(pid=108296) __call__ /opt/stack/placement/placement/requestlog.py:55}}
Aug 24 14:10:31.886840 n-d-848021-3 devstack@placement-api.service[108295]: INFO placement.requestlog [req-96f391c4-e292-439f-8d1f-fc7128c68c4c req-86ec5e8b-80cf-4b3f-b858-1f15c07ec946 service placement] 10.222.0.26 "GET /placement/resource_providers?name=n-h1-848021-3" status: 200 len: 440 microversion: 1.0
Aug 24 14:10:31.887201 n-d-848021-3 devstack@placement-api.service[108295]: [pid: 108295|app: 0|req: 21/43] 10.222.0.26 () {58 vars in 1274 bytes} [Wed Aug 24 14:10:31 2022] GET /placement/resource_providers?name=n-h1-848021-3 => generated 440 bytes in 359 msecs (HTTP/1.1 200) 6 headers in 224 bytes (1 switches on core 0)
Aug 24 14:10:31.897735 n-d-848021-3 devstack@placement-api.service[108295]: DEBUG placement.requestlog [req-96f391c4-e292-439f-8d1f-fc7128c68c4c req-e0867744-eb3f-4ee7-be68-5359c8b4f568 None None] Starting request: 10.222.0.26 "GET /placement/resource_providers/1c73a74f-bf0b-4105-9bf0-4358884e4b6f/aggregates" {{(pid=108295) __call__ /opt/stack/placement/placement/requestlog.py:55}}
Aug 24 14:10:31.914434 n-d-848021-3 devstack@placement-api.service[108295]: INFO placement.requestlog [req-96f391c4-e292-439f-8d1f-fc7128c68c4c req-e0867744-eb3f-4ee7-be68-5359c8b4f568 service placement] 10.222.0.26 "GET /placement/resource_providers/1c73a74f-bf0b-4105-9bf0-4358884e4b6f/aggregates" status: 200 len: 91 microversion: 1.19
Aug 24 14:10:31.915047 n-d-848021-3 devstack@placement-api.service[108295]: [pid: 108295|app: 0|req: 22/44] 10.222.0.26 () {60 vars in 1425 bytes} [Wed Aug 24 14:10:31 2022] GET /placement/resource_providers/1c73a74f-bf0b-4105-9bf0-4358884e4b6f/aggregates => generated 91 bytes in 18 msecs (HTTP/1.1 200) 8 headers in 295 bytes (1 switches on core 0)
Aug 24 14:10:31.925682 n-d-848021-3 devstack@placement-api.service[108295]: DEBUG placement.requestlog [req-96f391c4-e292-439f-8d1f-fc7128c68c4c req-42b53db1-ee4a-49e2-94e1-4396944bbd66 None None] Starting request: 10.222.0.26 "PUT /placement/resource_providers/1c73a74f-bf0b-4105-9bf0-4358884e4b6f/aggregates" {{(pid=108295) __call__ /opt/stack/placement/placement/requestlog.py:55}}
Aug 24 14:10:31.931603 n-d-848021-3 devstack@placement-api.service[108296]: DEBUG placement.objects.research_context [req-cb416691-9b70-45a3-a3ca-8199eb810672 req-7465b227-1145-4eb4-a878-4ca520ea3568 service placement] getting providers with 1 DISK_GB {{(pid=108296) __init__ /opt/stack/placement/placement/objects/research_context.py:136}}
Aug 24 14:10:31.938129 n-d-848021-3 devstack@placement-api.service[108296]: DEBUG placement.objects.research_context [req-cb416691-9b70-45a3-a3ca-8199eb810672 req-7465b227-1145-4eb4-a878-4ca520ea3568 service placement] getting providers with 1024 MEMORY_MB {{(pid=108296) __init__ /opt/stack/placement/placement/objects/research_context.py:136}}
Aug 24 14:10:31.946202 n-d-848021-3 devstack@placement-api.service[108296]: DEBUG placement.objects.research_context [req-cb416691-9b70-45a3-a3ca-8199eb810672 req-7465b227-1145-4eb4-a878-4ca520ea3568 service placement] getting providers with 1 VCPU {{(pid=108296) __init__ /opt/stack/placement/placement/objects/research_context.py:136}}
Aug 24 14:10:31.953302 n-d-848021-3 devstack@placement-api.service[108296]: DEBUG placement.objects.research_context [req-cb416691-9b70-45a3-a3ca-8199eb810672 req-7465b227-1145-4eb4-a878-4ca520ea3568 service placement] found 2 providers with available 1 DISK_GB {{(pid=108296) get_provider_ids_matching /opt/stack/placement/placement/objects/research_context.py:563}}
Aug 24 14:10:31.953910 n-d-848021-3 devstack@placement-api.service[108296]: DEBUG placement.objects.research_context [req-cb416691-9b70-45a3-a3ca-8199eb810672 req-7465b227-1145-4eb4-a878-4ca520ea3568 service placement] found 2 providers with available 1024 MEMORY_MB {{(pid=108296) get_provider_ids_matching /opt/stack/placement/placement/objects/research_context.py:563}}
Aug 24 14:10:31.954398 n-d-848021-3 devstack@placement-api.service[108296]: DEBUG placement.objects.research_context [req-cb416691-9b70-45a3-a3ca-8199eb810672 req-7465b227-1145-4eb4-a878-4ca520ea3568 service placement] found 2 providers after filtering by previous result {{(pid=108296) get_provider_ids_matching /opt/stack/placement/placement/objects/research_context.py:594}}
Aug 24 14:10:31.954835 n-d-848021-3 devstack@placement-api.service[108296]: DEBUG placement.objects.research_context [req-cb416691-9b70-45a3-a3ca-8199eb810672 req-7465b227-1145-4eb4-a878-4ca520ea3568 service placement] found 2 providers with available 1 VCPU {{(pid=108296) get_provider_ids_matching /opt/stack/placement/placement/objects/research_context.py:563}}
Aug 24 14:10:31.955230 n-d-848021-3 devstack@placement-api.service[108296]: DEBUG placement.objects.research_context [req-cb416691-9b70-45a3-a3ca-8199eb810672 req-7465b227-1145-4eb4-a878-4ca520ea3568 service placement] found 2 providers after filtering by previous result {{(pid=108296) get_provider_ids_matching /opt/stack/placement/placement/objects/research_context.py:594}}
Aug 24 14:10:31.968450 n-d-848021-3 devstack@placement-api.service[108296]: DEBUG placement.objects.allocation_candidate [req-cb416691-9b70-45a3-a3ca-8199eb810672 req-7465b227-1145-4eb4-a878-4ca520ea3568 service placement] RequestGroup(use_same_provider=False, resources={DISK_GB:1, MEMORY_MB:1024, VCPU:1}, traits=(), aggregates=[]) (suffix '') returned 2 matches {{(pid=108296) _get_by_requests /opt/stack/placement/placement/objects/allocation_candidate.py:156}}
Aug 24 14:10:31.968935 n-d-848021-3 devstack@placement-api.service[108296]: DEBUG placement.objects.allocation_candidate [req-cb416691-9b70-45a3-a3ca-8199eb810672 req-7465b227-1145-4eb4-a878-4ca520ea3568 service placement] Merging candidates yields 2 allocation requests and 2 provider summaries {{(pid=108296) _merge_candidates /opt/stack/placement/placement/objects/allocation_candidate.py:809}}
Aug 24 14:10:31.970859 n-d-848021-3 devstack@placement-api.service[108296]: INFO placement.requestlog [req-cb416691-9b70-45a3-a3ca-8199eb810672 req-7465b227-1145-4eb4-a878-4ca520ea3568 service placement] 10.222.0.26 "GET /placement/allocation_candidates?limit=1000&resources=DISK_GB%3A1%2CMEMORY_MB%3A1024%2CVCPU%3A1&root_required=%21COMPUTE_STATUS_DISABLED" status: 200 len: 1306 microversion: 1.36
Aug 24 14:10:31.971436 n-d-848021-3 devstack@placement-api.service[108296]: [pid: 108296|app: 0|req: 23/45] 10.222.0.26 () {60 vars in 1506 bytes} [Wed Aug 24 14:10:31 2022] GET /placement/allocation_candidates?limit=1000&resources=DISK_GB%3A1%2CMEMORY_MB%3A1024%2CVCPU%3A1&root_required=%21COMPUTE_STATUS_DISABLED => generated 1306 bytes in 101 msecs (HTTP/1.1 200) 8 headers in 297 bytes (1 switches on core 0)
Aug 24 14:10:31.978192 n-d-848021-3 devstack@placement-api.service[108295]: DEBUG placement.objects.resource_provider [req-96f391c4-e292-439f-8d1f-fc7128c68c4c req-42b53db1-ee4a-49e2-94e1-4396944bbd66 service placement] Setting aggregates for provider 1c73a74f-bf0b-4105-9bf0-4358884e4b6f. Successfully disassociated aggregate d346864d-78d4-4418-afb8-2baea59a864c. {{(pid=108295) _set_aggregates /opt/stack/placement/placement/objects/resource_provider.py:404}}
Aug 24 14:10:32.068232 n-d-848021-3 devstack@placement-api.service[108295]: INFO placement.requestlog [req-96f391c4-e292-439f-8d1f-fc7128c68c4c req-42b53db1-ee4a-49e2-94e1-4396944bbd66 service placement] 10.222.0.26 "PUT /placement/resource_providers/1c73a74f-bf0b-4105-9bf0-4358884e4b6f/aggregates" status: 200 len: 53 microversion: 1.19
Aug 24 14:10:32.068648 n-d-848021-3 devstack@placement-api.service[108295]: [pid: 108295|app: 0|req: 23/46] 10.222.0.26 () {64 vars in 1477 bytes} [Wed Aug 24 14:10:31 2022] PUT /placement/resource_providers/1c73a74f-bf0b-4105-9bf0-4358884e4b6f/aggregates => generated 53 bytes in 145 msecs (HTTP/1.1 200) 8 headers in 295 bytes (1 switches on core 0)
Aug 24 14:10:32.084060 n-d-848021-3 devstack@placement-api.service[108296]: DEBUG placement.requestlog [req-cb416691-9b70-45a3-a3ca-8199eb810672 req-d778d3a0-e3ec-454a-9765-612fcabab6ae None None] Starting request: 10.222.0.26 "GET /placement/allocations/fb0892e5-cdd5-496e-a9bc-87ce2d295ded" {{(pid=108296) __call__ /opt/stack/placement/placement/requestlog.py:55}}
Aug 24 14:10:32.096562 n-d-848021-3 devstack@placement-api.service[108296]: INFO placement.requestlog [req-cb416691-9b70-45a3-a3ca-8199eb810672 req-d778d3a0-e3ec-454a-9765-612fcabab6ae service placement] 10.222.0.26 "GET /placement/allocations/fb0892e5-cdd5-496e-a9bc-87ce2d295ded" status: 200 len: 19 microversion: 1.28
Aug 24 14:10:32.097391 n-d-848021-3 devstack@placement-api.service[108296]: [pid: 108296|app: 0|req: 24/47] 10.222.0.26 () {60 vars in 1380 bytes} [Wed Aug 24 14:10:32 2022] GET /placement/allocations/fb0892e5-cdd5-496e-a9bc-87ce2d295ded => generated 19 bytes in 14 msecs (HTTP/1.1 200) 8 headers in 295 bytes (1 switches on core 0)
Aug 24 14:10:32.114009 n-d-848021-3 devstack@placement-api.service[108295]: DEBUG placement.requestlog [req-cb416691-9b70-45a3-a3ca-8199eb810672 req-3870d720-3944-4545-9537-ad8ed1197c50 None None] Starting request: 10.222.0.26 "PUT /placement/allocations/fb0892e5-cdd5-496e-a9bc-87ce2d295ded" {{(pid=108295) __call__ /opt/stack/placement/placement/requestlog.py:55}}
Aug 24 14:10:32.302711 n-d-848021-3 devstack@placement-api.service[108295]: DEBUG placement.handlers.allocation [req-cb416691-9b70-45a3-a3ca-8199eb810672 req-3870d720-3944-4545-9537-ad8ed1197c50 service placement] Successfully wrote allocations [, , ] {{(pid=108295) _update_consumers_and_create_allocations /opt/stack/placement/placement/handlers/allocation.py:462}}
Aug 24 14:10:32.381930 n-d-848021-3 devstack@placement-api.service[108295]: INFO placement.requestlog [req-cb416691-9b70-45a3-a3ca-8199eb810672 req-3870d720-3944-4545-9537-ad8ed1197c50 service placement] 10.222.0.26 "PUT /placement/allocations/fb0892e5-cdd5-496e-a9bc-87ce2d295ded" status: 204 len: 0 microversion: 1.36
Aug 24 14:10:32.382560 n-d-848021-3 devstack@placement-api.service[108295]: [pid: 108295|app: 0|req: 24/48] 10.222.0.26 () {64 vars in 1433 bytes} [Wed Aug 24 14:10:32 2022] PUT /placement/allocations/fb0892e5-cdd5-496e-a9bc-87ce2d295ded => generated 0 bytes in 269 msecs (HTTP/1.1 204) 5 headers in 199 bytes (1 switches on core 0)
Aug 24 14:10:32.982143 n-d-848021-3 devstack@placement-api.service[108296]: DEBUG placement.requestlog [req-73df6078-a8f8-47c1-8c3e-9db475b0291b req-ada6afa0-4047-42c7-863a-0d07295351fd None None] Starting request: 10.222.0.26 "GET /placement/resource_providers?name=n-h1-848021-3" {{(pid=108296) __call__ /opt/stack/placement/placement/requestlog.py:55}}
Aug 24 14:10:32.997874 n-d-848021-3 devstack@placement-api.service[108296]: INFO placement.requestlog [req-73df6078-a8f8-47c1-8c3e-9db475b0291b req-ada6afa0-4047-42c7-863a-0d07295351fd service placement] 10.222.0.26 "GET /placement/resource_providers?name=n-h1-848021-3" status: 200 len: 440 microversion: 1.0
Aug 24 14:10:33.005171 n-d-848021-3 devstack@placement-api.service[108296]: [pid: 108296|app: 0|req: 25/49] 10.222.0.26 () {58 vars in 1274 bytes} [Wed Aug 24 14:10:32 2022] GET /placement/resource_providers?name=n-h1-848021-3 => generated 440 bytes in 16 msecs (HTTP/1.1 200) 6 headers in 224 bytes (1 switches on core 0)
Aug 24 14:10:33.005304 n-d-848021-3 devstack@placement-api.service[108295]: DEBUG placement.requestlog [req-73df6078-a8f8-47c1-8c3e-9db475b0291b req-62b74942-edcd-4b9d-9de9-b682e9313ae8 None None] Starting request: 10.222.0.26 "GET /placement/resource_providers/1c73a74f-bf0b-4105-9bf0-4358884e4b6f/aggregates" {{(pid=108295) __call__ /opt/stack/placement/placement/requestlog.py:55}}
Aug 24 14:10:33.019982 n-d-848021-3 devstack@placement-api.service[108295]: INFO placement.requestlog [req-73df6078-a8f8-47c1-8c3e-9db475b0291b req-62b74942-edcd-4b9d-9de9-b682e9313ae8 service placement] 10.222.0.26 "GET /placement/resource_providers/1c73a74f-bf0b-4105-9bf0-4358884e4b6f/aggregates" status: 200 len: 53 microversion: 1.19
Aug 24 14:10:33.020364 n-d-848021-3 devstack@placement-api.service[108295]: [pid: 108295|app: 0|req: 25/50] 10.222.0.26 () {60 vars in 1425 bytes} [Wed Aug 24 14:10:33 2022] GET /placement/resource_providers/1c73a74f-bf0b-4105-9bf0-4358884e4b6f/aggregates => generated 53 bytes in 16 msecs (HTTP/1.1 200) 8 headers in 295 bytes (1 switches on core 0)
Aug 24 14:10:33.027629 n-d-848021-3 devstack@placement-api.service[108296]: DEBUG placement.requestlog [req-73df6078-a8f8-47c1-8c3e-9db475b0291b req-abcd8860-742c-4393-b58c-7a78e095b82d None None] Starting request: 10.222.0.26 "PUT /placement/resource_providers/1c73a74f-bf0b-4105-9bf0-4358884e4b6f/aggregates" {{(pid=108296) __call__ /opt/stack/placement/placement/requestlog.py:55}}
Aug 24 14:10:33.048124 n-d-848021-3 devstack@placement-api.service[108296]: DEBUG placement.objects.resource_provider [req-73df6078-a8f8-47c1-8c3e-9db475b0291b req-abcd8860-742c-4393-b58c-7a78e095b82d service placement] _ensure_aggregate() did not find aggregate 46ae46ae-4bdd-4de0-88d6-20519c73e5c7. Attempting to create it. {{(pid=108296) _ensure_aggregate /opt/stack/placement/placement/objects/resource_provider.py:321}}
Aug 24 14:10:33.067194 n-d-848021-3 devstack@placement-api.service[108296]: DEBUG placement.objects.resource_provider [req-73df6078-a8f8-47c1-8c3e-9db475b0291b req-abcd8860-742c-4393-b58c-7a78e095b82d service placement] _ensure_aggregate() created new aggregate 46ae46ae-4bdd-4de0-88d6-20519c73e5c7 (id=2). {{(pid=108296) _ensure_aggregate /opt/stack/placement/placement/objects/resource_provider.py:327}}
Aug 24 14:10:33.068932 n-d-848021-3 devstack@placement-api.service[108296]: DEBUG placement.objects.resource_provider [req-73df6078-a8f8-47c1-8c3e-9db475b0291b req-abcd8860-742c-4393-b58c-7a78e095b82d service placement] Setting aggregates for provider 1c73a74f-bf0b-4105-9bf0-4358884e4b6f. Successfully associated aggregate 46ae46ae-4bdd-4de0-88d6-20519c73e5c7. {{(pid=108296) _set_aggregates /opt/stack/placement/placement/objects/resource_provider.py:389}}
Aug 24 14:10:33.131006 n-d-848021-3 devstack@placement-api.service[108296]: INFO placement.requestlog [req-73df6078-a8f8-47c1-8c3e-9db475b0291b req-abcd8860-742c-4393-b58c-7a78e095b82d service placement] 10.222.0.26 "PUT /placement/resource_providers/1c73a74f-bf0b-4105-9bf0-4358884e4b6f/aggregates" status: 200 len: 91 microversion: 1.19
Aug 24 14:10:33.131420 n-d-848021-3 devstack@placement-api.service[108296]: [pid: 108296|app: 0|req: 26/51] 10.222.0.26 () {64 vars in 1477 bytes} [Wed Aug 24 14:10:33 2022] PUT /placement/resource_providers/1c73a74f-bf0b-4105-9bf0-4358884e4b6f/aggregates => generated 91 bytes in 104 msecs (HTTP/1.1 200) 8 headers in 295 bytes (2 switches on core 0)
Aug 24 14:10:33.346028 n-d-848021-3 devstack@placement-api.service[108295]: DEBUG placement.requestlog [req-16da525d-736d-4e97-aa59-c162811565a5 req-be396efa-181f-4ccb-8b67-b0edae2544d1 None None] Starting request: 10.222.0.26 "GET /placement/resource_providers?name=n-h1-848021-3" {{(pid=108295) __call__ /opt/stack/placement/placement/requestlog.py:55}}
Aug 24 14:10:33.361791 n-d-848021-3 devstack@placement-api.service[108295]: INFO placement.requestlog [req-16da525d-736d-4e97-aa59-c162811565a5 req-be396efa-181f-4ccb-8b67-b0edae2544d1 service placement] 10.222.0.26 "GET /placement/resource_providers?name=n-h1-848021-3" status: 200 len: 440 microversion: 1.0
Aug 24 14:10:33.362473 n-d-848021-3 devstack@placement-api.service[108295]: [pid: 108295|app: 0|req: 26/52] 10.222.0.26 () {58 vars in 1274 bytes} [Wed Aug 24 14:10:33 2022] GET /placement/resource_providers?name=n-h1-848021-3 => generated 440 bytes in 17 msecs (HTTP/1.1 200) 6 headers in 224 bytes (1 switches on core 0)
Aug 24 14:10:33.371806 n-d-848021-3 devstack@placement-api.service[108296]: DEBUG placement.requestlog [req-16da525d-736d-4e97-aa59-c162811565a5 req-4a992c26-9eb0-4d54-a20c-e4a1d6b6bb5a None None] Starting request: 10.222.0.26 "GET /placement/resource_providers/1c73a74f-bf0b-4105-9bf0-4358884e4b6f/aggregates" {{(pid=108296) __call__ /opt/stack/placement/placement/requestlog.py:55}}
Aug 24 14:10:33.387275 n-d-848021-3 devstack@placement-api.service[108296]: INFO placement.requestlog [req-16da525d-736d-4e97-aa59-c162811565a5 req-4a992c26-9eb0-4d54-a20c-e4a1d6b6bb5a service placement] 10.222.0.26 "GET /placement/resource_providers/1c73a74f-bf0b-4105-9bf0-4358884e4b6f/aggregates" status: 200 len: 91 microversion: 1.19
Aug 24 14:10:33.388156 n-d-848021-3 devstack@placement-api.service[108296]: [pid: 108296|app: 0|req: 27/53] 10.222.0.26 () {60 vars in 1425 bytes} [Wed Aug 24 14:10:33 2022] GET /placement/resource_providers/1c73a74f-bf0b-4105-9bf0-4358884e4b6f/aggregates => generated 91 bytes in 17 msecs (HTTP/1.1 200) 8 headers in 295 bytes (1 switches on core 0)
Aug 24 14:10:33.398597 n-d-848021-3 devstack@placement-api.service[108295]: DEBUG placement.requestlog [req-16da525d-736d-4e97-aa59-c162811565a5 req-ed25610d-501b-47a3-b973-43ce687e3ced None None] Starting request: 10.222.0.26 "PUT /placement/resource_providers/1c73a74f-bf0b-4105-9bf0-4358884e4b6f/aggregates" {{(pid=108295) __call__ /opt/stack/placement/placement/requestlog.py:55}}
Aug 24 14:10:33.409129 n-d-848021-3 devstack@placement-api.service[108296]: DEBUG placement.requestlog [req-cb416691-9b70-45a3-a3ca-8199eb810672 req-0f800fb7-7b20-4541-8707-20e41761d415 None None] Starting request: 10.222.0.42 "GET /placement/allocations/fb0892e5-cdd5-496e-a9bc-87ce2d295ded" {{(pid=108296) __call__ /opt/stack/placement/placement/requestlog.py:55}}
Aug 24 14:10:33.421034 n-d-848021-3 devstack@placement-api.service[108295]: DEBUG placement.objects.resource_provider [req-16da525d-736d-4e97-aa59-c162811565a5 req-ed25610d-501b-47a3-b973-43ce687e3ced service placement] Setting aggregates for provider 1c73a74f-bf0b-4105-9bf0-4358884e4b6f. Successfully disassociated aggregate 46ae46ae-4bdd-4de0-88d6-20519c73e5c7. {{(pid=108295) _set_aggregates /opt/stack/placement/placement/objects/resource_provider.py:404}}
Aug 24 14:10:33.428203 n-d-848021-3 devstack@placement-api.service[108296]: INFO placement.requestlog [req-cb416691-9b70-45a3-a3ca-8199eb810672 req-0f800fb7-7b20-4541-8707-20e41761d415 service placement] 10.222.0.42 "GET /placement/allocations/fb0892e5-cdd5-496e-a9bc-87ce2d295ded" status: 200 len: 258 microversion: 1.28
Aug 24 14:10:33.429325 n-d-848021-3 devstack@placement-api.service[108296]: [pid: 108296|app: 0|req: 28/54] 10.222.0.42 () {60 vars in 1377 bytes} [Wed Aug 24 14:10:33 2022] GET /placement/allocations/fb0892e5-cdd5-496e-a9bc-87ce2d295ded => generated 258 bytes in 20 msecs (HTTP/1.1 200) 8 headers in 296 bytes (2 switches on core 0)
Aug 24 14:10:33.484494 n-d-848021-3 devstack@placement-api.service[108295]: INFO placement.requestlog [req-16da525d-736d-4e97-aa59-c162811565a5 req-ed25610d-501b-47a3-b973-43ce687e3ced service placement] 10.222.0.26 "PUT /placement/resource_providers/1c73a74f-bf0b-4105-9bf0-4358884e4b6f/aggregates" status: 200 len: 53 microversion: 1.19
Aug 24 14:10:33.484928 n-d-848021-3 devstack@placement-api.service[108295]: [pid: 108295|app: 0|req: 27/55] 10.222.0.26 () {64 vars in 1477 bytes} [Wed Aug 24 14:10:33 2022] PUT /placement/resource_providers/1c73a74f-bf0b-4105-9bf0-4358884e4b6f/aggregates => generated 53 bytes in 87 msecs (HTTP/1.1 200) 8 headers in 295 bytes (2 switches on core 0)
Aug 24 14:10:34.082596 n-d-848021-3 devstack@placement-api.service[108296]: DEBUG placement.requestlog [req-305d45e0-bf01-49ec-8c0c-dbbeb17ce6b9 req-b305c379-5c4e-4be7-9b08-2b5ca1ed9f79 None None] Starting request: 10.222.0.26 "GET /placement/resource_providers?name=n-h1-848021-3" {{(pid=108296) __call__ /opt/stack/placement/placement/requestlog.py:55}}
Aug 24 14:10:34.102266 n-d-848021-3 devstack@placement-api.service[108296]: INFO placement.requestlog [req-305d45e0-bf01-49ec-8c0c-dbbeb17ce6b9 req-b305c379-5c4e-4be7-9b08-2b5ca1ed9f79 service placement] 10.222.0.26 "GET /placement/resource_providers?name=n-h1-848021-3" status: 200 len: 440 microversion: 1.0
Aug 24 14:10:34.102832 n-d-848021-3 devstack@placement-api.service[108296]: [pid: 108296|app: 0|req: 29/56] 10.222.0.26 () {58 vars in 1274 bytes} [Wed Aug 24 14:10:34 2022] GET /placement/resource_providers?name=n-h1-848021-3 => generated 440 bytes in 21 msecs (HTTP/1.1 200) 6 headers in 224 bytes (1 switches on core 0)
Aug 24 14:10:34.109496 n-d-848021-3 devstack@placement-api.service[108295]: DEBUG placement.requestlog [req-305d45e0-bf01-49ec-8c0c-dbbeb17ce6b9 req-17734dad-a26a-4a99-9029-4379fbaa0740 None None] Starting request: 10.222.0.26 "GET /placement/resource_providers/1c73a74f-bf0b-4105-9bf0-4358884e4b6f/aggregates" {{(pid=108295) __call__ /opt/stack/placement/placement/requestlog.py:55}}
