Aug 24 13:47:29.687289 n-d-848021-3 devstack@keystone.service[82033]: DEBUG keystone.server.flask.request_processing.middleware.auth_context [None req-b6ef2d84-b03a-43f7-9823-f46cd48976ef None admin] RBAC: auth_context: {'token': , 'domain_id': None, 'trust_id': None, 'trustor_id': None, 'trustee_id': None, 'domain_name': None, 'group_ids': [], 'user_id': '75ab9199997c4460b58df8be87a2b27e', 'user_domain_id': 'default', 'system_scope': 'all', 'project_id': None, 'project_domain_id': None, 'roles': ['admin', 'member', 'reader'], 'is_admin_project': True, 'service_user_id': None, 'service_user_domain_id': None, 'service_project_id': None, 'service_project_domain_id': None, 'service_roles': []} {{(pid=82033) fill_context /opt/stack/keystone/keystone/server/flask/request_processing/middleware/auth_context.py:478}}
Aug 24 13:47:29.688010 n-d-848021-3 devstack@keystone.service[82033]: DEBUG keystone.server.flask.request_processing.req_logging [None req-b6ef2d84-b03a-43f7-9823-f46cd48976ef None admin] REQUEST_METHOD: `GET` {{(pid=82033) log_request_info /opt/stack/keystone/keystone/server/flask/request_processing/req_logging.py:27}}
Aug 24 13:47:29.688291 n-d-848021-3 devstack@keystone.service[82033]: DEBUG keystone.server.flask.request_processing.req_logging [None req-b6ef2d84-b03a-43f7-9823-f46cd48976ef None admin] SCRIPT_NAME: `/identity` {{(pid=82033) log_request_info /opt/stack/keystone/keystone/server/flask/request_processing/req_logging.py:28}}
Aug 24 13:47:29.688567 n-d-848021-3 devstack@keystone.service[82033]: DEBUG keystone.server.flask.request_processing.req_logging [None req-b6ef2d84-b03a-43f7-9823-f46cd48976ef None admin] PATH_INFO: `/v3/roles/admin` {{(pid=82033) log_request_info /opt/stack/keystone/keystone/server/flask/request_processing/req_logging.py:29}}
Aug 24 13:47:29.702445 n-d-848021-3 devstack@keystone.service[82033]: DEBUG keystone.common.rbac_enforcer.enforcer [None req-b6ef2d84-b03a-43f7-9823-f46cd48976ef None admin] Extracting inferred target data resulted in "NOT FOUND (404)". {{(pid=82033) enforce_call /opt/stack/keystone/keystone/common/rbac_enforcer/enforcer.py:409}}
Aug 24 13:47:29.709092 n-d-848021-3 devstack@keystone.service[82033]: ERROR keystone.server.flask.application [None req-b6ef2d84-b03a-43f7-9823-f46cd48976ef None admin] Could not find role: admin.: keystone.exception.RoleNotFound: Could not find role: admin.
Aug 24 13:47:29.709092 n-d-848021-3 devstack@keystone.service[82033]: ERROR keystone.server.flask.application
Traceback (most recent call last):
Aug 24 13:47:29.709092 n-d-848021-3 devstack@keystone.service[82033]: ERROR keystone.server.flask.application
File "/usr/local/lib/python3.8/dist-packages/flask/app.py", line 1820, in full_dispatch_request
Aug 24 13:47:29.709092 n-d-848021-3 devstack@keystone.service[82033]: ERROR keystone.server.flask.application rv = self.dispatch_request()
Aug 24 13:47:29.709092 n-d-848021-3 devstack@keystone.service[82033]: ERROR keystone.server.flask.application
File "/usr/local/lib/python3.8/dist-packages/flask/app.py", line 1796, in dispatch_request
Aug 24 13:47:29.709092 n-d-848021-3 devstack@keystone.service[82033]: ERROR keystone.server.flask.application return self.ensure_sync(self.view_functions[rule.endpoint])(**view_args)
Aug 24 13:47:29.709092 n-d-848021-3 devstack@keystone.service[82033]: ERROR keystone.server.flask.application
File "/usr/local/lib/python3.8/dist-packages/flask_restful/__init__.py", line 467, in wrapper
Aug 24 13:47:29.709092 n-d-848021-3 devstack@keystone.service[82033]: ERROR keystone.server.flask.application resp = resource(*args, **kwargs)
Aug 24 13:47:29.709092 n-d-848021-3 devstack@keystone.service[82033]: ERROR keystone.server.flask.application
File "/usr/local/lib/python3.8/dist-packages/flask/views.py", line 107, in view
Aug 24 13:47:29.709092 n-d-848021-3 devstack@keystone.service[82033]: ERROR keystone.server.flask.application return current_app.ensure_sync(self.dispatch_request)(**kwargs)
Aug 24 13:47:29.709092 n-d-848021-3 devstack@keystone.service[82033]: ERROR keystone.server.flask.application
File "/usr/local/lib/python3.8/dist-packages/flask_restful/__init__.py", line 582, in dispatch_request
Aug 24 13:47:29.709092 n-d-848021-3 devstack@keystone.service[82033]: ERROR keystone.server.flask.application resp = meth(*args, **kwargs)
Aug 24 13:47:29.709092 n-d-848021-3 devstack@keystone.service[82033]: ERROR keystone.server.flask.application
File "/opt/stack/keystone/keystone/api/roles.py", line 50, in get
Aug 24 13:47:29.709092 n-d-848021-3 devstack@keystone.service[82033]: ERROR keystone.server.flask.application return self._get_role(role_id)
Aug 24 13:47:29.709092 n-d-848021-3 devstack@keystone.service[82033]: ERROR keystone.server.flask.application
File "/opt/stack/keystone/keystone/api/roles.py", line 70, in _get_role
Aug 24 13:47:29.709092 n-d-848021-3 devstack@keystone.service[82033]: ERROR keystone.server.flask.application ENFORCER.enforce_call(action='identity:get_role')
Aug 24 13:47:29.711254 n-d-848021-3 devstack@keystone.service[82033]: ERROR keystone.server.flask.application
File "/opt/stack/keystone/keystone/common/rbac_enforcer/enforcer.py", line 402, in enforce_call
Aug 24 13:47:29.711254 n-d-848021-3 devstack@keystone.service[82033]: ERROR keystone.server.flask.application policy_dict.update(cls._extract_member_target_data(
Aug 24 13:47:29.711254 n-d-848021-3 devstack@keystone.service[82033]: ERROR keystone.server.flask.application
File "/opt/stack/keystone/keystone/common/rbac_enforcer/enforcer.py", line 234, in _extract_member_target_data
Aug 24 13:47:29.711254 n-d-848021-3 devstack@keystone.service[82033]: ERROR keystone.server.flask.application member_name: func(flask.request.view_args[key])
Aug 24 13:47:29.711254 n-d-848021-3 devstack@keystone.service[82033]: ERROR keystone.server.flask.application
File "/opt/stack/keystone/keystone/common/manager.py", line 115, in wrapped
Aug 24 13:47:29.711254 n-d-848021-3 devstack@keystone.service[82033]: ERROR keystone.server.flask.application __ret_val = __f(*args, **kwargs)
Aug 24 13:47:29.711254 n-d-848021-3 devstack@keystone.service[82033]: ERROR keystone.server.flask.application
File "/usr/local/lib/python3.8/dist-packages/decorator.py", line 232, in fun
Aug 24 13:47:29.711254 n-d-848021-3 devstack@keystone.service[82033]: ERROR keystone.server.flask.application return caller(func, *(extras + args), **kw)
Aug 24 13:47:29.711254 n-d-848021-3 devstack@keystone.service[82033]: ERROR keystone.server.flask.application
File "/usr/local/lib/python3.8/dist-packages/dogpile/cache/region.py", line 1577, in get_or_create_for_user_func
Aug 24 13:47:29.711254 n-d-848021-3 devstack@keystone.service[82033]: ERROR keystone.server.flask.application return self.get_or_create(
Aug 24 13:47:29.711254 n-d-848021-3 devstack@keystone.service[82033]: ERROR keystone.server.flask.application
File "/usr/local/lib/python3.8/dist-packages/dogpile/cache/region.py", line 1042, in get_or_create
Aug 24 13:47:29.711254 n-d-848021-3 devstack@keystone.service[82033]: ERROR keystone.server.flask.application with Lock(
Aug 24 13:47:29.711254 n-d-848021-3 devstack@keystone.service[82033]: ERROR keystone.server.flask.application
File "/usr/local/lib/python3.8/dist-packages/dogpile/lock.py", line 185, in __enter__
Aug 24 13:47:29.711254 n-d-848021-3 devstack@keystone.service[82033]: ERROR keystone.server.flask.application return self._enter()
Aug 24 13:47:29.711254 n-d-848021-3 devstack@keystone.service[82033]: ERROR keystone.server.flask.application
File "/usr/local/lib/python3.8/dist-packages/dogpile/lock.py", line 94, in _enter
Aug 24 13:47:29.711254 n-d-848021-3 devstack@keystone.service[82033]: ERROR keystone.server.flask.application generated = self._enter_create(value, createdtime)
Aug 24 13:47:29.713508 n-d-848021-3 devstack@keystone.service[82033]: ERROR keystone.server.flask.application
File "/usr/local/lib/python3.8/dist-packages/dogpile/lock.py", line 178, in _enter_create
Aug 24 13:47:29.713508 n-d-848021-3 devstack@keystone.service[82033]: ERROR keystone.server.flask.application return self.creator()
Aug 24 13:47:29.713508 n-d-848021-3 devstack@keystone.service[82033]: ERROR keystone.server.flask.application
File "/usr/local/lib/python3.8/dist-packages/dogpile/cache/region.py", line 995, in gen_value
Aug 24 13:47:29.713508 n-d-848021-3 devstack@keystone.service[82033]: ERROR keystone.server.flask.application created_value = creator(
Aug 24 13:47:29.713508 n-d-848021-3 devstack@keystone.service[82033]: ERROR keystone.server.flask.application
File "/opt/stack/keystone/keystone/assignment/core.py", line 1276, in get_role
Aug 24 13:47:29.713508 n-d-848021-3 devstack@keystone.service[82033]: ERROR keystone.server.flask.application return self.driver.get_role(role_id)
Aug 24 13:47:29.713508 n-d-848021-3 devstack@keystone.service[82033]: ERROR keystone.server.flask.application
File "/opt/stack/keystone/keystone/assignment/role_backends/sql.py", line 70, in get_role
Aug 24 13:47:29.713508 n-d-848021-3 devstack@keystone.service[82033]: ERROR keystone.server.flask.application return self._get_role(session, role_id).to_dict()
Aug 24 13:47:29.713508 n-d-848021-3 devstack@keystone.service[82033]: ERROR keystone.server.flask.application
File "/opt/stack/keystone/keystone/assignment/role_backends/sql.py", line 65, in _get_role
Aug 24 13:47:29.713508 n-d-848021-3 devstack@keystone.service[82033]: ERROR keystone.server.flask.application raise exception.RoleNotFound(role_id=role_id)
Aug 24 13:47:29.713508 n-d-848021-3 devstack@keystone.service[82033]: ERROR keystone.server.flask.application keystone.exception.RoleNotFound: Could not find role: admin.
Aug 24 13:47:29.713508 n-d-848021-3 devstack@keystone.service[82033]: ERROR keystone.server.flask.application
Aug 24 13:47:29.718688 n-d-848021-3 devstack@keystone.service[82033]: [pid: 82033|app: 0|req: 16/32] 10.222.0.26 () {56 vars in 1096 bytes} [Wed Aug 24 13:47:29 2022] GET /identity/v3/roles/admin => generated 83 bytes in 183 msecs (HTTP/1.1 404) 5 headers in 183 bytes (1 switches on core 0)
Aug 24 13:47:29.718688 n-d-848021-3 devstack@keystone.service[82033]: DEBUG keystone.server.flask.request_processing.middleware.auth_context [None req-b6ef2d84-b03a-43f7-9823-f46cd48976ef None admin] Authenticating user token {{(pid=82033) process_request /usr/local/lib/python3.8/dist-packages/keystonemiddleware/auth_token/__init__.py:407}}
Aug 24 13:47:29.760365 n-d-848021-3 devstack@keystone.service[82034]: [pid: 82034|app: 0|req: 17/33] 10.222.0.26 () {60 vars in 1131 bytes} [Wed Aug 24 13:47:29 2022] POST /identity/v3/roles => generated 225 bytes in 403 msecs (HTTP/1.1 201) 5 headers in 182 bytes (2 switches on core 0)
Aug 24 13:47:29.762486 n-d-848021-3 devstack@keystone.service[82034]: DEBUG keystone.server.flask.request_processing.req_logging [None req-15f2a76e-91e3-40e1-ae7a-99ffbd34f18e None None] REQUEST_METHOD: `GET` {{(pid=82034) log_request_info /opt/stack/keystone/keystone/server/flask/request_processing/req_logging.py:27}}
Aug 24 13:47:29.762913 n-d-848021-3 devstack@keystone.service[82034]: DEBUG keystone.server.flask.request_processing.req_logging [None req-15f2a76e-91e3-40e1-ae7a-99ffbd34f18e None None] SCRIPT_NAME: `/identity` {{(pid=82034) log_request_info /opt/stack/keystone/keystone/server/flask/request_processing/req_logging.py:28}}
Aug 24 13:47:29.763315 n-d-848021-3 devstack@keystone.service[82034]: DEBUG keystone.server.flask.request_processing.req_logging [None req-15f2a76e-91e3-40e1-ae7a-99ffbd34f18e None None] PATH_INFO: `/` {{(pid=82034) log_request_info /opt/stack/keystone/keystone/server/flask/request_processing/req_logging.py:29}}
Aug 24 13:47:29.767818 n-d-848021-3 devstack@keystone.service[82034]: [pid: 82034|app: 0|req: 18/34] 10.222.0.26 () {54 vars in 927 bytes} [Wed Aug 24 13:47:29 2022] GET /identity => generated 270 bytes in 4 msecs (HTTP/1.1 300) 6 headers in 234 bytes (1 switches on core 0)
Aug 24 13:47:29.767818 n-d-848021-3 devstack@keystone.service[82034]: DEBUG keystone.server.flask.request_processing.middleware.auth_context [None req-15f2a76e-91e3-40e1-ae7a-99ffbd34f18e None None] Authenticating user token {{(pid=82034) process_request /usr/local/lib/python3.8/dist-packages/keystonemiddleware/auth_token/__init__.py:407}}
Aug 24 13:47:29.849247 n-d-848021-3 devstack@keystone.service[82033]: DEBUG dbcounter [-] [82033] Writing DB stats keystone:SELECT=100 {{(pid=82033) stat_writer /usr/local/lib/python3.8/dist-packages/dbcounter.py:114}}
Aug 24 13:47:29.861414 n-d-848021-3 devstack@keystone.service[82033]: DEBUG keystone.server.flask.request_processing.middleware.auth_context [None req-b6ef2d84-b03a-43f7-9823-f46cd48976ef None admin] Validating token access rules against request {{(pid=82033) validate_allowed_request /usr/local/lib/python3.8/dist-packages/keystonemiddleware/auth_token/__init__.py:545}}
Aug 24 13:47:29.912559 n-d-848021-3 devstack@keystone.service[82033]: DEBUG keystone.server.flask.request_processing.middleware.auth_context [None req-96000654-5c57-4639-a711-3a19213005bd None admin] RBAC: auth_context: {'token': , 'domain_id': None, 'trust_id': None, 'trustor_id': None, 'trustee_id': None, 'domain_name': None, 'group_ids': [], 'user_id': '75ab9199997c4460b58df8be87a2b27e', 'user_domain_id': 'default', 'system_scope': 'all', 'project_id': None, 'project_domain_id': None, 'roles': ['admin', 'member', 'reader'], 'is_admin_project': True, 'service_user_id': None, 'service_user_domain_id': None, 'service_project_id': None, 'service_project_domain_id': None, 'service_roles': []} {{(pid=82033) fill_context /opt/stack/keystone/keystone/server/flask/request_processing/middleware/auth_context.py:478}}
Aug 24 13:47:29.913023 n-d-848021-3 devstack@keystone.service[82033]: DEBUG keystone.server.flask.request_processing.req_logging [None req-96000654-5c57-4639-a711-3a19213005bd None admin] REQUEST_METHOD: `POST` {{(pid=82033) log_request_info /opt/stack/keystone/keystone/server/flask/request_processing/req_logging.py:27}}
Aug 24 13:47:29.913284 n-d-848021-3 devstack@keystone.service[82033]: DEBUG keystone.server.flask.request_processing.req_logging [None req-96000654-5c57-4639-a711-3a19213005bd None admin] SCRIPT_NAME: `/identity` {{(pid=82033) log_request_info /opt/stack/keystone/keystone/server/flask/request_processing/req_logging.py:28}}
Aug 24 13:47:29.914220 n-d-848021-3 devstack@keystone.service[82033]: DEBUG keystone.server.flask.request_processing.req_logging [None req-96000654-5c57-4639-a711-3a19213005bd None admin] PATH_INFO: `/v3/roles` {{(pid=82033) log_request_info /opt/stack/keystone/keystone/server/flask/request_processing/req_logging.py:29}}
Aug 24 13:47:29.915292 n-d-848021-3 devstack@keystone.service[82033]: DEBUG keystone.common.rbac_enforcer.enforcer [None req-96000654-5c57-4639-a711-3a19213005bd None admin] RBAC: Authorizing `identity:create_role()` {{(pid=82033) enforce_call /opt/stack/keystone/keystone/common/rbac_enforcer/enforcer.py:449}}
Aug 24 13:47:29.916752 n-d-848021-3 devstack@keystone.service[82033]: DEBUG keystone.common.rbac_enforcer.enforcer [None req-96000654-5c57-4639-a711-3a19213005bd None admin] RBAC: Authorization granted {{(pid=82033) enforce_call /opt/stack/keystone/keystone/common/rbac_enforcer/enforcer.py:457}}
Aug 24 13:47:29.969364 n-d-848021-3 devstack@keystone.service[82034]: DEBUG keystone.server.flask.request_processing.middleware.auth_context [None req-15f2a76e-91e3-40e1-ae7a-99ffbd34f18e None None] Validating token access rules against request {{(pid=82034) validate_allowed_request /usr/local/lib/python3.8/dist-packages/keystonemiddleware/auth_token/__init__.py:545}}
Aug 24 13:47:29.991516 n-d-848021-3 devstack@keystone.service[82034]: DEBUG dbcounter [-] [82034] Writing DB stats keystone:SELECT=99,keystone:INSERT=1 {{(pid=82034) stat_writer /usr/local/lib/python3.8/dist-packages/dbcounter.py:114}}
Aug 24 13:47:30.016765 n-d-848021-3 devstack@keystone.service[82034]: DEBUG keystone.server.flask.request_processing.middleware.auth_context [None req-5cc4c2ce-12e6-488b-9627-6085d0dd0cc5 None admin] RBAC: auth_context: {'token': , 'domain_id': None, 'trust_id': None, 'trustor_id': None, 'trustee_id': None, 'domain_name': None, 'group_ids': [], 'user_id': '75ab9199997c4460b58df8be87a2b27e', 'user_domain_id': 'default', 'system_scope': 'all', 'project_id': None, 'project_domain_id': None, 'roles': ['admin', 'member', 'reader'], 'is_admin_project': True, 'service_user_id': None, 'service_user_domain_id': None, 'service_project_id': None, 'service_project_domain_id': None, 'service_roles': []} {{(pid=82034) fill_context /opt/stack/keystone/keystone/server/flask/request_processing/middleware/auth_context.py:478}}
Aug 24 13:47:30.017806 n-d-848021-3 devstack@keystone.service[82034]: DEBUG keystone.server.flask.request_processing.req_logging [None req-5cc4c2ce-12e6-488b-9627-6085d0dd0cc5 None admin] REQUEST_METHOD: `POST` {{(pid=82034) log_request_info /opt/stack/keystone/keystone/server/flask/request_processing/req_logging.py:27}}
Aug 24 13:47:30.018261 n-d-848021-3 devstack@keystone.service[82034]: DEBUG keystone.server.flask.request_processing.req_logging [None req-5cc4c2ce-12e6-488b-9627-6085d0dd0cc5 None admin] SCRIPT_NAME: `/identity` {{(pid=82034) log_request_info /opt/stack/keystone/keystone/server/flask/request_processing/req_logging.py:28}}
Aug 24 13:47:30.018737 n-d-848021-3 devstack@keystone.service[82034]: DEBUG keystone.server.flask.request_processing.req_logging [None req-5cc4c2ce-12e6-488b-9627-6085d0dd0cc5 None admin] PATH_INFO: `/v3/projects` {{(pid=82034) log_request_info /opt/stack/keystone/keystone/server/flask/request_processing/req_logging.py:29}}
Aug 24 13:47:30.019872 n-d-848021-3 devstack@keystone.service[82034]: DEBUG keystone.common.rbac_enforcer.enforcer [None req-5cc4c2ce-12e6-488b-9627-6085d0dd0cc5 None admin] RBAC: Authorizing `identity:create_project()` {{(pid=82034) enforce_call /opt/stack/keystone/keystone/common/rbac_enforcer/enforcer.py:449}}
Aug 24 13:47:30.022379 n-d-848021-3 devstack@keystone.service[82034]: DEBUG keystone.common.rbac_enforcer.enforcer [None req-5cc4c2ce-12e6-488b-9627-6085d0dd0cc5 None admin] RBAC: Authorization granted {{(pid=82034) enforce_call /opt/stack/keystone/keystone/common/rbac_enforcer/enforcer.py:457}}
Aug 24 13:47:30.129454 n-d-848021-3 devstack@keystone.service[82034]: [pid: 82034|app: 0|req: 19/35] 10.222.0.26 () {60 vars in 1141 bytes} [Wed Aug 24 13:47:29 2022] POST /identity/v3/projects => generated 301 bytes in 364 msecs (HTTP/1.1 201) 5 headers in 182 bytes (1 switches on core 0)
Aug 24 13:47:30.131056 n-d-848021-3 devstack@keystone.service[82034]: DEBUG keystone.server.flask.request_processing.middleware.auth_context [None req-5cc4c2ce-12e6-488b-9627-6085d0dd0cc5 None admin] Authenticating user token {{(pid=82034) process_request /usr/local/lib/python3.8/dist-packages/keystonemiddleware/auth_token/__init__.py:407}}
Aug 24 13:47:30.212754 n-d-848021-3 devstack@keystone.service[82033]: [pid: 82033|app: 0|req: 17/36] 10.222.0.26 () {60 vars in 1131 bytes} [Wed Aug 24 13:47:29 2022] POST /identity/v3/roles => generated 219 bytes in 496 msecs (HTTP/1.1 201) 5 headers in 182 bytes (1 switches on core 0)
Aug 24 13:47:30.215356 n-d-848021-3 devstack@keystone.service[82033]: DEBUG keystone.server.flask.request_processing.req_logging [None req-e41e7686-0d69-4b66-b9a0-3dff1678511f None None] REQUEST_METHOD: `POST` {{(pid=82033) log_request_info /opt/stack/keystone/keystone/server/flask/request_processing/req_logging.py:27}}
Aug 24 13:47:30.216033 n-d-848021-3 devstack@keystone.service[82033]: DEBUG keystone.server.flask.request_processing.req_logging [None req-e41e7686-0d69-4b66-b9a0-3dff1678511f None None] SCRIPT_NAME: `/identity` {{(pid=82033) log_request_info /opt/stack/keystone/keystone/server/flask/request_processing/req_logging.py:28}}
Aug 24 13:47:30.216536 n-d-848021-3 devstack@keystone.service[82033]: DEBUG keystone.server.flask.request_processing.req_logging [None req-e41e7686-0d69-4b66-b9a0-3dff1678511f None None] PATH_INFO: `/v3/auth/tokens` {{(pid=82033) log_request_info /opt/stack/keystone/keystone/server/flask/request_processing/req_logging.py:29}}
Aug 24 13:47:30.250301 n-d-848021-3 devstack@keystone.service[82033]: DEBUG keystone.auth.core [None req-e41e7686-0d69-4b66-b9a0-3dff1678511f None None] MFA Rules not processed for user `75ab9199997c4460b58df8be87a2b27e`. Rule list: `[]` (Enabled: `True`). {{(pid=82033) check_auth_methods_against_rules /opt/stack/keystone/keystone/auth/core.py:438}}
Aug 24 13:47:30.252797 n-d-848021-3 devstack@keystone.service[82033]: DEBUG keystone.common.fernet_utils [None req-e41e7686-0d69-4b66-b9a0-3dff1678511f None None] Loaded 2 Fernet keys from /etc/keystone/fernet-keys/, but `[fernet_tokens] max_active_keys = 3`; perhaps there have not been enough key rotations to reach `max_active_keys` yet? {{(pid=82033) load_keys /opt/stack/keystone/keystone/common/fernet_utils.py:286}}
Aug 24 13:47:30.342741 n-d-848021-3 devstack@keystone.service[82034]: DEBUG keystone.server.flask.request_processing.middleware.auth_context [None req-5cc4c2ce-12e6-488b-9627-6085d0dd0cc5 None admin] Validating token access rules against request {{(pid=82034) validate_allowed_request /usr/local/lib/python3.8/dist-packages/keystonemiddleware/auth_token/__init__.py:545}}
Aug 24 13:47:30.372137 n-d-848021-3 devstack@keystone.service[82033]: [pid: 82033|app: 0|req: 18/37] 10.222.0.26 () {58 vars in 1024 bytes} [Wed Aug 24 13:47:30 2022] POST /identity/v3/auth/tokens => generated 799 bytes in 158 msecs (HTTP/1.1 201) 6 headers in 363 bytes (1 switches on core 0)
Aug 24 13:47:30.374128 n-d-848021-3 devstack@keystone.service[82033]: DEBUG keystone.server.flask.request_processing.req_logging [None req-63067833-36bd-43c5-ab36-890acf6ef7db None None] REQUEST_METHOD: `GET` {{(pid=82033) log_request_info /opt/stack/keystone/keystone/server/flask/request_processing/req_logging.py:27}}
Aug 24 13:47:30.374638 n-d-848021-3 devstack@keystone.service[82033]: DEBUG keystone.server.flask.request_processing.req_logging [None req-63067833-36bd-43c5-ab36-890acf6ef7db None None] SCRIPT_NAME: `/identity` {{(pid=82033) log_request_info /opt/stack/keystone/keystone/server/flask/request_processing/req_logging.py:28}}
Aug 24 13:47:30.375015 n-d-848021-3 devstack@keystone.service[82033]: DEBUG keystone.server.flask.request_processing.req_logging [None req-63067833-36bd-43c5-ab36-890acf6ef7db None None] PATH_INFO: `/` {{(pid=82033) log_request_info /opt/stack/keystone/keystone/server/flask/request_processing/req_logging.py:29}}
Aug 24 13:47:30.377357 n-d-848021-3 devstack@keystone.service[82033]: [pid: 82033|app: 0|req: 19/38] 10.222.0.26 () {54 vars in 927 bytes} [Wed Aug 24 13:47:30 2022] GET /identity => generated 270 bytes in 5 msecs (HTTP/1.1 300) 6 headers in 234 bytes (1 switches on core 0)
Aug 24 13:47:30.386986 n-d-848021-3 devstack@keystone.service[82034]: DEBUG keystone.server.flask.request_processing.middleware.auth_context [None req-b5e4d138-adab-40b1-aed4-b00c4e32cab4 None admin] RBAC: auth_context: {'token': , 'domain_id': None, 'trust_id': None, 'trustor_id': None, 'trustee_id': None, 'domain_name': None, 'group_ids': [], 'user_id': '75ab9199997c4460b58df8be87a2b27e', 'user_domain_id': 'default', 'system_scope': 'all', 'project_id': None, 'project_domain_id': None, 'roles': ['admin', 'member', 'reader'], 'is_admin_project': True, 'service_user_id': None, 'service_user_domain_id': None, 'service_project_id': None, 'service_project_domain_id': None, 'service_roles': []} {{(pid=82034) fill_context /opt/stack/keystone/keystone/server/flask/request_processing/middleware/auth_context.py:478}}
Aug 24 13:47:30.387284 n-d-848021-3 devstack@keystone.service[82033]: DEBUG keystone.server.flask.request_processing.req_logging [None req-9d875ca7-a200-46bc-aa93-78a355662f8c None None] REQUEST_METHOD: `POST` {{(pid=82033) log_request_info /opt/stack/keystone/keystone/server/flask/request_processing/req_logging.py:27}}
Aug 24 13:47:30.387813 n-d-848021-3 devstack@keystone.service[82034]: DEBUG keystone.server.flask.request_processing.req_logging [None req-b5e4d138-adab-40b1-aed4-b00c4e32cab4 None admin] REQUEST_METHOD: `GET` {{(pid=82034) log_request_info /opt/stack/keystone/keystone/server/flask/request_processing/req_logging.py:27}}
Aug 24 13:47:30.388196 n-d-848021-3 devstack@keystone.service[82034]: DEBUG keystone.server.flask.request_processing.req_logging [None req-b5e4d138-adab-40b1-aed4-b00c4e32cab4 None admin] SCRIPT_NAME: `/identity` {{(pid=82034) log_request_info /opt/stack/keystone/keystone/server/flask/request_processing/req_logging.py:28}}
Aug 24 13:47:30.388423 n-d-848021-3 devstack@keystone.service[82033]: DEBUG keystone.server.flask.request_processing.req_logging [None req-9d875ca7-a200-46bc-aa93-78a355662f8c None None] SCRIPT_NAME: `/identity` {{(pid=82033) log_request_info /opt/stack/keystone/keystone/server/flask/request_processing/req_logging.py:28}}
Aug 24 13:47:30.388656 n-d-848021-3 devstack@keystone.service[82034]: DEBUG keystone.server.flask.request_processing.req_logging [None req-b5e4d138-adab-40b1-aed4-b00c4e32cab4 None admin] PATH_INFO: `/v3/roles` {{(pid=82034) log_request_info /opt/stack/keystone/keystone/server/flask/request_processing/req_logging.py:29}}
Aug 24 13:47:30.389244 n-d-848021-3 devstack@keystone.service[82033]: DEBUG keystone.server.flask.request_processing.req_logging [None req-9d875ca7-a200-46bc-aa93-78a355662f8c None None] PATH_INFO: `/v3/auth/tokens` {{(pid=82033) log_request_info /opt/stack/keystone/keystone/server/flask/request_processing/req_logging.py:29}}
Aug 24 13:47:30.389537 n-d-848021-3 devstack@keystone.service[82034]: DEBUG keystone.common.rbac_enforcer.enforcer [None req-b5e4d138-adab-40b1-aed4-b00c4e32cab4 None admin] RBAC: Adding query filter params (name=admin) {{(pid=82034) _extract_filter_values /opt/stack/keystone/keystone/common/rbac_enforcer/enforcer.py:167}}
Aug 24 13:47:30.389942 n-d-848021-3 devstack@keystone.service[82034]: DEBUG keystone.common.rbac_enforcer.enforcer [None req-b5e4d138-adab-40b1-aed4-b00c4e32cab4 None admin] RBAC: Authorizing `identity:list_roles()` {{(pid=82034) enforce_call /opt/stack/keystone/keystone/common/rbac_enforcer/enforcer.py:449}}
Aug 24 13:47:30.391470 n-d-848021-3 devstack@keystone.service[82034]: DEBUG keystone.common.rbac_enforcer.enforcer [None req-b5e4d138-adab-40b1-aed4-b00c4e32cab4 None admin] RBAC: Authorization granted {{(pid=82034) enforce_call /opt/stack/keystone/keystone/common/rbac_enforcer/enforcer.py:457}}
Aug 24 13:47:30.403533 n-d-848021-3 devstack@keystone.service[82034]: [pid: 82034|app: 0|req: 20/39] 10.222.0.26 () {56 vars in 1099 bytes} [Wed Aug 24 13:47:30 2022] GET /identity/v3/roles?name=admin => generated 339 bytes in 273 msecs (HTTP/1.1 200) 5 headers in 177 bytes (1 switches on core 0)
Aug 24 13:47:30.408884 n-d-848021-3 devstack@keystone.service[82034]: DEBUG keystone.server.flask.request_processing.middleware.auth_context [None req-b5e4d138-adab-40b1-aed4-b00c4e32cab4 None admin] Authenticating user token {{(pid=82034) process_request /usr/local/lib/python3.8/dist-packages/keystonemiddleware/auth_token/__init__.py:407}}
Aug 24 13:47:30.425460 n-d-848021-3 devstack@keystone.service[82033]: DEBUG keystone.auth.core [None req-9d875ca7-a200-46bc-aa93-78a355662f8c None None] MFA Rules not processed for user `75ab9199997c4460b58df8be87a2b27e`. Rule list: `[]` (Enabled: `True`). {{(pid=82033) check_auth_methods_against_rules /opt/stack/keystone/keystone/auth/core.py:438}}
Aug 24 13:47:30.427990 n-d-848021-3 devstack@keystone.service[82033]: DEBUG keystone.common.fernet_utils [None req-9d875ca7-a200-46bc-aa93-78a355662f8c None None] Loaded 2 Fernet keys from /etc/keystone/fernet-keys/, but `[fernet_tokens] max_active_keys = 3`; perhaps there have not been enough key rotations to reach `max_active_keys` yet? {{(pid=82033) load_keys /opt/stack/keystone/keystone/common/fernet_utils.py:286}}
Aug 24 13:47:30.450439 n-d-848021-3 devstack@keystone.service[82034]: DEBUG dbcounter [-] [82034] Writing DB stats keystone:SELECT=99,keystone:INSERT=1 {{(pid=82034) stat_writer /usr/local/lib/python3.8/dist-packages/dbcounter.py:114}}
Aug 24 13:47:30.547773 n-d-848021-3 devstack@keystone.service[82033]: [pid: 82033|app: 0|req: 20/40] 10.222.0.26 () {58 vars in 1024 bytes} [Wed Aug 24 13:47:30 2022] POST /identity/v3/auth/tokens => generated 799 bytes in 163 msecs (HTTP/1.1 201) 6 headers in 363 bytes (2 switches on core 0)
Aug 24 13:47:30.560575 n-d-848021-3 devstack@keystone.service[82034]: DEBUG keystone.server.flask.request_processing.middleware.auth_context [None req-b5e4d138-adab-40b1-aed4-b00c4e32cab4 None admin] Validating token access rules against request {{(pid=82034) validate_allowed_request /usr/local/lib/python3.8/dist-packages/keystonemiddleware/auth_token/__init__.py:545}}
Aug 24 13:47:30.598349 n-d-848021-3 devstack@keystone.service[82034]: DEBUG keystone.server.flask.request_processing.middleware.auth_context [None req-a63a89be-26f2-4278-a197-1e8a248e5643 None admin] RBAC: auth_context: {'token': , 'domain_id': None, 'trust_id': None, 'trustor_id': None, 'trustee_id': None, 'domain_name': None, 'group_ids': [], 'user_id': '75ab9199997c4460b58df8be87a2b27e', 'user_domain_id': 'default', 'system_scope': 'all', 'project_id': None, 'project_domain_id': None, 'roles': ['admin', 'member', 'reader'], 'is_admin_project': True, 'service_user_id': None, 'service_user_domain_id': None, 'service_project_id': None, 'service_project_domain_id': None, 'service_roles': []} {{(pid=82034) fill_context /opt/stack/keystone/keystone/server/flask/request_processing/middleware/auth_context.py:478}}
Aug 24 13:47:30.598993 n-d-848021-3 devstack@keystone.service[82034]: DEBUG keystone.server.flask.request_processing.req_logging [None req-a63a89be-26f2-4278-a197-1e8a248e5643 None admin] REQUEST_METHOD: `GET` {{(pid=82034) log_request_info /opt/stack/keystone/keystone/server/flask/request_processing/req_logging.py:27}}
Aug 24 13:47:30.599272 n-d-848021-3 devstack@keystone.service[82034]: DEBUG keystone.server.flask.request_processing.req_logging [None req-a63a89be-26f2-4278-a197-1e8a248e5643 None admin] SCRIPT_NAME: `/identity` {{(pid=82034) log_request_info /opt/stack/keystone/keystone/server/flask/request_processing/req_logging.py:28}}
Aug 24 13:47:30.599549 n-d-848021-3 devstack@keystone.service[82034]: DEBUG keystone.server.flask.request_processing.req_logging [None req-a63a89be-26f2-4278-a197-1e8a248e5643 None admin] PATH_INFO: `/v3/users/75ab9199997c4460b58df8be87a2b27e` {{(pid=82034) log_request_info /opt/stack/keystone/keystone/server/flask/request_processing/req_logging.py:29}}
Aug 24 13:47:30.602171 n-d-848021-3 devstack@keystone.service[82034]: DEBUG keystone.common.rbac_enforcer.enforcer [None req-a63a89be-26f2-4278-a197-1e8a248e5643 None admin] RBAC: Authorizing `identity:get_user(user_id=75ab9199997c4460b58df8be87a2b27e)` {{(pid=82034) enforce_call /opt/stack/keystone/keystone/common/rbac_enforcer/enforcer.py:449}}
Aug 24 13:47:30.603643 n-d-848021-3 devstack@keystone.service[82034]: DEBUG keystone.common.rbac_enforcer.enforcer [None req-a63a89be-26f2-4278-a197-1e8a248e5643 None admin] RBAC: Authorization granted {{(pid=82034) enforce_call /opt/stack/keystone/keystone/common/rbac_enforcer/enforcer.py:457}}
Aug 24 13:47:30.605279 n-d-848021-3 devstack@keystone.service[82034]: [pid: 82034|app: 0|req: 21/41] 10.222.0.26 () {56 vars in 1177 bytes} [Wed Aug 24 13:47:30 2022] GET /identity/v3/users/75ab9199997c4460b58df8be87a2b27e => generated 247 bytes in 197 msecs (HTTP/1.1 200) 5 headers in 177 bytes (1 switches on core 0)
Aug 24 13:47:30.611064 n-d-848021-3 devstack@keystone.service[82033]: DEBUG keystone.server.flask.request_processing.middleware.auth_context [None req-9d875ca7-a200-46bc-aa93-78a355662f8c None None] Authenticating user token {{(pid=82033) process_request /usr/local/lib/python3.8/dist-packages/keystonemiddleware/auth_token/__init__.py:407}}
Aug 24 13:47:30.630180 n-d-848021-3 devstack@keystone.service[82033]: DEBUG dbcounter [-] [82033] Writing DB stats keystone:SELECT=99,keystone:INSERT=1 {{(pid=82033) stat_writer /usr/local/lib/python3.8/dist-packages/dbcounter.py:114}}
Aug 24 13:47:30.718644 n-d-848021-3 devstack@keystone.service[82033]: DEBUG keystone.server.flask.request_processing.middleware.auth_context [None req-9d875ca7-a200-46bc-aa93-78a355662f8c None None] Validating token access rules against request {{(pid=82033) validate_allowed_request /usr/local/lib/python3.8/dist-packages/keystonemiddleware/auth_token/__init__.py:545}}
Aug 24 13:47:30.754473 n-d-848021-3 devstack@keystone.service[82033]: DEBUG keystone.server.flask.request_processing.middleware.auth_context [None req-bc8a189c-719f-416a-a138-2e2c6c40cf03 None admin] RBAC: auth_context: {'token': , 'domain_id': None, 'trust_id': None, 'trustor_id': None, 'trustee_id': None, 'domain_name': None, 'group_ids': [], 'user_id': '75ab9199997c4460b58df8be87a2b27e', 'user_domain_id': 'default', 'system_scope': 'all', 'project_id': None, 'project_domain_id': None, 'roles': ['admin', 'member', 'reader'], 'is_admin_project': True, 'service_user_id': None, 'service_user_domain_id': None, 'service_project_id': None, 'service_project_domain_id': None, 'service_roles': []} {{(pid=82033) fill_context /opt/stack/keystone/keystone/server/flask/request_processing/middleware/auth_context.py:478}}
Aug 24 13:47:30.755110 n-d-848021-3 devstack@keystone.service[82033]: DEBUG keystone.server.flask.request_processing.req_logging [None req-bc8a189c-719f-416a-a138-2e2c6c40cf03 None admin] REQUEST_METHOD: `GET` {{(pid=82033) log_request_info /opt/stack/keystone/keystone/server/flask/request_processing/req_logging.py:27}}
Aug 24 13:47:30.755392 n-d-848021-3 devstack@keystone.service[82033]: DEBUG keystone.server.flask.request_processing.req_logging [None req-bc8a189c-719f-416a-a138-2e2c6c40cf03 None admin] SCRIPT_NAME: `/identity` {{(pid=82033) log_request_info /opt/stack/keystone/keystone/server/flask/request_processing/req_logging.py:28}}
Aug 24 13:47:30.755668 n-d-848021-3 devstack@keystone.service[82033]: DEBUG keystone.server.flask.request_processing.req_logging [None req-bc8a189c-719f-416a-a138-2e2c6c40cf03 None admin] PATH_INFO: `/v3/domains/default` {{(pid=82033) log_request_info /opt/stack/keystone/keystone/server/flask/request_processing/req_logging.py:29}}
Aug 24 13:47:30.757593 n-d-848021-3 devstack@keystone.service[82033]: DEBUG keystone.common.rbac_enforcer.enforcer [None req-bc8a189c-719f-416a-a138-2e2c6c40cf03 None admin] RBAC: Authorizing `identity:get_domain(domain_id=default)` {{(pid=82033) enforce_call /opt/stack/keystone/keystone/common/rbac_enforcer/enforcer.py:449}}
Aug 24 13:47:30.759592 n-d-848021-3 devstack@keystone.service[82033]: DEBUG keystone.common.rbac_enforcer.enforcer [None req-bc8a189c-719f-416a-a138-2e2c6c40cf03 None admin] RBAC: Authorization granted {{(pid=82033) enforce_call /opt/stack/keystone/keystone/common/rbac_enforcer/enforcer.py:457}}
Aug 24 13:47:30.761418 n-d-848021-3 devstack@keystone.service[82033]: [pid: 82033|app: 0|req: 21/42] 10.222.0.26 () {56 vars in 1108 bytes} [Wed Aug 24 13:47:30 2022] GET /identity/v3/domains/default => generated 199 bytes in 151 msecs (HTTP/1.1 200) 5 headers in 177 bytes (1 switches on core 0)
Aug 24 13:47:30.766875 n-d-848021-3 devstack@keystone.service[82034]: DEBUG keystone.server.flask.request_processing.middleware.auth_context [None req-a63a89be-26f2-4278-a197-1e8a248e5643 None admin] Authenticating user token {{(pid=82034) process_request /usr/local/lib/python3.8/dist-packages/keystonemiddleware/auth_token/__init__.py:407}}
Aug 24 13:47:30.799099 n-d-848021-3 devstack@keystone.service[82033]: DEBUG keystone.server.flask.request_processing.middleware.auth_context [None req-bc8a189c-719f-416a-a138-2e2c6c40cf03 None admin] Authenticating user token {{(pid=82033) process_request /usr/local/lib/python3.8/dist-packages/keystonemiddleware/auth_token/__init__.py:407}}
Aug 24 13:47:30.952614 n-d-848021-3 devstack@keystone.service[82033]: DEBUG dbcounter [-] [82033] Writing DB stats keystone:SELECT=100 {{(pid=82033) stat_writer /usr/local/lib/python3.8/dist-packages/dbcounter.py:114}}
Aug 24 13:47:30.974415 n-d-848021-3 devstack@keystone.service[82033]: DEBUG keystone.server.flask.request_processing.middleware.auth_context [None req-bc8a189c-719f-416a-a138-2e2c6c40cf03 None admin] Validating token access rules against request {{(pid=82033) validate_allowed_request /usr/local/lib/python3.8/dist-packages/keystonemiddleware/auth_token/__init__.py:545}}
Aug 24 13:47:30.984643 n-d-848021-3 devstack@keystone.service[82034]: DEBUG dbcounter [-] [82034] Writing DB stats keystone:SELECT=100 {{(pid=82034) stat_writer /usr/local/lib/python3.8/dist-packages/dbcounter.py:114}}
Aug 24 13:47:30.990182 n-d-848021-3 devstack@keystone.service[82034]: DEBUG keystone.server.flask.request_processing.middleware.auth_context [None req-a63a89be-26f2-4278-a197-1e8a248e5643 None admin] Validating token access rules against request {{(pid=82034) validate_allowed_request /usr/local/lib/python3.8/dist-packages/keystonemiddleware/auth_token/__init__.py:545}}
Aug 24 13:47:31.014775 n-d-848021-3 devstack@keystone.service[82033]: DEBUG keystone.server.flask.request_processing.middleware.auth_context [None req-ebd4905d-90b7-4433-8d11-ae5ff808a3f9 None admin] RBAC: auth_context: {'token': , 'domain_id': None, 'trust_id': None, 'trustor_id': None, 'trustee_id': None, 'domain_name': None, 'group_ids': [], 'user_id': '75ab9199997c4460b58df8be87a2b27e', 'user_domain_id': 'default', 'system_scope': 'all', 'project_id': None, 'project_domain_id': None, 'roles': ['admin', 'member', 'reader'], 'is_admin_project': True, 'service_user_id': None, 'service_user_domain_id': None, 'service_project_id': None, 'service_project_domain_id': None, 'service_roles': []} {{(pid=82033) fill_context /opt/stack/keystone/keystone/server/flask/request_processing/middleware/auth_context.py:478}}
Aug 24 13:47:31.015390 n-d-848021-3 devstack@keystone.service[82033]: DEBUG keystone.server.flask.request_processing.req_logging [None req-ebd4905d-90b7-4433-8d11-ae5ff808a3f9 None admin] REQUEST_METHOD: `POST` {{(pid=82033) log_request_info /opt/stack/keystone/keystone/server/flask/request_processing/req_logging.py:27}}
Aug 24 13:47:31.015675 n-d-848021-3 devstack@keystone.service[82033]: DEBUG keystone.server.flask.request_processing.req_logging [None req-ebd4905d-90b7-4433-8d11-ae5ff808a3f9 None admin] SCRIPT_NAME: `/identity` {{(pid=82033) log_request_info /opt/stack/keystone/keystone/server/flask/request_processing/req_logging.py:28}}
Aug 24 13:47:31.015983 n-d-848021-3 devstack@keystone.service[82033]: DEBUG keystone.server.flask.request_processing.req_logging [None req-ebd4905d-90b7-4433-8d11-ae5ff808a3f9 None admin] PATH_INFO: `/v3/roles` {{(pid=82033) log_request_info /opt/stack/keystone/keystone/server/flask/request_processing/req_logging.py:29}}
Aug 24 13:47:31.016709 n-d-848021-3 devstack@keystone.service[82033]: DEBUG keystone.common.rbac_enforcer.enforcer [None req-ebd4905d-90b7-4433-8d11-ae5ff808a3f9 None admin] RBAC: Authorizing `identity:create_role()` {{(pid=82033) enforce_call /opt/stack/keystone/keystone/common/rbac_enforcer/enforcer.py:449}}
Aug 24 13:47:31.018106 n-d-848021-3 devstack@keystone.service[82033]: DEBUG keystone.common.rbac_enforcer.enforcer [None req-ebd4905d-90b7-4433-8d11-ae5ff808a3f9 None admin] RBAC: Authorization granted {{(pid=82033) enforce_call /opt/stack/keystone/keystone/common/rbac_enforcer/enforcer.py:457}}
Aug 24 13:47:31.039661 n-d-848021-3 devstack@keystone.service[82034]: DEBUG keystone.server.flask.request_processing.middleware.auth_context [None req-68e95136-a570-4e1f-90ec-72188f3d347c None admin] RBAC: auth_context: {'token': , 'domain_id': None, 'trust_id': None, 'trustor_id': None, 'trustee_id': None, 'domain_name': None, 'group_ids': [], 'user_id': '75ab9199997c4460b58df8be87a2b27e', 'user_domain_id': 'default', 'system_scope': 'all', 'project_id': None, 'project_domain_id': None, 'roles': ['admin', 'member', 'reader'], 'is_admin_project': True, 'service_user_id': None, 'service_user_domain_id': None, 'service_project_id': None, 'service_project_domain_id': None, 'service_roles': []} {{(pid=82034) fill_context /opt/stack/keystone/keystone/server/flask/request_processing/middleware/auth_context.py:478}}
Aug 24 13:47:31.040350 n-d-848021-3 devstack@keystone.service[82034]: DEBUG keystone.server.flask.request_processing.req_logging [None req-68e95136-a570-4e1f-90ec-72188f3d347c None admin] REQUEST_METHOD: `PUT` {{(pid=82034) log_request_info /opt/stack/keystone/keystone/server/flask/request_processing/req_logging.py:27}}
Aug 24 13:47:31.040626 n-d-848021-3 devstack@keystone.service[82034]: DEBUG keystone.server.flask.request_processing.req_logging [None req-68e95136-a570-4e1f-90ec-72188f3d347c None admin] SCRIPT_NAME: `/identity` {{(pid=82034) log_request_info /opt/stack/keystone/keystone/server/flask/request_processing/req_logging.py:28}}
Aug 24 13:47:31.040968 n-d-848021-3 devstack@keystone.service[82034]: DEBUG keystone.server.flask.request_processing.req_logging [None req-68e95136-a570-4e1f-90ec-72188f3d347c None admin] PATH_INFO: `/v3/domains/default/users/75ab9199997c4460b58df8be87a2b27e/roles/69437236cf5f492b8877f3734865ab90` {{(pid=82034) log_request_info /opt/stack/keystone/keystone/server/flask/request_processing/req_logging.py:29}}
Aug 24 13:47:31.042843 n-d-848021-3 devstack@keystone.service[82034]: DEBUG keystone.common.rbac_enforcer.enforcer [None req-68e95136-a570-4e1f-90ec-72188f3d347c None admin] RBAC: Authorizing `identity:create_grant(domain_id=default, user_id=75ab9199997c4460b58df8be87a2b27e, role_id=69437236cf5f492b8877f3734865ab90)` {{(pid=82034) enforce_call /opt/stack/keystone/keystone/common/rbac_enforcer/enforcer.py:449}}
Aug 24 13:47:31.044328 n-d-848021-3 devstack@keystone.service[82034]: DEBUG keystone.common.rbac_enforcer.enforcer [None req-68e95136-a570-4e1f-90ec-72188f3d347c None admin] RBAC: Authorization granted {{(pid=82034) enforce_call /opt/stack/keystone/keystone/common/rbac_enforcer/enforcer.py:457}}
Aug 24 13:47:31.065240 n-d-848021-3 devstack@keystone.service[82033]: [pid: 82033|app: 0|req: 22/43] 10.222.0.26 () {60 vars in 1131 bytes} [Wed Aug 24 13:47:30 2022] POST /identity/v3/roles => generated 223 bytes in 267 msecs (HTTP/1.1 201) 5 headers in 182 bytes (1 switches on core 0)
Aug 24 13:47:31.066200 n-d-848021-3 devstack@keystone.service[82033]: DEBUG keystone.server.flask.request_processing.middleware.auth_context [None req-ebd4905d-90b7-4433-8d11-ae5ff808a3f9 None admin] Authenticating user token {{(pid=82033) process_request /usr/local/lib/python3.8/dist-packages/keystonemiddleware/auth_token/__init__.py:407}}
Aug 24 13:47:31.136488 n-d-848021-3 devstack@keystone.service[82034]: [pid: 82034|app: 0|req: 22/44] 10.222.0.26 () {58 vars in 1361 bytes} [Wed Aug 24 13:47:30 2022] PUT /identity/v3/domains/default/users/75ab9199997c4460b58df8be87a2b27e/roles/69437236cf5f492b8877f3734865ab90 => generated 0 bytes in 370 msecs (HTTP/1.1 204) 3 headers in 132 bytes (1 switches on core 0)
Aug 24 13:47:31.212720 n-d-848021-3 devstack@keystone.service[82033]: DEBUG keystone.server.flask.request_processing.middleware.auth_context [None req-ebd4905d-90b7-4433-8d11-ae5ff808a3f9 None admin] Validating token access rules against request {{(pid=82033) validate_allowed_request /usr/local/lib/python3.8/dist-packages/keystonemiddleware/auth_token/__init__.py:545}}
Aug 24 13:47:31.270106 n-d-848021-3 devstack@keystone.service[82033]: DEBUG keystone.server.flask.request_processing.middleware.auth_context [None req-810f2016-600d-43b6-bed0-3672cf3708ed None admin] RBAC: auth_context: {'token': , 'domain_id': None, 'trust_id': None, 'trustor_id': None, 'trustee_id': None, 'domain_name': None, 'group_ids': [], 'user_id': '75ab9199997c4460b58df8be87a2b27e', 'user_domain_id': 'default', 'system_scope': 'all', 'project_id': None, 'project_domain_id': None, 'roles': ['admin', 'member', 'reader'], 'is_admin_project': True, 'service_user_id': None, 'service_user_domain_id': None, 'service_project_id': None, 'service_project_domain_id': None, 'service_roles': []} {{(pid=82033) fill_context /opt/stack/keystone/keystone/server/flask/request_processing/middleware/auth_context.py:478}}
Aug 24 13:47:31.270836 n-d-848021-3 devstack@keystone.service[82033]: DEBUG keystone.server.flask.request_processing.req_logging [None req-810f2016-600d-43b6-bed0-3672cf3708ed None admin] REQUEST_METHOD: `GET` {{(pid=82033) log_request_info /opt/stack/keystone/keystone/server/flask/request_processing/req_logging.py:27}}
Aug 24 13:47:31.271119 n-d-848021-3 devstack@keystone.service[82033]: DEBUG keystone.server.flask.request_processing.req_logging [None req-810f2016-600d-43b6-bed0-3672cf3708ed None admin] SCRIPT_NAME: `/identity` {{(pid=82033) log_request_info /opt/stack/keystone/keystone/server/flask/request_processing/req_logging.py:28}}
Aug 24 13:47:31.271394 n-d-848021-3 devstack@keystone.service[82033]: DEBUG keystone.server.flask.request_processing.req_logging [None req-810f2016-600d-43b6-bed0-3672cf3708ed None admin] PATH_INFO: `/v3/domains/default` {{(pid=82033) log_request_info /opt/stack/keystone/keystone/server/flask/request_processing/req_logging.py:29}}
Aug 24 13:47:31.273207 n-d-848021-3 devstack@keystone.service[82033]: DEBUG keystone.common.rbac_enforcer.enforcer [None req-810f2016-600d-43b6-bed0-3672cf3708ed None admin] RBAC: Authorizing `identity:get_domain(domain_id=default)` {{(pid=82033) enforce_call /opt/stack/keystone/keystone/common/rbac_enforcer/enforcer.py:449}}
Aug 24 13:47:31.275469 n-d-848021-3 devstack@keystone.service[82033]: DEBUG keystone.common.rbac_enforcer.enforcer [None req-810f2016-600d-43b6-bed0-3672cf3708ed None admin] RBAC: Authorization granted {{(pid=82033) enforce_call /opt/stack/keystone/keystone/common/rbac_enforcer/enforcer.py:457}}
Aug 24 13:47:31.277545 n-d-848021-3 devstack@keystone.service[82033]: [pid: 82033|app: 0|req: 23/45] 10.222.0.26 () {56 vars in 1108 bytes} [Wed Aug 24 13:47:31 2022] GET /identity/v3/domains/default => generated 199 bytes in 211 msecs (HTTP/1.1 200) 5 headers in 177 bytes (1 switches on core 0)
Aug 24 13:47:31.283052 n-d-848021-3 devstack@keystone.service[82034]: DEBUG keystone.server.flask.request_processing.middleware.auth_context [None req-68e95136-a570-4e1f-90ec-72188f3d347c None admin] Authenticating user token {{(pid=82034) process_request /usr/local/lib/python3.8/dist-packages/keystonemiddleware/auth_token/__init__.py:407}}
Aug 24 13:47:31.393113 n-d-848021-3 devstack@keystone.service[82034]: DEBUG keystone.server.flask.request_processing.middleware.auth_context [None req-68e95136-a570-4e1f-90ec-72188f3d347c None admin] Validating token access rules against request {{(pid=82034) validate_allowed_request /usr/local/lib/python3.8/dist-packages/keystonemiddleware/auth_token/__init__.py:545}}
Aug 24 13:47:31.429689 n-d-848021-3 devstack@keystone.service[82034]: DEBUG keystone.server.flask.request_processing.middleware.auth_context [None req-2c3843cb-fce4-4c0f-a7c5-08c44a3a6df1 None admin] RBAC: auth_context: {'token': , 'domain_id': None, 'trust_id': None, 'trustor_id': None, 'trustee_id': None, 'domain_name': None, 'group_ids': [], 'user_id': '75ab9199997c4460b58df8be87a2b27e', 'user_domain_id': 'default', 'system_scope': 'all', 'project_id': None, 'project_domain_id': None, 'roles': ['admin', 'member', 'reader'], 'is_admin_project': True, 'service_user_id': None, 'service_user_domain_id': None, 'service_project_id': None, 'service_project_domain_id': None, 'service_roles': []} {{(pid=82034) fill_context /opt/stack/keystone/keystone/server/flask/request_processing/middleware/auth_context.py:478}}
Aug 24 13:47:31.430317 n-d-848021-3 devstack@keystone.service[82034]: DEBUG keystone.server.flask.request_processing.req_logging [None req-2c3843cb-fce4-4c0f-a7c5-08c44a3a6df1 None admin] REQUEST_METHOD: `POST` {{(pid=82034) log_request_info /opt/stack/keystone/keystone/server/flask/request_processing/req_logging.py:27}}
Aug 24 13:47:31.430601 n-d-848021-3 devstack@keystone.service[82034]: DEBUG keystone.server.flask.request_processing.req_logging [None req-2c3843cb-fce4-4c0f-a7c5-08c44a3a6df1 None admin] SCRIPT_NAME: `/identity` {{(pid=82034) log_request_info /opt/stack/keystone/keystone/server/flask/request_processing/req_logging.py:28}}
Aug 24 13:47:31.430880 n-d-848021-3 devstack@keystone.service[82034]: DEBUG keystone.server.flask.request_processing.req_logging [None req-2c3843cb-fce4-4c0f-a7c5-08c44a3a6df1 None admin] PATH_INFO: `/v3/projects` {{(pid=82034) log_request_info /opt/stack/keystone/keystone/server/flask/request_processing/req_logging.py:29}}
Aug 24 13:47:31.431540 n-d-848021-3 devstack@keystone.service[82034]: DEBUG keystone.common.rbac_enforcer.enforcer [None req-2c3843cb-fce4-4c0f-a7c5-08c44a3a6df1 None admin] RBAC: Authorizing `identity:create_project()` {{(pid=82034) enforce_call /opt/stack/keystone/keystone/common/rbac_enforcer/enforcer.py:449}}
Aug 24 13:47:31.433039 n-d-848021-3 devstack@keystone.service[82034]: DEBUG keystone.common.rbac_enforcer.enforcer [None req-2c3843cb-fce4-4c0f-a7c5-08c44a3a6df1 None admin] RBAC: Authorization granted {{(pid=82034) enforce_call /opt/stack/keystone/keystone/common/rbac_enforcer/enforcer.py:457}}
Aug 24 13:47:31.535150 n-d-848021-3 devstack@keystone.service[82034]: [pid: 82034|app: 0|req: 23/46] 10.222.0.26 () {60 vars in 1141 bytes} [Wed Aug 24 13:47:31 2022] POST /identity/v3/projects => generated 312 bytes in 252 msecs (HTTP/1.1 201) 5 headers in 182 bytes (1 switches on core 0)
