Jun 24 15:37:36.890233 n-d-847126-9 devstack@n-api.service[126418]: DEBUG oslo_concurrency.lockutils [None req-41cb4c4b-74ad-45cd-aa8a-b5d95df64eac tempest-ServersAdminTestJSON-1011318142 tempest-ServersAdminTestJSON-1011318142-project] Lock "886a18ff-76d8-4492-a0c3-16f9517f1e7a" "released" by "nova.context.set_target_cell..get_or_set_cached_cell_and_set_connections" :: held 0.001s {{(pid=126418) inner /usr/local/lib/python3.8/dist-packages/oslo_concurrency/lockutils.py:400}}
Jun 24 15:37:36.904687 n-d-847126-9 devstack@n-api.service[126419]: [pid: 126419|app: 0|req: 54/103] 10.222.0.78 () {58 vars in 1235 bytes} [Fri Jun 24 15:37:36 2022] GET /compute/v2.1/servers/8b7117f3-ee78-4d01-8bcb-61ed41b3b52a => generated 1337 bytes in 764 msecs (HTTP/1.1 200) 9 headers in 358 bytes (1 switches on core 0)
Jun 24 15:37:36.983430 n-d-847126-9 devstack@n-api.service[126418]: DEBUG nova.policy [None req-41cb4c4b-74ad-45cd-aa8a-b5d95df64eac tempest-ServersAdminTestJSON-1011318142 tempest-ServersAdminTestJSON-1011318142-project] Policy check for os_compute_api:os-extended-server-attributes failed with credentials {'is_admin': False, 'user_id': '29592463dfcf4904a9f4859104f96873', 'user_domain_id': 'default', 'system_scope': None, 'domain_id': None, 'project_id': '118a7e85f3a04b0787bd8ab146e1b068', 'project_domain_id': 'default', 'roles': ['reader', 'member'], 'is_admin_project': True, 'service_user_id': None, 'service_user_domain_id': None, 'service_project_id': None, 'service_project_domain_id': None, 'service_roles': []} {{(pid=126418) authorize /opt/stack/nova/nova/policy.py:199}}
Jun 24 15:37:37.004059 n-d-847126-9 devstack@n-api.service[126418]: INFO nova.api.openstack.requestlog [None req-41cb4c4b-74ad-45cd-aa8a-b5d95df64eac tempest-ServersAdminTestJSON-1011318142 tempest-ServersAdminTestJSON-1011318142-project] 10.222.0.78 "GET /compute/v2.1/servers/2e6973c1-5d6a-44e0-87ef-cb0d2a1b8d9e" status: 200 len: 1271 microversion: 2.1 time: 0.132129
Jun 24 15:37:37.006293 n-d-847126-9 devstack@n-api.service[126418]: [pid: 126418|app: 0|req: 50/104] 10.222.0.78 () {58 vars in 1235 bytes} [Fri Jun 24 15:37:36 2022] GET /compute/v2.1/servers/2e6973c1-5d6a-44e0-87ef-cb0d2a1b8d9e => generated 1271 bytes in 136 msecs (HTTP/1.1 200) 9 headers in 358 bytes (2 switches on core 0)
Jun 24 15:37:37.842793 n-d-847126-9 devstack@n-api.service[126418]: DEBUG nova.api.openstack.wsgi [None req-23468d1a-04ca-4589-aca8-63f4c4b49c93 tempest-ServerDiagnosticsNegativeTest-1438393171 tempest-ServerDiagnosticsNegativeTest-1438393171-project] Calling method '>' {{(pid=126418) _process_stack /opt/stack/nova/nova/api/openstack/wsgi.py:513}}
Jun 24 15:37:37.843924 n-d-847126-9 devstack@n-api.service[126418]: DEBUG nova.compute.api [None req-23468d1a-04ca-4589-aca8-63f4c4b49c93 tempest-ServerDiagnosticsNegativeTest-1438393171 tempest-ServerDiagnosticsNegativeTest-1438393171-project] [instance: c7a8ffac-4b5d-4484-9cf1-3e33715655f5] Fetching instance by UUID {{(pid=126418) get /opt/stack/nova/nova/compute/api.py:2920}}
Jun 24 15:37:37.851945 n-d-847126-9 devstack@n-api.service[126418]: DEBUG oslo_concurrency.lockutils [None req-23468d1a-04ca-4589-aca8-63f4c4b49c93 tempest-ServerDiagnosticsNegativeTest-1438393171 tempest-ServerDiagnosticsNegativeTest-1438393171-project] Lock "886a18ff-76d8-4492-a0c3-16f9517f1e7a" acquired by "nova.context.set_target_cell..get_or_set_cached_cell_and_set_connections" :: waited 0.000s {{(pid=126418) inner /usr/local/lib/python3.8/dist-packages/oslo_concurrency/lockutils.py:386}}
Jun 24 15:37:37.852778 n-d-847126-9 devstack@n-api.service[126418]: DEBUG oslo_concurrency.lockutils [None req-23468d1a-04ca-4589-aca8-63f4c4b49c93 tempest-ServerDiagnosticsNegativeTest-1438393171 tempest-ServerDiagnosticsNegativeTest-1438393171-project] Lock "886a18ff-76d8-4492-a0c3-16f9517f1e7a" "released" by "nova.context.set_target_cell..get_or_set_cached_cell_and_set_connections" :: held 0.001s {{(pid=126418) inner /usr/local/lib/python3.8/dist-packages/oslo_concurrency/lockutils.py:400}}
Jun 24 15:37:37.853825 n-d-847126-9 devstack@n-api.service[126418]: DEBUG oslo_concurrency.lockutils [None req-23468d1a-04ca-4589-aca8-63f4c4b49c93 tempest-ServerDiagnosticsNegativeTest-1438393171 tempest-ServerDiagnosticsNegativeTest-1438393171-project] Lock "886a18ff-76d8-4492-a0c3-16f9517f1e7a" acquired by "nova.context.set_target_cell..get_or_set_cached_cell_and_set_connections" :: waited 0.000s {{(pid=126418) inner /usr/local/lib/python3.8/dist-packages/oslo_concurrency/lockutils.py:386}}
Jun 24 15:37:37.854466 n-d-847126-9 devstack@n-api.service[126418]: DEBUG oslo_concurrency.lockutils [None req-23468d1a-04ca-4589-aca8-63f4c4b49c93 tempest-ServerDiagnosticsNegativeTest-1438393171 tempest-ServerDiagnosticsNegativeTest-1438393171-project] Lock "886a18ff-76d8-4492-a0c3-16f9517f1e7a" "released" by "nova.context.set_target_cell..get_or_set_cached_cell_and_set_connections" :: held 0.001s {{(pid=126418) inner /usr/local/lib/python3.8/dist-packages/oslo_concurrency/lockutils.py:400}}
Jun 24 15:37:38.036892 n-d-847126-9 devstack@n-api.service[126419]: DEBUG nova.api.openstack.wsgi [None req-9f93ea05-e521-4c92-87c2-d9adad799192 tempest-KeyPairsV210TestJSON-1758681938 tempest-KeyPairsV210TestJSON-1758681938-project-admin] Action: 'create', calling method: .version_select at 0x7f50243bdee0>, body: {"keypair": {"name": "tempest-keypair-515891087", "type": "ssh", "user_id": "2740bbdf361d4981aaf0db895c4888a7", "public_key": "ecdsa-sha2-nistp384 AAAAE2VjZHNhLXNoYTItbmlzdHAzODQAAAAIbmlzdHAzODQAAABhBJ+gXTGCvMCDHkqLywrQQyB/QterqP2VNjVM5/bV7P9ZnBh1ju/SututnSfFs2LH1M0KqeRNYZNDAqxJRXvvmn9IRy3AAI2+cYsDjKn9QnyQK2B071i5gZQRTUAHU+6u9w=="}} {{(pid=126419) _process_stack /opt/stack/nova/nova/api/openstack/wsgi.py:511}}
Jun 24 15:37:38.090962 n-d-847126-9 devstack@n-api.service[126419]: DEBUG nova.quota [None req-9f93ea05-e521-4c92-87c2-d9adad799192 tempest-KeyPairsV210TestJSON-1758681938 tempest-KeyPairsV210TestJSON-1758681938-project-admin] Getting quotas for project 29cff061afc4470daadcab4e1422de13. Resources: {'key_pairs'} {{(pid=126419) _get_quotas /opt/stack/nova/nova/quota.py:393}}
Jun 24 15:37:38.096363 n-d-847126-9 devstack@n-api.service[126418]: DEBUG nova.policy [None req-23468d1a-04ca-4589-aca8-63f4c4b49c93 tempest-ServerDiagnosticsNegativeTest-1438393171 tempest-ServerDiagnosticsNegativeTest-1438393171-project] Policy check for os_compute_api:os-extended-server-attributes failed with credentials {'is_admin': False, 'user_id': 'b6be712a0528420886f0bfa1692fa0e3', 'user_domain_id': 'default', 'system_scope': None, 'domain_id': None, 'project_id': '30407497917f4a1596ef9b7e9fa44924', 'project_domain_id': 'default', 'roles': ['reader', 'member'], 'is_admin_project': True, 'service_user_id': None, 'service_user_domain_id': None, 'service_project_id': None, 'service_project_domain_id': None, 'service_roles': []} {{(pid=126418) authorize /opt/stack/nova/nova/policy.py:199}}
Jun 24 15:37:38.101404 n-d-847126-9 devstack@n-api.service[126419]: DEBUG nova.quota [None req-9f93ea05-e521-4c92-87c2-d9adad799192 tempest-KeyPairsV210TestJSON-1758681938 tempest-KeyPairsV210TestJSON-1758681938-project-admin] Getting quotas for user 7f730fd0664a4eb8a5c980f5195547f3 and project 29cff061afc4470daadcab4e1422de13. Resources: {'key_pairs'} {{(pid=126419) _get_quotas /opt/stack/nova/nova/quota.py:383}}
Jun 24 15:37:38.115111 n-d-847126-9 devstack@n-api.service[126418]: INFO nova.api.openstack.requestlog [None req-23468d1a-04ca-4589-aca8-63f4c4b49c93 tempest-ServerDiagnosticsNegativeTest-1438393171 tempest-ServerDiagnosticsNegativeTest-1438393171-project] 10.222.0.78 "GET /compute/v2.1/servers/c7a8ffac-4b5d-4484-9cf1-3e33715655f5" status: 200 len: 1344 microversion: 2.1 time: 0.267875
Jun 24 15:37:38.115111 n-d-847126-9 devstack@n-api.service[126418]: [pid: 126418|app: 0|req: 51/105] 10.222.0.78 () {58 vars in 1235 bytes} [Fri Jun 24 15:37:37 2022] GET /compute/v2.1/servers/c7a8ffac-4b5d-4484-9cf1-3e33715655f5 => generated 1344 bytes in 270 msecs (HTTP/1.1 200) 9 headers in 358 bytes (2 switches on core 0)
Jun 24 15:37:38.115111 n-d-847126-9 devstack@n-api.service[126418]: DEBUG nova.api.openstack.wsgi [None req-305358f7-12c0-453e-8de2-b07e52858b79 tempest-AggregatesAdminTestJSON-69333076 tempest-AggregatesAdminTestJSON-69333076-project] Calling method '>' {{(pid=126418) _process_stack /opt/stack/nova/nova/api/openstack/wsgi.py:513}}
Jun 24 15:37:38.115111 n-d-847126-9 devstack@n-api.service[126418]: DEBUG nova.compute.api [None req-305358f7-12c0-453e-8de2-b07e52858b79 tempest-AggregatesAdminTestJSON-69333076 tempest-AggregatesAdminTestJSON-69333076-project] [instance: 8b7117f3-ee78-4d01-8bcb-61ed41b3b52a] Fetching instance by UUID {{(pid=126418) get /opt/stack/nova/nova/compute/api.py:2920}}
Jun 24 15:37:38.121125 n-d-847126-9 devstack@n-api.service[126418]: DEBUG oslo_concurrency.lockutils [None req-305358f7-12c0-453e-8de2-b07e52858b79 tempest-AggregatesAdminTestJSON-69333076 tempest-AggregatesAdminTestJSON-69333076-project] Lock "886a18ff-76d8-4492-a0c3-16f9517f1e7a" acquired by "nova.context.set_target_cell..get_or_set_cached_cell_and_set_connections" :: waited 0.000s {{(pid=126418) inner /usr/local/lib/python3.8/dist-packages/oslo_concurrency/lockutils.py:386}}
Jun 24 15:37:38.122166 n-d-847126-9 devstack@n-api.service[126418]: DEBUG oslo_concurrency.lockutils [None req-305358f7-12c0-453e-8de2-b07e52858b79 tempest-AggregatesAdminTestJSON-69333076 tempest-AggregatesAdminTestJSON-69333076-project] Lock "886a18ff-76d8-4492-a0c3-16f9517f1e7a" "released" by "nova.context.set_target_cell..get_or_set_cached_cell_and_set_connections" :: held 0.001s {{(pid=126418) inner /usr/local/lib/python3.8/dist-packages/oslo_concurrency/lockutils.py:400}}
Jun 24 15:37:38.123237 n-d-847126-9 devstack@n-api.service[126418]: DEBUG oslo_concurrency.lockutils [None req-305358f7-12c0-453e-8de2-b07e52858b79 tempest-AggregatesAdminTestJSON-69333076 tempest-AggregatesAdminTestJSON-69333076-project] Lock "886a18ff-76d8-4492-a0c3-16f9517f1e7a" acquired by "nova.context.set_target_cell..get_or_set_cached_cell_and_set_connections" :: waited 0.000s {{(pid=126418) inner /usr/local/lib/python3.8/dist-packages/oslo_concurrency/lockutils.py:386}}
Jun 24 15:37:38.123927 n-d-847126-9 devstack@n-api.service[126418]: DEBUG oslo_concurrency.lockutils [None req-305358f7-12c0-453e-8de2-b07e52858b79 tempest-AggregatesAdminTestJSON-69333076 tempest-AggregatesAdminTestJSON-69333076-project] Lock "886a18ff-76d8-4492-a0c3-16f9517f1e7a" "released" by "nova.context.set_target_cell..get_or_set_cached_cell_and_set_connections" :: held 0.001s {{(pid=126418) inner /usr/local/lib/python3.8/dist-packages/oslo_concurrency/lockutils.py:400}}
Jun 24 15:37:38.250420 n-d-847126-9 devstack@n-api.service[126419]: INFO nova.api.openstack.requestlog [None req-9f93ea05-e521-4c92-87c2-d9adad799192 tempest-KeyPairsV210TestJSON-1758681938 tempest-KeyPairsV210TestJSON-1758681938-project-admin] 10.222.0.78 "POST /compute/v2.1/os-keypairs" status: 201 len: 400 microversion: 2.10 time: 0.490296
Jun 24 15:37:38.264586 n-d-847126-9 devstack@n-api.service[126419]: [pid: 126419|app: 0|req: 55/106] 10.222.0.78 () {62 vars in 1199 bytes} [Fri Jun 24 15:37:37 2022] POST /compute/v2.1/os-keypairs => generated 400 bytes in 506 msecs (HTTP/1.1 201) 9 headers in 364 bytes (1 switches on core 0)
Jun 24 15:37:38.274839 n-d-847126-9 devstack@n-api.service[126419]: DEBUG nova.api.openstack.wsgi [None req-2ae538fb-20c5-4e68-8cf3-1fd891c98bc7 tempest-ServersAdminTestJSON-1011318142 tempest-ServersAdminTestJSON-1011318142-project] Calling method '>' {{(pid=126419) _process_stack /opt/stack/nova/nova/api/openstack/wsgi.py:513}}
Jun 24 15:37:38.276418 n-d-847126-9 devstack@n-api.service[126419]: DEBUG nova.compute.api [None req-2ae538fb-20c5-4e68-8cf3-1fd891c98bc7 tempest-ServersAdminTestJSON-1011318142 tempest-ServersAdminTestJSON-1011318142-project] [instance: 2e6973c1-5d6a-44e0-87ef-cb0d2a1b8d9e] Fetching instance by UUID {{(pid=126419) get /opt/stack/nova/nova/compute/api.py:2920}}
Jun 24 15:37:38.282529 n-d-847126-9 devstack@n-api.service[126419]: DEBUG dbcounter [-] [126419] Writing DB stats nova_api:SELECT=96,nova_api:INSERT=4 {{(pid=126419) stat_writer /usr/local/lib/python3.8/dist-packages/dbcounter.py:114}}
Jun 24 15:37:38.293273 n-d-847126-9 devstack@n-api.service[126419]: DEBUG oslo_concurrency.lockutils [None req-2ae538fb-20c5-4e68-8cf3-1fd891c98bc7 tempest-ServersAdminTestJSON-1011318142 tempest-ServersAdminTestJSON-1011318142-project] Lock "886a18ff-76d8-4492-a0c3-16f9517f1e7a" acquired by "nova.context.set_target_cell..get_or_set_cached_cell_and_set_connections" :: waited 0.000s {{(pid=126419) inner /usr/local/lib/python3.8/dist-packages/oslo_concurrency/lockutils.py:386}}
Jun 24 15:37:38.293273 n-d-847126-9 devstack@n-api.service[126419]: DEBUG oslo_concurrency.lockutils [None req-2ae538fb-20c5-4e68-8cf3-1fd891c98bc7 tempest-ServersAdminTestJSON-1011318142 tempest-ServersAdminTestJSON-1011318142-project] Lock "886a18ff-76d8-4492-a0c3-16f9517f1e7a" "released" by "nova.context.set_target_cell..get_or_set_cached_cell_and_set_connections" :: held 0.001s {{(pid=126419) inner /usr/local/lib/python3.8/dist-packages/oslo_concurrency/lockutils.py:400}}
Jun 24 15:37:38.293273 n-d-847126-9 devstack@n-api.service[126419]: DEBUG oslo_concurrency.lockutils [None req-2ae538fb-20c5-4e68-8cf3-1fd891c98bc7 tempest-ServersAdminTestJSON-1011318142 tempest-ServersAdminTestJSON-1011318142-project] Lock "886a18ff-76d8-4492-a0c3-16f9517f1e7a" acquired by "nova.context.set_target_cell..get_or_set_cached_cell_and_set_connections" :: waited 0.000s {{(pid=126419) inner /usr/local/lib/python3.8/dist-packages/oslo_concurrency/lockutils.py:386}}
Jun 24 15:37:38.293273 n-d-847126-9 devstack@n-api.service[126419]: DEBUG oslo_concurrency.lockutils [None req-2ae538fb-20c5-4e68-8cf3-1fd891c98bc7 tempest-ServersAdminTestJSON-1011318142 tempest-ServersAdminTestJSON-1011318142-project] Lock "886a18ff-76d8-4492-a0c3-16f9517f1e7a" "released" by "nova.context.set_target_cell..get_or_set_cached_cell_and_set_connections" :: held 0.001s {{(pid=126419) inner /usr/local/lib/python3.8/dist-packages/oslo_concurrency/lockutils.py:400}}
Jun 24 15:37:38.295536 n-d-847126-9 devstack@n-api.service[126418]: DEBUG nova.policy [None req-305358f7-12c0-453e-8de2-b07e52858b79 tempest-AggregatesAdminTestJSON-69333076 tempest-AggregatesAdminTestJSON-69333076-project] Policy check for os_compute_api:os-extended-server-attributes failed with credentials {'is_admin': False, 'user_id': '2f823dc507ca41218b7a191bb11ba4bb', 'user_domain_id': 'default', 'system_scope': None, 'domain_id': None, 'project_id': 'd43d995dd36244e99f30389ab31c7df5', 'project_domain_id': 'default', 'roles': ['reader', 'member'], 'is_admin_project': True, 'service_user_id': None, 'service_user_domain_id': None, 'service_project_id': None, 'service_project_domain_id': None, 'service_roles': []} {{(pid=126418) authorize /opt/stack/nova/nova/policy.py:199}}
Jun 24 15:37:38.309053 n-d-847126-9 devstack@n-api.service[126418]: INFO nova.api.openstack.requestlog [None req-305358f7-12c0-453e-8de2-b07e52858b79 tempest-AggregatesAdminTestJSON-69333076 tempest-AggregatesAdminTestJSON-69333076-project] 10.222.0.78 "GET /compute/v2.1/servers/8b7117f3-ee78-4d01-8bcb-61ed41b3b52a" status: 200 len: 1337 microversion: 2.1 time: 0.201115
Jun 24 15:37:38.309845 n-d-847126-9 devstack@n-api.service[126418]: [pid: 126418|app: 0|req: 52/107] 10.222.0.78 () {58 vars in 1235 bytes} [Fri Jun 24 15:37:38 2022] GET /compute/v2.1/servers/8b7117f3-ee78-4d01-8bcb-61ed41b3b52a => generated 1337 bytes in 203 msecs (HTTP/1.1 200) 9 headers in 358 bytes (1 switches on core 0)
Jun 24 15:37:38.319733 n-d-847126-9 devstack@n-api.service[126418]: DEBUG nova.api.openstack.wsgi [None req-f2f33266-10e8-47a4-8f80-c62fa67df72a tempest-KeyPairsV210TestJSON-1758681938 tempest-KeyPairsV210TestJSON-1758681938-project-admin] Action: 'create', calling method: .version_select at 0x7f5024584ee0>, body: {"keypair": {"name": "tempest-keypair-387359841", "type": "ssh", "user_id": "2740bbdf361d4981aaf0db895c4888a7", "public_key": "ecdsa-sha2-nistp384 AAAAE2VjZHNhLXNoYTItbmlzdHAzODQAAAAIbmlzdHAzODQAAABhBMFXHoD1lChXVprinL3LaS9PUwp0HVBwrDoPBeThuI6RluUrx4xUE9pRJJgpalNNj/Z0y5sFPuRrdcIkN4f+KMNaRjRIUGQjP51PL0Ye4UI/ZixUgzFnuc+QV5jMk44Hew=="}} {{(pid=126418) _process_stack /opt/stack/nova/nova/api/openstack/wsgi.py:511}}
Jun 24 15:37:38.345216 n-d-847126-9 devstack@n-api.service[126418]: DEBUG nova.quota [None req-f2f33266-10e8-47a4-8f80-c62fa67df72a tempest-KeyPairsV210TestJSON-1758681938 tempest-KeyPairsV210TestJSON-1758681938-project-admin] Getting quotas for project 29cff061afc4470daadcab4e1422de13. Resources: {'key_pairs'} {{(pid=126418) _get_quotas /opt/stack/nova/nova/quota.py:393}}
Jun 24 15:37:38.349529 n-d-847126-9 devstack@n-api.service[126418]: DEBUG nova.quota [None req-f2f33266-10e8-47a4-8f80-c62fa67df72a tempest-KeyPairsV210TestJSON-1758681938 tempest-KeyPairsV210TestJSON-1758681938-project-admin] Getting quotas for user 7f730fd0664a4eb8a5c980f5195547f3 and project 29cff061afc4470daadcab4e1422de13. Resources: {'key_pairs'} {{(pid=126418) _get_quotas /opt/stack/nova/nova/quota.py:383}}
Jun 24 15:37:38.459102 n-d-847126-9 devstack@n-api.service[126419]: DEBUG nova.policy [None req-2ae538fb-20c5-4e68-8cf3-1fd891c98bc7 tempest-ServersAdminTestJSON-1011318142 tempest-ServersAdminTestJSON-1011318142-project] Policy check for os_compute_api:os-extended-server-attributes failed with credentials {'is_admin': False, 'user_id': '29592463dfcf4904a9f4859104f96873', 'user_domain_id': 'default', 'system_scope': None, 'domain_id': None, 'project_id': '118a7e85f3a04b0787bd8ab146e1b068', 'project_domain_id': 'default', 'roles': ['reader', 'member'], 'is_admin_project': True, 'service_user_id': None, 'service_user_domain_id': None, 'service_project_id': None, 'service_project_domain_id': None, 'service_roles': []} {{(pid=126419) authorize /opt/stack/nova/nova/policy.py:199}}
Jun 24 15:37:38.468109 n-d-847126-9 devstack@n-api.service[126418]: INFO nova.api.openstack.requestlog [None req-f2f33266-10e8-47a4-8f80-c62fa67df72a tempest-KeyPairsV210TestJSON-1758681938 tempest-KeyPairsV210TestJSON-1758681938-project-admin] 10.222.0.78 "POST /compute/v2.1/os-keypairs" status: 201 len: 400 microversion: 2.10 time: 0.157006
Jun 24 15:37:38.468751 n-d-847126-9 devstack@n-api.service[126419]: INFO nova.api.openstack.requestlog [None req-2ae538fb-20c5-4e68-8cf3-1fd891c98bc7 tempest-ServersAdminTestJSON-1011318142 tempest-ServersAdminTestJSON-1011318142-project] 10.222.0.78 "GET /compute/v2.1/servers/2e6973c1-5d6a-44e0-87ef-cb0d2a1b8d9e" status: 200 len: 1313 microversion: 2.1 time: 0.201977
Jun 24 15:37:38.474064 n-d-847126-9 devstack@n-api.service[126418]: [pid: 126418|app: 0|req: 53/108] 10.222.0.78 () {62 vars in 1199 bytes} [Fri Jun 24 15:37:38 2022] POST /compute/v2.1/os-keypairs => generated 400 bytes in 158 msecs (HTTP/1.1 201) 9 headers in 364 bytes (1 switches on core 0)
Jun 24 15:37:38.474236 n-d-847126-9 devstack@n-api.service[126419]: [pid: 126419|app: 0|req: 56/109] 10.222.0.78 () {58 vars in 1235 bytes} [Fri Jun 24 15:37:38 2022] GET /compute/v2.1/servers/2e6973c1-5d6a-44e0-87ef-cb0d2a1b8d9e => generated 1313 bytes in 205 msecs (HTTP/1.1 200) 9 headers in 358 bytes (1 switches on core 0)
Jun 24 15:37:38.474334 n-d-847126-9 devstack@n-api.service[126418]: DEBUG nova.api.openstack.wsgi [req-75274c99-a507-454a-8996-169e75e42cf0 req-e1141aec-d921-417f-bb6f-9403dfad112e service nova] Action: 'create', calling method: >, body: {"events": [{"server_uuid": "8b7117f3-ee78-4d01-8bcb-61ed41b3b52a", "name": "network-vif-plugged", "status": "completed", "tag": "c4257719-49e4-422d-b007-9bb9c2c614d8"}]} {{(pid=126418) _process_stack /opt/stack/nova/nova/api/openstack/wsgi.py:511}}
Jun 24 15:37:38.479291 n-d-847126-9 devstack@n-api.service[126419]: DEBUG nova.api.openstack.wsgi [None req-6c237c45-8d64-40c7-938d-ad20712b7026 tempest-KeyPairsV210TestJSON-1758681938 tempest-KeyPairsV210TestJSON-1758681938-project-admin] Calling method '.version_select at 0x7f502445fca0>' {{(pid=126419) _process_stack /opt/stack/nova/nova/api/openstack/wsgi.py:513}}
Jun 24 15:37:38.483438 n-d-847126-9 devstack@n-api.service[126418]: DEBUG oslo_concurrency.lockutils [req-75274c99-a507-454a-8996-169e75e42cf0 req-e1141aec-d921-417f-bb6f-9403dfad112e service nova] Lock "886a18ff-76d8-4492-a0c3-16f9517f1e7a" acquired by "nova.context.set_target_cell..get_or_set_cached_cell_and_set_connections" :: waited 0.000s {{(pid=126418) inner /usr/local/lib/python3.8/dist-packages/oslo_concurrency/lockutils.py:386}}
Jun 24 15:37:38.484151 n-d-847126-9 devstack@n-api.service[126418]: DEBUG oslo_concurrency.lockutils [req-75274c99-a507-454a-8996-169e75e42cf0 req-e1141aec-d921-417f-bb6f-9403dfad112e service nova] Lock "886a18ff-76d8-4492-a0c3-16f9517f1e7a" "released" by "nova.context.set_target_cell..get_or_set_cached_cell_and_set_connections" :: held 0.001s {{(pid=126418) inner /usr/local/lib/python3.8/dist-packages/oslo_concurrency/lockutils.py:400}}
Jun 24 15:37:38.489068 n-d-847126-9 devstack@n-api.service[126419]: INFO nova.api.openstack.requestlog [None req-6c237c45-8d64-40c7-938d-ad20712b7026 tempest-KeyPairsV210TestJSON-1758681938 tempest-KeyPairsV210TestJSON-1758681938-project-admin] 10.222.0.78 "GET /compute/v2.1/os-keypairs/tempest-keypair-515891087?user_id=2740bbdf361d4981aaf0db895c4888a7" status: 200 len: 511 microversion: 2.10 time: 0.013430
Jun 24 15:37:38.489760 n-d-847126-9 devstack@n-api.service[126419]: [pid: 126419|app: 0|req: 57/110] 10.222.0.78 () {60 vars in 1336 bytes} [Fri Jun 24 15:37:38 2022] GET /compute/v2.1/os-keypairs/tempest-keypair-515891087?user_id=2740bbdf361d4981aaf0db895c4888a7 => generated 511 bytes in 15 msecs (HTTP/1.1 200) 9 headers in 359 bytes (1 switches on core 0)
Jun 24 15:37:38.502280 n-d-847126-9 devstack@n-api.service[126418]: INFO nova.api.openstack.compute.server_external_events [req-75274c99-a507-454a-8996-169e75e42cf0 req-e1141aec-d921-417f-bb6f-9403dfad112e service nova] Creating event network-vif-plugged:c4257719-49e4-422d-b007-9bb9c2c614d8 for instance 8b7117f3-ee78-4d01-8bcb-61ed41b3b52a on n-h1-847126-9
Jun 24 15:37:38.504757 n-d-847126-9 devstack@n-api.service[126419]: DEBUG nova.api.openstack.wsgi [None req-8e31d4f8-47e7-4cb1-8f15-1329e3fd0153 tempest-KeyPairsV210TestJSON-1758681938 tempest-KeyPairsV210TestJSON-1758681938-project-admin] Action: 'create', calling method: .version_select at 0x7f502445f310>, body: {"keypair": {"name": "tempest-KeyPairsV210TestJSON-keypair-40960347", "type": "ssh", "public_key": "ecdsa-sha2-nistp384 AAAAE2VjZHNhLXNoYTItbmlzdHAzODQAAAAIbmlzdHAzODQAAABhBCSDdQSzZINhb7FbcZnAiTE+Df5k/v7OUZMxGSyBkpA0sDhPSH7Zo35hlbKn4+a4hV7i7Zv6eW9ITMXovF/JhfTI0HilrOOzTX6ZVFA8E5kLNCG8JGLZ5rkAauTFr2Chnw=="}} {{(pid=126419) _process_stack /opt/stack/nova/nova/api/openstack/wsgi.py:511}}
Jun 24 15:37:38.509626 n-d-847126-9 devstack@n-api.service[126418]: INFO nova.api.openstack.requestlog [req-75274c99-a507-454a-8996-169e75e42cf0 req-e1141aec-d921-417f-bb6f-9403dfad112e service nova] 10.222.0.78 "POST /compute/v2.1/os-server-external-events" status: 200 len: 183 microversion: 2.1 time: 0.039456
Jun 24 15:37:38.511578 n-d-847126-9 devstack@n-api.service[126418]: [pid: 126418|app: 0|req: 54/111] 10.222.0.78 () {64 vars in 1317 bytes} [Fri Jun 24 15:37:38 2022] POST /compute/v2.1/os-server-external-events => generated 183 bytes in 42 msecs (HTTP/1.1 200) 9 headers in 357 bytes (1 switches on core 0)
Jun 24 15:37:38.527480 n-d-847126-9 devstack@n-api.service[126419]: DEBUG nova.quota [None req-8e31d4f8-47e7-4cb1-8f15-1329e3fd0153 tempest-KeyPairsV210TestJSON-1758681938 tempest-KeyPairsV210TestJSON-1758681938-project-admin] Getting quotas for project 29cff061afc4470daadcab4e1422de13. Resources: {'key_pairs'} {{(pid=126419) _get_quotas /opt/stack/nova/nova/quota.py:393}}
Jun 24 15:37:38.533387 n-d-847126-9 devstack@n-api.service[126419]: DEBUG nova.quota [None req-8e31d4f8-47e7-4cb1-8f15-1329e3fd0153 tempest-KeyPairsV210TestJSON-1758681938 tempest-KeyPairsV210TestJSON-1758681938-project-admin] Getting quotas for user 7f730fd0664a4eb8a5c980f5195547f3 and project 29cff061afc4470daadcab4e1422de13. Resources: {'key_pairs'} {{(pid=126419) _get_quotas /opt/stack/nova/nova/quota.py:383}}
Jun 24 15:37:38.657314 n-d-847126-9 devstack@n-api.service[126419]: INFO nova.api.openstack.requestlog [None req-8e31d4f8-47e7-4cb1-8f15-1329e3fd0153 tempest-KeyPairsV210TestJSON-1758681938 tempest-KeyPairsV210TestJSON-1758681938-project-admin] 10.222.0.78 "POST /compute/v2.1/os-keypairs" status: 201 len: 420 microversion: 2.10 time: 0.156968
Jun 24 15:37:38.658222 n-d-847126-9 devstack@n-api.service[126419]: [pid: 126419|app: 0|req: 58/112] 10.222.0.78 () {62 vars in 1199 bytes} [Fri Jun 24 15:37:38 2022] POST /compute/v2.1/os-keypairs => generated 420 bytes in 159 msecs (HTTP/1.1 201) 9 headers in 364 bytes (2 switches on core 0)
Jun 24 15:37:38.677499 n-d-847126-9 devstack@n-api.service[126418]: DEBUG nova.api.openstack.wsgi [None req-aa815b19-0c4b-4583-97f2-7a7d6a6af139 tempest-KeyPairsV210TestJSON-1758681938 tempest-KeyPairsV210TestJSON-1758681938-project-admin] Calling method '.version_select at 0x7f5024471310>' {{(pid=126418) _process_stack /opt/stack/nova/nova/api/openstack/wsgi.py:513}}
Jun 24 15:37:38.683652 n-d-847126-9 devstack@n-api.service[126418]: WARNING oslo_db.sqlalchemy.utils [None req-aa815b19-0c4b-4583-97f2-7a7d6a6af139 tempest-KeyPairsV210TestJSON-1758681938 tempest-KeyPairsV210TestJSON-1758681938-project-admin] Unique keys not in sort_keys. The sorting order may be unstable.
Jun 24 15:37:38.691973 n-d-847126-9 devstack@n-api.service[126418]: INFO nova.api.openstack.requestlog [None req-aa815b19-0c4b-4583-97f2-7a7d6a6af139 tempest-KeyPairsV210TestJSON-1758681938 tempest-KeyPairsV210TestJSON-1758681938-project-admin] 10.222.0.78 "GET /compute/v2.1/os-keypairs?user_id=2740bbdf361d4981aaf0db895c4888a7" status: 200 len: 724 microversion: 2.10 time: 0.027045
Jun 24 15:37:38.692643 n-d-847126-9 devstack@n-api.service[126418]: [pid: 126418|app: 0|req: 55/113] 10.222.0.78 () {60 vars in 1258 bytes} [Fri Jun 24 15:37:38 2022] GET /compute/v2.1/os-keypairs?user_id=2740bbdf361d4981aaf0db895c4888a7 => generated 724 bytes in 29 msecs (HTTP/1.1 200) 9 headers in 359 bytes (1 switches on core 0)
Jun 24 15:37:38.703792 n-d-847126-9 devstack@n-api.service[126419]: DEBUG nova.api.openstack.wsgi [None req-a08d5b59-2e45-42a2-b7e7-4b75cfda4bef tempest-KeyPairsV210TestJSON-1758681938 tempest-KeyPairsV210TestJSON-1758681938-project-admin] Calling method '.version_select at 0x7f5024322dc0>' {{(pid=126419) _process_stack /opt/stack/nova/nova/api/openstack/wsgi.py:513}}
Jun 24 15:37:38.832521 n-d-847126-9 devstack@n-api.service[126419]: INFO nova.api.openstack.requestlog [None req-a08d5b59-2e45-42a2-b7e7-4b75cfda4bef tempest-KeyPairsV210TestJSON-1758681938 tempest-KeyPairsV210TestJSON-1758681938-project-admin] 10.222.0.78 "DELETE /compute/v2.1/os-keypairs/tempest-KeyPairsV210TestJSON-keypair-40960347" status: 204 len: 0 microversion: 2.10 time: 0.132450
Jun 24 15:37:38.833108 n-d-847126-9 devstack@n-api.service[126419]: [pid: 126419|app: 0|req: 59/114] 10.222.0.78 () {60 vars in 1318 bytes} [Fri Jun 24 15:37:38 2022] DELETE /compute/v2.1/os-keypairs/tempest-KeyPairsV210TestJSON-keypair-40960347 => generated 0 bytes in 135 msecs (HTTP/1.1 204) 9 headers in 365 bytes (1 switches on core 0)
Jun 24 15:37:38.842140 n-d-847126-9 devstack@n-api.service[126418]: DEBUG nova.api.openstack.wsgi [None req-7edd260c-4e3f-4805-b934-cd7daea1ae0c tempest-KeyPairsV210TestJSON-1758681938 tempest-KeyPairsV210TestJSON-1758681938-project-admin] Calling method '.version_select at 0x7f50244cc550>' {{(pid=126418) _process_stack /opt/stack/nova/nova/api/openstack/wsgi.py:513}}
Jun 24 15:37:38.961623 n-d-847126-9 devstack@n-api.service[126418]: INFO nova.api.openstack.requestlog [None req-7edd260c-4e3f-4805-b934-cd7daea1ae0c tempest-KeyPairsV210TestJSON-1758681938 tempest-KeyPairsV210TestJSON-1758681938-project-admin] 10.222.0.78 "DELETE /compute/v2.1/os-keypairs/tempest-keypair-387359841?user_id=2740bbdf361d4981aaf0db895c4888a7" status: 204 len: 0 microversion: 2.10 time: 0.123658
Jun 24 15:37:38.962747 n-d-847126-9 devstack@n-api.service[126418]: [pid: 126418|app: 0|req: 56/115] 10.222.0.78 () {60 vars in 1339 bytes} [Fri Jun 24 15:37:38 2022] DELETE /compute/v2.1/os-keypairs/tempest-keypair-387359841?user_id=2740bbdf361d4981aaf0db895c4888a7 => generated 0 bytes in 125 msecs (HTTP/1.1 204) 9 headers in 365 bytes (2 switches on core 0)
Jun 24 15:37:38.978881 n-d-847126-9 devstack@n-api.service[126419]: DEBUG nova.api.openstack.wsgi [None req-96d90821-864e-4e8d-a283-fe7d8158ed8c tempest-KeyPairsV210TestJSON-1758681938 tempest-KeyPairsV210TestJSON-1758681938-project-admin] Calling method '.version_select at 0x7f50244cbca0>' {{(pid=126419) _process_stack /opt/stack/nova/nova/api/openstack/wsgi.py:513}}
Jun 24 15:37:39.123046 n-d-847126-9 devstack@n-api.service[126418]: DEBUG nova.api.openstack.wsgi [None req-77d27f4d-bd06-4a54-a9d0-6c29ae0ea898 tempest-ServerDiagnosticsNegativeTest-1438393171 tempest-ServerDiagnosticsNegativeTest-1438393171-project] Calling method '>' {{(pid=126418) _process_stack /opt/stack/nova/nova/api/openstack/wsgi.py:513}}
Jun 24 15:37:39.124172 n-d-847126-9 devstack@n-api.service[126418]: DEBUG nova.compute.api [None req-77d27f4d-bd06-4a54-a9d0-6c29ae0ea898 tempest-ServerDiagnosticsNegativeTest-1438393171 tempest-ServerDiagnosticsNegativeTest-1438393171-project] [instance: c7a8ffac-4b5d-4484-9cf1-3e33715655f5] Fetching instance by UUID {{(pid=126418) get /opt/stack/nova/nova/compute/api.py:2920}}
Jun 24 15:37:39.129701 n-d-847126-9 devstack@n-api.service[126418]: DEBUG dbcounter [-] [126418] Writing DB stats nova_api:SELECT=95,nova_api:INSERT=4,nova_api:DELETE=1 {{(pid=126418) stat_writer /usr/local/lib/python3.8/dist-packages/dbcounter.py:114}}
Jun 24 15:37:39.132125 n-d-847126-9 devstack@n-api.service[126418]: DEBUG oslo_concurrency.lockutils [None req-77d27f4d-bd06-4a54-a9d0-6c29ae0ea898 tempest-ServerDiagnosticsNegativeTest-1438393171 tempest-ServerDiagnosticsNegativeTest-1438393171-project] Lock "886a18ff-76d8-4492-a0c3-16f9517f1e7a" acquired by "nova.context.set_target_cell..get_or_set_cached_cell_and_set_connections" :: waited 0.000s {{(pid=126418) inner /usr/local/lib/python3.8/dist-packages/oslo_concurrency/lockutils.py:386}}
Jun 24 15:37:39.135335 n-d-847126-9 devstack@n-api.service[126419]: INFO nova.api.openstack.requestlog [None req-96d90821-864e-4e8d-a283-fe7d8158ed8c tempest-KeyPairsV210TestJSON-1758681938 tempest-KeyPairsV210TestJSON-1758681938-project-admin] 10.222.0.78 "DELETE /compute/v2.1/os-keypairs/tempest-keypair-515891087?user_id=2740bbdf361d4981aaf0db895c4888a7" status: 204 len: 0 microversion: 2.10 time: 0.154820
Jun 24 15:37:39.138042 n-d-847126-9 devstack@n-api.service[126419]: [pid: 126419|app: 0|req: 60/116] 10.222.0.78 () {60 vars in 1339 bytes} [Fri Jun 24 15:37:38 2022] DELETE /compute/v2.1/os-keypairs/tempest-keypair-515891087?user_id=2740bbdf361d4981aaf0db895c4888a7 => generated 0 bytes in 162 msecs (HTTP/1.1 204) 9 headers in 365 bytes (1 switches on core 0)
Jun 24 15:37:39.138989 n-d-847126-9 devstack@n-api.service[126418]: DEBUG oslo_concurrency.lockutils [None req-77d27f4d-bd06-4a54-a9d0-6c29ae0ea898 tempest-ServerDiagnosticsNegativeTest-1438393171 tempest-ServerDiagnosticsNegativeTest-1438393171-project] Lock "886a18ff-76d8-4492-a0c3-16f9517f1e7a" "released" by "nova.context.set_target_cell..get_or_set_cached_cell_and_set_connections" :: held 0.007s {{(pid=126418) inner /usr/local/lib/python3.8/dist-packages/oslo_concurrency/lockutils.py:400}}
Jun 24 15:37:39.144215 n-d-847126-9 devstack@n-api.service[126418]: DEBUG oslo_concurrency.lockutils [None req-77d27f4d-bd06-4a54-a9d0-6c29ae0ea898 tempest-ServerDiagnosticsNegativeTest-1438393171 tempest-ServerDiagnosticsNegativeTest-1438393171-project] Lock "886a18ff-76d8-4492-a0c3-16f9517f1e7a" acquired by "nova.context.set_target_cell..get_or_set_cached_cell_and_set_connections" :: waited 0.000s {{(pid=126418) inner /usr/local/lib/python3.8/dist-packages/oslo_concurrency/lockutils.py:386}}
Jun 24 15:37:39.144749 n-d-847126-9 devstack@n-api.service[126418]: DEBUG oslo_concurrency.lockutils [None req-77d27f4d-bd06-4a54-a9d0-6c29ae0ea898 tempest-ServerDiagnosticsNegativeTest-1438393171 tempest-ServerDiagnosticsNegativeTest-1438393171-project] Lock "886a18ff-76d8-4492-a0c3-16f9517f1e7a" "released" by "nova.context.set_target_cell..get_or_set_cached_cell_and_set_connections" :: held 0.001s {{(pid=126418) inner /usr/local/lib/python3.8/dist-packages/oslo_concurrency/lockutils.py:400}}
Jun 24 15:37:39.314510 n-d-847126-9 devstack@n-api.service[126418]: DEBUG nova.policy [None req-77d27f4d-bd06-4a54-a9d0-6c29ae0ea898 tempest-ServerDiagnosticsNegativeTest-1438393171 tempest-ServerDiagnosticsNegativeTest-1438393171-project] Policy check for os_compute_api:os-extended-server-attributes failed with credentials {'is_admin': False, 'user_id': 'b6be712a0528420886f0bfa1692fa0e3', 'user_domain_id': 'default', 'system_scope': None, 'domain_id': None, 'project_id': '30407497917f4a1596ef9b7e9fa44924', 'project_domain_id': 'default', 'roles': ['reader', 'member'], 'is_admin_project': True, 'service_user_id': None, 'service_user_domain_id': None, 'service_project_id': None, 'service_project_domain_id': None, 'service_roles': []} {{(pid=126418) authorize /opt/stack/nova/nova/policy.py:199}}
Jun 24 15:37:39.318653 n-d-847126-9 devstack@n-api.service[126418]: INFO nova.api.openstack.requestlog [None req-77d27f4d-bd06-4a54-a9d0-6c29ae0ea898 tempest-ServerDiagnosticsNegativeTest-1438393171 tempest-ServerDiagnosticsNegativeTest-1438393171-project] 10.222.0.78 "GET /compute/v2.1/servers/c7a8ffac-4b5d-4484-9cf1-3e33715655f5" status: 200 len: 1344 microversion: 2.1 time: 0.200396
Jun 24 15:37:39.322507 n-d-847126-9 devstack@n-api.service[126418]: [pid: 126418|app: 0|req: 57/117] 10.222.0.78 () {58 vars in 1235 bytes} [Fri Jun 24 15:37:39 2022] GET /compute/v2.1/servers/c7a8ffac-4b5d-4484-9cf1-3e33715655f5 => generated 1344 bytes in 205 msecs (HTTP/1.1 200) 9 headers in 358 bytes (1 switches on core 0)
Jun 24 15:37:39.332098 n-d-847126-9 devstack@n-api.service[126419]: DEBUG nova.api.openstack.wsgi [None req-9d4fbece-148f-450b-958e-41197ff2faf5 tempest-AggregatesAdminTestJSON-69333076 tempest-AggregatesAdminTestJSON-69333076-project] Calling method '>' {{(pid=126419) _process_stack /opt/stack/nova/nova/api/openstack/wsgi.py:513}}
Jun 24 15:37:39.332716 n-d-847126-9 devstack@n-api.service[126419]: DEBUG nova.compute.api [None req-9d4fbece-148f-450b-958e-41197ff2faf5 tempest-AggregatesAdminTestJSON-69333076 tempest-AggregatesAdminTestJSON-69333076-project] [instance: 8b7117f3-ee78-4d01-8bcb-61ed41b3b52a] Fetching instance by UUID {{(pid=126419) get /opt/stack/nova/nova/compute/api.py:2920}}
Jun 24 15:37:39.345863 n-d-847126-9 devstack@n-api.service[126419]: DEBUG oslo_concurrency.lockutils [None req-9d4fbece-148f-450b-958e-41197ff2faf5 tempest-AggregatesAdminTestJSON-69333076 tempest-AggregatesAdminTestJSON-69333076-project] Lock "886a18ff-76d8-4492-a0c3-16f9517f1e7a" acquired by "nova.context.set_target_cell..get_or_set_cached_cell_and_set_connections" :: waited 0.000s {{(pid=126419) inner /usr/local/lib/python3.8/dist-packages/oslo_concurrency/lockutils.py:386}}
Jun 24 15:37:39.346324 n-d-847126-9 devstack@n-api.service[126419]: DEBUG oslo_concurrency.lockutils [None req-9d4fbece-148f-450b-958e-41197ff2faf5 tempest-AggregatesAdminTestJSON-69333076 tempest-AggregatesAdminTestJSON-69333076-project] Lock "886a18ff-76d8-4492-a0c3-16f9517f1e7a" "released" by "nova.context.set_target_cell..get_or_set_cached_cell_and_set_connections" :: held 0.001s {{(pid=126419) inner /usr/local/lib/python3.8/dist-packages/oslo_concurrency/lockutils.py:400}}
Jun 24 15:37:39.347144 n-d-847126-9 devstack@n-api.service[126419]: DEBUG oslo_concurrency.lockutils [None req-9d4fbece-148f-450b-958e-41197ff2faf5 tempest-AggregatesAdminTestJSON-69333076 tempest-AggregatesAdminTestJSON-69333076-project] Lock "886a18ff-76d8-4492-a0c3-16f9517f1e7a" acquired by "nova.context.set_target_cell..get_or_set_cached_cell_and_set_connections" :: waited 0.000s {{(pid=126419) inner /usr/local/lib/python3.8/dist-packages/oslo_concurrency/lockutils.py:386}}
Jun 24 15:37:39.360053 n-d-847126-9 devstack@n-api.service[126419]: DEBUG oslo_concurrency.lockutils [None req-9d4fbece-148f-450b-958e-41197ff2faf5 tempest-AggregatesAdminTestJSON-69333076 tempest-AggregatesAdminTestJSON-69333076-project] Lock "886a18ff-76d8-4492-a0c3-16f9517f1e7a" "released" by "nova.context.set_target_cell..get_or_set_cached_cell_and_set_connections" :: held 0.000s {{(pid=126419) inner /usr/local/lib/python3.8/dist-packages/oslo_concurrency/lockutils.py:400}}
Jun 24 15:37:39.488557 n-d-847126-9 devstack@n-api.service[126418]: DEBUG nova.api.openstack.wsgi [None req-91516ab7-0c5e-447a-a2b9-387f2ed155aa tempest-ServersAdminTestJSON-1011318142 tempest-ServersAdminTestJSON-1011318142-project] Calling method '>' {{(pid=126418) _process_stack /opt/stack/nova/nova/api/openstack/wsgi.py:513}}
Jun 24 15:37:39.489018 n-d-847126-9 devstack@n-api.service[126418]: DEBUG nova.compute.api [None req-91516ab7-0c5e-447a-a2b9-387f2ed155aa tempest-ServersAdminTestJSON-1011318142 tempest-ServersAdminTestJSON-1011318142-project] [instance: 2e6973c1-5d6a-44e0-87ef-cb0d2a1b8d9e] Fetching instance by UUID {{(pid=126418) get /opt/stack/nova/nova/compute/api.py:2920}}
Jun 24 15:37:39.498637 n-d-847126-9 devstack@n-api.service[126418]: DEBUG oslo_concurrency.lockutils [None req-91516ab7-0c5e-447a-a2b9-387f2ed155aa tempest-ServersAdminTestJSON-1011318142 tempest-ServersAdminTestJSON-1011318142-project] Lock "886a18ff-76d8-4492-a0c3-16f9517f1e7a" acquired by "nova.context.set_target_cell..get_or_set_cached_cell_and_set_connections" :: waited 0.000s {{(pid=126418) inner /usr/local/lib/python3.8/dist-packages/oslo_concurrency/lockutils.py:386}}
Jun 24 15:37:39.499491 n-d-847126-9 devstack@n-api.service[126418]: DEBUG oslo_concurrency.lockutils [None req-91516ab7-0c5e-447a-a2b9-387f2ed155aa tempest-ServersAdminTestJSON-1011318142 tempest-ServersAdminTestJSON-1011318142-project] Lock "886a18ff-76d8-4492-a0c3-16f9517f1e7a" "released" by "nova.context.set_target_cell..get_or_set_cached_cell_and_set_connections" :: held 0.001s {{(pid=126418) inner /usr/local/lib/python3.8/dist-packages/oslo_concurrency/lockutils.py:400}}
Jun 24 15:37:39.500642 n-d-847126-9 devstack@n-api.service[126418]: DEBUG oslo_concurrency.lockutils [None req-91516ab7-0c5e-447a-a2b9-387f2ed155aa tempest-ServersAdminTestJSON-1011318142 tempest-ServersAdminTestJSON-1011318142-project] Lock "886a18ff-76d8-4492-a0c3-16f9517f1e7a" acquired by "nova.context.set_target_cell..get_or_set_cached_cell_and_set_connections" :: waited 0.000s {{(pid=126418) inner /usr/local/lib/python3.8/dist-packages/oslo_concurrency/lockutils.py:386}}
Jun 24 15:37:39.501223 n-d-847126-9 devstack@n-api.service[126418]: DEBUG oslo_concurrency.lockutils [None req-91516ab7-0c5e-447a-a2b9-387f2ed155aa tempest-ServersAdminTestJSON-1011318142 tempest-ServersAdminTestJSON-1011318142-project] Lock "886a18ff-76d8-4492-a0c3-16f9517f1e7a" "released" by "nova.context.set_target_cell..get_or_set_cached_cell_and_set_connections" :: held 0.001s {{(pid=126418) inner /usr/local/lib/python3.8/dist-packages/oslo_concurrency/lockutils.py:400}}
Jun 24 15:37:39.506337 n-d-847126-9 devstack@n-api.service[126419]: DEBUG nova.policy [None req-9d4fbece-148f-450b-958e-41197ff2faf5 tempest-AggregatesAdminTestJSON-69333076 tempest-AggregatesAdminTestJSON-69333076-project] Policy check for os_compute_api:os-extended-server-attributes failed with credentials {'is_admin': False, 'user_id': '2f823dc507ca41218b7a191bb11ba4bb', 'user_domain_id': 'default', 'system_scope': None, 'domain_id': None, 'project_id': 'd43d995dd36244e99f30389ab31c7df5', 'project_domain_id': 'default', 'roles': ['reader', 'member'], 'is_admin_project': True, 'service_user_id': None, 'service_user_domain_id': None, 'service_project_id': None, 'service_project_domain_id': None, 'service_roles': []} {{(pid=126419) authorize /opt/stack/nova/nova/policy.py:199}}
Jun 24 15:37:39.516633 n-d-847126-9 devstack@n-api.service[126419]: INFO nova.api.openstack.requestlog [None req-9d4fbece-148f-450b-958e-41197ff2faf5 tempest-AggregatesAdminTestJSON-69333076 tempest-AggregatesAdminTestJSON-69333076-project] 10.222.0.78 "GET /compute/v2.1/servers/8b7117f3-ee78-4d01-8bcb-61ed41b3b52a" status: 200 len: 1337 microversion: 2.1 time: 0.191577
Jun 24 15:37:39.517899 n-d-847126-9 devstack@n-api.service[126419]: [pid: 126419|app: 0|req: 61/118] 10.222.0.78 () {58 vars in 1235 bytes} [Fri Jun 24 15:37:39 2022] GET /compute/v2.1/servers/8b7117f3-ee78-4d01-8bcb-61ed41b3b52a => generated 1337 bytes in 194 msecs (HTTP/1.1 200) 9 headers in 358 bytes (2 switches on core 0)
Jun 24 15:37:39.546698 n-d-847126-9 devstack@n-api.service[126418]: DEBUG dbcounter [-] [126418] Writing DB stats nova_cell1:SELECT=100 {{(pid=126418) stat_writer /usr/local/lib/python3.8/dist-packages/dbcounter.py:114}}
Jun 24 15:37:39.724116 n-d-847126-9 devstack@n-api.service[126418]: DEBUG nova.policy [None req-91516ab7-0c5e-447a-a2b9-387f2ed155aa tempest-ServersAdminTestJSON-1011318142 tempest-ServersAdminTestJSON-1011318142-project] Policy check for os_compute_api:os-extended-server-attributes failed with credentials {'is_admin': False, 'user_id': '29592463dfcf4904a9f4859104f96873', 'user_domain_id': 'default', 'system_scope': None, 'domain_id': None, 'project_id': '118a7e85f3a04b0787bd8ab146e1b068', 'project_domain_id': 'default', 'roles': ['reader', 'member'], 'is_admin_project': True, 'service_user_id': None, 'service_user_domain_id': None, 'service_project_id': None, 'service_project_domain_id': None, 'service_roles': []} {{(pid=126418) authorize /opt/stack/nova/nova/policy.py:199}}
Jun 24 15:37:39.735993 n-d-847126-9 devstack@n-api.service[126418]: INFO nova.api.openstack.requestlog [None req-91516ab7-0c5e-447a-a2b9-387f2ed155aa tempest-ServersAdminTestJSON-1011318142 tempest-ServersAdminTestJSON-1011318142-project] 10.222.0.78 "GET /compute/v2.1/servers/2e6973c1-5d6a-44e0-87ef-cb0d2a1b8d9e" status: 200 len: 1313 microversion: 2.1 time: 0.252892
Jun 24 15:37:39.742304 n-d-847126-9 devstack@n-api.service[126418]: [pid: 126418|app: 0|req: 58/119] 10.222.0.78 () {58 vars in 1235 bytes} [Fri Jun 24 15:37:39 2022] GET /compute/v2.1/servers/2e6973c1-5d6a-44e0-87ef-cb0d2a1b8d9e => generated 1313 bytes in 260 msecs (HTTP/1.1 200) 9 headers in 358 bytes (2 switches on core 0)
Jun 24 15:37:39.785467 n-d-847126-9 devstack@n-api.service[126419]: DEBUG nova.api.openstack.wsgi [None req-d7584c47-b6a6-46d7-865a-ed8137edb166 tempest-SecurityGroupsTestAdminJSON-2022949481 tempest-SecurityGroupsTestAdminJSON-2022949481-project] Action: 'create', calling method: .version_select at 0x7f5024351ca0>, body: {"security_group": {"name": "tempest-securitygroup-964300748", "description": "tempest-description-1628673921"}} {{(pid=126419) _process_stack /opt/stack/nova/nova/api/openstack/wsgi.py:511}}
Jun 24 15:37:40.348322 n-d-847126-9 devstack@n-api.service[126418]: DEBUG nova.api.openstack.wsgi [None req-6473c0f4-adbd-4601-a006-b5a03ef35497 tempest-ServerDiagnosticsNegativeTest-1438393171 tempest-ServerDiagnosticsNegativeTest-1438393171-project] Calling method '>' {{(pid=126418) _process_stack /opt/stack/nova/nova/api/openstack/wsgi.py:513}}
Jun 24 15:37:40.349069 n-d-847126-9 devstack@n-api.service[126418]: DEBUG nova.compute.api [None req-6473c0f4-adbd-4601-a006-b5a03ef35497 tempest-ServerDiagnosticsNegativeTest-1438393171 tempest-ServerDiagnosticsNegativeTest-1438393171-project] [instance: c7a8ffac-4b5d-4484-9cf1-3e33715655f5] Fetching instance by UUID {{(pid=126418) get /opt/stack/nova/nova/compute/api.py:2920}}
Jun 24 15:37:40.357698 n-d-847126-9 devstack@n-api.service[126418]: DEBUG oslo_concurrency.lockutils [None req-6473c0f4-adbd-4601-a006-b5a03ef35497 tempest-ServerDiagnosticsNegativeTest-1438393171 tempest-ServerDiagnosticsNegativeTest-1438393171-project] Lock "886a18ff-76d8-4492-a0c3-16f9517f1e7a" acquired by "nova.context.set_target_cell..get_or_set_cached_cell_and_set_connections" :: waited 0.000s {{(pid=126418) inner /usr/local/lib/python3.8/dist-packages/oslo_concurrency/lockutils.py:386}}
Jun 24 15:37:40.358340 n-d-847126-9 devstack@n-api.service[126418]: DEBUG oslo_concurrency.lockutils [None req-6473c0f4-adbd-4601-a006-b5a03ef35497 tempest-ServerDiagnosticsNegativeTest-1438393171 tempest-ServerDiagnosticsNegativeTest-1438393171-project] Lock "886a18ff-76d8-4492-a0c3-16f9517f1e7a" "released" by "nova.context.set_target_cell..get_or_set_cached_cell_and_set_connections" :: held 0.001s {{(pid=126418) inner /usr/local/lib/python3.8/dist-packages/oslo_concurrency/lockutils.py:400}}
Jun 24 15:37:40.360349 n-d-847126-9 devstack@n-api.service[126418]: DEBUG oslo_concurrency.lockutils [None req-6473c0f4-adbd-4601-a006-b5a03ef35497 tempest-ServerDiagnosticsNegativeTest-1438393171 tempest-ServerDiagnosticsNegativeTest-1438393171-project] Lock "886a18ff-76d8-4492-a0c3-16f9517f1e7a" acquired by "nova.context.set_target_cell..get_or_set_cached_cell_and_set_connections" :: waited 0.000s {{(pid=126418) inner /usr/local/lib/python3.8/dist-packages/oslo_concurrency/lockutils.py:386}}
Jun 24 15:37:40.360991 n-d-847126-9 devstack@n-api.service[126418]: DEBUG oslo_concurrency.lockutils [None req-6473c0f4-adbd-4601-a006-b5a03ef35497 tempest-ServerDiagnosticsNegativeTest-1438393171 tempest-ServerDiagnosticsNegativeTest-1438393171-project] Lock "886a18ff-76d8-4492-a0c3-16f9517f1e7a" "released" by "nova.context.set_target_cell..get_or_set_cached_cell_and_set_connections" :: held 0.001s {{(pid=126418) inner /usr/local/lib/python3.8/dist-packages/oslo_concurrency/lockutils.py:400}}
Jun 24 15:37:40.493447 n-d-847126-9 devstack@n-api.service[126419]: INFO nova.api.openstack.requestlog [None req-d7584c47-b6a6-46d7-865a-ed8137edb166 tempest-SecurityGroupsTestAdminJSON-2022949481 tempest-SecurityGroupsTestAdminJSON-2022949481-project] 10.222.0.78 "POST /compute/v2.1/os-security-groups" status: 200 len: 220 microversion: 2.1 time: 0.974174
Jun 24 15:37:40.495005 n-d-847126-9 devstack@n-api.service[126419]: [pid: 126419|app: 0|req: 62/120] 10.222.0.78 () {60 vars in 1179 bytes} [Fri Jun 24 15:37:39 2022] POST /compute/v2.1/os-security-groups => generated 220 bytes in 976 msecs (HTTP/1.1 200) 9 headers in 357 bytes (1 switches on core 0)
Jun 24 15:37:40.498563 n-d-847126-9 devstack@n-api.service[126418]: DEBUG nova.policy [None req-6473c0f4-adbd-4601-a006-b5a03ef35497 tempest-ServerDiagnosticsNegativeTest-1438393171 tempest-ServerDiagnosticsNegativeTest-1438393171-project] Policy check for os_compute_api:os-extended-server-attributes failed with credentials {'is_admin': False, 'user_id': 'b6be712a0528420886f0bfa1692fa0e3', 'user_domain_id': 'default', 'system_scope': None, 'domain_id': None, 'project_id': '30407497917f4a1596ef9b7e9fa44924', 'project_domain_id': 'default', 'roles': ['reader', 'member'], 'is_admin_project': True, 'service_user_id': None, 'service_user_domain_id': None, 'service_project_id': None, 'service_project_domain_id': None, 'service_roles': []} {{(pid=126418) authorize /opt/stack/nova/nova/policy.py:199}}
Jun 24 15:37:40.506440 n-d-847126-9 devstack@n-api.service[126418]: INFO nova.api.openstack.requestlog [None req-6473c0f4-adbd-4601-a006-b5a03ef35497 tempest-ServerDiagnosticsNegativeTest-1438393171 tempest-ServerDiagnosticsNegativeTest-1438393171-project] 10.222.0.78 "GET /compute/v2.1/servers/c7a8ffac-4b5d-4484-9cf1-3e33715655f5" status: 200 len: 1493 microversion: 2.1 time: 0.163527
Jun 24 15:37:40.506622 n-d-847126-9 devstack@n-api.service[126419]: DEBUG nova.api.openstack.wsgi [None req-f77f28e8-6582-402a-ba87-4a340de150fa tempest-SecurityGroupsTestAdminJSON-2022949481 tempest-SecurityGroupsTestAdminJSON-2022949481-project] Action: 'create', calling method: .version_select at 0x7f5024450dc0>, body: {"security_group": {"name": "tempest-securitygroup-2552413", "description": "tempest-description-1439943756"}} {{(pid=126419) _process_stack /opt/stack/nova/nova/api/openstack/wsgi.py:511}}
Jun 24 15:37:40.507045 n-d-847126-9 devstack@n-api.service[126418]: [pid: 126418|app: 0|req: 59/121] 10.222.0.78 () {58 vars in 1235 bytes} [Fri Jun 24 15:37:40 2022] GET /compute/v2.1/servers/c7a8ffac-4b5d-4484-9cf1-3e33715655f5 => generated 1493 bytes in 165 msecs (HTTP/1.1 200) 9 headers in 358 bytes (2 switches on core 0)
Jun 24 15:37:40.523463 n-d-847126-9 devstack@n-api.service[126418]: DEBUG nova.api.openstack.wsgi [None req-cfbd14f6-4838-4ea6-be14-4cedc2b8faab tempest-ServerDiagnosticsNegativeTest-1438393171 tempest-ServerDiagnosticsNegativeTest-1438393171-project] Calling method '>' {{(pid=126418) _process_stack /opt/stack/nova/nova/api/openstack/wsgi.py:513}}
Jun 24 15:37:40.523956 n-d-847126-9 devstack@n-api.service[126418]: DEBUG nova.compute.api [None req-cfbd14f6-4838-4ea6-be14-4cedc2b8faab tempest-ServerDiagnosticsNegativeTest-1438393171 tempest-ServerDiagnosticsNegativeTest-1438393171-project] [instance: c7a8ffac-4b5d-4484-9cf1-3e33715655f5] Fetching instance by UUID {{(pid=126418) get /opt/stack/nova/nova/compute/api.py:2920}}
Jun 24 15:37:40.530506 n-d-847126-9 devstack@n-api.service[126418]: DEBUG oslo_concurrency.lockutils [None req-cfbd14f6-4838-4ea6-be14-4cedc2b8faab tempest-ServerDiagnosticsNegativeTest-1438393171 tempest-ServerDiagnosticsNegativeTest-1438393171-project] Lock "886a18ff-76d8-4492-a0c3-16f9517f1e7a" acquired by "nova.context.set_target_cell..get_or_set_cached_cell_and_set_connections" :: waited 0.000s {{(pid=126418) inner /usr/local/lib/python3.8/dist-packages/oslo_concurrency/lockutils.py:386}}
