Jun 24 13:04:06.792497 n-d-847126-8 devstack@placement-api.service[112144]: [pid: 112144|app: 0|req: 336/672] 10.222.0.18 () {60 vars in 1377 bytes} [Fri Jun 24 13:04:06 2022] GET /placement/allocations/32ac1bb9-6476-440b-8992-fe88b6a0cc8e => generated 259 bytes in 28 msecs (HTTP/1.1 200) 8 headers in 296 bytes (2 switches on core 0)
Jun 24 13:04:07.711386 n-d-847126-8 devstack@placement-api.service[112145]: DEBUG placement.requestlog [req-ce5ed181-31d3-4966-ae4b-e63106c6e412 req-faf57547-5880-404f-a516-64ccefa01998 None None] Starting request: 10.222.0.42 "DELETE /placement/allocations/b60c9b37-0332-4af1-9a38-aa169825b173" {{(pid=112145) __call__ /opt/stack/placement/placement/requestlog.py:55}}
Jun 24 13:04:07.897497 n-d-847126-8 devstack@placement-api.service[112145]: DEBUG placement.handlers.allocation [req-ce5ed181-31d3-4966-ae4b-e63106c6e412 req-faf57547-5880-404f-a516-64ccefa01998 service placement] Successfully deleted allocations [, , ] {{(pid=112145) delete_allocations /opt/stack/placement/placement/handlers/allocation.py:627}}
Jun 24 13:04:07.899759 n-d-847126-8 devstack@placement-api.service[112145]: INFO placement.requestlog [req-ce5ed181-31d3-4966-ae4b-e63106c6e412 req-faf57547-5880-404f-a516-64ccefa01998 service placement] 10.222.0.42 "DELETE /placement/allocations/b60c9b37-0332-4af1-9a38-aa169825b173" status: 204 len: 0 microversion: 1.0
Jun 24 13:04:07.899759 n-d-847126-8 devstack@placement-api.service[112145]: [pid: 112145|app: 0|req: 337/673] 10.222.0.42 () {60 vars in 1355 bytes} [Fri Jun 24 13:04:07 2022] DELETE /placement/allocations/b60c9b37-0332-4af1-9a38-aa169825b173 => generated 0 bytes in 188 msecs (HTTP/1.1 204) 5 headers in 198 bytes (1 switches on core 0)
Jun 24 13:04:16.757959 n-d-847126-8 devstack@placement-api.service[112144]: DEBUG placement.requestlog [req-67b143c8-cce1-45a4-af35-a0ba06aef860 req-d6837fc8-afd6-484c-9f6f-3708db431305 None None] Starting request: 10.222.0.18 "GET /placement/resource_providers?in_tree=c0d81949-a4c7-4bc2-b9ba-481f6e275010" {{(pid=112144) __call__ /opt/stack/placement/placement/requestlog.py:55}}
Jun 24 13:04:16.786914 n-d-847126-8 devstack@placement-api.service[112144]: DEBUG dbcounter [-] [112144] Writing DB stats placement:SELECT=6 {{(pid=112144) stat_writer /usr/local/lib/python3.8/dist-packages/dbcounter.py:114}}
Jun 24 13:04:16.931509 n-d-847126-8 devstack@placement-api.service[112145]: DEBUG placement.requestlog [req-7ac8ac5d-2ac8-4cc3-86f8-b7af35cc5425 req-7d17b687-90df-474b-855e-952f1324757f None None] Starting request: 10.222.0.18 "GET /placement/resource_providers?in_tree=c0d81949-a4c7-4bc2-b9ba-481f6e275010" {{(pid=112145) __call__ /opt/stack/placement/placement/requestlog.py:55}}
Jun 24 13:04:16.997195 n-d-847126-8 devstack@placement-api.service[112144]: INFO placement.requestlog [req-67b143c8-cce1-45a4-af35-a0ba06aef860 req-d6837fc8-afd6-484c-9f6f-3708db431305 service placement] 10.222.0.18 "GET /placement/resource_providers?in_tree=c0d81949-a4c7-4bc2-b9ba-481f6e275010" status: 200 len: 863 microversion: 1.14
Jun 24 13:04:16.998757 n-d-847126-8 devstack@placement-api.service[112144]: [pid: 112144|app: 0|req: 337/674] 10.222.0.18 () {60 vars in 1376 bytes} [Fri Jun 24 13:04:16 2022] GET /placement/resource_providers?in_tree=c0d81949-a4c7-4bc2-b9ba-481f6e275010 => generated 863 bytes in 240 msecs (HTTP/1.1 200) 6 headers in 225 bytes (1 switches on core 0)
Jun 24 13:04:17.008924 n-d-847126-8 devstack@placement-api.service[112144]: DEBUG placement.requestlog [req-67b143c8-cce1-45a4-af35-a0ba06aef860 req-8a2076ed-8597-4dff-aafb-bc1d92fd5636 None None] Starting request: 10.222.0.18 "GET /placement/resource_providers/c0d81949-a4c7-4bc2-b9ba-481f6e275010/inventories" {{(pid=112144) __call__ /opt/stack/placement/placement/requestlog.py:55}}
Jun 24 13:04:17.056435 n-d-847126-8 devstack@placement-api.service[112144]: INFO placement.requestlog [req-67b143c8-cce1-45a4-af35-a0ba06aef860 req-8a2076ed-8597-4dff-aafb-bc1d92fd5636 service placement] 10.222.0.18 "GET /placement/resource_providers/c0d81949-a4c7-4bc2-b9ba-481f6e275010/inventories" status: 200 len: 398 microversion: 1.0
Jun 24 13:04:17.060863 n-d-847126-8 devstack@placement-api.service[112144]: [pid: 112144|app: 0|req: 338/675] 10.222.0.18 () {58 vars in 1390 bytes} [Fri Jun 24 13:04:17 2022] GET /placement/resource_providers/c0d81949-a4c7-4bc2-b9ba-481f6e275010/inventories => generated 398 bytes in 52 msecs (HTTP/1.1 200) 6 headers in 224 bytes (2 switches on core 0)
Jun 24 13:04:17.072809 n-d-847126-8 devstack@placement-api.service[112145]: INFO placement.requestlog [req-7ac8ac5d-2ac8-4cc3-86f8-b7af35cc5425 req-7d17b687-90df-474b-855e-952f1324757f service placement] 10.222.0.18 "GET /placement/resource_providers?in_tree=c0d81949-a4c7-4bc2-b9ba-481f6e275010" status: 200 len: 863 microversion: 1.14
Jun 24 13:04:17.074085 n-d-847126-8 devstack@placement-api.service[112145]: [pid: 112145|app: 0|req: 338/676] 10.222.0.18 () {60 vars in 1376 bytes} [Fri Jun 24 13:04:16 2022] GET /placement/resource_providers?in_tree=c0d81949-a4c7-4bc2-b9ba-481f6e275010 => generated 863 bytes in 144 msecs (HTTP/1.1 200) 6 headers in 225 bytes (1 switches on core 0)
Jun 24 13:04:17.078725 n-d-847126-8 devstack@placement-api.service[112144]: DEBUG placement.requestlog [req-67b143c8-cce1-45a4-af35-a0ba06aef860 req-35cf67c7-0e7a-4645-bf8f-0af0cf1a0089 None None] Starting request: 10.222.0.18 "GET /placement/resource_providers/c0d81949-a4c7-4bc2-b9ba-481f6e275010/aggregates" {{(pid=112144) __call__ /opt/stack/placement/placement/requestlog.py:55}}
Jun 24 13:04:17.093241 n-d-847126-8 devstack@placement-api.service[112145]: DEBUG placement.requestlog [req-7ac8ac5d-2ac8-4cc3-86f8-b7af35cc5425 req-3f208b84-cee7-407d-a9c2-599e7b9d859a None None] Starting request: 10.222.0.18 "GET /placement/resource_providers/c0d81949-a4c7-4bc2-b9ba-481f6e275010/inventories" {{(pid=112145) __call__ /opt/stack/placement/placement/requestlog.py:55}}
Jun 24 13:04:17.107172 n-d-847126-8 devstack@placement-api.service[112144]: INFO placement.requestlog [req-67b143c8-cce1-45a4-af35-a0ba06aef860 req-35cf67c7-0e7a-4645-bf8f-0af0cf1a0089 service placement] 10.222.0.18 "GET /placement/resource_providers/c0d81949-a4c7-4bc2-b9ba-481f6e275010/aggregates" status: 200 len: 54 microversion: 1.19
Jun 24 13:04:17.108350 n-d-847126-8 devstack@placement-api.service[112144]: [pid: 112144|app: 0|req: 339/677] 10.222.0.18 () {60 vars in 1431 bytes} [Fri Jun 24 13:04:17 2022] GET /placement/resource_providers/c0d81949-a4c7-4bc2-b9ba-481f6e275010/aggregates => generated 54 bytes in 30 msecs (HTTP/1.1 200) 8 headers in 295 bytes (1 switches on core 0)
Jun 24 13:04:17.119178 n-d-847126-8 devstack@placement-api.service[112145]: INFO placement.requestlog [req-7ac8ac5d-2ac8-4cc3-86f8-b7af35cc5425 req-3f208b84-cee7-407d-a9c2-599e7b9d859a service placement] 10.222.0.18 "GET /placement/resource_providers/c0d81949-a4c7-4bc2-b9ba-481f6e275010/inventories" status: 200 len: 398 microversion: 1.0
Jun 24 13:04:17.119716 n-d-847126-8 devstack@placement-api.service[112145]: [pid: 112145|app: 0|req: 339/678] 10.222.0.18 () {58 vars in 1390 bytes} [Fri Jun 24 13:04:17 2022] GET /placement/resource_providers/c0d81949-a4c7-4bc2-b9ba-481f6e275010/inventories => generated 398 bytes in 27 msecs (HTTP/1.1 200) 6 headers in 224 bytes (2 switches on core 0)
Jun 24 13:04:17.124511 n-d-847126-8 devstack@placement-api.service[112144]: DEBUG placement.requestlog [req-67b143c8-cce1-45a4-af35-a0ba06aef860 req-82e395f7-00af-40a0-9f71-37f7d9e5e649 None None] Starting request: 10.222.0.18 "GET /placement/resource_providers/c0d81949-a4c7-4bc2-b9ba-481f6e275010/traits" {{(pid=112144) __call__ /opt/stack/placement/placement/requestlog.py:55}}
Jun 24 13:04:17.142086 n-d-847126-8 devstack@placement-api.service[112145]: DEBUG placement.requestlog [req-7ac8ac5d-2ac8-4cc3-86f8-b7af35cc5425 req-84e6fd4f-8a0f-4d54-97d6-e5daf27bb534 None None] Starting request: 10.222.0.18 "GET /placement/resource_providers/c0d81949-a4c7-4bc2-b9ba-481f6e275010/aggregates" {{(pid=112145) __call__ /opt/stack/placement/placement/requestlog.py:55}}
Jun 24 13:04:17.176681 n-d-847126-8 devstack@placement-api.service[112144]: INFO placement.requestlog [req-67b143c8-cce1-45a4-af35-a0ba06aef860 req-82e395f7-00af-40a0-9f71-37f7d9e5e649 service placement] 10.222.0.18 "GET /placement/resource_providers/c0d81949-a4c7-4bc2-b9ba-481f6e275010/traits" status: 200 len: 212 microversion: 1.6
Jun 24 13:04:17.177541 n-d-847126-8 devstack@placement-api.service[112144]: [pid: 112144|app: 0|req: 340/679] 10.222.0.18 () {60 vars in 1418 bytes} [Fri Jun 24 13:04:17 2022] GET /placement/resource_providers/c0d81949-a4c7-4bc2-b9ba-481f6e275010/traits => generated 212 bytes in 53 msecs (HTTP/1.1 200) 6 headers in 224 bytes (2 switches on core 0)
Jun 24 13:04:17.188132 n-d-847126-8 devstack@placement-api.service[112145]: INFO placement.requestlog [req-7ac8ac5d-2ac8-4cc3-86f8-b7af35cc5425 req-84e6fd4f-8a0f-4d54-97d6-e5daf27bb534 service placement] 10.222.0.18 "GET /placement/resource_providers/c0d81949-a4c7-4bc2-b9ba-481f6e275010/aggregates" status: 200 len: 54 microversion: 1.19
Jun 24 13:04:17.188802 n-d-847126-8 devstack@placement-api.service[112145]: [pid: 112145|app: 0|req: 340/680] 10.222.0.18 () {60 vars in 1431 bytes} [Fri Jun 24 13:04:17 2022] GET /placement/resource_providers/c0d81949-a4c7-4bc2-b9ba-481f6e275010/aggregates => generated 54 bytes in 47 msecs (HTTP/1.1 200) 8 headers in 295 bytes (1 switches on core 0)
Jun 24 13:04:17.464669 n-d-847126-8 devstack@placement-api.service[112144]: DEBUG placement.requestlog [req-7ac8ac5d-2ac8-4cc3-86f8-b7af35cc5425 req-0d7bd8d9-3c1e-4083-bff9-137d19c635a9 None None] Starting request: 10.222.0.18 "GET /placement/resource_providers/c0d81949-a4c7-4bc2-b9ba-481f6e275010/traits" {{(pid=112144) __call__ /opt/stack/placement/placement/requestlog.py:55}}
Jun 24 13:04:17.499724 n-d-847126-8 devstack@placement-api.service[112145]: DEBUG placement.requestlog [req-67b143c8-cce1-45a4-af35-a0ba06aef860 req-8d4a859f-8a5a-410d-97e2-2ba51176c861 None None] Starting request: 10.222.0.18 "DELETE /placement/allocations/08a84f29-6a61-474a-8cbc-3c79d31bc0cd" {{(pid=112145) __call__ /opt/stack/placement/placement/requestlog.py:55}}
Jun 24 13:04:17.549243 n-d-847126-8 devstack@placement-api.service[112144]: INFO placement.requestlog [req-7ac8ac5d-2ac8-4cc3-86f8-b7af35cc5425 req-0d7bd8d9-3c1e-4083-bff9-137d19c635a9 service placement] 10.222.0.18 "GET /placement/resource_providers/c0d81949-a4c7-4bc2-b9ba-481f6e275010/traits" status: 200 len: 212 microversion: 1.6
Jun 24 13:04:17.549243 n-d-847126-8 devstack@placement-api.service[112144]: [pid: 112144|app: 0|req: 341/681] 10.222.0.18 () {60 vars in 1418 bytes} [Fri Jun 24 13:04:17 2022] GET /placement/resource_providers/c0d81949-a4c7-4bc2-b9ba-481f6e275010/traits => generated 212 bytes in 83 msecs (HTTP/1.1 200) 6 headers in 224 bytes (1 switches on core 0)
Jun 24 13:04:17.725048 n-d-847126-8 devstack@placement-api.service[112145]: DEBUG placement.handlers.allocation [req-67b143c8-cce1-45a4-af35-a0ba06aef860 req-8d4a859f-8a5a-410d-97e2-2ba51176c861 service placement] Successfully deleted allocations [, , ] {{(pid=112145) delete_allocations /opt/stack/placement/placement/handlers/allocation.py:627}}
Jun 24 13:04:17.725730 n-d-847126-8 devstack@placement-api.service[112145]: INFO placement.requestlog [req-67b143c8-cce1-45a4-af35-a0ba06aef860 req-8d4a859f-8a5a-410d-97e2-2ba51176c861 service placement] 10.222.0.18 "DELETE /placement/allocations/08a84f29-6a61-474a-8cbc-3c79d31bc0cd" status: 204 len: 0 microversion: 1.0
Jun 24 13:04:17.726549 n-d-847126-8 devstack@placement-api.service[112145]: [pid: 112145|app: 0|req: 341/682] 10.222.0.18 () {60 vars in 1355 bytes} [Fri Jun 24 13:04:17 2022] DELETE /placement/allocations/08a84f29-6a61-474a-8cbc-3c79d31bc0cd => generated 0 bytes in 227 msecs (HTTP/1.1 204) 5 headers in 198 bytes (1 switches on core 0)
Jun 24 13:04:17.932982 n-d-847126-8 devstack@placement-api.service[112144]: DEBUG placement.requestlog [req-7ac8ac5d-2ac8-4cc3-86f8-b7af35cc5425 req-93503f1a-ca82-43ee-bc03-b3aff043ede1 None None] Starting request: 10.222.0.18 "DELETE /placement/allocations/ce206b89-6e39-45e5-ac08-a17c51a8f204" {{(pid=112144) __call__ /opt/stack/placement/placement/requestlog.py:55}}
Jun 24 13:04:18.185678 n-d-847126-8 devstack@placement-api.service[112144]: DEBUG placement.handlers.allocation [req-7ac8ac5d-2ac8-4cc3-86f8-b7af35cc5425 req-93503f1a-ca82-43ee-bc03-b3aff043ede1 service placement] Successfully deleted allocations [, , ] {{(pid=112144) delete_allocations /opt/stack/placement/placement/handlers/allocation.py:627}}
Jun 24 13:04:18.189527 n-d-847126-8 devstack@placement-api.service[112144]: INFO placement.requestlog [req-7ac8ac5d-2ac8-4cc3-86f8-b7af35cc5425 req-93503f1a-ca82-43ee-bc03-b3aff043ede1 service placement] 10.222.0.18 "DELETE /placement/allocations/ce206b89-6e39-45e5-ac08-a17c51a8f204" status: 204 len: 0 microversion: 1.0
Jun 24 13:04:18.190936 n-d-847126-8 devstack@placement-api.service[112144]: [pid: 112144|app: 0|req: 342/683] 10.222.0.18 () {60 vars in 1355 bytes} [Fri Jun 24 13:04:17 2022] DELETE /placement/allocations/ce206b89-6e39-45e5-ac08-a17c51a8f204 => generated 0 bytes in 257 msecs (HTTP/1.1 204) 5 headers in 198 bytes (1 switches on core 0)
Jun 24 13:04:18.277262 n-d-847126-8 devstack@placement-api.service[112145]: DEBUG placement.requestlog [req-27c8468f-ed3f-4106-a449-7c05beb9212a req-b882d7fe-7992-4b1a-934d-9ae137e3aa91 None None] Starting request: 10.222.0.18 "GET /placement/allocations/db82a548-ba42-454c-adb9-8a1097901d68" {{(pid=112145) __call__ /opt/stack/placement/placement/requestlog.py:55}}
Jun 24 13:04:18.310553 n-d-847126-8 devstack@placement-api.service[112145]: INFO placement.requestlog [req-27c8468f-ed3f-4106-a449-7c05beb9212a req-b882d7fe-7992-4b1a-934d-9ae137e3aa91 service placement] 10.222.0.18 "GET /placement/allocations/db82a548-ba42-454c-adb9-8a1097901d68" status: 200 len: 258 microversion: 1.28
Jun 24 13:04:18.312015 n-d-847126-8 devstack@placement-api.service[112145]: [pid: 112145|app: 0|req: 342/684] 10.222.0.18 () {60 vars in 1377 bytes} [Fri Jun 24 13:04:18 2022] GET /placement/allocations/db82a548-ba42-454c-adb9-8a1097901d68 => generated 258 bytes in 35 msecs (HTTP/1.1 200) 8 headers in 296 bytes (1 switches on core 0)
Jun 24 13:04:19.779379 n-d-847126-8 devstack@placement-api.service[112144]: DEBUG placement.requestlog [req-d98e422d-dc88-46b2-a8fe-6c5a16aa14c4 req-0242708f-0dad-4954-b0b9-98885021dd6c None None] Starting request: 10.222.0.18 "GET /placement/resource_providers/c0d81949-a4c7-4bc2-b9ba-481f6e275010/allocations" {{(pid=112144) __call__ /opt/stack/placement/placement/requestlog.py:55}}
Jun 24 13:04:19.865339 n-d-847126-8 devstack@placement-api.service[112144]: INFO placement.requestlog [req-d98e422d-dc88-46b2-a8fe-6c5a16aa14c4 req-0242708f-0dad-4954-b0b9-98885021dd6c service placement] 10.222.0.18 "GET /placement/resource_providers/c0d81949-a4c7-4bc2-b9ba-481f6e275010/allocations" status: 200 len: 456 microversion: 1.0
Jun 24 13:04:19.866595 n-d-847126-8 devstack@placement-api.service[112144]: [pid: 112144|app: 0|req: 343/685] 10.222.0.18 () {58 vars in 1390 bytes} [Fri Jun 24 13:04:19 2022] GET /placement/resource_providers/c0d81949-a4c7-4bc2-b9ba-481f6e275010/allocations => generated 456 bytes in 87 msecs (HTTP/1.1 200) 6 headers in 224 bytes (1 switches on core 0)
Jun 24 13:04:20.735608 n-d-847126-8 devstack@placement-api.service[112145]: DEBUG placement.requestlog [req-5db52065-a5f0-4df2-b966-f302f5f73a89 req-c30e825c-e299-498a-911b-e5c6b8d99dc1 None None] Starting request: 10.222.0.20 "GET /placement/allocation_candidates?limit=1000&resources=DISK_GB%3A1%2CMEMORY_MB%3A1024%2CVCPU%3A1&root_required=%21COMPUTE_STATUS_DISABLED" {{(pid=112145) __call__ /opt/stack/placement/placement/requestlog.py:55}}
Jun 24 13:04:20.776355 n-d-847126-8 devstack@placement-api.service[112145]: DEBUG placement.objects.research_context [req-5db52065-a5f0-4df2-b966-f302f5f73a89 req-c30e825c-e299-498a-911b-e5c6b8d99dc1 service placement] getting providers with 1 DISK_GB {{(pid=112145) __init__ /opt/stack/placement/placement/objects/research_context.py:136}}
Jun 24 13:04:20.785131 n-d-847126-8 devstack@placement-api.service[112145]: DEBUG placement.objects.research_context [req-5db52065-a5f0-4df2-b966-f302f5f73a89 req-c30e825c-e299-498a-911b-e5c6b8d99dc1 service placement] getting providers with 1024 MEMORY_MB {{(pid=112145) __init__ /opt/stack/placement/placement/objects/research_context.py:136}}
Jun 24 13:04:20.793054 n-d-847126-8 devstack@placement-api.service[112145]: DEBUG placement.objects.research_context [req-5db52065-a5f0-4df2-b966-f302f5f73a89 req-c30e825c-e299-498a-911b-e5c6b8d99dc1 service placement] getting providers with 1 VCPU {{(pid=112145) __init__ /opt/stack/placement/placement/objects/research_context.py:136}}
Jun 24 13:04:20.800776 n-d-847126-8 devstack@placement-api.service[112145]: DEBUG placement.objects.research_context [req-5db52065-a5f0-4df2-b966-f302f5f73a89 req-c30e825c-e299-498a-911b-e5c6b8d99dc1 service placement] found 2 providers with available 1 DISK_GB {{(pid=112145) get_provider_ids_matching /opt/stack/placement/placement/objects/research_context.py:563}}
Jun 24 13:04:20.801354 n-d-847126-8 devstack@placement-api.service[112145]: DEBUG placement.objects.research_context [req-5db52065-a5f0-4df2-b966-f302f5f73a89 req-c30e825c-e299-498a-911b-e5c6b8d99dc1 service placement] found 2 providers with available 1024 MEMORY_MB {{(pid=112145) get_provider_ids_matching /opt/stack/placement/placement/objects/research_context.py:563}}
Jun 24 13:04:20.802144 n-d-847126-8 devstack@placement-api.service[112145]: DEBUG placement.objects.research_context [req-5db52065-a5f0-4df2-b966-f302f5f73a89 req-c30e825c-e299-498a-911b-e5c6b8d99dc1 service placement] found 2 providers after filtering by previous result {{(pid=112145) get_provider_ids_matching /opt/stack/placement/placement/objects/research_context.py:594}}
Jun 24 13:04:20.803216 n-d-847126-8 devstack@placement-api.service[112145]: DEBUG placement.objects.research_context [req-5db52065-a5f0-4df2-b966-f302f5f73a89 req-c30e825c-e299-498a-911b-e5c6b8d99dc1 service placement] found 2 providers with available 1 VCPU {{(pid=112145) get_provider_ids_matching /opt/stack/placement/placement/objects/research_context.py:563}}
Jun 24 13:04:20.803716 n-d-847126-8 devstack@placement-api.service[112145]: DEBUG placement.objects.research_context [req-5db52065-a5f0-4df2-b966-f302f5f73a89 req-c30e825c-e299-498a-911b-e5c6b8d99dc1 service placement] found 2 providers after filtering by previous result {{(pid=112145) get_provider_ids_matching /opt/stack/placement/placement/objects/research_context.py:594}}
Jun 24 13:04:20.820433 n-d-847126-8 devstack@placement-api.service[112145]: DEBUG placement.objects.allocation_candidate [req-5db52065-a5f0-4df2-b966-f302f5f73a89 req-c30e825c-e299-498a-911b-e5c6b8d99dc1 service placement] RequestGroup(use_same_provider=False, resources={DISK_GB:1, MEMORY_MB:1024, VCPU:1}, traits=(), aggregates=[]) (suffix '') returned 2 matches {{(pid=112145) _get_by_requests /opt/stack/placement/placement/objects/allocation_candidate.py:156}}
Jun 24 13:04:20.821520 n-d-847126-8 devstack@placement-api.service[112145]: DEBUG placement.objects.allocation_candidate [req-5db52065-a5f0-4df2-b966-f302f5f73a89 req-c30e825c-e299-498a-911b-e5c6b8d99dc1 service placement] Merging candidates yields 2 allocation requests and 2 provider summaries {{(pid=112145) _merge_candidates /opt/stack/placement/placement/objects/allocation_candidate.py:809}}
Jun 24 13:04:20.824556 n-d-847126-8 devstack@placement-api.service[112145]: INFO placement.requestlog [req-5db52065-a5f0-4df2-b966-f302f5f73a89 req-c30e825c-e299-498a-911b-e5c6b8d99dc1 service placement] 10.222.0.20 "GET /placement/allocation_candidates?limit=1000&resources=DISK_GB%3A1%2CMEMORY_MB%3A1024%2CVCPU%3A1&root_required=%21COMPUTE_STATUS_DISABLED" status: 200 len: 1309 microversion: 1.36
Jun 24 13:04:20.827188 n-d-847126-8 devstack@placement-api.service[112145]: [pid: 112145|app: 0|req: 343/686] 10.222.0.20 () {60 vars in 1506 bytes} [Fri Jun 24 13:04:20 2022] GET /placement/allocation_candidates?limit=1000&resources=DISK_GB%3A1%2CMEMORY_MB%3A1024%2CVCPU%3A1&root_required=%21COMPUTE_STATUS_DISABLED => generated 1309 bytes in 92 msecs (HTTP/1.1 200) 8 headers in 297 bytes (1 switches on core 0)
Jun 24 13:04:20.940008 n-d-847126-8 devstack@placement-api.service[112144]: DEBUG placement.requestlog [req-5db52065-a5f0-4df2-b966-f302f5f73a89 req-1907f5b9-ed15-474d-a401-67b133f0fb19 None None] Starting request: 10.222.0.20 "GET /placement/allocations/b88a4b5f-8f1e-48e4-acbc-8c257b977842" {{(pid=112144) __call__ /opt/stack/placement/placement/requestlog.py:55}}
Jun 24 13:04:20.956689 n-d-847126-8 devstack@placement-api.service[112144]: INFO placement.requestlog [req-5db52065-a5f0-4df2-b966-f302f5f73a89 req-1907f5b9-ed15-474d-a401-67b133f0fb19 service placement] 10.222.0.20 "GET /placement/allocations/b88a4b5f-8f1e-48e4-acbc-8c257b977842" status: 200 len: 19 microversion: 1.28
Jun 24 13:04:20.962071 n-d-847126-8 devstack@placement-api.service[112144]: [pid: 112144|app: 0|req: 344/687] 10.222.0.20 () {60 vars in 1380 bytes} [Fri Jun 24 13:04:20 2022] GET /placement/allocations/b88a4b5f-8f1e-48e4-acbc-8c257b977842 => generated 19 bytes in 22 msecs (HTTP/1.1 200) 8 headers in 295 bytes (1 switches on core 0)
Jun 24 13:04:20.962982 n-d-847126-8 devstack@placement-api.service[112145]: DEBUG placement.requestlog [req-5db52065-a5f0-4df2-b966-f302f5f73a89 req-bbfa9554-8e8f-4c21-b7dd-3020b109c609 None None] Starting request: 10.222.0.20 "PUT /placement/allocations/b88a4b5f-8f1e-48e4-acbc-8c257b977842" {{(pid=112145) __call__ /opt/stack/placement/placement/requestlog.py:55}}
Jun 24 13:04:21.120800 n-d-847126-8 devstack@placement-api.service[112145]: DEBUG dbcounter [-] [112145] Writing DB stats placement:SELECT=81,placement:INSERT=8,placement:DELETE=7,placement:UPDATE=4 {{(pid=112145) stat_writer /usr/local/lib/python3.8/dist-packages/dbcounter.py:114}}
Jun 24 13:04:21.126245 n-d-847126-8 devstack@placement-api.service[112145]: DEBUG placement.handlers.allocation [req-5db52065-a5f0-4df2-b966-f302f5f73a89 req-bbfa9554-8e8f-4c21-b7dd-3020b109c609 service placement] Successfully wrote allocations [, , ] {{(pid=112145) _update_consumers_and_create_allocations /opt/stack/placement/placement/handlers/allocation.py:462}}
Jun 24 13:04:21.205735 n-d-847126-8 devstack@placement-api.service[112145]: INFO placement.requestlog [req-5db52065-a5f0-4df2-b966-f302f5f73a89 req-bbfa9554-8e8f-4c21-b7dd-3020b109c609 service placement] 10.222.0.20 "PUT /placement/allocations/b88a4b5f-8f1e-48e4-acbc-8c257b977842" status: 204 len: 0 microversion: 1.36
Jun 24 13:04:21.206152 n-d-847126-8 devstack@placement-api.service[112145]: [pid: 112145|app: 0|req: 344/688] 10.222.0.20 () {64 vars in 1433 bytes} [Fri Jun 24 13:04:20 2022] PUT /placement/allocations/b88a4b5f-8f1e-48e4-acbc-8c257b977842 => generated 0 bytes in 244 msecs (HTTP/1.1 204) 5 headers in 199 bytes (1 switches on core 0)
Jun 24 13:04:22.313729 n-d-847126-8 devstack@placement-api.service[112144]: DEBUG placement.requestlog [req-5db52065-a5f0-4df2-b966-f302f5f73a89 req-27f988b4-c5ef-4cb4-a5e7-eceb70d49dba None None] Starting request: 10.222.0.18 "GET /placement/allocations/b88a4b5f-8f1e-48e4-acbc-8c257b977842" {{(pid=112144) __call__ /opt/stack/placement/placement/requestlog.py:55}}
Jun 24 13:04:22.339590 n-d-847126-8 devstack@placement-api.service[112144]: INFO placement.requestlog [req-5db52065-a5f0-4df2-b966-f302f5f73a89 req-27f988b4-c5ef-4cb4-a5e7-eceb70d49dba service placement] 10.222.0.18 "GET /placement/allocations/b88a4b5f-8f1e-48e4-acbc-8c257b977842" status: 200 len: 259 microversion: 1.28
Jun 24 13:04:22.340522 n-d-847126-8 devstack@placement-api.service[112144]: [pid: 112144|app: 0|req: 345/689] 10.222.0.18 () {60 vars in 1377 bytes} [Fri Jun 24 13:04:22 2022] GET /placement/allocations/b88a4b5f-8f1e-48e4-acbc-8c257b977842 => generated 259 bytes in 27 msecs (HTTP/1.1 200) 8 headers in 296 bytes (1 switches on core 0)
Jun 24 13:04:25.712851 n-d-847126-8 devstack@placement-api.service[112145]: DEBUG placement.requestlog [req-34b565e1-ef3c-432a-9cce-1d503320a637 req-7d9df733-f639-4375-9266-07b82d1502d6 None None] Starting request: 10.222.0.42 "GET /placement/resource_providers/629fa4ba-4aad-49c7-8eab-d28f067c29e1/allocations" {{(pid=112145) __call__ /opt/stack/placement/placement/requestlog.py:55}}
Jun 24 13:04:25.761557 n-d-847126-8 devstack@placement-api.service[112145]: INFO placement.requestlog [req-34b565e1-ef3c-432a-9cce-1d503320a637 req-7d9df733-f639-4375-9266-07b82d1502d6 service placement] 10.222.0.42 "GET /placement/resource_providers/629fa4ba-4aad-49c7-8eab-d28f067c29e1/allocations" status: 200 len: 557 microversion: 1.0
Jun 24 13:04:25.761847 n-d-847126-8 devstack@placement-api.service[112145]: [pid: 112145|app: 0|req: 345/690] 10.222.0.42 () {58 vars in 1390 bytes} [Fri Jun 24 13:04:25 2022] GET /placement/resource_providers/629fa4ba-4aad-49c7-8eab-d28f067c29e1/allocations => generated 557 bytes in 49 msecs (HTTP/1.1 200) 6 headers in 224 bytes (1 switches on core 0)
Jun 24 13:04:26.877887 n-d-847126-8 devstack@placement-api.service[112144]: DEBUG placement.requestlog [req-582b45ec-3828-4c05-a5bb-860c257a5a7f req-b380febd-5d34-4bd5-8632-b8c62b06c597 None None] Starting request: 10.222.0.42 "GET /placement/allocations/984aeca0-334f-4ca3-b5e1-de3d09567a67" {{(pid=112144) __call__ /opt/stack/placement/placement/requestlog.py:55}}
Jun 24 13:04:26.921970 n-d-847126-8 devstack@placement-api.service[112144]: INFO placement.requestlog [req-582b45ec-3828-4c05-a5bb-860c257a5a7f req-b380febd-5d34-4bd5-8632-b8c62b06c597 service placement] 10.222.0.42 "GET /placement/allocations/984aeca0-334f-4ca3-b5e1-de3d09567a67" status: 200 len: 259 microversion: 1.28
Jun 24 13:04:26.931694 n-d-847126-8 devstack@placement-api.service[112144]: [pid: 112144|app: 0|req: 346/691] 10.222.0.42 () {60 vars in 1377 bytes} [Fri Jun 24 13:04:26 2022] GET /placement/allocations/984aeca0-334f-4ca3-b5e1-de3d09567a67 => generated 259 bytes in 54 msecs (HTTP/1.1 200) 8 headers in 296 bytes (1 switches on core 0)
Jun 24 13:04:26.948509 n-d-847126-8 devstack@placement-api.service[112145]: DEBUG placement.requestlog [req-582b45ec-3828-4c05-a5bb-860c257a5a7f req-7f478349-6d23-4894-9335-a10b67aeb873 None None] Starting request: 10.222.0.42 "GET /placement/allocations/984aeca0-334f-4ca3-b5e1-de3d09567a67" {{(pid=112145) __call__ /opt/stack/placement/placement/requestlog.py:55}}
Jun 24 13:04:26.996741 n-d-847126-8 devstack@placement-api.service[112145]: INFO placement.requestlog [req-582b45ec-3828-4c05-a5bb-860c257a5a7f req-7f478349-6d23-4894-9335-a10b67aeb873 service placement] 10.222.0.42 "GET /placement/allocations/984aeca0-334f-4ca3-b5e1-de3d09567a67" status: 200 len: 259 microversion: 1.28
Jun 24 13:04:26.996986 n-d-847126-8 devstack@placement-api.service[112145]: [pid: 112145|app: 0|req: 346/692] 10.222.0.42 () {60 vars in 1377 bytes} [Fri Jun 24 13:04:26 2022] GET /placement/allocations/984aeca0-334f-4ca3-b5e1-de3d09567a67 => generated 259 bytes in 49 msecs (HTTP/1.1 200) 8 headers in 296 bytes (1 switches on core 0)
Jun 24 13:04:27.007233 n-d-847126-8 devstack@placement-api.service[112144]: DEBUG placement.requestlog [req-582b45ec-3828-4c05-a5bb-860c257a5a7f req-e918400d-7981-4684-907e-ac89e738eabb None None] Starting request: 10.222.0.42 "GET /placement/allocations/db82a548-ba42-454c-adb9-8a1097901d68" {{(pid=112144) __call__ /opt/stack/placement/placement/requestlog.py:55}}
Jun 24 13:04:27.041043 n-d-847126-8 devstack@placement-api.service[112144]: INFO placement.requestlog [req-582b45ec-3828-4c05-a5bb-860c257a5a7f req-e918400d-7981-4684-907e-ac89e738eabb service placement] 10.222.0.42 "GET /placement/allocations/db82a548-ba42-454c-adb9-8a1097901d68" status: 200 len: 258 microversion: 1.28
Jun 24 13:04:27.041423 n-d-847126-8 devstack@placement-api.service[112144]: [pid: 112144|app: 0|req: 347/693] 10.222.0.42 () {60 vars in 1377 bytes} [Fri Jun 24 13:04:27 2022] GET /placement/allocations/db82a548-ba42-454c-adb9-8a1097901d68 => generated 258 bytes in 35 msecs (HTTP/1.1 200) 8 headers in 296 bytes (1 switches on core 0)
Jun 24 13:04:27.066523 n-d-847126-8 devstack@placement-api.service[112145]: DEBUG placement.requestlog [req-582b45ec-3828-4c05-a5bb-860c257a5a7f req-98803e1e-083b-40b5-8e4f-e477223664ef None None] Starting request: 10.222.0.42 "POST /placement/allocations" {{(pid=112145) __call__ /opt/stack/placement/placement/requestlog.py:55}}
Jun 24 13:04:27.263259 n-d-847126-8 devstack@placement-api.service[112145]: DEBUG placement.handlers.allocation [req-582b45ec-3828-4c05-a5bb-860c257a5a7f req-98803e1e-083b-40b5-8e4f-e477223664ef service placement] Successfully wrote allocations [, , , , , ] {{(pid=112145) _update_consumers_and_create_allocations /opt/stack/placement/placement/handlers/allocation.py:572}}
Jun 24 13:04:27.364476 n-d-847126-8 devstack@placement-api.service[112145]: INFO placement.requestlog [req-582b45ec-3828-4c05-a5bb-860c257a5a7f req-98803e1e-083b-40b5-8e4f-e477223664ef service placement] 10.222.0.42 "POST /placement/allocations" status: 204 len: 0 microversion: 1.28
Jun 24 13:04:27.365004 n-d-847126-8 devstack@placement-api.service[112145]: [pid: 112145|app: 0|req: 347/694] 10.222.0.42 () {64 vars in 1320 bytes} [Fri Jun 24 13:04:27 2022] POST /placement/allocations => generated 0 bytes in 299 msecs (HTTP/1.1 204) 5 headers in 199 bytes (1 switches on core 0)
Jun 24 13:04:29.362498 n-d-847126-8 devstack@placement-api.service[112144]: DEBUG placement.requestlog [None req-edb1a000-4208-443c-a7e3-07cd06fb2d0a None None] Starting request: 10.222.0.20 "GET /placement/resource_providers/d7813fdb-ba83-4db7-b5c3-4d015bdc1df3/aggregates" {{(pid=112144) __call__ /opt/stack/placement/placement/requestlog.py:55}}
Jun 24 13:04:29.485446 n-d-847126-8 devstack@placement-api.service[112144]: INFO placement.requestlog [None req-edb1a000-4208-443c-a7e3-07cd06fb2d0a service placement] 10.222.0.20 "GET /placement/resource_providers/d7813fdb-ba83-4db7-b5c3-4d015bdc1df3/aggregates" status: 404 len: 235 microversion: 1.1
Jun 24 13:04:29.488989 n-d-847126-8 devstack@placement-api.service[112144]: [pid: 112144|app: 0|req: 348/695] 10.222.0.20 () {58 vars in 1362 bytes} [Fri Jun 24 13:04:29 2022] GET /placement/resource_providers/d7813fdb-ba83-4db7-b5c3-4d015bdc1df3/aggregates => generated 235 bytes in 127 msecs (HTTP/1.1 404) 5 headers in 202 bytes (1 switches on core 0)
Jun 24 13:04:29.590318 n-d-847126-8 devstack@placement-api.service[112145]: DEBUG placement.requestlog [None req-ef0d046b-3520-43d4-8178-03139e2a9f65 None None] Starting request: 10.222.0.20 "DELETE /placement/resource_providers/d7813fdb-ba83-4db7-b5c3-4d015bdc1df3" {{(pid=112145) __call__ /opt/stack/placement/placement/requestlog.py:55}}
Jun 24 13:04:29.613754 n-d-847126-8 devstack@placement-api.service[112145]: DEBUG placement.wsgi_wrapper [None req-ef0d046b-3520-43d4-8178-03139e2a9f65 service placement] Placement API returning an error response: No resource provider with uuid d7813fdb-ba83-4db7-b5c3-4d015bdc1df3 found for delete {{(pid=112145) call_func /opt/stack/placement/placement/wsgi_wrapper.py:31}}
Jun 24 13:04:29.614532 n-d-847126-8 devstack@placement-api.service[112145]: INFO placement.requestlog [None req-ef0d046b-3520-43d4-8178-03139e2a9f65 service placement] 10.222.0.20 "DELETE /placement/resource_providers/d7813fdb-ba83-4db7-b5c3-4d015bdc1df3" status: 404 len: 246 microversion: 1.1
Jun 24 13:04:29.615053 n-d-847126-8 devstack@placement-api.service[112145]: [pid: 112145|app: 0|req: 348/696] 10.222.0.20 () {60 vars in 1351 bytes} [Fri Jun 24 13:04:29 2022] DELETE /placement/resource_providers/d7813fdb-ba83-4db7-b5c3-4d015bdc1df3 => generated 246 bytes in 25 msecs (HTTP/1.1 404) 6 headers in 231 bytes (1 switches on core 0)
Jun 24 13:04:36.093040 n-d-847126-8 devstack@placement-api.service[112144]: DEBUG placement.requestlog [req-8f3d6d20-fb2a-4cdc-9d21-056907b45a97 req-c6986ed4-c616-4891-9f79-aa919d8598de None None] Starting request: 10.222.0.18 "DELETE /placement/allocations/32ac1bb9-6476-440b-8992-fe88b6a0cc8e" {{(pid=112144) __call__ /opt/stack/placement/placement/requestlog.py:55}}
Jun 24 13:04:36.274908 n-d-847126-8 devstack@placement-api.service[112144]: DEBUG placement.handlers.allocation [req-8f3d6d20-fb2a-4cdc-9d21-056907b45a97 req-c6986ed4-c616-4891-9f79-aa919d8598de service placement] Successfully deleted allocations [, , ] {{(pid=112144) delete_allocations /opt/stack/placement/placement/handlers/allocation.py:627}}
Jun 24 13:04:36.276067 n-d-847126-8 devstack@placement-api.service[112144]: INFO placement.requestlog [req-8f3d6d20-fb2a-4cdc-9d21-056907b45a97 req-c6986ed4-c616-4891-9f79-aa919d8598de service placement] 10.222.0.18 "DELETE /placement/allocations/32ac1bb9-6476-440b-8992-fe88b6a0cc8e" status: 204 len: 0 microversion: 1.0
Jun 24 13:04:36.276922 n-d-847126-8 devstack@placement-api.service[112144]: [pid: 112144|app: 0|req: 349/697] 10.222.0.18 () {60 vars in 1355 bytes} [Fri Jun 24 13:04:36 2022] DELETE /placement/allocations/32ac1bb9-6476-440b-8992-fe88b6a0cc8e => generated 0 bytes in 184 msecs (HTTP/1.1 204) 5 headers in 198 bytes (2 switches on core 0)
Jun 24 13:04:36.716487 n-d-847126-8 devstack@placement-api.service[112145]: DEBUG placement.requestlog [req-49f03b5c-a62a-4a95-89da-d73ba5ae4a63 req-0e0298a9-d631-468a-a7f6-e7276368f832 None None] Starting request: 10.222.0.20 "GET /placement/allocation_candidates?limit=1000&resources=DISK_GB%3A1%2CMEMORY_MB%3A1024%2CVCPU%3A1&root_required=%21COMPUTE_STATUS_DISABLED" {{(pid=112145) __call__ /opt/stack/placement/placement/requestlog.py:55}}
Jun 24 13:04:36.791675 n-d-847126-8 devstack@placement-api.service[112145]: DEBUG placement.objects.research_context [req-49f03b5c-a62a-4a95-89da-d73ba5ae4a63 req-0e0298a9-d631-468a-a7f6-e7276368f832 service placement] getting providers with 1 DISK_GB {{(pid=112145) __init__ /opt/stack/placement/placement/objects/research_context.py:136}}
Jun 24 13:04:36.805858 n-d-847126-8 devstack@placement-api.service[112145]: DEBUG placement.objects.research_context [req-49f03b5c-a62a-4a95-89da-d73ba5ae4a63 req-0e0298a9-d631-468a-a7f6-e7276368f832 service placement] getting providers with 1024 MEMORY_MB {{(pid=112145) __init__ /opt/stack/placement/placement/objects/research_context.py:136}}
Jun 24 13:04:36.816773 n-d-847126-8 devstack@placement-api.service[112145]: DEBUG placement.objects.research_context [req-49f03b5c-a62a-4a95-89da-d73ba5ae4a63 req-0e0298a9-d631-468a-a7f6-e7276368f832 service placement] getting providers with 1 VCPU {{(pid=112145) __init__ /opt/stack/placement/placement/objects/research_context.py:136}}
Jun 24 13:04:36.826907 n-d-847126-8 devstack@placement-api.service[112145]: DEBUG placement.objects.research_context [req-49f03b5c-a62a-4a95-89da-d73ba5ae4a63 req-0e0298a9-d631-468a-a7f6-e7276368f832 service placement] found 2 providers with available 1 DISK_GB {{(pid=112145) get_provider_ids_matching /opt/stack/placement/placement/objects/research_context.py:563}}
Jun 24 13:04:36.827348 n-d-847126-8 devstack@placement-api.service[112145]: DEBUG placement.objects.research_context [req-49f03b5c-a62a-4a95-89da-d73ba5ae4a63 req-0e0298a9-d631-468a-a7f6-e7276368f832 service placement] found 2 providers with available 1024 MEMORY_MB {{(pid=112145) get_provider_ids_matching /opt/stack/placement/placement/objects/research_context.py:563}}
Jun 24 13:04:36.827473 n-d-847126-8 devstack@placement-api.service[112145]: DEBUG placement.objects.research_context [req-49f03b5c-a62a-4a95-89da-d73ba5ae4a63 req-0e0298a9-d631-468a-a7f6-e7276368f832 service placement] found 2 providers after filtering by previous result {{(pid=112145) get_provider_ids_matching /opt/stack/placement/placement/objects/research_context.py:594}}
Jun 24 13:04:36.827713 n-d-847126-8 devstack@placement-api.service[112145]: DEBUG placement.objects.research_context [req-49f03b5c-a62a-4a95-89da-d73ba5ae4a63 req-0e0298a9-d631-468a-a7f6-e7276368f832 service placement] found 2 providers with available 1 VCPU {{(pid=112145) get_provider_ids_matching /opt/stack/placement/placement/objects/research_context.py:563}}
Jun 24 13:04:36.828198 n-d-847126-8 devstack@placement-api.service[112145]: DEBUG placement.objects.research_context [req-49f03b5c-a62a-4a95-89da-d73ba5ae4a63 req-0e0298a9-d631-468a-a7f6-e7276368f832 service placement] found 2 providers after filtering by previous result {{(pid=112145) get_provider_ids_matching /opt/stack/placement/placement/objects/research_context.py:594}}
Jun 24 13:04:36.846448 n-d-847126-8 devstack@placement-api.service[112145]: DEBUG placement.objects.allocation_candidate [req-49f03b5c-a62a-4a95-89da-d73ba5ae4a63 req-0e0298a9-d631-468a-a7f6-e7276368f832 service placement] RequestGroup(use_same_provider=False, resources={DISK_GB:1, MEMORY_MB:1024, VCPU:1}, traits=(), aggregates=[]) (suffix '') returned 2 matches {{(pid=112145) _get_by_requests /opt/stack/placement/placement/objects/allocation_candidate.py:156}}
Jun 24 13:04:36.852381 n-d-847126-8 devstack@placement-api.service[112145]: DEBUG placement.objects.allocation_candidate [req-49f03b5c-a62a-4a95-89da-d73ba5ae4a63 req-0e0298a9-d631-468a-a7f6-e7276368f832 service placement] Merging candidates yields 2 allocation requests and 2 provider summaries {{(pid=112145) _merge_candidates /opt/stack/placement/placement/objects/allocation_candidate.py:809}}
Jun 24 13:04:36.862241 n-d-847126-8 devstack@placement-api.service[112145]: INFO placement.requestlog [req-49f03b5c-a62a-4a95-89da-d73ba5ae4a63 req-0e0298a9-d631-468a-a7f6-e7276368f832 service placement] 10.222.0.20 "GET /placement/allocation_candidates?limit=1000&resources=DISK_GB%3A1%2CMEMORY_MB%3A1024%2CVCPU%3A1&root_required=%21COMPUTE_STATUS_DISABLED" status: 200 len: 1309 microversion: 1.36
Jun 24 13:04:36.862969 n-d-847126-8 devstack@placement-api.service[112145]: [pid: 112145|app: 0|req: 349/698] 10.222.0.20 () {60 vars in 1506 bytes} [Fri Jun 24 13:04:36 2022] GET /placement/allocation_candidates?limit=1000&resources=DISK_GB%3A1%2CMEMORY_MB%3A1024%2CVCPU%3A1&root_required=%21COMPUTE_STATUS_DISABLED => generated 1309 bytes in 147 msecs (HTTP/1.1 200) 8 headers in 297 bytes (1 switches on core 0)
Jun 24 13:04:37.080347 n-d-847126-8 devstack@placement-api.service[112144]: DEBUG placement.requestlog [req-49f03b5c-a62a-4a95-89da-d73ba5ae4a63 req-cc430c55-8c2f-4bf1-a3b9-a082d71d96cb None None] Starting request: 10.222.0.20 "GET /placement/allocations/bb30213c-7e09-47c1-8539-0c65a39c227e" {{(pid=112144) __call__ /opt/stack/placement/placement/requestlog.py:55}}
Jun 24 13:04:37.080347 n-d-847126-8 devstack@placement-api.service[112144]: INFO placement.requestlog [req-49f03b5c-a62a-4a95-89da-d73ba5ae4a63 req-cc430c55-8c2f-4bf1-a3b9-a082d71d96cb service placement] 10.222.0.20 "GET /placement/allocations/bb30213c-7e09-47c1-8539-0c65a39c227e" status: 200 len: 19 microversion: 1.28
Jun 24 13:04:37.080347 n-d-847126-8 devstack@placement-api.service[112144]: [pid: 112144|app: 0|req: 350/699] 10.222.0.20 () {60 vars in 1380 bytes} [Fri Jun 24 13:04:37 2022] GET /placement/allocations/bb30213c-7e09-47c1-8539-0c65a39c227e => generated 19 bytes in 16 msecs (HTTP/1.1 200) 8 headers in 295 bytes (1 switches on core 0)
Jun 24 13:04:37.081983 n-d-847126-8 devstack@placement-api.service[112145]: DEBUG placement.requestlog [req-49f03b5c-a62a-4a95-89da-d73ba5ae4a63 req-113b7f76-d692-40f6-98c8-4b6d0a515aa5 None None] Starting request: 10.222.0.20 "PUT /placement/allocations/bb30213c-7e09-47c1-8539-0c65a39c227e" {{(pid=112145) __call__ /opt/stack/placement/placement/requestlog.py:55}}
Jun 24 13:04:37.539515 n-d-847126-8 devstack@placement-api.service[112145]: DEBUG placement.handlers.allocation [req-49f03b5c-a62a-4a95-89da-d73ba5ae4a63 req-113b7f76-d692-40f6-98c8-4b6d0a515aa5 service placement] Successfully wrote allocations [, , ] {{(pid=112145) _update_consumers_and_create_allocations /opt/stack/placement/placement/handlers/allocation.py:462}}
Jun 24 13:04:37.626411 n-d-847126-8 devstack@placement-api.service[112145]: INFO placement.requestlog [req-49f03b5c-a62a-4a95-89da-d73ba5ae4a63 req-113b7f76-d692-40f6-98c8-4b6d0a515aa5 service placement] 10.222.0.20 "PUT /placement/allocations/bb30213c-7e09-47c1-8539-0c65a39c227e" status: 204 len: 0 microversion: 1.36
Jun 24 13:04:37.627355 n-d-847126-8 devstack@placement-api.service[112145]: [pid: 112145|app: 0|req: 350/700] 10.222.0.20 () {64 vars in 1433 bytes} [Fri Jun 24 13:04:37 2022] PUT /placement/allocations/bb30213c-7e09-47c1-8539-0c65a39c227e => generated 0 bytes in 591 msecs (HTTP/1.1 204) 5 headers in 199 bytes (2 switches on core 0)
Jun 24 13:04:39.108274 n-d-847126-8 devstack@placement-api.service[112144]: DEBUG placement.requestlog [req-49f03b5c-a62a-4a95-89da-d73ba5ae4a63 req-dbc945e5-be48-4ce9-9fc6-97a3324071fb None None] Starting request: 10.222.0.42 "GET /placement/allocations/bb30213c-7e09-47c1-8539-0c65a39c227e" {{(pid=112144) __call__ /opt/stack/placement/placement/requestlog.py:55}}
Jun 24 13:04:39.417070 n-d-847126-8 devstack@placement-api.service[112144]: INFO placement.requestlog [req-49f03b5c-a62a-4a95-89da-d73ba5ae4a63 req-dbc945e5-be48-4ce9-9fc6-97a3324071fb service placement] 10.222.0.42 "GET /placement/allocations/bb30213c-7e09-47c1-8539-0c65a39c227e" status: 200 len: 259 microversion: 1.28
Jun 24 13:04:39.417706 n-d-847126-8 devstack@placement-api.service[112144]: [pid: 112144|app: 0|req: 351/701] 10.222.0.42 () {60 vars in 1377 bytes} [Fri Jun 24 13:04:39 2022] GET /placement/allocations/bb30213c-7e09-47c1-8539-0c65a39c227e => generated 259 bytes in 310 msecs (HTTP/1.1 200) 8 headers in 296 bytes (1 switches on core 0)
Jun 24 13:04:40.040311 n-d-847126-8 devstack@placement-api.service[112145]: DEBUG placement.requestlog [req-49f03b5c-a62a-4a95-89da-d73ba5ae4a63 req-a6171404-ee9d-4b9c-8075-0566ff57344c None None] Starting request: 10.222.0.42 "GET /placement/resource_providers?in_tree=629fa4ba-4aad-49c7-8eab-d28f067c29e1" {{(pid=112145) __call__ /opt/stack/placement/placement/requestlog.py:55}}
Jun 24 13:04:40.086689 n-d-847126-8 devstack@placement-api.service[112145]: INFO placement.requestlog [req-49f03b5c-a62a-4a95-89da-d73ba5ae4a63 req-a6171404-ee9d-4b9c-8075-0566ff57344c service placement] 10.222.0.42 "GET /placement/resource_providers?in_tree=629fa4ba-4aad-49c7-8eab-d28f067c29e1" status: 200 len: 863 microversion: 1.14
Jun 24 13:04:40.089811 n-d-847126-8 devstack@placement-api.service[112145]: [pid: 112145|app: 0|req: 351/702] 10.222.0.42 () {60 vars in 1376 bytes} [Fri Jun 24 13:04:40 2022] GET /placement/resource_providers?in_tree=629fa4ba-4aad-49c7-8eab-d28f067c29e1 => generated 863 bytes in 49 msecs (HTTP/1.1 200) 6 headers in 225 bytes (1 switches on core 0)
Jun 24 13:04:40.104915 n-d-847126-8 devstack@placement-api.service[112144]: DEBUG placement.requestlog [req-49f03b5c-a62a-4a95-89da-d73ba5ae4a63 req-144d68b3-3902-4aca-a757-4830b3ecc380 None None] Starting request: 10.222.0.42 "GET /placement/resource_providers/629fa4ba-4aad-49c7-8eab-d28f067c29e1/inventories" {{(pid=112144) __call__ /opt/stack/placement/placement/requestlog.py:55}}
Jun 24 13:04:40.148777 n-d-847126-8 devstack@placement-api.service[112144]: INFO placement.requestlog [req-49f03b5c-a62a-4a95-89da-d73ba5ae4a63 req-144d68b3-3902-4aca-a757-4830b3ecc380 service placement] 10.222.0.42 "GET /placement/resource_providers/629fa4ba-4aad-49c7-8eab-d28f067c29e1/inventories" status: 200 len: 398 microversion: 1.0
Jun 24 13:04:40.149503 n-d-847126-8 devstack@placement-api.service[112144]: [pid: 112144|app: 0|req: 352/703] 10.222.0.42 () {58 vars in 1390 bytes} [Fri Jun 24 13:04:40 2022] GET /placement/resource_providers/629fa4ba-4aad-49c7-8eab-d28f067c29e1/inventories => generated 398 bytes in 45 msecs (HTTP/1.1 200) 6 headers in 224 bytes (1 switches on core 0)
Jun 24 13:04:40.177095 n-d-847126-8 devstack@placement-api.service[112145]: DEBUG placement.requestlog [req-49f03b5c-a62a-4a95-89da-d73ba5ae4a63 req-8245f6bd-ef24-4fab-a715-df27cfa4ea2b None None] Starting request: 10.222.0.42 "GET /placement/resource_providers/629fa4ba-4aad-49c7-8eab-d28f067c29e1/aggregates" {{(pid=112145) __call__ /opt/stack/placement/placement/requestlog.py:55}}
Jun 24 13:04:40.206088 n-d-847126-8 devstack@placement-api.service[112145]: INFO placement.requestlog [req-49f03b5c-a62a-4a95-89da-d73ba5ae4a63 req-8245f6bd-ef24-4fab-a715-df27cfa4ea2b service placement] 10.222.0.42 "GET /placement/resource_providers/629fa4ba-4aad-49c7-8eab-d28f067c29e1/aggregates" status: 200 len: 54 microversion: 1.19
Jun 24 13:04:40.212091 n-d-847126-8 devstack@placement-api.service[112145]: [pid: 112145|app: 0|req: 352/704] 10.222.0.42 () {60 vars in 1431 bytes} [Fri Jun 24 13:04:40 2022] GET /placement/resource_providers/629fa4ba-4aad-49c7-8eab-d28f067c29e1/aggregates => generated 54 bytes in 31 msecs (HTTP/1.1 200) 8 headers in 295 bytes (1 switches on core 0)
Jun 24 13:04:40.225012 n-d-847126-8 devstack@placement-api.service[112144]: DEBUG placement.requestlog [req-49f03b5c-a62a-4a95-89da-d73ba5ae4a63 req-2a8f7e89-94c7-4bf5-98a4-821ce9bba52d None None] Starting request: 10.222.0.42 "GET /placement/resource_providers/629fa4ba-4aad-49c7-8eab-d28f067c29e1/traits" {{(pid=112144) __call__ /opt/stack/placement/placement/requestlog.py:55}}
Jun 24 13:04:40.307246 n-d-847126-8 devstack@placement-api.service[112144]: INFO placement.requestlog [req-49f03b5c-a62a-4a95-89da-d73ba5ae4a63 req-2a8f7e89-94c7-4bf5-98a4-821ce9bba52d service placement] 10.222.0.42 "GET /placement/resource_providers/629fa4ba-4aad-49c7-8eab-d28f067c29e1/traits" status: 200 len: 212 microversion: 1.6
Jun 24 13:04:40.308293 n-d-847126-8 devstack@placement-api.service[112144]: [pid: 112144|app: 0|req: 353/705] 10.222.0.42 () {60 vars in 1418 bytes} [Fri Jun 24 13:04:40 2022] GET /placement/resource_providers/629fa4ba-4aad-49c7-8eab-d28f067c29e1/traits => generated 212 bytes in 85 msecs (HTTP/1.1 200) 6 headers in 224 bytes (1 switches on core 0)
Jun 24 13:04:41.812810 n-d-847126-8 devstack@placement-api.service[112145]: DEBUG placement.requestlog [req-bdfcf7e2-d9db-4818-b3ac-dde0ee5fa32e req-c981e71a-85f9-4e84-97df-931b5837359c None None] Starting request: 10.222.0.20 "GET /placement/allocation_candidates?limit=1000&resources=DISK_GB%3A1%2CMEMORY_MB%3A1024%2CVCPU%3A1&root_required=%21COMPUTE_STATUS_DISABLED" {{(pid=112145) __call__ /opt/stack/placement/placement/requestlog.py:55}}
Jun 24 13:04:41.888761 n-d-847126-8 devstack@placement-api.service[112145]: DEBUG placement.objects.research_context [req-bdfcf7e2-d9db-4818-b3ac-dde0ee5fa32e req-c981e71a-85f9-4e84-97df-931b5837359c service placement] getting providers with 1 DISK_GB {{(pid=112145) __init__ /opt/stack/placement/placement/objects/research_context.py:136}}
Jun 24 13:04:41.912274 n-d-847126-8 devstack@placement-api.service[112145]: DEBUG placement.objects.research_context [req-bdfcf7e2-d9db-4818-b3ac-dde0ee5fa32e req-c981e71a-85f9-4e84-97df-931b5837359c service placement] getting providers with 1024 MEMORY_MB {{(pid=112145) __init__ /opt/stack/placement/placement/objects/research_context.py:136}}
Jun 24 13:04:41.946034 n-d-847126-8 devstack@placement-api.service[112145]: DEBUG placement.objects.research_context [req-bdfcf7e2-d9db-4818-b3ac-dde0ee5fa32e req-c981e71a-85f9-4e84-97df-931b5837359c service placement] getting providers with 1 VCPU {{(pid=112145) __init__ /opt/stack/placement/placement/objects/research_context.py:136}}
Jun 24 13:04:41.952536 n-d-847126-8 devstack@placement-api.service[112145]: DEBUG placement.objects.research_context [req-bdfcf7e2-d9db-4818-b3ac-dde0ee5fa32e req-c981e71a-85f9-4e84-97df-931b5837359c service placement] found 2 providers with available 1 DISK_GB {{(pid=112145) get_provider_ids_matching /opt/stack/placement/placement/objects/research_context.py:563}}
Jun 24 13:04:41.953657 n-d-847126-8 devstack@placement-api.service[112145]: DEBUG placement.objects.research_context [req-bdfcf7e2-d9db-4818-b3ac-dde0ee5fa32e req-c981e71a-85f9-4e84-97df-931b5837359c service placement] found 2 providers with available 1024 MEMORY_MB {{(pid=112145) get_provider_ids_matching /opt/stack/placement/placement/objects/research_context.py:563}}
Jun 24 13:04:41.954142 n-d-847126-8 devstack@placement-api.service[112145]: DEBUG placement.objects.research_context [req-bdfcf7e2-d9db-4818-b3ac-dde0ee5fa32e req-c981e71a-85f9-4e84-97df-931b5837359c service placement] found 2 providers after filtering by previous result {{(pid=112145) get_provider_ids_matching /opt/stack/placement/placement/objects/research_context.py:594}}
Jun 24 13:04:41.954642 n-d-847126-8 devstack@placement-api.service[112145]: DEBUG placement.objects.research_context [req-bdfcf7e2-d9db-4818-b3ac-dde0ee5fa32e req-c981e71a-85f9-4e84-97df-931b5837359c service placement] found 2 providers with available 1 VCPU {{(pid=112145) get_provider_ids_matching /opt/stack/placement/placement/objects/research_context.py:563}}
Jun 24 13:04:41.955162 n-d-847126-8 devstack@placement-api.service[112145]: DEBUG placement.objects.research_context [req-bdfcf7e2-d9db-4818-b3ac-dde0ee5fa32e req-c981e71a-85f9-4e84-97df-931b5837359c service placement] found 2 providers after filtering by previous result {{(pid=112145) get_provider_ids_matching /opt/stack/placement/placement/objects/research_context.py:594}}
Jun 24 13:04:41.967386 n-d-847126-8 devstack@placement-api.service[112145]: DEBUG placement.objects.allocation_candidate [req-bdfcf7e2-d9db-4818-b3ac-dde0ee5fa32e req-c981e71a-85f9-4e84-97df-931b5837359c service placement] RequestGroup(use_same_provider=False, resources={DISK_GB:1, MEMORY_MB:1024, VCPU:1}, traits=(), aggregates=[]) (suffix '') returned 2 matches {{(pid=112145) _get_by_requests /opt/stack/placement/placement/objects/allocation_candidate.py:156}}
