Jun 24 12:51:24.085691 n-d-847126-8 devstack@placement-api.service[112144]: INFO placement.requestlog [req-85e55db5-5e6d-4490-8a44-8799090b4e1c req-7560a3b6-a5ae-465a-846e-ebd3a23c81f3 service placement] 10.222.0.20 "GET /placement/allocation_candidates?limit=1000&resources=DISK_GB%3A1%2CMEMORY_MB%3A1024%2CVCPU%3A1&root_required=%21COMPUTE_STATUS_DISABLED" status: 200 len: 1303 microversion: 1.36
Jun 24 12:51:24.086417 n-d-847126-8 devstack@placement-api.service[112144]: [pid: 112144|app: 0|req: 13/27] 10.222.0.20 () {60 vars in 1506 bytes} [Fri Jun 24 12:51:23 2022] GET /placement/allocation_candidates?limit=1000&resources=DISK_GB%3A1%2CMEMORY_MB%3A1024%2CVCPU%3A1&root_required=%21COMPUTE_STATUS_DISABLED => generated 1303 bytes in 421 msecs (HTTP/1.1 200) 8 headers in 297 bytes (1 switches on core 0)
Jun 24 12:51:24.117108 n-d-847126-8 devstack@placement-api.service[112145]: DEBUG placement.requestlog [None req-90c7d34d-7549-47fe-be05-fae08f9d2bb8 None None] Starting request: 10.222.0.20 "GET /placement/" {{(pid=112145) __call__ /opt/stack/placement/placement/requestlog.py:55}}
Jun 24 12:51:24.118829 n-d-847126-8 devstack@placement-api.service[112145]: INFO placement.requestlog [None req-90c7d34d-7549-47fe-be05-fae08f9d2bb8 None None] 10.222.0.20 "GET /placement/" status: 200 len: 136 microversion: 1.0
Jun 24 12:51:24.119479 n-d-847126-8 devstack@placement-api.service[112145]: [pid: 112145|app: 0|req: 15/28] 10.222.0.20 () {54 vars in 907 bytes} [Fri Jun 24 12:51:24 2022] GET /placement => generated 136 bytes in 3 msecs (HTTP/1.1 200) 6 headers in 224 bytes (1 switches on core 0)
Jun 24 12:51:24.132263 n-d-847126-8 devstack@placement-api.service[112144]: DEBUG placement.requestlog [req-316ae2a6-4bb9-460e-94be-b0622e691a95 req-3b3483da-0a1f-4bf0-82ee-cb9965e278ee None None] Starting request: 10.222.0.20 "GET /placement/resource_providers?name=n-h2-847126-8" {{(pid=112144) __call__ /opt/stack/placement/placement/requestlog.py:55}}
Jun 24 12:51:24.227863 n-d-847126-8 devstack@placement-api.service[112145]: DEBUG placement.requestlog [req-85e55db5-5e6d-4490-8a44-8799090b4e1c req-544b0ab5-c429-43a1-8dda-8c9148816c95 None None] Starting request: 10.222.0.20 "GET /placement/allocations/50230e3e-be7a-43f7-9f15-eec2ed95176a" {{(pid=112145) __call__ /opt/stack/placement/placement/requestlog.py:55}}
Jun 24 12:51:24.244391 n-d-847126-8 devstack@placement-api.service[112145]: INFO placement.requestlog [req-85e55db5-5e6d-4490-8a44-8799090b4e1c req-544b0ab5-c429-43a1-8dda-8c9148816c95 service placement] 10.222.0.20 "GET /placement/allocations/50230e3e-be7a-43f7-9f15-eec2ed95176a" status: 200 len: 19 microversion: 1.28
Jun 24 12:51:24.245439 n-d-847126-8 devstack@placement-api.service[112145]: [pid: 112145|app: 0|req: 16/29] 10.222.0.20 () {60 vars in 1380 bytes} [Fri Jun 24 12:51:24 2022] GET /placement/allocations/50230e3e-be7a-43f7-9f15-eec2ed95176a => generated 19 bytes in 18 msecs (HTTP/1.1 200) 8 headers in 295 bytes (1 switches on core 0)
Jun 24 12:51:24.252768 n-d-847126-8 devstack@placement-api.service[112145]: DEBUG placement.requestlog [req-85e55db5-5e6d-4490-8a44-8799090b4e1c req-ec96a53a-23de-4eec-9325-f46fd16ee56c None None] Starting request: 10.222.0.20 "PUT /placement/allocations/50230e3e-be7a-43f7-9f15-eec2ed95176a" {{(pid=112145) __call__ /opt/stack/placement/placement/requestlog.py:55}}
Jun 24 12:51:24.586330 n-d-847126-8 devstack@placement-api.service[112145]: DEBUG placement.handlers.allocation [req-85e55db5-5e6d-4490-8a44-8799090b4e1c req-ec96a53a-23de-4eec-9325-f46fd16ee56c service placement] Successfully wrote allocations [, , ] {{(pid=112145) _update_consumers_and_create_allocations /opt/stack/placement/placement/handlers/allocation.py:462}}
Jun 24 12:51:24.594104 n-d-847126-8 devstack@placement-api.service[112144]: INFO placement.requestlog [req-316ae2a6-4bb9-460e-94be-b0622e691a95 req-3b3483da-0a1f-4bf0-82ee-cb9965e278ee service placement] 10.222.0.20 "GET /placement/resource_providers?name=n-h2-847126-8" status: 200 len: 440 microversion: 1.0
Jun 24 12:51:24.594595 n-d-847126-8 devstack@placement-api.service[112144]: [pid: 112144|app: 0|req: 14/30] 10.222.0.20 () {58 vars in 1274 bytes} [Fri Jun 24 12:51:24 2022] GET /placement/resource_providers?name=n-h2-847126-8 => generated 440 bytes in 463 msecs (HTTP/1.1 200) 6 headers in 224 bytes (1 switches on core 0)
Jun 24 12:51:24.601572 n-d-847126-8 devstack@placement-api.service[112144]: DEBUG placement.requestlog [req-316ae2a6-4bb9-460e-94be-b0622e691a95 req-65cb538b-1603-49f9-9099-07f96d2b24ef None None] Starting request: 10.222.0.20 "GET /placement/resource_providers/c0d81949-a4c7-4bc2-b9ba-481f6e275010/aggregates" {{(pid=112144) __call__ /opt/stack/placement/placement/requestlog.py:55}}
Jun 24 12:51:24.621323 n-d-847126-8 devstack@placement-api.service[112144]: INFO placement.requestlog [req-316ae2a6-4bb9-460e-94be-b0622e691a95 req-65cb538b-1603-49f9-9099-07f96d2b24ef service placement] 10.222.0.20 "GET /placement/resource_providers/c0d81949-a4c7-4bc2-b9ba-481f6e275010/aggregates" status: 200 len: 91 microversion: 1.19
Jun 24 12:51:24.621876 n-d-847126-8 devstack@placement-api.service[112144]: [pid: 112144|app: 0|req: 15/31] 10.222.0.20 () {60 vars in 1425 bytes} [Fri Jun 24 12:51:24 2022] GET /placement/resource_providers/c0d81949-a4c7-4bc2-b9ba-481f6e275010/aggregates => generated 91 bytes in 20 msecs (HTTP/1.1 200) 8 headers in 295 bytes (2 switches on core 0)
Jun 24 12:51:24.630692 n-d-847126-8 devstack@placement-api.service[112144]: DEBUG placement.requestlog [req-316ae2a6-4bb9-460e-94be-b0622e691a95 req-72c15136-a83c-464b-bfe1-734be6e25825 None None] Starting request: 10.222.0.20 "PUT /placement/resource_providers/c0d81949-a4c7-4bc2-b9ba-481f6e275010/aggregates" {{(pid=112144) __call__ /opt/stack/placement/placement/requestlog.py:55}}
Jun 24 12:51:24.647823 n-d-847126-8 devstack@placement-api.service[112144]: DEBUG placement.objects.resource_provider [req-316ae2a6-4bb9-460e-94be-b0622e691a95 req-72c15136-a83c-464b-bfe1-734be6e25825 service placement] Setting aggregates for provider c0d81949-a4c7-4bc2-b9ba-481f6e275010. Successfully disassociated aggregate 5198669c-0352-484a-8dcf-8cf51813f613. {{(pid=112144) _set_aggregates /opt/stack/placement/placement/objects/resource_provider.py:404}}
Jun 24 12:51:24.676579 n-d-847126-8 devstack@placement-api.service[112145]: INFO placement.requestlog [req-85e55db5-5e6d-4490-8a44-8799090b4e1c req-ec96a53a-23de-4eec-9325-f46fd16ee56c service placement] 10.222.0.20 "PUT /placement/allocations/50230e3e-be7a-43f7-9f15-eec2ed95176a" status: 204 len: 0 microversion: 1.36
Jun 24 12:51:24.678323 n-d-847126-8 devstack@placement-api.service[112145]: [pid: 112145|app: 0|req: 17/32] 10.222.0.20 () {64 vars in 1433 bytes} [Fri Jun 24 12:51:24 2022] PUT /placement/allocations/50230e3e-be7a-43f7-9f15-eec2ed95176a => generated 0 bytes in 426 msecs (HTTP/1.1 204) 5 headers in 199 bytes (1 switches on core 0)
Jun 24 12:51:24.718925 n-d-847126-8 devstack@placement-api.service[112144]: DEBUG placement.wsgi_wrapper [req-316ae2a6-4bb9-460e-94be-b0622e691a95 req-72c15136-a83c-464b-bfe1-734be6e25825 service placement] Placement API returning an error response: Update conflict: Another thread concurrently updated the resource provider data. Please retry your update {{(pid=112144) call_func /opt/stack/placement/placement/wsgi_wrapper.py:31}}
Jun 24 12:51:24.720824 n-d-847126-8 devstack@placement-api.service[112144]: INFO placement.requestlog [req-316ae2a6-4bb9-460e-94be-b0622e691a95 req-72c15136-a83c-464b-bfe1-734be6e25825 service placement] 10.222.0.20 "PUT /placement/resource_providers/c0d81949-a4c7-4bc2-b9ba-481f6e275010/aggregates" status: 409 len: 292 microversion: 1.19
Jun 24 12:51:24.721415 n-d-847126-8 devstack@placement-api.service[112144]: [pid: 112144|app: 0|req: 16/33] 10.222.0.20 () {64 vars in 1477 bytes} [Fri Jun 24 12:51:24 2022] PUT /placement/resource_providers/c0d81949-a4c7-4bc2-b9ba-481f6e275010/aggregates => generated 292 bytes in 91 msecs (HTTP/1.1 409) 6 headers in 231 bytes (2 switches on core 0)
Jun 24 12:51:24.733105 n-d-847126-8 devstack@placement-api.service[112145]: DEBUG placement.requestlog [req-316ae2a6-4bb9-460e-94be-b0622e691a95 req-cf619179-f6d1-4943-9f5b-ece6d0edfada None None] Starting request: 10.222.0.20 "GET /placement/resource_providers?name=n-h2-847126-8" {{(pid=112145) __call__ /opt/stack/placement/placement/requestlog.py:55}}
Jun 24 12:51:24.748236 n-d-847126-8 devstack@placement-api.service[112145]: INFO placement.requestlog [req-316ae2a6-4bb9-460e-94be-b0622e691a95 req-cf619179-f6d1-4943-9f5b-ece6d0edfada service placement] 10.222.0.20 "GET /placement/resource_providers?name=n-h2-847126-8" status: 200 len: 440 microversion: 1.0
Jun 24 12:51:24.750318 n-d-847126-8 devstack@placement-api.service[112145]: [pid: 112145|app: 0|req: 18/34] 10.222.0.20 () {58 vars in 1274 bytes} [Fri Jun 24 12:51:24 2022] GET /placement/resource_providers?name=n-h2-847126-8 => generated 440 bytes in 18 msecs (HTTP/1.1 200) 6 headers in 224 bytes (1 switches on core 0)
Jun 24 12:51:24.757649 n-d-847126-8 devstack@placement-api.service[112144]: DEBUG placement.requestlog [req-316ae2a6-4bb9-460e-94be-b0622e691a95 req-c45684bc-ea79-4012-b40a-e81b5ba8cc15 None None] Starting request: 10.222.0.20 "GET /placement/resource_providers/c0d81949-a4c7-4bc2-b9ba-481f6e275010/aggregates" {{(pid=112144) __call__ /opt/stack/placement/placement/requestlog.py:55}}
Jun 24 12:51:24.783392 n-d-847126-8 devstack@placement-api.service[112144]: INFO placement.requestlog [req-316ae2a6-4bb9-460e-94be-b0622e691a95 req-c45684bc-ea79-4012-b40a-e81b5ba8cc15 service placement] 10.222.0.20 "GET /placement/resource_providers/c0d81949-a4c7-4bc2-b9ba-481f6e275010/aggregates" status: 200 len: 91 microversion: 1.19
Jun 24 12:51:24.793703 n-d-847126-8 devstack@placement-api.service[112145]: DEBUG placement.requestlog [req-316ae2a6-4bb9-460e-94be-b0622e691a95 req-64599bdd-e5fe-4c42-bdb7-9c1f33c98998 None None] Starting request: 10.222.0.20 "PUT /placement/resource_providers/c0d81949-a4c7-4bc2-b9ba-481f6e275010/aggregates" {{(pid=112145) __call__ /opt/stack/placement/placement/requestlog.py:55}}
Jun 24 12:51:24.803354 n-d-847126-8 devstack@placement-api.service[112144]: [pid: 112144|app: 0|req: 17/35] 10.222.0.20 () {60 vars in 1425 bytes} [Fri Jun 24 12:51:24 2022] GET /placement/resource_providers/c0d81949-a4c7-4bc2-b9ba-481f6e275010/aggregates => generated 91 bytes in 45 msecs (HTTP/1.1 200) 8 headers in 295 bytes (1 switches on core 0)
Jun 24 12:51:24.821283 n-d-847126-8 devstack@placement-api.service[112145]: DEBUG placement.objects.resource_provider [req-316ae2a6-4bb9-460e-94be-b0622e691a95 req-64599bdd-e5fe-4c42-bdb7-9c1f33c98998 service placement] Setting aggregates for provider c0d81949-a4c7-4bc2-b9ba-481f6e275010. Successfully disassociated aggregate 5198669c-0352-484a-8dcf-8cf51813f613. {{(pid=112145) _set_aggregates /opt/stack/placement/placement/objects/resource_provider.py:404}}
Jun 24 12:51:24.916920 n-d-847126-8 devstack@placement-api.service[112145]: INFO placement.requestlog [req-316ae2a6-4bb9-460e-94be-b0622e691a95 req-64599bdd-e5fe-4c42-bdb7-9c1f33c98998 service placement] 10.222.0.20 "PUT /placement/resource_providers/c0d81949-a4c7-4bc2-b9ba-481f6e275010/aggregates" status: 200 len: 53 microversion: 1.19
Jun 24 12:51:24.917612 n-d-847126-8 devstack@placement-api.service[112145]: [pid: 112145|app: 0|req: 19/36] 10.222.0.20 () {64 vars in 1477 bytes} [Fri Jun 24 12:51:24 2022] PUT /placement/resource_providers/c0d81949-a4c7-4bc2-b9ba-481f6e275010/aggregates => generated 53 bytes in 124 msecs (HTTP/1.1 200) 8 headers in 295 bytes (1 switches on core 0)
Jun 24 12:51:26.155262 n-d-847126-8 devstack@placement-api.service[112144]: DEBUG placement.requestlog [req-85e55db5-5e6d-4490-8a44-8799090b4e1c req-1eb3b45f-010f-43ad-a523-d63e435939b6 None None] Starting request: 10.222.0.18 "GET /placement/allocations/50230e3e-be7a-43f7-9f15-eec2ed95176a" {{(pid=112144) __call__ /opt/stack/placement/placement/requestlog.py:55}}
Jun 24 12:51:26.183133 n-d-847126-8 devstack@placement-api.service[112144]: INFO placement.requestlog [req-85e55db5-5e6d-4490-8a44-8799090b4e1c req-1eb3b45f-010f-43ad-a523-d63e435939b6 service placement] 10.222.0.18 "GET /placement/allocations/50230e3e-be7a-43f7-9f15-eec2ed95176a" status: 200 len: 258 microversion: 1.28
Jun 24 12:51:26.184015 n-d-847126-8 devstack@placement-api.service[112144]: [pid: 112144|app: 0|req: 18/37] 10.222.0.18 () {60 vars in 1377 bytes} [Fri Jun 24 12:51:26 2022] GET /placement/allocations/50230e3e-be7a-43f7-9f15-eec2ed95176a => generated 258 bytes in 29 msecs (HTTP/1.1 200) 8 headers in 296 bytes (1 switches on core 0)
Jun 24 12:51:26.883383 n-d-847126-8 devstack@placement-api.service[112145]: DEBUG placement.requestlog [req-baabc1cd-25ad-47ba-b585-593775dda875 req-3b8ed949-35bf-40ad-9490-90cbeabd01f6 None None] Starting request: 10.222.0.20 "GET /placement/resource_providers?name=n-h2-847126-8" {{(pid=112145) __call__ /opt/stack/placement/placement/requestlog.py:55}}
Jun 24 12:51:26.895306 n-d-847126-8 devstack@placement-api.service[112145]: INFO placement.requestlog [req-baabc1cd-25ad-47ba-b585-593775dda875 req-3b8ed949-35bf-40ad-9490-90cbeabd01f6 service placement] 10.222.0.20 "GET /placement/resource_providers?name=n-h2-847126-8" status: 200 len: 440 microversion: 1.0
Jun 24 12:51:26.896709 n-d-847126-8 devstack@placement-api.service[112145]: [pid: 112145|app: 0|req: 20/38] 10.222.0.20 () {58 vars in 1274 bytes} [Fri Jun 24 12:51:26 2022] GET /placement/resource_providers?name=n-h2-847126-8 => generated 440 bytes in 14 msecs (HTTP/1.1 200) 6 headers in 224 bytes (1 switches on core 0)
Jun 24 12:51:26.904502 n-d-847126-8 devstack@placement-api.service[112144]: DEBUG placement.requestlog [req-baabc1cd-25ad-47ba-b585-593775dda875 req-acc6aa0b-bd0e-4565-a6f2-868dd948eb66 None None] Starting request: 10.222.0.20 "GET /placement/resource_providers/c0d81949-a4c7-4bc2-b9ba-481f6e275010/aggregates" {{(pid=112144) __call__ /opt/stack/placement/placement/requestlog.py:55}}
Jun 24 12:51:26.918736 n-d-847126-8 devstack@placement-api.service[112144]: INFO placement.requestlog [req-baabc1cd-25ad-47ba-b585-593775dda875 req-acc6aa0b-bd0e-4565-a6f2-868dd948eb66 service placement] 10.222.0.20 "GET /placement/resource_providers/c0d81949-a4c7-4bc2-b9ba-481f6e275010/aggregates" status: 200 len: 53 microversion: 1.19
Jun 24 12:51:26.919078 n-d-847126-8 devstack@placement-api.service[112144]: [pid: 112144|app: 0|req: 19/39] 10.222.0.20 () {60 vars in 1425 bytes} [Fri Jun 24 12:51:26 2022] GET /placement/resource_providers/c0d81949-a4c7-4bc2-b9ba-481f6e275010/aggregates => generated 53 bytes in 15 msecs (HTTP/1.1 200) 8 headers in 295 bytes (1 switches on core 0)
Jun 24 12:51:26.925447 n-d-847126-8 devstack@placement-api.service[112145]: DEBUG placement.requestlog [req-baabc1cd-25ad-47ba-b585-593775dda875 req-d89adece-6188-43e0-82b5-568491fc9923 None None] Starting request: 10.222.0.20 "PUT /placement/resource_providers/c0d81949-a4c7-4bc2-b9ba-481f6e275010/aggregates" {{(pid=112145) __call__ /opt/stack/placement/placement/requestlog.py:55}}
Jun 24 12:51:26.945947 n-d-847126-8 devstack@placement-api.service[112145]: DEBUG placement.objects.resource_provider [req-baabc1cd-25ad-47ba-b585-593775dda875 req-d89adece-6188-43e0-82b5-568491fc9923 service placement] _ensure_aggregate() did not find aggregate e6e0ad0b-2b0c-43cd-bb6b-a21aae0a6dec. Attempting to create it. {{(pid=112145) _ensure_aggregate /opt/stack/placement/placement/objects/resource_provider.py:321}}
Jun 24 12:51:26.953149 n-d-847126-8 devstack@placement-api.service[112145]: DEBUG placement.objects.resource_provider [req-baabc1cd-25ad-47ba-b585-593775dda875 req-d89adece-6188-43e0-82b5-568491fc9923 service placement] _ensure_aggregate() created new aggregate e6e0ad0b-2b0c-43cd-bb6b-a21aae0a6dec (id=2). {{(pid=112145) _ensure_aggregate /opt/stack/placement/placement/objects/resource_provider.py:327}}
Jun 24 12:51:26.956245 n-d-847126-8 devstack@placement-api.service[112145]: DEBUG placement.objects.resource_provider [req-baabc1cd-25ad-47ba-b585-593775dda875 req-d89adece-6188-43e0-82b5-568491fc9923 service placement] Setting aggregates for provider c0d81949-a4c7-4bc2-b9ba-481f6e275010. Successfully associated aggregate e6e0ad0b-2b0c-43cd-bb6b-a21aae0a6dec. {{(pid=112145) _set_aggregates /opt/stack/placement/placement/objects/resource_provider.py:389}}
Jun 24 12:51:27.039336 n-d-847126-8 devstack@placement-api.service[112145]: INFO placement.requestlog [req-baabc1cd-25ad-47ba-b585-593775dda875 req-d89adece-6188-43e0-82b5-568491fc9923 service placement] 10.222.0.20 "PUT /placement/resource_providers/c0d81949-a4c7-4bc2-b9ba-481f6e275010/aggregates" status: 200 len: 91 microversion: 1.19
Jun 24 12:51:27.040062 n-d-847126-8 devstack@placement-api.service[112145]: [pid: 112145|app: 0|req: 21/40] 10.222.0.20 () {64 vars in 1477 bytes} [Fri Jun 24 12:51:26 2022] PUT /placement/resource_providers/c0d81949-a4c7-4bc2-b9ba-481f6e275010/aggregates => generated 91 bytes in 115 msecs (HTTP/1.1 200) 8 headers in 295 bytes (1 switches on core 0)
Jun 24 12:51:27.135479 n-d-847126-8 devstack@placement-api.service[112144]: DEBUG placement.requestlog [req-386612a8-af68-48a1-95f4-30da1590c523 req-53684026-0761-4983-9a15-00521f008822 None None] Starting request: 10.222.0.20 "GET /placement/resource_providers?name=n-h2-847126-8" {{(pid=112144) __call__ /opt/stack/placement/placement/requestlog.py:55}}
Jun 24 12:51:27.148330 n-d-847126-8 devstack@placement-api.service[112144]: INFO placement.requestlog [req-386612a8-af68-48a1-95f4-30da1590c523 req-53684026-0761-4983-9a15-00521f008822 service placement] 10.222.0.20 "GET /placement/resource_providers?name=n-h2-847126-8" status: 200 len: 440 microversion: 1.0
Jun 24 12:51:27.149622 n-d-847126-8 devstack@placement-api.service[112144]: [pid: 112144|app: 0|req: 20/41] 10.222.0.20 () {58 vars in 1274 bytes} [Fri Jun 24 12:51:27 2022] GET /placement/resource_providers?name=n-h2-847126-8 => generated 440 bytes in 14 msecs (HTTP/1.1 200) 6 headers in 224 bytes (1 switches on core 0)
Jun 24 12:51:27.157926 n-d-847126-8 devstack@placement-api.service[112145]: DEBUG placement.requestlog [req-386612a8-af68-48a1-95f4-30da1590c523 req-0eef5745-2f1b-43af-acfd-dad6ba21b2ff None None] Starting request: 10.222.0.20 "GET /placement/resource_providers/c0d81949-a4c7-4bc2-b9ba-481f6e275010/aggregates" {{(pid=112145) __call__ /opt/stack/placement/placement/requestlog.py:55}}
Jun 24 12:51:27.176370 n-d-847126-8 devstack@placement-api.service[112145]: INFO placement.requestlog [req-386612a8-af68-48a1-95f4-30da1590c523 req-0eef5745-2f1b-43af-acfd-dad6ba21b2ff service placement] 10.222.0.20 "GET /placement/resource_providers/c0d81949-a4c7-4bc2-b9ba-481f6e275010/aggregates" status: 200 len: 91 microversion: 1.19
Jun 24 12:51:27.179157 n-d-847126-8 devstack@placement-api.service[112145]: [pid: 112145|app: 0|req: 22/42] 10.222.0.20 () {60 vars in 1425 bytes} [Fri Jun 24 12:51:27 2022] GET /placement/resource_providers/c0d81949-a4c7-4bc2-b9ba-481f6e275010/aggregates => generated 91 bytes in 19 msecs (HTTP/1.1 200) 8 headers in 295 bytes (1 switches on core 0)
Jun 24 12:51:27.183786 n-d-847126-8 devstack@placement-api.service[112144]: DEBUG placement.requestlog [req-386612a8-af68-48a1-95f4-30da1590c523 req-24177a32-e1da-451d-8ae8-4769237a83e1 None None] Starting request: 10.222.0.20 "PUT /placement/resource_providers/c0d81949-a4c7-4bc2-b9ba-481f6e275010/aggregates" {{(pid=112144) __call__ /opt/stack/placement/placement/requestlog.py:55}}
Jun 24 12:51:27.206296 n-d-847126-8 devstack@placement-api.service[112144]: DEBUG placement.objects.resource_provider [req-386612a8-af68-48a1-95f4-30da1590c523 req-24177a32-e1da-451d-8ae8-4769237a83e1 service placement] Setting aggregates for provider c0d81949-a4c7-4bc2-b9ba-481f6e275010. Successfully disassociated aggregate e6e0ad0b-2b0c-43cd-bb6b-a21aae0a6dec. {{(pid=112144) _set_aggregates /opt/stack/placement/placement/objects/resource_provider.py:404}}
Jun 24 12:51:27.291610 n-d-847126-8 devstack@placement-api.service[112144]: INFO placement.requestlog [req-386612a8-af68-48a1-95f4-30da1590c523 req-24177a32-e1da-451d-8ae8-4769237a83e1 service placement] 10.222.0.20 "PUT /placement/resource_providers/c0d81949-a4c7-4bc2-b9ba-481f6e275010/aggregates" status: 200 len: 53 microversion: 1.19
Jun 24 12:51:27.292205 n-d-847126-8 devstack@placement-api.service[112144]: [pid: 112144|app: 0|req: 21/43] 10.222.0.20 () {64 vars in 1477 bytes} [Fri Jun 24 12:51:27 2022] PUT /placement/resource_providers/c0d81949-a4c7-4bc2-b9ba-481f6e275010/aggregates => generated 53 bytes in 109 msecs (HTTP/1.1 200) 8 headers in 295 bytes (2 switches on core 0)
Jun 24 12:51:28.282878 n-d-847126-8 devstack@placement-api.service[112145]: DEBUG placement.requestlog [req-e5aea3f4-96b5-4a6b-a6ba-eb840ed1618a req-5b7b7f48-1aa1-48b2-9e97-b5ffcb7666d1 None None] Starting request: 10.222.0.20 "GET /placement/resource_providers?name=n-h2-847126-8" {{(pid=112145) __call__ /opt/stack/placement/placement/requestlog.py:55}}
Jun 24 12:51:28.293713 n-d-847126-8 devstack@placement-api.service[112145]: INFO placement.requestlog [req-e5aea3f4-96b5-4a6b-a6ba-eb840ed1618a req-5b7b7f48-1aa1-48b2-9e97-b5ffcb7666d1 service placement] 10.222.0.20 "GET /placement/resource_providers?name=n-h2-847126-8" status: 200 len: 440 microversion: 1.0
Jun 24 12:51:28.294076 n-d-847126-8 devstack@placement-api.service[112145]: [pid: 112145|app: 0|req: 23/44] 10.222.0.20 () {58 vars in 1274 bytes} [Fri Jun 24 12:51:28 2022] GET /placement/resource_providers?name=n-h2-847126-8 => generated 440 bytes in 11 msecs (HTTP/1.1 200) 6 headers in 224 bytes (1 switches on core 0)
Jun 24 12:51:28.300584 n-d-847126-8 devstack@placement-api.service[112144]: DEBUG placement.requestlog [req-e5aea3f4-96b5-4a6b-a6ba-eb840ed1618a req-15d9564e-396b-4680-af14-593a55a5ac27 None None] Starting request: 10.222.0.20 "GET /placement/resource_providers/c0d81949-a4c7-4bc2-b9ba-481f6e275010/aggregates" {{(pid=112144) __call__ /opt/stack/placement/placement/requestlog.py:55}}
Jun 24 12:51:28.329711 n-d-847126-8 devstack@placement-api.service[112144]: INFO placement.requestlog [req-e5aea3f4-96b5-4a6b-a6ba-eb840ed1618a req-15d9564e-396b-4680-af14-593a55a5ac27 service placement] 10.222.0.20 "GET /placement/resource_providers/c0d81949-a4c7-4bc2-b9ba-481f6e275010/aggregates" status: 200 len: 53 microversion: 1.19
Jun 24 12:51:28.330341 n-d-847126-8 devstack@placement-api.service[112144]: [pid: 112144|app: 0|req: 22/45] 10.222.0.20 () {60 vars in 1425 bytes} [Fri Jun 24 12:51:28 2022] GET /placement/resource_providers/c0d81949-a4c7-4bc2-b9ba-481f6e275010/aggregates => generated 53 bytes in 30 msecs (HTTP/1.1 200) 8 headers in 295 bytes (2 switches on core 0)
Jun 24 12:51:28.340141 n-d-847126-8 devstack@placement-api.service[112145]: DEBUG placement.requestlog [req-e5aea3f4-96b5-4a6b-a6ba-eb840ed1618a req-bf181e75-7daa-43a3-8efd-0c16db9766e7 None None] Starting request: 10.222.0.20 "PUT /placement/resource_providers/c0d81949-a4c7-4bc2-b9ba-481f6e275010/aggregates" {{(pid=112145) __call__ /opt/stack/placement/placement/requestlog.py:55}}
Jun 24 12:51:28.356213 n-d-847126-8 devstack@placement-api.service[112145]: DEBUG placement.objects.resource_provider [req-e5aea3f4-96b5-4a6b-a6ba-eb840ed1618a req-bf181e75-7daa-43a3-8efd-0c16db9766e7 service placement] _ensure_aggregate() did not find aggregate dd420584-effe-4627-bd67-669c76f58e70. Attempting to create it. {{(pid=112145) _ensure_aggregate /opt/stack/placement/placement/objects/resource_provider.py:321}}
Jun 24 12:51:28.357676 n-d-847126-8 devstack@placement-api.service[112145]: DEBUG placement.objects.resource_provider [req-e5aea3f4-96b5-4a6b-a6ba-eb840ed1618a req-bf181e75-7daa-43a3-8efd-0c16db9766e7 service placement] _ensure_aggregate() created new aggregate dd420584-effe-4627-bd67-669c76f58e70 (id=3). {{(pid=112145) _ensure_aggregate /opt/stack/placement/placement/objects/resource_provider.py:327}}
Jun 24 12:51:28.359193 n-d-847126-8 devstack@placement-api.service[112145]: DEBUG placement.objects.resource_provider [req-e5aea3f4-96b5-4a6b-a6ba-eb840ed1618a req-bf181e75-7daa-43a3-8efd-0c16db9766e7 service placement] Setting aggregates for provider c0d81949-a4c7-4bc2-b9ba-481f6e275010. Successfully associated aggregate dd420584-effe-4627-bd67-669c76f58e70. {{(pid=112145) _set_aggregates /opt/stack/placement/placement/objects/resource_provider.py:389}}
Jun 24 12:51:28.438906 n-d-847126-8 devstack@placement-api.service[112145]: INFO placement.requestlog [req-e5aea3f4-96b5-4a6b-a6ba-eb840ed1618a req-bf181e75-7daa-43a3-8efd-0c16db9766e7 service placement] 10.222.0.20 "PUT /placement/resource_providers/c0d81949-a4c7-4bc2-b9ba-481f6e275010/aggregates" status: 200 len: 91 microversion: 1.19
Jun 24 12:51:28.439584 n-d-847126-8 devstack@placement-api.service[112145]: [pid: 112145|app: 0|req: 24/46] 10.222.0.20 () {64 vars in 1477 bytes} [Fri Jun 24 12:51:28 2022] PUT /placement/resource_providers/c0d81949-a4c7-4bc2-b9ba-481f6e275010/aggregates => generated 91 bytes in 101 msecs (HTTP/1.1 200) 8 headers in 295 bytes (2 switches on core 0)
Jun 24 12:51:30.548419 n-d-847126-8 devstack@placement-api.service[112144]: DEBUG placement.requestlog [req-162dc9a3-207a-4840-a216-939e70104f42 req-59917f1a-69fa-49e0-8c51-c3d0ce50e4d9 None None] Starting request: 10.222.0.20 "GET /placement/allocation_candidates?limit=1000&member_of=in%3Add420584-effe-4627-bd67-669c76f58e70&resources=DISK_GB%3A1%2CMEMORY_MB%3A1024%2CVCPU%3A1&root_required=%21COMPUTE_STATUS_DISABLED" {{(pid=112144) __call__ /opt/stack/placement/placement/requestlog.py:55}}
Jun 24 12:51:30.669140 n-d-847126-8 devstack@placement-api.service[112144]: DEBUG placement.objects.research_context [req-162dc9a3-207a-4840-a216-939e70104f42 req-59917f1a-69fa-49e0-8c51-c3d0ce50e4d9 service placement] getting providers with 1 DISK_GB {{(pid=112144) __init__ /opt/stack/placement/placement/objects/research_context.py:136}}
Jun 24 12:51:30.684286 n-d-847126-8 devstack@placement-api.service[112144]: DEBUG placement.objects.research_context [req-162dc9a3-207a-4840-a216-939e70104f42 req-59917f1a-69fa-49e0-8c51-c3d0ce50e4d9 service placement] getting providers with 1024 MEMORY_MB {{(pid=112144) __init__ /opt/stack/placement/placement/objects/research_context.py:136}}
Jun 24 12:51:30.717025 n-d-847126-8 devstack@placement-api.service[112144]: DEBUG placement.objects.research_context [req-162dc9a3-207a-4840-a216-939e70104f42 req-59917f1a-69fa-49e0-8c51-c3d0ce50e4d9 service placement] getting providers with 1 VCPU {{(pid=112144) __init__ /opt/stack/placement/placement/objects/research_context.py:136}}
Jun 24 12:51:30.731069 n-d-847126-8 devstack@placement-api.service[112144]: DEBUG placement.objects.research_context [req-162dc9a3-207a-4840-a216-939e70104f42 req-59917f1a-69fa-49e0-8c51-c3d0ce50e4d9 service placement] found 1 providers after applying required aggregates filter ([{'dd420584-effe-4627-bd67-669c76f58e70'}]) {{(pid=112144) get_provider_ids_for_traits_and_aggs /opt/stack/placement/placement/objects/research_context.py:1158}}
Jun 24 12:51:30.731577 n-d-847126-8 devstack@placement-api.service[112144]: DEBUG placement.objects.research_context [req-162dc9a3-207a-4840-a216-939e70104f42 req-59917f1a-69fa-49e0-8c51-c3d0ce50e4d9 service placement] found 2 providers with available 1 DISK_GB {{(pid=112144) get_provider_ids_matching /opt/stack/placement/placement/objects/research_context.py:563}}
Jun 24 12:51:30.732060 n-d-847126-8 devstack@placement-api.service[112144]: DEBUG placement.objects.research_context [req-162dc9a3-207a-4840-a216-939e70104f42 req-59917f1a-69fa-49e0-8c51-c3d0ce50e4d9 service placement] found 1 providers after applying initial aggregate and trait filters {{(pid=112144) get_provider_ids_matching /opt/stack/placement/placement/objects/research_context.py:575}}
Jun 24 12:51:30.732503 n-d-847126-8 devstack@placement-api.service[112144]: DEBUG placement.objects.research_context [req-162dc9a3-207a-4840-a216-939e70104f42 req-59917f1a-69fa-49e0-8c51-c3d0ce50e4d9 service placement] found 2 providers with available 1024 MEMORY_MB {{(pid=112144) get_provider_ids_matching /opt/stack/placement/placement/objects/research_context.py:563}}
Jun 24 12:51:30.732948 n-d-847126-8 devstack@placement-api.service[112144]: DEBUG placement.objects.research_context [req-162dc9a3-207a-4840-a216-939e70104f42 req-59917f1a-69fa-49e0-8c51-c3d0ce50e4d9 service placement] found 1 providers after filtering by previous result {{(pid=112144) get_provider_ids_matching /opt/stack/placement/placement/objects/research_context.py:594}}
Jun 24 12:51:30.733383 n-d-847126-8 devstack@placement-api.service[112144]: DEBUG placement.objects.research_context [req-162dc9a3-207a-4840-a216-939e70104f42 req-59917f1a-69fa-49e0-8c51-c3d0ce50e4d9 service placement] found 2 providers with available 1 VCPU {{(pid=112144) get_provider_ids_matching /opt/stack/placement/placement/objects/research_context.py:563}}
Jun 24 12:51:30.733836 n-d-847126-8 devstack@placement-api.service[112144]: DEBUG placement.objects.research_context [req-162dc9a3-207a-4840-a216-939e70104f42 req-59917f1a-69fa-49e0-8c51-c3d0ce50e4d9 service placement] found 1 providers after filtering by previous result {{(pid=112144) get_provider_ids_matching /opt/stack/placement/placement/objects/research_context.py:594}}
Jun 24 12:51:30.759027 n-d-847126-8 devstack@placement-api.service[112144]: DEBUG placement.objects.allocation_candidate [req-162dc9a3-207a-4840-a216-939e70104f42 req-59917f1a-69fa-49e0-8c51-c3d0ce50e4d9 service placement] RequestGroup(use_same_provider=False, resources={DISK_GB:1, MEMORY_MB:1024, VCPU:1}, traits=(), aggregates=[[dd420584-effe-4627-bd67-669c76f58e70]]) (suffix '') returned 1 matches {{(pid=112144) _get_by_requests /opt/stack/placement/placement/objects/allocation_candidate.py:156}}
Jun 24 12:51:30.759740 n-d-847126-8 devstack@placement-api.service[112144]: DEBUG placement.objects.allocation_candidate [req-162dc9a3-207a-4840-a216-939e70104f42 req-59917f1a-69fa-49e0-8c51-c3d0ce50e4d9 service placement] Merging candidates yields 1 allocation requests and 1 provider summaries {{(pid=112144) _merge_candidates /opt/stack/placement/placement/objects/allocation_candidate.py:809}}
Jun 24 12:51:30.761617 n-d-847126-8 devstack@placement-api.service[112144]: INFO placement.requestlog [req-162dc9a3-207a-4840-a216-939e70104f42 req-59917f1a-69fa-49e0-8c51-c3d0ce50e4d9 service placement] 10.222.0.20 "GET /placement/allocation_candidates?limit=1000&member_of=in%3Add420584-effe-4627-bd67-669c76f58e70&resources=DISK_GB%3A1%2CMEMORY_MB%3A1024%2CVCPU%3A1&root_required=%21COMPUTE_STATUS_DISABLED" status: 200 len: 679 microversion: 1.36
Jun 24 12:51:30.762203 n-d-847126-8 devstack@placement-api.service[112144]: [pid: 112144|app: 0|req: 23/47] 10.222.0.20 () {60 vars in 1610 bytes} [Fri Jun 24 12:51:30 2022] GET /placement/allocation_candidates?limit=1000&member_of=in%3Add420584-effe-4627-bd67-669c76f58e70&resources=DISK_GB%3A1%2CMEMORY_MB%3A1024%2CVCPU%3A1&root_required=%21COMPUTE_STATUS_DISABLED => generated 679 bytes in 214 msecs (HTTP/1.1 200) 8 headers in 296 bytes (1 switches on core 0)
Jun 24 12:51:30.981819 n-d-847126-8 devstack@placement-api.service[112145]: DEBUG placement.requestlog [req-162dc9a3-207a-4840-a216-939e70104f42 req-52aa9faf-d027-44d7-a4cb-fa42957b4e1a None None] Starting request: 10.222.0.20 "GET /placement/allocations/7a636333-2e99-41c3-80ee-efe55c2c304e" {{(pid=112145) __call__ /opt/stack/placement/placement/requestlog.py:55}}
Jun 24 12:51:30.995901 n-d-847126-8 devstack@placement-api.service[112145]: INFO placement.requestlog [req-162dc9a3-207a-4840-a216-939e70104f42 req-52aa9faf-d027-44d7-a4cb-fa42957b4e1a service placement] 10.222.0.20 "GET /placement/allocations/7a636333-2e99-41c3-80ee-efe55c2c304e" status: 200 len: 19 microversion: 1.28
Jun 24 12:51:30.996932 n-d-847126-8 devstack@placement-api.service[112145]: [pid: 112145|app: 0|req: 25/48] 10.222.0.20 () {60 vars in 1380 bytes} [Fri Jun 24 12:51:30 2022] GET /placement/allocations/7a636333-2e99-41c3-80ee-efe55c2c304e => generated 19 bytes in 15 msecs (HTTP/1.1 200) 8 headers in 295 bytes (1 switches on core 0)
Jun 24 12:51:31.003999 n-d-847126-8 devstack@placement-api.service[112144]: DEBUG placement.requestlog [req-162dc9a3-207a-4840-a216-939e70104f42 req-65639d10-54b6-4277-90f0-3fad6e852f67 None None] Starting request: 10.222.0.20 "PUT /placement/allocations/7a636333-2e99-41c3-80ee-efe55c2c304e" {{(pid=112144) __call__ /opt/stack/placement/placement/requestlog.py:55}}
Jun 24 12:51:31.429836 n-d-847126-8 devstack@placement-api.service[112144]: DEBUG placement.handlers.allocation [req-162dc9a3-207a-4840-a216-939e70104f42 req-65639d10-54b6-4277-90f0-3fad6e852f67 service placement] Successfully wrote allocations [, , ] {{(pid=112144) _update_consumers_and_create_allocations /opt/stack/placement/placement/handlers/allocation.py:462}}
Jun 24 12:51:31.490923 n-d-847126-8 devstack@placement-api.service[112144]: INFO placement.requestlog [req-162dc9a3-207a-4840-a216-939e70104f42 req-65639d10-54b6-4277-90f0-3fad6e852f67 service placement] 10.222.0.20 "PUT /placement/allocations/7a636333-2e99-41c3-80ee-efe55c2c304e" status: 204 len: 0 microversion: 1.36
Jun 24 12:51:31.491724 n-d-847126-8 devstack@placement-api.service[112144]: [pid: 112144|app: 0|req: 24/49] 10.222.0.20 () {64 vars in 1433 bytes} [Fri Jun 24 12:51:31 2022] PUT /placement/allocations/7a636333-2e99-41c3-80ee-efe55c2c304e => generated 0 bytes in 488 msecs (HTTP/1.1 204) 5 headers in 199 bytes (1 switches on core 0)
Jun 24 12:51:33.162222 n-d-847126-8 devstack@placement-api.service[112145]: DEBUG placement.requestlog [req-162dc9a3-207a-4840-a216-939e70104f42 req-8cd2f702-48bd-47bf-9e9b-3d453e14235c None None] Starting request: 10.222.0.18 "GET /placement/allocations/7a636333-2e99-41c3-80ee-efe55c2c304e" {{(pid=112145) __call__ /opt/stack/placement/placement/requestlog.py:55}}
Jun 24 12:51:33.185910 n-d-847126-8 devstack@placement-api.service[112145]: INFO placement.requestlog [req-162dc9a3-207a-4840-a216-939e70104f42 req-8cd2f702-48bd-47bf-9e9b-3d453e14235c service placement] 10.222.0.18 "GET /placement/allocations/7a636333-2e99-41c3-80ee-efe55c2c304e" status: 200 len: 258 microversion: 1.28
Jun 24 12:51:33.188461 n-d-847126-8 devstack@placement-api.service[112145]: [pid: 112145|app: 0|req: 26/50] 10.222.0.18 () {60 vars in 1377 bytes} [Fri Jun 24 12:51:33 2022] GET /placement/allocations/7a636333-2e99-41c3-80ee-efe55c2c304e => generated 258 bytes in 26 msecs (HTTP/1.1 200) 8 headers in 296 bytes (1 switches on core 0)
Jun 24 12:51:41.429466 n-d-847126-8 devstack@placement-api.service[112144]: DEBUG dbcounter [-] [112144] Writing DB stats placement:SELECT=77,placement:DELETE=4,placement:UPDATE=4,placement:INSERT=6 {{(pid=112144) stat_writer /usr/local/lib/python3.8/dist-packages/dbcounter.py:114}}
Jun 24 12:51:43.183120 n-d-847126-8 devstack@placement-api.service[112145]: DEBUG dbcounter [-] [112145] Writing DB stats placement:SELECT=58,placement:INSERT=12,placement:UPDATE=6,placement:DELETE=3 {{(pid=112145) stat_writer /usr/local/lib/python3.8/dist-packages/dbcounter.py:114}}
Jun 24 12:51:59.685674 n-d-847126-8 devstack@placement-api.service[112144]: DEBUG placement.requestlog [req-2314f037-a67c-4298-9c66-a918b552353a req-030b2506-078a-41cd-a727-50218c621e4a None None] Starting request: 10.222.0.18 "DELETE /placement/allocations/50230e3e-be7a-43f7-9f15-eec2ed95176a" {{(pid=112144) __call__ /opt/stack/placement/placement/requestlog.py:55}}
Jun 24 12:51:59.912521 n-d-847126-8 devstack@placement-api.service[112144]: DEBUG placement.handlers.allocation [req-2314f037-a67c-4298-9c66-a918b552353a req-030b2506-078a-41cd-a727-50218c621e4a service placement] Successfully deleted allocations [, , ] {{(pid=112144) delete_allocations /opt/stack/placement/placement/handlers/allocation.py:627}}
Jun 24 12:51:59.913255 n-d-847126-8 devstack@placement-api.service[112144]: INFO placement.requestlog [req-2314f037-a67c-4298-9c66-a918b552353a req-030b2506-078a-41cd-a727-50218c621e4a service placement] 10.222.0.18 "DELETE /placement/allocations/50230e3e-be7a-43f7-9f15-eec2ed95176a" status: 204 len: 0 microversion: 1.0
Jun 24 12:51:59.914664 n-d-847126-8 devstack@placement-api.service[112144]: [pid: 112144|app: 0|req: 25/51] 10.222.0.18 () {60 vars in 1355 bytes} [Fri Jun 24 12:51:59 2022] DELETE /placement/allocations/50230e3e-be7a-43f7-9f15-eec2ed95176a => generated 0 bytes in 229 msecs (HTTP/1.1 204) 5 headers in 198 bytes (1 switches on core 0)
Jun 24 12:52:01.581418 n-d-847126-8 devstack@placement-api.service[112145]: DEBUG placement.requestlog [req-b2c9ae90-67ea-4b35-8e5e-039db0c1a4f7 req-22d625a0-6a2b-4ce1-955d-2a10b97ca7e8 None None] Starting request: 10.222.0.18 "GET /placement/resource_providers/c0d81949-a4c7-4bc2-b9ba-481f6e275010/allocations" {{(pid=112145) __call__ /opt/stack/placement/placement/requestlog.py:55}}
Jun 24 12:52:01.636740 n-d-847126-8 devstack@placement-api.service[112145]: INFO placement.requestlog [req-b2c9ae90-67ea-4b35-8e5e-039db0c1a4f7 req-22d625a0-6a2b-4ce1-955d-2a10b97ca7e8 service placement] 10.222.0.18 "GET /placement/resource_providers/c0d81949-a4c7-4bc2-b9ba-481f6e275010/allocations" status: 200 len: 153 microversion: 1.0
Jun 24 12:52:01.638442 n-d-847126-8 devstack@placement-api.service[112145]: [pid: 112145|app: 0|req: 27/52] 10.222.0.18 () {58 vars in 1390 bytes} [Fri Jun 24 12:52:01 2022] GET /placement/resource_providers/c0d81949-a4c7-4bc2-b9ba-481f6e275010/allocations => generated 153 bytes in 57 msecs (HTTP/1.1 200) 6 headers in 224 bytes (1 switches on core 0)
Jun 24 12:52:02.302788 n-d-847126-8 devstack@placement-api.service[112144]: DEBUG placement.requestlog [req-83bc78be-2010-4947-8856-39bdb1859f16 req-2227511a-7425-4994-b36b-46d94877fdf9 None None] Starting request: 10.222.0.20 "GET /placement/allocation_candidates?limit=1000&resources=DISK_GB%3A1%2CMEMORY_MB%3A1024%2CVCPU%3A1&root_required=%21COMPUTE_STATUS_DISABLED" {{(pid=112144) __call__ /opt/stack/placement/placement/requestlog.py:55}}
Jun 24 12:52:02.380925 n-d-847126-8 devstack@placement-api.service[112144]: DEBUG placement.objects.research_context [req-83bc78be-2010-4947-8856-39bdb1859f16 req-2227511a-7425-4994-b36b-46d94877fdf9 service placement] getting providers with 1 DISK_GB {{(pid=112144) __init__ /opt/stack/placement/placement/objects/research_context.py:136}}
Jun 24 12:52:02.395414 n-d-847126-8 devstack@placement-api.service[112144]: DEBUG placement.objects.research_context [req-83bc78be-2010-4947-8856-39bdb1859f16 req-2227511a-7425-4994-b36b-46d94877fdf9 service placement] getting providers with 1024 MEMORY_MB {{(pid=112144) __init__ /opt/stack/placement/placement/objects/research_context.py:136}}
Jun 24 12:52:02.410331 n-d-847126-8 devstack@placement-api.service[112144]: DEBUG placement.objects.research_context [req-83bc78be-2010-4947-8856-39bdb1859f16 req-2227511a-7425-4994-b36b-46d94877fdf9 service placement] getting providers with 1 VCPU {{(pid=112144) __init__ /opt/stack/placement/placement/objects/research_context.py:136}}
Jun 24 12:52:02.420201 n-d-847126-8 devstack@placement-api.service[112144]: DEBUG placement.objects.research_context [req-83bc78be-2010-4947-8856-39bdb1859f16 req-2227511a-7425-4994-b36b-46d94877fdf9 service placement] found 2 providers with available 1 DISK_GB {{(pid=112144) get_provider_ids_matching /opt/stack/placement/placement/objects/research_context.py:563}}
Jun 24 12:52:02.420895 n-d-847126-8 devstack@placement-api.service[112144]: DEBUG placement.objects.research_context [req-83bc78be-2010-4947-8856-39bdb1859f16 req-2227511a-7425-4994-b36b-46d94877fdf9 service placement] found 2 providers with available 1024 MEMORY_MB {{(pid=112144) get_provider_ids_matching /opt/stack/placement/placement/objects/research_context.py:563}}
Jun 24 12:52:02.421368 n-d-847126-8 devstack@placement-api.service[112144]: DEBUG placement.objects.research_context [req-83bc78be-2010-4947-8856-39bdb1859f16 req-2227511a-7425-4994-b36b-46d94877fdf9 service placement] found 2 providers after filtering by previous result {{(pid=112144) get_provider_ids_matching /opt/stack/placement/placement/objects/research_context.py:594}}
Jun 24 12:52:02.421843 n-d-847126-8 devstack@placement-api.service[112144]: DEBUG placement.objects.research_context [req-83bc78be-2010-4947-8856-39bdb1859f16 req-2227511a-7425-4994-b36b-46d94877fdf9 service placement] found 2 providers with available 1 VCPU {{(pid=112144) get_provider_ids_matching /opt/stack/placement/placement/objects/research_context.py:563}}
Jun 24 12:52:02.423492 n-d-847126-8 devstack@placement-api.service[112144]: DEBUG placement.objects.research_context [req-83bc78be-2010-4947-8856-39bdb1859f16 req-2227511a-7425-4994-b36b-46d94877fdf9 service placement] found 2 providers after filtering by previous result {{(pid=112144) get_provider_ids_matching /opt/stack/placement/placement/objects/research_context.py:594}}
Jun 24 12:52:02.473357 n-d-847126-8 devstack@placement-api.service[112144]: DEBUG placement.objects.allocation_candidate [req-83bc78be-2010-4947-8856-39bdb1859f16 req-2227511a-7425-4994-b36b-46d94877fdf9 service placement] RequestGroup(use_same_provider=False, resources={DISK_GB:1, MEMORY_MB:1024, VCPU:1}, traits=(), aggregates=[]) (suffix '') returned 2 matches {{(pid=112144) _get_by_requests /opt/stack/placement/placement/objects/allocation_candidate.py:156}}
Jun 24 12:52:02.475199 n-d-847126-8 devstack@placement-api.service[112144]: DEBUG placement.objects.allocation_candidate [req-83bc78be-2010-4947-8856-39bdb1859f16 req-2227511a-7425-4994-b36b-46d94877fdf9 service placement] Merging candidates yields 2 allocation requests and 2 provider summaries {{(pid=112144) _merge_candidates /opt/stack/placement/placement/objects/allocation_candidate.py:809}}
Jun 24 12:52:02.500386 n-d-847126-8 devstack@placement-api.service[112144]: INFO placement.requestlog [req-83bc78be-2010-4947-8856-39bdb1859f16 req-2227511a-7425-4994-b36b-46d94877fdf9 service placement] 10.222.0.20 "GET /placement/allocation_candidates?limit=1000&resources=DISK_GB%3A1%2CMEMORY_MB%3A1024%2CVCPU%3A1&root_required=%21COMPUTE_STATUS_DISABLED" status: 200 len: 1306 microversion: 1.36
Jun 24 12:52:02.501051 n-d-847126-8 devstack@placement-api.service[112144]: [pid: 112144|app: 0|req: 26/53] 10.222.0.20 () {60 vars in 1506 bytes} [Fri Jun 24 12:52:02 2022] GET /placement/allocation_candidates?limit=1000&resources=DISK_GB%3A1%2CMEMORY_MB%3A1024%2CVCPU%3A1&root_required=%21COMPUTE_STATUS_DISABLED => generated 1306 bytes in 198 msecs (HTTP/1.1 200) 8 headers in 297 bytes (1 switches on core 0)
Jun 24 12:52:02.698981 n-d-847126-8 devstack@placement-api.service[112145]: DEBUG placement.requestlog [req-83bc78be-2010-4947-8856-39bdb1859f16 req-216768c8-1b4f-4980-acbc-caafd98edcba None None] Starting request: 10.222.0.20 "GET /placement/allocations/0539ac75-a8cc-4791-af90-dd6c9310674b" {{(pid=112145) __call__ /opt/stack/placement/placement/requestlog.py:55}}
Jun 24 12:52:02.716357 n-d-847126-8 devstack@placement-api.service[112145]: INFO placement.requestlog [req-83bc78be-2010-4947-8856-39bdb1859f16 req-216768c8-1b4f-4980-acbc-caafd98edcba service placement] 10.222.0.20 "GET /placement/allocations/0539ac75-a8cc-4791-af90-dd6c9310674b" status: 200 len: 19 microversion: 1.28
Jun 24 12:52:02.724875 n-d-847126-8 devstack@placement-api.service[112145]: [pid: 112145|app: 0|req: 28/54] 10.222.0.20 () {60 vars in 1380 bytes} [Fri Jun 24 12:52:02 2022] GET /placement/allocations/0539ac75-a8cc-4791-af90-dd6c9310674b => generated 19 bytes in 27 msecs (HTTP/1.1 200) 8 headers in 295 bytes (1 switches on core 0)
Jun 24 12:52:02.725565 n-d-847126-8 devstack@placement-api.service[112144]: DEBUG placement.requestlog [req-83bc78be-2010-4947-8856-39bdb1859f16 req-86809878-6128-481a-b32a-8633c4f58743 None None] Starting request: 10.222.0.20 "PUT /placement/allocations/0539ac75-a8cc-4791-af90-dd6c9310674b" {{(pid=112144) __call__ /opt/stack/placement/placement/requestlog.py:55}}
Jun 24 12:52:02.900381 n-d-847126-8 devstack@placement-api.service[112144]: DEBUG placement.handlers.allocation [req-83bc78be-2010-4947-8856-39bdb1859f16 req-86809878-6128-481a-b32a-8633c4f58743 service placement] Successfully wrote allocations [, , ] {{(pid=112144) _update_consumers_and_create_allocations /opt/stack/placement/placement/handlers/allocation.py:462}}
Jun 24 12:52:03.004229 n-d-847126-8 devstack@placement-api.service[112144]: INFO placement.requestlog [req-83bc78be-2010-4947-8856-39bdb1859f16 req-86809878-6128-481a-b32a-8633c4f58743 service placement] 10.222.0.20 "PUT /placement/allocations/0539ac75-a8cc-4791-af90-dd6c9310674b" status: 204 len: 0 microversion: 1.36
Jun 24 12:52:03.005139 n-d-847126-8 devstack@placement-api.service[112144]: [pid: 112144|app: 0|req: 27/55] 10.222.0.20 () {64 vars in 1433 bytes} [Fri Jun 24 12:52:02 2022] PUT /placement/allocations/0539ac75-a8cc-4791-af90-dd6c9310674b => generated 0 bytes in 280 msecs (HTTP/1.1 204) 5 headers in 199 bytes (2 switches on core 0)
Jun 24 12:52:03.393659 n-d-847126-8 devstack@placement-api.service[112145]: DEBUG placement.requestlog [req-691759db-2ff6-4664-9a3e-1847d7c5b369 req-a36511fa-7b76-4cd2-bc45-383e5b0a8171 None None] Starting request: 10.222.0.18 "DELETE /placement/allocations/7a636333-2e99-41c3-80ee-efe55c2c304e" {{(pid=112145) __call__ /opt/stack/placement/placement/requestlog.py:55}}
Jun 24 12:52:03.614868 n-d-847126-8 devstack@placement-api.service[112145]: DEBUG placement.handlers.allocation [req-691759db-2ff6-4664-9a3e-1847d7c5b369 req-a36511fa-7b76-4cd2-bc45-383e5b0a8171 service placement] Successfully deleted allocations [, , ] {{(pid=112145) delete_allocations /opt/stack/placement/placement/handlers/allocation.py:627}}
Jun 24 12:52:03.615580 n-d-847126-8 devstack@placement-api.service[112145]: INFO placement.requestlog [req-691759db-2ff6-4664-9a3e-1847d7c5b369 req-a36511fa-7b76-4cd2-bc45-383e5b0a8171 service placement] 10.222.0.18 "DELETE /placement/allocations/7a636333-2e99-41c3-80ee-efe55c2c304e" status: 204 len: 0 microversion: 1.0
Jun 24 12:52:03.616154 n-d-847126-8 devstack@placement-api.service[112145]: [pid: 112145|app: 0|req: 29/56] 10.222.0.18 () {60 vars in 1355 bytes} [Fri Jun 24 12:52:03 2022] DELETE /placement/allocations/7a636333-2e99-41c3-80ee-efe55c2c304e => generated 0 bytes in 223 msecs (HTTP/1.1 204) 5 headers in 198 bytes (1 switches on core 0)
Jun 24 12:52:04.513491 n-d-847126-8 devstack@placement-api.service[112144]: DEBUG placement.requestlog [req-83bc78be-2010-4947-8856-39bdb1859f16 req-d74f658f-d032-4a71-973b-f02af80c2cb5 None None] Starting request: 10.222.0.42 "GET /placement/allocations/0539ac75-a8cc-4791-af90-dd6c9310674b" {{(pid=112144) __call__ /opt/stack/placement/placement/requestlog.py:55}}
Jun 24 12:52:04.541905 n-d-847126-8 devstack@placement-api.service[112144]: INFO placement.requestlog [req-83bc78be-2010-4947-8856-39bdb1859f16 req-d74f658f-d032-4a71-973b-f02af80c2cb5 service placement] 10.222.0.42 "GET /placement/allocations/0539ac75-a8cc-4791-af90-dd6c9310674b" status: 200 len: 258 microversion: 1.28
Jun 24 12:52:04.542479 n-d-847126-8 devstack@placement-api.service[112144]: [pid: 112144|app: 0|req: 28/57] 10.222.0.42 () {60 vars in 1377 bytes} [Fri Jun 24 12:52:04 2022] GET /placement/allocations/0539ac75-a8cc-4791-af90-dd6c9310674b => generated 258 bytes in 29 msecs (HTTP/1.1 200) 8 headers in 296 bytes (1 switches on core 0)
Jun 24 12:52:04.692107 n-d-847126-8 devstack@placement-api.service[112145]: DEBUG placement.requestlog [req-77ca605a-68ae-4907-8793-59496ff6236d req-e095a7c9-bb01-49f6-824d-d72dc2e2a698 None None] Starting request: 10.222.0.20 "GET /placement/resource_providers?name=n-h2-847126-8" {{(pid=112145) __call__ /opt/stack/placement/placement/requestlog.py:55}}
Jun 24 12:52:04.707257 n-d-847126-8 devstack@placement-api.service[112145]: INFO placement.requestlog [req-77ca605a-68ae-4907-8793-59496ff6236d req-e095a7c9-bb01-49f6-824d-d72dc2e2a698 service placement] 10.222.0.20 "GET /placement/resource_providers?name=n-h2-847126-8" status: 200 len: 440 microversion: 1.0
Jun 24 12:52:04.711265 n-d-847126-8 devstack@placement-api.service[112145]: [pid: 112145|app: 0|req: 30/58] 10.222.0.20 () {58 vars in 1274 bytes} [Fri Jun 24 12:52:04 2022] GET /placement/resource_providers?name=n-h2-847126-8 => generated 440 bytes in 19 msecs (HTTP/1.1 200) 6 headers in 224 bytes (1 switches on core 0)
Jun 24 12:52:04.714430 n-d-847126-8 devstack@placement-api.service[112144]: DEBUG placement.requestlog [req-77ca605a-68ae-4907-8793-59496ff6236d req-82649729-3da0-478c-a5b4-da5331866b10 None None] Starting request: 10.222.0.20 "GET /placement/resource_providers/c0d81949-a4c7-4bc2-b9ba-481f6e275010/aggregates" {{(pid=112144) __call__ /opt/stack/placement/placement/requestlog.py:55}}
Jun 24 12:52:04.741025 n-d-847126-8 devstack@placement-api.service[112144]: INFO placement.requestlog [req-77ca605a-68ae-4907-8793-59496ff6236d req-82649729-3da0-478c-a5b4-da5331866b10 service placement] 10.222.0.20 "GET /placement/resource_providers/c0d81949-a4c7-4bc2-b9ba-481f6e275010/aggregates" status: 200 len: 91 microversion: 1.19
Jun 24 12:52:04.742469 n-d-847126-8 devstack@placement-api.service[112144]: [pid: 112144|app: 0|req: 29/59] 10.222.0.20 () {60 vars in 1425 bytes} [Fri Jun 24 12:52:04 2022] GET /placement/resource_providers/c0d81949-a4c7-4bc2-b9ba-481f6e275010/aggregates => generated 91 bytes in 28 msecs (HTTP/1.1 200) 8 headers in 295 bytes (1 switches on core 0)
Jun 24 12:52:04.750924 n-d-847126-8 devstack@placement-api.service[112145]: DEBUG placement.requestlog [req-77ca605a-68ae-4907-8793-59496ff6236d req-a3ede507-6d4a-4b79-bd0c-0ca88a9f3485 None None] Starting request: 10.222.0.20 "PUT /placement/resource_providers/c0d81949-a4c7-4bc2-b9ba-481f6e275010/aggregates" {{(pid=112145) __call__ /opt/stack/placement/placement/requestlog.py:55}}
