Jun 23 19:11:41.322768 n-d-847126-7 devstack@n-api.service[103914]: DEBUG oslo_concurrency.lockutils [None req-32f9141b-7d52-47a0-ab78-a588852439af None None] Lock "00000000-0000-0000-0000-000000000000" "released" by "nova.context.set_target_cell..get_or_set_cached_cell_and_set_connections" :: held 0.002s {{(pid=103914) inner /usr/local/lib/python3.8/dist-packages/oslo_concurrency/lockutils.py:400}}
Jun 23 19:11:41.322904 n-d-847126-7 devstack@n-api.service[103915]: DEBUG oslo_concurrency.lockutils [None req-82dbf0bb-691d-42de-a905-394fae086eda None None] Lock "18582ee8-b3ff-4368-8407-41f0e7de9186" acquired by "nova.context.set_target_cell..get_or_set_cached_cell_and_set_connections" :: waited 0.000s {{(pid=103915) inner /usr/local/lib/python3.8/dist-packages/oslo_concurrency/lockutils.py:386}}
Jun 23 19:11:41.323552 n-d-847126-7 devstack@n-api.service[103914]: DEBUG oslo_concurrency.lockutils [None req-32f9141b-7d52-47a0-ab78-a588852439af None None] Lock "18582ee8-b3ff-4368-8407-41f0e7de9186" acquired by "nova.context.set_target_cell..get_or_set_cached_cell_and_set_connections" :: waited 0.000s {{(pid=103914) inner /usr/local/lib/python3.8/dist-packages/oslo_concurrency/lockutils.py:386}}
Jun 23 19:11:41.324739 n-d-847126-7 devstack@n-api.service[103915]: DEBUG oslo_concurrency.lockutils [None req-82dbf0bb-691d-42de-a905-394fae086eda None None] Lock "18582ee8-b3ff-4368-8407-41f0e7de9186" "released" by "nova.context.set_target_cell..get_or_set_cached_cell_and_set_connections" :: held 0.002s {{(pid=103915) inner /usr/local/lib/python3.8/dist-packages/oslo_concurrency/lockutils.py:400}}
Jun 23 19:11:41.325635 n-d-847126-7 devstack@n-api.service[103914]: DEBUG oslo_concurrency.lockutils [None req-32f9141b-7d52-47a0-ab78-a588852439af None None] Lock "18582ee8-b3ff-4368-8407-41f0e7de9186" "released" by "nova.context.set_target_cell..get_or_set_cached_cell_and_set_connections" :: held 0.002s {{(pid=103914) inner /usr/local/lib/python3.8/dist-packages/oslo_concurrency/lockutils.py:400}}
Jun 23 19:11:41.326822 n-d-847126-7 devstack@n-api.service[103915]: INFO dbcounter [None req-82dbf0bb-691d-42de-a905-394fae086eda None None] Registered counter for database nova_cell0
Jun 23 19:11:41.327621 n-d-847126-7 devstack@n-api.service[103914]: INFO dbcounter [None req-32f9141b-7d52-47a0-ab78-a588852439af None None] Registered counter for database nova_cell0
Jun 23 19:11:41.330814 n-d-847126-7 devstack@n-api.service[103915]: INFO dbcounter [None req-82dbf0bb-691d-42de-a905-394fae086eda None None] Registered counter for database nova_cell1
Jun 23 19:11:41.331637 n-d-847126-7 devstack@n-api.service[103914]: INFO dbcounter [None req-32f9141b-7d52-47a0-ab78-a588852439af None None] Registered counter for database nova_cell1
Jun 23 19:11:41.338877 n-d-847126-7 devstack@n-api.service[103915]: DEBUG oslo_db.sqlalchemy.engines [None req-82dbf0bb-691d-42de-a905-394fae086eda None None] MySQL server mode set to STRICT_TRANS_TABLES,STRICT_ALL_TABLES,NO_ZERO_IN_DATE,NO_ZERO_DATE,ERROR_FOR_DIVISION_BY_ZERO,TRADITIONAL,NO_ENGINE_SUBSTITUTION {{(pid=103915) _check_effective_sql_mode /usr/local/lib/python3.8/dist-packages/oslo_db/sqlalchemy/engines.py:314}}
Jun 23 19:11:41.340578 n-d-847126-7 devstack@n-api.service[103915]: DEBUG oslo_db.sqlalchemy.engines [None req-82dbf0bb-691d-42de-a905-394fae086eda None None] MySQL server mode set to STRICT_TRANS_TABLES,STRICT_ALL_TABLES,NO_ZERO_IN_DATE,NO_ZERO_DATE,ERROR_FOR_DIVISION_BY_ZERO,TRADITIONAL,NO_ENGINE_SUBSTITUTION {{(pid=103915) _check_effective_sql_mode /usr/local/lib/python3.8/dist-packages/oslo_db/sqlalchemy/engines.py:314}}
Jun 23 19:11:41.342231 n-d-847126-7 devstack@n-api.service[103914]: DEBUG oslo_db.sqlalchemy.engines [None req-32f9141b-7d52-47a0-ab78-a588852439af None None] MySQL server mode set to STRICT_TRANS_TABLES,STRICT_ALL_TABLES,NO_ZERO_IN_DATE,NO_ZERO_DATE,ERROR_FOR_DIVISION_BY_ZERO,TRADITIONAL,NO_ENGINE_SUBSTITUTION {{(pid=103914) _check_effective_sql_mode /usr/local/lib/python3.8/dist-packages/oslo_db/sqlalchemy/engines.py:314}}
Jun 23 19:11:41.345673 n-d-847126-7 devstack@n-api.service[103914]: DEBUG oslo_db.sqlalchemy.engines [None req-32f9141b-7d52-47a0-ab78-a588852439af None None] MySQL server mode set to STRICT_TRANS_TABLES,STRICT_ALL_TABLES,NO_ZERO_IN_DATE,NO_ZERO_DATE,ERROR_FOR_DIVISION_BY_ZERO,TRADITIONAL,NO_ENGINE_SUBSTITUTION {{(pid=103914) _check_effective_sql_mode /usr/local/lib/python3.8/dist-packages/oslo_db/sqlalchemy/engines.py:314}}
Jun 23 19:11:41.348543 n-d-847126-7 devstack@n-api.service[103914]: DEBUG dbcounter [-] [103914] Writer thread running {{(pid=103914) stat_writer /usr/local/lib/python3.8/dist-packages/dbcounter.py:99}}
Jun 23 19:11:41.348669 n-d-847126-7 devstack@n-api.service[103915]: DEBUG dbcounter [-] [103915] Writer thread running {{(pid=103915) stat_writer /usr/local/lib/python3.8/dist-packages/dbcounter.py:99}}
Jun 23 19:11:41.350794 n-d-847126-7 devstack@n-api.service[103915]: DEBUG dbcounter [-] [103915] Writer thread running {{(pid=103915) stat_writer /usr/local/lib/python3.8/dist-packages/dbcounter.py:99}}
Jun 23 19:11:41.488002 n-d-847126-7 devstack@n-api.service[103914]: DEBUG dbcounter [-] [103914] Writer thread running {{(pid=103914) stat_writer /usr/local/lib/python3.8/dist-packages/dbcounter.py:99}}
Jun 23 19:11:41.495224 n-d-847126-7 devstack@n-api.service[103915]: INFO dbcounter [None req-82dbf0bb-691d-42de-a905-394fae086eda None None] Registered counter for database nova_cell0
Jun 23 19:11:41.497048 n-d-847126-7 devstack@n-api.service[103914]: INFO dbcounter [None req-32f9141b-7d52-47a0-ab78-a588852439af None None] Registered counter for database nova_cell0
Jun 23 19:11:41.503039 n-d-847126-7 devstack@n-api.service[103915]: DEBUG oslo_db.sqlalchemy.engines [None req-82dbf0bb-691d-42de-a905-394fae086eda None None] MySQL server mode set to STRICT_TRANS_TABLES,STRICT_ALL_TABLES,NO_ZERO_IN_DATE,NO_ZERO_DATE,ERROR_FOR_DIVISION_BY_ZERO,TRADITIONAL,NO_ENGINE_SUBSTITUTION {{(pid=103915) _check_effective_sql_mode /usr/local/lib/python3.8/dist-packages/oslo_db/sqlalchemy/engines.py:314}}
Jun 23 19:11:41.506954 n-d-847126-7 devstack@n-api.service[103914]: DEBUG oslo_db.sqlalchemy.engines [None req-32f9141b-7d52-47a0-ab78-a588852439af None None] MySQL server mode set to STRICT_TRANS_TABLES,STRICT_ALL_TABLES,NO_ZERO_IN_DATE,NO_ZERO_DATE,ERROR_FOR_DIVISION_BY_ZERO,TRADITIONAL,NO_ENGINE_SUBSTITUTION {{(pid=103914) _check_effective_sql_mode /usr/local/lib/python3.8/dist-packages/oslo_db/sqlalchemy/engines.py:314}}
Jun 23 19:11:41.508414 n-d-847126-7 devstack@n-api.service[103915]: DEBUG dbcounter [-] [103915] Writer thread running {{(pid=103915) stat_writer /usr/local/lib/python3.8/dist-packages/dbcounter.py:99}}
Jun 23 19:11:41.511836 n-d-847126-7 devstack@n-api.service[103914]: DEBUG dbcounter [-] [103914] Writer thread running {{(pid=103914) stat_writer /usr/local/lib/python3.8/dist-packages/dbcounter.py:99}}
Jun 23 19:11:41.839832 n-d-847126-7 devstack@n-api.service[103914]: WARNING keystonemiddleware.auth_token [None req-32f9141b-7d52-47a0-ab78-a588852439af None None] AuthToken middleware is set with keystone_authtoken.service_token_roles_required set to False. This is backwards compatible but deprecated behaviour. Please set this to True.
Jun 23 19:11:41.843670 n-d-847126-7 devstack@n-api.service[103915]: WARNING keystonemiddleware.auth_token [None req-82dbf0bb-691d-42de-a905-394fae086eda None None] AuthToken middleware is set with keystone_authtoken.service_token_roles_required set to False. This is backwards compatible but deprecated behaviour. Please set this to True.
Jun 23 19:11:41.847318 n-d-847126-7 devstack@n-api.service[103914]: WARNING keystonemiddleware.auth_token [None req-32f9141b-7d52-47a0-ab78-a588852439af None None] Configuring www_authenticate_uri to point to the public identity endpoint is required; clients may not be able to authenticate against an admin endpoint
Jun 23 19:11:41.850886 n-d-847126-7 devstack@n-api.service[103915]: WARNING keystonemiddleware.auth_token [None req-82dbf0bb-691d-42de-a905-394fae086eda None None] Configuring www_authenticate_uri to point to the public identity endpoint is required; clients may not be able to authenticate against an admin endpoint
Jun 23 19:11:42.194518 n-d-847126-7 devstack@n-api.service[103914]: WARNING keystonemiddleware.auth_token [None req-32f9141b-7d52-47a0-ab78-a588852439af None None] AuthToken middleware is set with keystone_authtoken.service_token_roles_required set to False. This is backwards compatible but deprecated behaviour. Please set this to True.
Jun 23 19:11:42.196514 n-d-847126-7 devstack@n-api.service[103915]: WARNING keystonemiddleware.auth_token [None req-82dbf0bb-691d-42de-a905-394fae086eda None None] AuthToken middleware is set with keystone_authtoken.service_token_roles_required set to False. This is backwards compatible but deprecated behaviour. Please set this to True.
Jun 23 19:11:42.200423 n-d-847126-7 devstack@n-api.service[103914]: WARNING keystonemiddleware.auth_token [None req-32f9141b-7d52-47a0-ab78-a588852439af None None] Configuring www_authenticate_uri to point to the public identity endpoint is required; clients may not be able to authenticate against an admin endpoint
Jun 23 19:11:42.202555 n-d-847126-7 devstack@n-api.service[103915]: WARNING keystonemiddleware.auth_token [None req-82dbf0bb-691d-42de-a905-394fae086eda None None] Configuring www_authenticate_uri to point to the public identity endpoint is required; clients may not be able to authenticate against an admin endpoint
Jun 23 19:11:42.205719 n-d-847126-7 devstack@n-api.service[103914]: WSGI app 0 (mountpoint='') ready in 6 seconds on interpreter 0x564fa1bf49c0 pid: 103914 (default app)
Jun 23 19:11:42.207738 n-d-847126-7 devstack@n-api.service[103914]: DEBUG nova.api.openstack.wsgi [None req-32f9141b-7d52-47a0-ab78-a588852439af None None] Calling method '>' {{(pid=103914) _process_stack /opt/stack/nova/nova/api/openstack/wsgi.py:513}}
Jun 23 19:11:42.207885 n-d-847126-7 devstack@n-api.service[103915]: WSGI app 0 (mountpoint='') ready in 6 seconds on interpreter 0x564fa1bf49c0 pid: 103915 (default app)
Jun 23 19:11:42.208920 n-d-847126-7 devstack@n-api.service[103914]: INFO nova.api.openstack.requestlog [None req-32f9141b-7d52-47a0-ab78-a588852439af None None] 10.222.0.18 "GET /compute/v2.1/" status: 200 len: 388 microversion: 2.1 time: 0.001710
Jun 23 19:11:42.209350 n-d-847126-7 devstack@n-api.service[103914]: [pid: 103914|app: 0|req: 1/1] 10.222.0.18 () {50 vars in 788 bytes} [Thu Jun 23 19:11:42 2022] GET /compute/v2.1/ => generated 388 bytes in 3 msecs (HTTP/1.1 200) 9 headers in 357 bytes (1 switches on core 0)
Jun 23 19:12:57.388076 n-d-847126-7 devstack@n-api.service[103915]: DEBUG nova.api.openstack.wsgi [None req-82dbf0bb-691d-42de-a905-394fae086eda None None] Calling method '>' {{(pid=103915) _process_stack /opt/stack/nova/nova/api/openstack/wsgi.py:513}}
Jun 23 19:12:57.389343 n-d-847126-7 devstack@n-api.service[103915]: INFO nova.api.openstack.requestlog [None req-82dbf0bb-691d-42de-a905-394fae086eda None None] 10.222.0.18 "GET /compute/v2.1" status: 200 len: 388 microversion: 2.1 time: 0.002007
Jun 23 19:12:57.389964 n-d-847126-7 devstack@n-api.service[103915]: [pid: 103915|app: 0|req: 1/2] 10.222.0.18 () {54 vars in 930 bytes} [Thu Jun 23 19:12:57 2022] GET /compute/v2.1 => generated 388 bytes in 4 msecs (HTTP/1.1 200) 9 headers in 357 bytes (1 switches on core 0)
Jun 23 19:12:57.406202 n-d-847126-7 devstack@n-api.service[103914]: DEBUG dbcounter [-] [103914] Writing DB stats nova_api:SELECT=3 {{(pid=103914) stat_writer /usr/local/lib/python3.8/dist-packages/dbcounter.py:114}}
Jun 23 19:12:57.407224 n-d-847126-7 devstack@n-api.service[103914]: DEBUG dbcounter [-] [103914] Writing DB stats nova_cell0:SELECT=3 {{(pid=103914) stat_writer /usr/local/lib/python3.8/dist-packages/dbcounter.py:114}}
Jun 23 19:12:57.408172 n-d-847126-7 devstack@n-api.service[103914]: DEBUG dbcounter [-] [103914] Writing DB stats nova_cell1:SELECT=3 {{(pid=103914) stat_writer /usr/local/lib/python3.8/dist-packages/dbcounter.py:114}}
Jun 23 19:12:57.409130 n-d-847126-7 devstack@n-api.service[103914]: DEBUG dbcounter [-] [103914] Writing DB stats nova_cell0:SELECT=6,nova_cell0:INSERT=1 {{(pid=103914) stat_writer /usr/local/lib/python3.8/dist-packages/dbcounter.py:114}}
Jun 23 19:12:57.835573 n-d-847126-7 devstack@n-api.service[103914]: DEBUG nova.api.openstack.wsgi [None req-0e3c3306-4d5d-4383-a1a5-b83970a75be4 admin admin] Calling method '>' {{(pid=103914) _process_stack /opt/stack/nova/nova/api/openstack/wsgi.py:513}}
Jun 23 19:12:57.865862 n-d-847126-7 devstack@n-api.service[103914]: INFO nova.api.openstack.requestlog [None req-0e3c3306-4d5d-4383-a1a5-b83970a75be4 admin admin] 10.222.0.18 "GET /compute/v2.1/flavors/detail?is_public=True" status: 200 len: 15 microversion: 2.61 time: 0.469463
Jun 23 19:12:57.866619 n-d-847126-7 devstack@n-api.service[103914]: [pid: 103914|app: 0|req: 2/3] 10.222.0.18 () {60 vars in 1291 bytes} [Thu Jun 23 19:12:57 2022] GET /compute/v2.1/flavors/detail?is_public=True => generated 15 bytes in 471 msecs (HTTP/1.1 200) 9 headers in 358 bytes (1 switches on core 0)
Jun 23 19:12:59.887347 n-d-847126-7 devstack@n-api.service[103915]: DEBUG nova.api.openstack.wsgi [None req-82dbf0bb-691d-42de-a905-394fae086eda None None] Calling method '>' {{(pid=103915) _process_stack /opt/stack/nova/nova/api/openstack/wsgi.py:513}}
Jun 23 19:12:59.888329 n-d-847126-7 devstack@n-api.service[103915]: INFO nova.api.openstack.requestlog [None req-82dbf0bb-691d-42de-a905-394fae086eda None None] 10.222.0.18 "GET /compute/v2.1" status: 200 len: 388 microversion: 2.1 time: 0.001444
Jun 23 19:12:59.888714 n-d-847126-7 devstack@n-api.service[103915]: [pid: 103915|app: 0|req: 2/4] 10.222.0.18 () {54 vars in 930 bytes} [Thu Jun 23 19:12:59 2022] GET /compute/v2.1 => generated 388 bytes in 2 msecs (HTTP/1.1 200) 9 headers in 357 bytes (1 switches on core 0)
Jun 23 19:12:59.947873 n-d-847126-7 devstack@n-api.service[103914]: DEBUG nova.api.openstack.wsgi [None req-2afca113-9be6-424a-8616-3ae937bbd56b admin admin] Action: 'create', calling method: >, body: {"flavor": {"name": "cirros256", "os-flavor-access:is_public": true, "ram": 256, "vcpus": 1, "swap": 0, "rxtx_factor": 1.0, "OS-FLV-EXT-DATA:ephemeral": 0, "id": "c1", "disk": 1}} {{(pid=103914) _process_stack /opt/stack/nova/nova/api/openstack/wsgi.py:511}}
Jun 23 19:12:59.966029 n-d-847126-7 devstack@n-api.service[103914]: /usr/local/lib/python3.8/dist-packages/oslo_policy/policy.py:1129: UserWarning: Policy "os_compute_api:os-flavor-manage:create": "rule:context_is_admin" failed scope check. The token used to make the request was project scoped but the policy requires ['system'] scope. This behavior may change in the future where using the intended scope is required
Jun 23 19:12:59.966029 n-d-847126-7 devstack@n-api.service[103914]: warnings.warn(msg)
Jun 23 19:12:59.994663 n-d-847126-7 devstack@n-api.service[103914]: INFO nova.api.openstack.requestlog [None req-2afca113-9be6-424a-8616-3ae937bbd56b admin admin] 10.222.0.18 "POST /compute/v2.1/flavors" status: 200 len: 407 microversion: 2.61 time: 0.100019
Jun 23 19:12:59.995333 n-d-847126-7 devstack@n-api.service[103914]: [pid: 103914|app: 0|req: 3/5] 10.222.0.18 () {64 vars in 1282 bytes} [Thu Jun 23 19:12:59 2022] POST /compute/v2.1/flavors => generated 407 bytes in 101 msecs (HTTP/1.1 200) 9 headers in 359 bytes (1 switches on core 0)
Jun 23 19:13:00.009414 n-d-847126-7 devstack@n-api.service[103915]: DEBUG dbcounter [-] [103915] Writing DB stats nova_api:SELECT=3 {{(pid=103915) stat_writer /usr/local/lib/python3.8/dist-packages/dbcounter.py:114}}
Jun 23 19:13:00.010829 n-d-847126-7 devstack@n-api.service[103915]: DEBUG dbcounter [-] [103915] Writing DB stats nova_cell1:SELECT=3 {{(pid=103915) stat_writer /usr/local/lib/python3.8/dist-packages/dbcounter.py:114}}
Jun 23 19:13:00.011910 n-d-847126-7 devstack@n-api.service[103915]: DEBUG dbcounter [-] [103915] Writing DB stats nova_cell0:SELECT=3 {{(pid=103915) stat_writer /usr/local/lib/python3.8/dist-packages/dbcounter.py:114}}
Jun 23 19:13:00.012877 n-d-847126-7 devstack@n-api.service[103915]: DEBUG dbcounter [-] [103915] Writing DB stats nova_cell0:SELECT=6,nova_cell0:INSERT=1 {{(pid=103915) stat_writer /usr/local/lib/python3.8/dist-packages/dbcounter.py:114}}
Jun 23 19:13:00.218649 n-d-847126-7 devstack@n-api.service[103915]: DEBUG nova.api.openstack.wsgi [None req-57a8b69e-ec91-4668-b1e3-b21c522aa2d0 admin admin] Action: 'create', calling method: >, body: {"extra_specs": {"hw_rng:allowed": "True"}} {{(pid=103915) _process_stack /opt/stack/nova/nova/api/openstack/wsgi.py:511}}
Jun 23 19:13:00.221071 n-d-847126-7 devstack@n-api.service[103915]: /usr/local/lib/python3.8/dist-packages/oslo_policy/policy.py:1129: UserWarning: Policy "os_compute_api:os-flavor-extra-specs:create": "rule:context_is_admin" failed scope check. The token used to make the request was project scoped but the policy requires ['system'] scope. This behavior may change in the future where using the intended scope is required
Jun 23 19:13:00.221071 n-d-847126-7 devstack@n-api.service[103915]: warnings.warn(msg)
Jun 23 19:13:00.283009 n-d-847126-7 devstack@n-api.service[103915]: INFO nova.api.openstack.requestlog [None req-57a8b69e-ec91-4668-b1e3-b21c522aa2d0 admin admin] 10.222.0.18 "POST /compute/v2.1/flavors/c1/os-extra_specs" status: 200 len: 43 microversion: 2.61 time: 0.278943
Jun 23 19:13:00.286210 n-d-847126-7 devstack@n-api.service[103915]: [pid: 103915|app: 0|req: 3/6] 10.222.0.18 () {64 vars in 1335 bytes} [Thu Jun 23 19:13:00 2022] POST /compute/v2.1/flavors/c1/os-extra_specs => generated 43 bytes in 280 msecs (HTTP/1.1 200) 9 headers in 358 bytes (1 switches on core 0)
Jun 23 19:13:02.351200 n-d-847126-7 devstack@n-api.service[103914]: DEBUG nova.api.openstack.wsgi [None req-2afca113-9be6-424a-8616-3ae937bbd56b admin admin] Calling method '>' {{(pid=103914) _process_stack /opt/stack/nova/nova/api/openstack/wsgi.py:513}}
Jun 23 19:13:02.352394 n-d-847126-7 devstack@n-api.service[103914]: INFO nova.api.openstack.requestlog [None req-2afca113-9be6-424a-8616-3ae937bbd56b admin admin] 10.222.0.18 "GET /compute/v2.1" status: 200 len: 388 microversion: 2.1 time: 0.001673
Jun 23 19:13:02.353253 n-d-847126-7 devstack@n-api.service[103914]: [pid: 103914|app: 0|req: 4/7] 10.222.0.18 () {54 vars in 930 bytes} [Thu Jun 23 19:13:02 2022] GET /compute/v2.1 => generated 388 bytes in 3 msecs (HTTP/1.1 200) 9 headers in 357 bytes (1 switches on core 0)
Jun 23 19:13:02.459325 n-d-847126-7 devstack@n-api.service[103915]: DEBUG nova.api.openstack.wsgi [None req-cb54401d-190b-4ce6-9e8e-1bcfc8473146 admin admin] Action: 'create', calling method: >, body: {"flavor": {"id": "d1", "ram": 512, "name": "ds512M", "OS-FLV-EXT-DATA:ephemeral": 0, "disk": 5, "vcpus": 1, "rxtx_factor": 1.0, "swap": 0, "os-flavor-access:is_public": true}} {{(pid=103915) _process_stack /opt/stack/nova/nova/api/openstack/wsgi.py:511}}
Jun 23 19:13:02.477271 n-d-847126-7 devstack@n-api.service[103915]: /usr/local/lib/python3.8/dist-packages/oslo_policy/policy.py:1129: UserWarning: Policy "os_compute_api:os-flavor-manage:create": "rule:context_is_admin" failed scope check. The token used to make the request was project scoped but the policy requires ['system'] scope. This behavior may change in the future where using the intended scope is required
Jun 23 19:13:02.477271 n-d-847126-7 devstack@n-api.service[103915]: warnings.warn(msg)
Jun 23 19:13:02.496659 n-d-847126-7 devstack@n-api.service[103915]: INFO nova.api.openstack.requestlog [None req-cb54401d-190b-4ce6-9e8e-1bcfc8473146 admin admin] 10.222.0.18 "POST /compute/v2.1/flavors" status: 200 len: 404 microversion: 2.61 time: 0.137357
Jun 23 19:13:02.497215 n-d-847126-7 devstack@n-api.service[103915]: [pid: 103915|app: 0|req: 4/8] 10.222.0.18 () {64 vars in 1282 bytes} [Thu Jun 23 19:13:02 2022] POST /compute/v2.1/flavors => generated 404 bytes in 139 msecs (HTTP/1.1 200) 9 headers in 359 bytes (2 switches on core 0)
Jun 23 19:13:02.509261 n-d-847126-7 devstack@n-api.service[103914]: DEBUG nova.api.openstack.wsgi [None req-e75cb5a3-fea6-4055-9e89-a7f09265a595 admin admin] Action: 'create', calling method: >, body: {"extra_specs": {"hw_rng:allowed": "True"}} {{(pid=103914) _process_stack /opt/stack/nova/nova/api/openstack/wsgi.py:511}}
Jun 23 19:13:02.510807 n-d-847126-7 devstack@n-api.service[103914]: /usr/local/lib/python3.8/dist-packages/oslo_policy/policy.py:1129: UserWarning: Policy "os_compute_api:os-flavor-extra-specs:create": "rule:context_is_admin" failed scope check. The token used to make the request was project scoped but the policy requires ['system'] scope. This behavior may change in the future where using the intended scope is required
Jun 23 19:13:02.510807 n-d-847126-7 devstack@n-api.service[103914]: warnings.warn(msg)
Jun 23 19:13:02.543577 n-d-847126-7 devstack@n-api.service[103914]: INFO nova.api.openstack.requestlog [None req-e75cb5a3-fea6-4055-9e89-a7f09265a595 admin admin] 10.222.0.18 "POST /compute/v2.1/flavors/d1/os-extra_specs" status: 200 len: 43 microversion: 2.61 time: 0.038029
Jun 23 19:13:02.544162 n-d-847126-7 devstack@n-api.service[103914]: [pid: 103914|app: 0|req: 5/9] 10.222.0.18 () {64 vars in 1335 bytes} [Thu Jun 23 19:13:02 2022] POST /compute/v2.1/flavors/d1/os-extra_specs => generated 43 bytes in 39 msecs (HTTP/1.1 200) 9 headers in 358 bytes (1 switches on core 0)
Jun 23 19:13:04.614004 n-d-847126-7 devstack@n-api.service[103915]: DEBUG nova.api.openstack.wsgi [None req-cb54401d-190b-4ce6-9e8e-1bcfc8473146 admin admin] Calling method '>' {{(pid=103915) _process_stack /opt/stack/nova/nova/api/openstack/wsgi.py:513}}
Jun 23 19:13:04.615005 n-d-847126-7 devstack@n-api.service[103915]: INFO nova.api.openstack.requestlog [None req-cb54401d-190b-4ce6-9e8e-1bcfc8473146 admin admin] 10.222.0.18 "GET /compute/v2.1" status: 200 len: 388 microversion: 2.1 time: 0.001537
Jun 23 19:13:04.615684 n-d-847126-7 devstack@n-api.service[103915]: [pid: 103915|app: 0|req: 5/10] 10.222.0.18 () {54 vars in 930 bytes} [Thu Jun 23 19:13:04 2022] GET /compute/v2.1 => generated 388 bytes in 3 msecs (HTTP/1.1 200) 9 headers in 357 bytes (1 switches on core 0)
Jun 23 19:13:04.681873 n-d-847126-7 devstack@n-api.service[103914]: DEBUG nova.api.openstack.wsgi [None req-eed865f2-6f5b-48bf-95dd-3bf93325085b admin admin] Action: 'create', calling method: >, body: {"flavor": {"vcpus": 1, "rxtx_factor": 1.0, "name": "ds1G", "swap": 0, "ram": 1024, "os-flavor-access:is_public": true, "id": "d2", "OS-FLV-EXT-DATA:ephemeral": 0, "disk": 10}} {{(pid=103914) _process_stack /opt/stack/nova/nova/api/openstack/wsgi.py:511}}
Jun 23 19:13:04.704338 n-d-847126-7 devstack@n-api.service[103914]: INFO nova.api.openstack.requestlog [None req-eed865f2-6f5b-48bf-95dd-3bf93325085b admin admin] 10.222.0.18 "POST /compute/v2.1/flavors" status: 200 len: 404 microversion: 2.61 time: 0.082698
Jun 23 19:13:04.712304 n-d-847126-7 devstack@n-api.service[103914]: [pid: 103914|app: 0|req: 6/11] 10.222.0.18 () {64 vars in 1282 bytes} [Thu Jun 23 19:13:04 2022] POST /compute/v2.1/flavors => generated 404 bytes in 91 msecs (HTTP/1.1 200) 9 headers in 359 bytes (1 switches on core 0)
Jun 23 19:13:04.718291 n-d-847126-7 devstack@n-api.service[103915]: DEBUG nova.api.openstack.wsgi [None req-f51fcdb7-a2e1-417e-afe3-110cec2edfc4 admin admin] Action: 'create', calling method: >, body: {"extra_specs": {"hw_rng:allowed": "True"}} {{(pid=103915) _process_stack /opt/stack/nova/nova/api/openstack/wsgi.py:511}}
Jun 23 19:13:04.742690 n-d-847126-7 devstack@n-api.service[103915]: INFO nova.api.openstack.requestlog [None req-f51fcdb7-a2e1-417e-afe3-110cec2edfc4 admin admin] 10.222.0.18 "POST /compute/v2.1/flavors/d2/os-extra_specs" status: 200 len: 43 microversion: 2.61 time: 0.028478
Jun 23 19:13:04.743522 n-d-847126-7 devstack@n-api.service[103915]: [pid: 103915|app: 0|req: 6/12] 10.222.0.18 () {64 vars in 1335 bytes} [Thu Jun 23 19:13:04 2022] POST /compute/v2.1/flavors/d2/os-extra_specs => generated 43 bytes in 30 msecs (HTTP/1.1 200) 9 headers in 358 bytes (1 switches on core 0)
Jun 23 19:13:06.932173 n-d-847126-7 devstack@n-api.service[103914]: DEBUG nova.api.openstack.wsgi [None req-eed865f2-6f5b-48bf-95dd-3bf93325085b admin admin] Calling method '>' {{(pid=103914) _process_stack /opt/stack/nova/nova/api/openstack/wsgi.py:513}}
Jun 23 19:13:06.933857 n-d-847126-7 devstack@n-api.service[103914]: INFO nova.api.openstack.requestlog [None req-eed865f2-6f5b-48bf-95dd-3bf93325085b admin admin] 10.222.0.18 "GET /compute/v2.1" status: 200 len: 388 microversion: 2.1 time: 0.002011
Jun 23 19:13:06.935234 n-d-847126-7 devstack@n-api.service[103914]: [pid: 103914|app: 0|req: 7/13] 10.222.0.18 () {54 vars in 930 bytes} [Thu Jun 23 19:13:06 2022] GET /compute/v2.1 => generated 388 bytes in 4 msecs (HTTP/1.1 200) 9 headers in 357 bytes (1 switches on core 0)
Jun 23 19:13:07.026277 n-d-847126-7 devstack@n-api.service[103915]: DEBUG nova.api.openstack.wsgi [None req-886872c1-27db-405a-a259-0a0b5396abd4 admin admin] Action: 'create', calling method: >, body: {"flavor": {"disk": 10, "swap": 0, "id": "d3", "name": "ds2G", "os-flavor-access:is_public": true, "rxtx_factor": 1.0, "vcpus": 2, "ram": 2048, "OS-FLV-EXT-DATA:ephemeral": 0}} {{(pid=103915) _process_stack /opt/stack/nova/nova/api/openstack/wsgi.py:511}}
Jun 23 19:13:07.058499 n-d-847126-7 devstack@n-api.service[103915]: INFO nova.api.openstack.requestlog [None req-886872c1-27db-405a-a259-0a0b5396abd4 admin admin] 10.222.0.18 "POST /compute/v2.1/flavors" status: 200 len: 404 microversion: 2.61 time: 0.114770
Jun 23 19:13:07.059332 n-d-847126-7 devstack@n-api.service[103915]: [pid: 103915|app: 0|req: 7/14] 10.222.0.18 () {64 vars in 1282 bytes} [Thu Jun 23 19:13:06 2022] POST /compute/v2.1/flavors => generated 404 bytes in 116 msecs (HTTP/1.1 200) 9 headers in 359 bytes (1 switches on core 0)
Jun 23 19:13:07.071401 n-d-847126-7 devstack@n-api.service[103914]: DEBUG nova.api.openstack.wsgi [None req-9fb60bb3-9d6a-453b-aac8-68212725dcde admin admin] Action: 'create', calling method: >, body: {"extra_specs": {"hw_rng:allowed": "True"}} {{(pid=103914) _process_stack /opt/stack/nova/nova/api/openstack/wsgi.py:511}}
Jun 23 19:13:07.110843 n-d-847126-7 devstack@n-api.service[103914]: INFO nova.api.openstack.requestlog [None req-9fb60bb3-9d6a-453b-aac8-68212725dcde admin admin] 10.222.0.18 "POST /compute/v2.1/flavors/d3/os-extra_specs" status: 200 len: 43 microversion: 2.61 time: 0.043062
Jun 23 19:13:07.111760 n-d-847126-7 devstack@n-api.service[103914]: [pid: 103914|app: 0|req: 8/15] 10.222.0.18 () {64 vars in 1335 bytes} [Thu Jun 23 19:13:07 2022] POST /compute/v2.1/flavors/d3/os-extra_specs => generated 43 bytes in 45 msecs (HTTP/1.1 200) 9 headers in 358 bytes (1 switches on core 0)
Jun 23 19:13:09.241045 n-d-847126-7 devstack@n-api.service[103915]: DEBUG nova.api.openstack.wsgi [None req-886872c1-27db-405a-a259-0a0b5396abd4 admin admin] Calling method '>' {{(pid=103915) _process_stack /opt/stack/nova/nova/api/openstack/wsgi.py:513}}
Jun 23 19:13:09.242177 n-d-847126-7 devstack@n-api.service[103915]: INFO nova.api.openstack.requestlog [None req-886872c1-27db-405a-a259-0a0b5396abd4 admin admin] 10.222.0.18 "GET /compute/v2.1" status: 200 len: 388 microversion: 2.1 time: 0.001583
Jun 23 19:13:09.245187 n-d-847126-7 devstack@n-api.service[103915]: [pid: 103915|app: 0|req: 8/16] 10.222.0.18 () {54 vars in 930 bytes} [Thu Jun 23 19:13:09 2022] GET /compute/v2.1 => generated 388 bytes in 3 msecs (HTTP/1.1 200) 9 headers in 357 bytes (1 switches on core 0)
Jun 23 19:13:09.305110 n-d-847126-7 devstack@n-api.service[103914]: DEBUG nova.api.openstack.wsgi [None req-773ead66-be41-4057-871b-1b4f40fb2fc2 admin admin] Action: 'create', calling method: >, body: {"flavor": {"ram": 4096, "swap": 0, "rxtx_factor": 1.0, "OS-FLV-EXT-DATA:ephemeral": 0, "os-flavor-access:is_public": true, "name": "ds4G", "vcpus": 4, "id": "d4", "disk": 20}} {{(pid=103914) _process_stack /opt/stack/nova/nova/api/openstack/wsgi.py:511}}
Jun 23 19:13:09.326748 n-d-847126-7 devstack@n-api.service[103914]: INFO nova.api.openstack.requestlog [None req-773ead66-be41-4057-871b-1b4f40fb2fc2 admin admin] 10.222.0.18 "POST /compute/v2.1/flavors" status: 200 len: 404 microversion: 2.61 time: 0.077832
Jun 23 19:13:09.327471 n-d-847126-7 devstack@n-api.service[103914]: [pid: 103914|app: 0|req: 9/17] 10.222.0.18 () {64 vars in 1282 bytes} [Thu Jun 23 19:13:09 2022] POST /compute/v2.1/flavors => generated 404 bytes in 79 msecs (HTTP/1.1 200) 9 headers in 359 bytes (1 switches on core 0)
Jun 23 19:13:09.339920 n-d-847126-7 devstack@n-api.service[103915]: DEBUG nova.api.openstack.wsgi [None req-d157f19d-b97d-4b80-9588-dcec301ce758 admin admin] Action: 'create', calling method: >, body: {"extra_specs": {"hw_rng:allowed": "True"}} {{(pid=103915) _process_stack /opt/stack/nova/nova/api/openstack/wsgi.py:511}}
Jun 23 19:13:09.379063 n-d-847126-7 devstack@n-api.service[103915]: INFO nova.api.openstack.requestlog [None req-d157f19d-b97d-4b80-9588-dcec301ce758 admin admin] 10.222.0.18 "POST /compute/v2.1/flavors/d4/os-extra_specs" status: 200 len: 43 microversion: 2.61 time: 0.043292
Jun 23 19:13:09.379798 n-d-847126-7 devstack@n-api.service[103915]: [pid: 103915|app: 0|req: 9/18] 10.222.0.18 () {64 vars in 1335 bytes} [Thu Jun 23 19:13:09 2022] POST /compute/v2.1/flavors/d4/os-extra_specs => generated 43 bytes in 44 msecs (HTTP/1.1 200) 9 headers in 358 bytes (1 switches on core 0)
Jun 23 19:13:11.491998 n-d-847126-7 devstack@n-api.service[103914]: DEBUG nova.api.openstack.wsgi [None req-773ead66-be41-4057-871b-1b4f40fb2fc2 admin admin] Calling method '>' {{(pid=103914) _process_stack /opt/stack/nova/nova/api/openstack/wsgi.py:513}}
Jun 23 19:13:11.493003 n-d-847126-7 devstack@n-api.service[103914]: INFO nova.api.openstack.requestlog [None req-773ead66-be41-4057-871b-1b4f40fb2fc2 admin admin] 10.222.0.18 "GET /compute/v2.1" status: 200 len: 388 microversion: 2.1 time: 0.001498
Jun 23 19:13:11.493474 n-d-847126-7 devstack@n-api.service[103914]: [pid: 103914|app: 0|req: 10/19] 10.222.0.18 () {54 vars in 930 bytes} [Thu Jun 23 19:13:11 2022] GET /compute/v2.1 => generated 388 bytes in 2 msecs (HTTP/1.1 200) 9 headers in 357 bytes (1 switches on core 0)
Jun 23 19:13:11.565694 n-d-847126-7 devstack@n-api.service[103915]: DEBUG nova.api.openstack.wsgi [None req-1e7f460c-e50d-446b-b031-ad9d6e77e78b admin admin] Calling method '>' {{(pid=103915) _process_stack /opt/stack/nova/nova/api/openstack/wsgi.py:513}}
Jun 23 19:13:11.593741 n-d-847126-7 devstack@n-api.service[103915]: INFO nova.api.openstack.requestlog [None req-1e7f460c-e50d-446b-b031-ad9d6e77e78b admin admin] 10.222.0.18 "GET /compute/v2.1/flavors/detail?is_public=True" status: 200 len: 2106 microversion: 2.61 time: 0.094067
Jun 23 19:13:11.595113 n-d-847126-7 devstack@n-api.service[103915]: [pid: 103915|app: 0|req: 10/20] 10.222.0.18 () {60 vars in 1291 bytes} [Thu Jun 23 19:13:11 2022] GET /compute/v2.1/flavors/detail?is_public=True => generated 2106 bytes in 95 msecs (HTTP/1.1 200) 9 headers in 360 bytes (1 switches on core 0)
Jun 23 19:13:13.737287 n-d-847126-7 devstack@n-api.service[103914]: DEBUG nova.api.openstack.wsgi [None req-773ead66-be41-4057-871b-1b4f40fb2fc2 admin admin] Calling method '>' {{(pid=103914) _process_stack /opt/stack/nova/nova/api/openstack/wsgi.py:513}}
Jun 23 19:13:13.739042 n-d-847126-7 devstack@n-api.service[103914]: INFO nova.api.openstack.requestlog [None req-773ead66-be41-4057-871b-1b4f40fb2fc2 admin admin] 10.222.0.18 "GET /compute/v2.1" status: 200 len: 388 microversion: 2.1 time: 0.002226
Jun 23 19:13:13.739674 n-d-847126-7 devstack@n-api.service[103914]: [pid: 103914|app: 0|req: 11/21] 10.222.0.18 () {54 vars in 930 bytes} [Thu Jun 23 19:13:13 2022] GET /compute/v2.1 => generated 388 bytes in 3 msecs (HTTP/1.1 200) 9 headers in 357 bytes (1 switches on core 0)
Jun 23 19:13:13.818025 n-d-847126-7 devstack@n-api.service[103915]: DEBUG nova.api.openstack.wsgi [None req-e2a0073d-2907-47ba-8cad-0614ef770440 admin admin] Action: 'create', calling method: >, body: {"flavor": {"swap": 0, "rxtx_factor": 1.0, "ram": 512, "id": "1", "disk": 1, "OS-FLV-EXT-DATA:ephemeral": 0, "vcpus": 1, "name": "m1.tiny", "os-flavor-access:is_public": true}} {{(pid=103915) _process_stack /opt/stack/nova/nova/api/openstack/wsgi.py:511}}
Jun 23 19:13:13.840412 n-d-847126-7 devstack@n-api.service[103915]: INFO nova.api.openstack.requestlog [None req-e2a0073d-2907-47ba-8cad-0614ef770440 admin admin] 10.222.0.18 "POST /compute/v2.1/flavors" status: 200 len: 402 microversion: 2.61 time: 0.094352
Jun 23 19:13:13.854058 n-d-847126-7 devstack@n-api.service[103914]: DEBUG nova.api.openstack.wsgi [None req-c5e1f95b-8350-4c2f-8032-97b894f5da4e admin admin] Action: 'create', calling method: >, body: {"extra_specs": {"hw_rng:allowed": "True"}} {{(pid=103914) _process_stack /opt/stack/nova/nova/api/openstack/wsgi.py:511}}
Jun 23 19:13:13.857333 n-d-847126-7 devstack@n-api.service[103915]: [pid: 103915|app: 0|req: 11/22] 10.222.0.18 () {64 vars in 1282 bytes} [Thu Jun 23 19:13:13 2022] POST /compute/v2.1/flavors => generated 402 bytes in 112 msecs (HTTP/1.1 200) 9 headers in 359 bytes (1 switches on core 0)
Jun 23 19:13:13.882390 n-d-847126-7 devstack@n-api.service[103914]: INFO nova.api.openstack.requestlog [None req-c5e1f95b-8350-4c2f-8032-97b894f5da4e admin admin] 10.222.0.18 "POST /compute/v2.1/flavors/1/os-extra_specs" status: 200 len: 43 microversion: 2.61 time: 0.032209
Jun 23 19:13:13.883517 n-d-847126-7 devstack@n-api.service[103914]: [pid: 103914|app: 0|req: 12/23] 10.222.0.18 () {64 vars in 1332 bytes} [Thu Jun 23 19:13:13 2022] POST /compute/v2.1/flavors/1/os-extra_specs => generated 43 bytes in 34 msecs (HTTP/1.1 200) 9 headers in 358 bytes (1 switches on core 0)
Jun 23 19:13:15.984993 n-d-847126-7 devstack@n-api.service[103915]: DEBUG nova.api.openstack.wsgi [None req-e2a0073d-2907-47ba-8cad-0614ef770440 admin admin] Calling method '>' {{(pid=103915) _process_stack /opt/stack/nova/nova/api/openstack/wsgi.py:513}}
Jun 23 19:13:15.987432 n-d-847126-7 devstack@n-api.service[103915]: INFO nova.api.openstack.requestlog [None req-e2a0073d-2907-47ba-8cad-0614ef770440 admin admin] 10.222.0.18 "GET /compute/v2.1" status: 200 len: 388 microversion: 2.1 time: 0.002871
Jun 23 19:13:15.993367 n-d-847126-7 devstack@n-api.service[103915]: [pid: 103915|app: 0|req: 12/24] 10.222.0.18 () {54 vars in 930 bytes} [Thu Jun 23 19:13:15 2022] GET /compute/v2.1 => generated 388 bytes in 5 msecs (HTTP/1.1 200) 9 headers in 357 bytes (1 switches on core 0)
Jun 23 19:13:16.052883 n-d-847126-7 devstack@n-api.service[103914]: DEBUG nova.api.openstack.wsgi [None req-f609881f-f122-48be-a2e3-83907109f334 admin admin] Action: 'create', calling method: >, body: {"flavor": {"os-flavor-access:is_public": true, "disk": 20, "vcpus": 1, "rxtx_factor": 1.0, "id": "2", "OS-FLV-EXT-DATA:ephemeral": 0, "swap": 0, "name": "m1.small", "ram": 2048}} {{(pid=103914) _process_stack /opt/stack/nova/nova/api/openstack/wsgi.py:511}}
Jun 23 19:13:16.075301 n-d-847126-7 devstack@n-api.service[103914]: INFO nova.api.openstack.requestlog [None req-f609881f-f122-48be-a2e3-83907109f334 admin admin] 10.222.0.18 "POST /compute/v2.1/flavors" status: 200 len: 405 microversion: 2.61 time: 0.080602
Jun 23 19:13:16.076596 n-d-847126-7 devstack@n-api.service[103914]: [pid: 103914|app: 0|req: 13/25] 10.222.0.18 () {64 vars in 1282 bytes} [Thu Jun 23 19:13:15 2022] POST /compute/v2.1/flavors => generated 405 bytes in 83 msecs (HTTP/1.1 200) 9 headers in 359 bytes (1 switches on core 0)
Jun 23 19:13:16.088136 n-d-847126-7 devstack@n-api.service[103915]: DEBUG nova.api.openstack.wsgi [None req-12c48a71-f57d-4b70-b86b-73f6ec41730b admin admin] Action: 'create', calling method: >, body: {"extra_specs": {"hw_rng:allowed": "True"}} {{(pid=103915) _process_stack /opt/stack/nova/nova/api/openstack/wsgi.py:511}}
Jun 23 19:13:16.113780 n-d-847126-7 devstack@n-api.service[103915]: INFO nova.api.openstack.requestlog [None req-12c48a71-f57d-4b70-b86b-73f6ec41730b admin admin] 10.222.0.18 "POST /compute/v2.1/flavors/2/os-extra_specs" status: 200 len: 43 microversion: 2.61 time: 0.029052
Jun 23 19:13:16.133350 n-d-847126-7 devstack@n-api.service[103915]: [pid: 103915|app: 0|req: 13/26] 10.222.0.18 () {64 vars in 1332 bytes} [Thu Jun 23 19:13:16 2022] POST /compute/v2.1/flavors/2/os-extra_specs => generated 43 bytes in 42 msecs (HTTP/1.1 200) 9 headers in 358 bytes (1 switches on core 0)
Jun 23 19:13:18.463191 n-d-847126-7 devstack@n-api.service[103914]: DEBUG nova.api.openstack.wsgi [None req-f609881f-f122-48be-a2e3-83907109f334 admin admin] Calling method '>' {{(pid=103914) _process_stack /opt/stack/nova/nova/api/openstack/wsgi.py:513}}
Jun 23 19:13:18.464372 n-d-847126-7 devstack@n-api.service[103914]: INFO nova.api.openstack.requestlog [None req-f609881f-f122-48be-a2e3-83907109f334 admin admin] 10.222.0.18 "GET /compute/v2.1" status: 200 len: 388 microversion: 2.1 time: 0.001718
Jun 23 19:13:18.464924 n-d-847126-7 devstack@n-api.service[103914]: [pid: 103914|app: 0|req: 14/27] 10.222.0.18 () {54 vars in 930 bytes} [Thu Jun 23 19:13:18 2022] GET /compute/v2.1 => generated 388 bytes in 3 msecs (HTTP/1.1 200) 9 headers in 357 bytes (1 switches on core 0)
Jun 23 19:13:18.536972 n-d-847126-7 devstack@n-api.service[103915]: DEBUG nova.api.openstack.wsgi [None req-5fa730a8-8272-4c54-b6ae-8d9e2ee15d98 admin admin] Action: 'create', calling method: >, body: {"flavor": {"OS-FLV-EXT-DATA:ephemeral": 0, "rxtx_factor": 1.0, "os-flavor-access:is_public": true, "vcpus": 2, "swap": 0, "id": "3", "ram": 4096, "name": "m1.medium", "disk": 40}} {{(pid=103915) _process_stack /opt/stack/nova/nova/api/openstack/wsgi.py:511}}
Jun 23 19:13:18.558082 n-d-847126-7 devstack@n-api.service[103915]: INFO nova.api.openstack.requestlog [None req-5fa730a8-8272-4c54-b6ae-8d9e2ee15d98 admin admin] 10.222.0.18 "POST /compute/v2.1/flavors" status: 200 len: 406 microversion: 2.61 time: 0.084314
Jun 23 19:13:18.558408 n-d-847126-7 devstack@n-api.service[103915]: [pid: 103915|app: 0|req: 14/28] 10.222.0.18 () {64 vars in 1282 bytes} [Thu Jun 23 19:13:18 2022] POST /compute/v2.1/flavors => generated 406 bytes in 86 msecs (HTTP/1.1 200) 9 headers in 359 bytes (1 switches on core 0)
Jun 23 19:13:18.570984 n-d-847126-7 devstack@n-api.service[103914]: DEBUG nova.api.openstack.wsgi [None req-73318874-2b55-4f1e-ba03-a38113177d53 admin admin] Action: 'create', calling method: >, body: {"extra_specs": {"hw_rng:allowed": "True"}} {{(pid=103914) _process_stack /opt/stack/nova/nova/api/openstack/wsgi.py:511}}
Jun 23 19:13:18.614076 n-d-847126-7 devstack@n-api.service[103914]: INFO nova.api.openstack.requestlog [None req-73318874-2b55-4f1e-ba03-a38113177d53 admin admin] 10.222.0.18 "POST /compute/v2.1/flavors/3/os-extra_specs" status: 200 len: 43 microversion: 2.61 time: 0.046983
Jun 23 19:13:18.614713 n-d-847126-7 devstack@n-api.service[103914]: [pid: 103914|app: 0|req: 15/29] 10.222.0.18 () {64 vars in 1332 bytes} [Thu Jun 23 19:13:18 2022] POST /compute/v2.1/flavors/3/os-extra_specs => generated 43 bytes in 48 msecs (HTTP/1.1 200) 9 headers in 358 bytes (1 switches on core 0)
Jun 23 19:13:20.868678 n-d-847126-7 devstack@n-api.service[103915]: DEBUG nova.api.openstack.wsgi [None req-5fa730a8-8272-4c54-b6ae-8d9e2ee15d98 admin admin] Calling method '>' {{(pid=103915) _process_stack /opt/stack/nova/nova/api/openstack/wsgi.py:513}}
Jun 23 19:13:20.870136 n-d-847126-7 devstack@n-api.service[103915]: INFO nova.api.openstack.requestlog [None req-5fa730a8-8272-4c54-b6ae-8d9e2ee15d98 admin admin] 10.222.0.18 "GET /compute/v2.1" status: 200 len: 388 microversion: 2.1 time: 0.002177
Jun 23 19:13:20.870743 n-d-847126-7 devstack@n-api.service[103915]: [pid: 103915|app: 0|req: 15/30] 10.222.0.18 () {54 vars in 930 bytes} [Thu Jun 23 19:13:20 2022] GET /compute/v2.1 => generated 388 bytes in 4 msecs (HTTP/1.1 200) 9 headers in 357 bytes (1 switches on core 0)
Jun 23 19:13:20.943635 n-d-847126-7 devstack@n-api.service[103914]: DEBUG nova.api.openstack.wsgi [None req-9ee7b00a-7106-412b-b0f3-e94b70e54b74 admin admin] Action: 'create', calling method: >, body: {"flavor": {"ram": 8192, "id": "4", "swap": 0, "disk": 80, "name": "m1.large", "os-flavor-access:is_public": true, "OS-FLV-EXT-DATA:ephemeral": 0, "rxtx_factor": 1.0, "vcpus": 4}} {{(pid=103914) _process_stack /opt/stack/nova/nova/api/openstack/wsgi.py:511}}
Jun 23 19:13:20.964303 n-d-847126-7 devstack@n-api.service[103914]: INFO nova.api.openstack.requestlog [None req-9ee7b00a-7106-412b-b0f3-e94b70e54b74 admin admin] 10.222.0.18 "POST /compute/v2.1/flavors" status: 200 len: 405 microversion: 2.61 time: 0.085572
Jun 23 19:13:20.965272 n-d-847126-7 devstack@n-api.service[103914]: [pid: 103914|app: 0|req: 16/31] 10.222.0.18 () {64 vars in 1282 bytes} [Thu Jun 23 19:13:20 2022] POST /compute/v2.1/flavors => generated 405 bytes in 87 msecs (HTTP/1.1 200) 9 headers in 359 bytes (1 switches on core 0)
Jun 23 19:13:20.979109 n-d-847126-7 devstack@n-api.service[103915]: DEBUG nova.api.openstack.wsgi [None req-4c587049-bb21-48fe-9fc0-d1dbdc2e7cc3 admin admin] Action: 'create', calling method: >, body: {"extra_specs": {"hw_rng:allowed": "True"}} {{(pid=103915) _process_stack /opt/stack/nova/nova/api/openstack/wsgi.py:511}}
Jun 23 19:13:21.004716 n-d-847126-7 devstack@n-api.service[103915]: INFO nova.api.openstack.requestlog [None req-4c587049-bb21-48fe-9fc0-d1dbdc2e7cc3 admin admin] 10.222.0.18 "POST /compute/v2.1/flavors/4/os-extra_specs" status: 200 len: 43 microversion: 2.61 time: 0.029716
Jun 23 19:13:21.005378 n-d-847126-7 devstack@n-api.service[103915]: [pid: 103915|app: 0|req: 16/32] 10.222.0.18 () {64 vars in 1332 bytes} [Thu Jun 23 19:13:20 2022] POST /compute/v2.1/flavors/4/os-extra_specs => generated 43 bytes in 31 msecs (HTTP/1.1 200) 9 headers in 358 bytes (1 switches on core 0)
Jun 23 19:13:23.125003 n-d-847126-7 devstack@n-api.service[103914]: DEBUG nova.api.openstack.wsgi [None req-9ee7b00a-7106-412b-b0f3-e94b70e54b74 admin admin] Calling method '>' {{(pid=103914) _process_stack /opt/stack/nova/nova/api/openstack/wsgi.py:513}}
Jun 23 19:13:23.126123 n-d-847126-7 devstack@n-api.service[103914]: INFO nova.api.openstack.requestlog [None req-9ee7b00a-7106-412b-b0f3-e94b70e54b74 admin admin] 10.222.0.18 "GET /compute/v2.1" status: 200 len: 388 microversion: 2.1 time: 0.001609
Jun 23 19:13:23.126519 n-d-847126-7 devstack@n-api.service[103914]: [pid: 103914|app: 0|req: 17/33] 10.222.0.18 () {54 vars in 930 bytes} [Thu Jun 23 19:13:23 2022] GET /compute/v2.1 => generated 388 bytes in 2 msecs (HTTP/1.1 200) 9 headers in 357 bytes (1 switches on core 0)
Jun 23 19:13:23.187855 n-d-847126-7 devstack@n-api.service[103915]: DEBUG nova.api.openstack.wsgi [None req-1259a228-3805-43c3-b36c-4f81767d095a admin admin] Action: 'create', calling method: >, body: {"flavor": {"name": "m1.xlarge", "rxtx_factor": 1.0, "ram": 16384, "swap": 0, "os-flavor-access:is_public": true, "OS-FLV-EXT-DATA:ephemeral": 0, "vcpus": 8, "id": "5", "disk": 160}} {{(pid=103915) _process_stack /opt/stack/nova/nova/api/openstack/wsgi.py:511}}
Jun 23 19:13:23.206519 n-d-847126-7 devstack@n-api.service[103915]: INFO nova.api.openstack.requestlog [None req-1259a228-3805-43c3-b36c-4f81767d095a admin admin] 10.222.0.18 "POST /compute/v2.1/flavors" status: 200 len: 408 microversion: 2.61 time: 0.074093
Jun 23 19:13:23.207071 n-d-847126-7 devstack@n-api.service[103915]: [pid: 103915|app: 0|req: 17/34] 10.222.0.18 () {64 vars in 1282 bytes} [Thu Jun 23 19:13:23 2022] POST /compute/v2.1/flavors => generated 408 bytes in 75 msecs (HTTP/1.1 200) 9 headers in 359 bytes (2 switches on core 0)
Jun 23 19:13:23.219712 n-d-847126-7 devstack@n-api.service[103914]: DEBUG nova.api.openstack.wsgi [None req-1f93fece-7c1c-4d0b-85ed-bf81bd68cdaf admin admin] Action: 'create', calling method: >, body: {"extra_specs": {"hw_rng:allowed": "True"}} {{(pid=103914) _process_stack /opt/stack/nova/nova/api/openstack/wsgi.py:511}}
Jun 23 19:13:23.243632 n-d-847126-7 devstack@n-api.service[103914]: INFO nova.api.openstack.requestlog [None req-1f93fece-7c1c-4d0b-85ed-bf81bd68cdaf admin admin] 10.222.0.18 "POST /compute/v2.1/flavors/5/os-extra_specs" status: 200 len: 43 microversion: 2.61 time: 0.027631
Jun 23 19:13:23.244233 n-d-847126-7 devstack@n-api.service[103914]: [pid: 103914|app: 0|req: 18/35] 10.222.0.18 () {64 vars in 1332 bytes} [Thu Jun 23 19:13:23 2022] POST /compute/v2.1/flavors/5/os-extra_specs => generated 43 bytes in 29 msecs (HTTP/1.1 200) 9 headers in 358 bytes (1 switches on core 0)
Jun 23 19:13:52.635234 n-d-847126-7 devstack@n-api.service[103915]: DEBUG nova.api.openstack.wsgi [None req-1259a228-3805-43c3-b36c-4f81767d095a admin admin] Calling method '>' {{(pid=103915) _process_stack /opt/stack/nova/nova/api/openstack/wsgi.py:513}}
Jun 23 19:13:52.636244 n-d-847126-7 devstack@n-api.service[103915]: INFO nova.api.openstack.requestlog [None req-1259a228-3805-43c3-b36c-4f81767d095a admin admin] 10.222.0.18 "GET /compute/v2.1" status: 200 len: 388 microversion: 2.1 time: 0.001496
Jun 23 19:13:52.636642 n-d-847126-7 devstack@n-api.service[103915]: [pid: 103915|app: 0|req: 18/36] 10.222.0.18 () {54 vars in 930 bytes} [Thu Jun 23 19:13:52 2022] GET /compute/v2.1 => generated 388 bytes in 2 msecs (HTTP/1.1 200) 9 headers in 357 bytes (1 switches on core 0)
Jun 23 19:13:52.651857 n-d-847126-7 devstack@n-api.service[103914]: DEBUG dbcounter [-] [103914] Writing DB stats nova_api:SELECT=47,nova_api:INSERT=10,nova_api:SAVEPOINT=5,nova_api:RELEASE=5 {{(pid=103914) stat_writer /usr/local/lib/python3.8/dist-packages/dbcounter.py:114}}
Jun 23 19:13:52.704416 n-d-847126-7 devstack@n-api.service[103914]: DEBUG nova.api.openstack.wsgi [None req-4de03fad-c529-4f57-8cbd-a57bb61cdc98 admin admin] Calling method '>' {{(pid=103914) _process_stack /opt/stack/nova/nova/api/openstack/wsgi.py:513}}
Jun 23 19:13:52.721816 n-d-847126-7 devstack@n-api.service[103914]: INFO nova.api.openstack.requestlog [None req-4de03fad-c529-4f57-8cbd-a57bb61cdc98 admin admin] 10.222.0.18 "GET /compute/v2.1/flavors/detail?is_public=True" status: 200 len: 4202 microversion: 2.61 time: 0.077361
Jun 23 19:13:52.722344 n-d-847126-7 devstack@n-api.service[103914]: [pid: 103914|app: 0|req: 19/37] 10.222.0.18 () {60 vars in 1291 bytes} [Thu Jun 23 19:13:52 2022] GET /compute/v2.1/flavors/detail?is_public=True => generated 4202 bytes in 79 msecs (HTTP/1.1 200) 9 headers in 360 bytes (1 switches on core 0)
Jun 23 19:13:53.655175 n-d-847126-7 devstack@n-api.service[103915]: DEBUG nova.api.openstack.wsgi [None req-1259a228-3805-43c3-b36c-4f81767d095a admin admin] Calling method '>' {{(pid=103915) _process_stack /opt/stack/nova/nova/api/openstack/wsgi.py:513}}
Jun 23 19:13:53.656192 n-d-847126-7 devstack@n-api.service[103915]: INFO nova.api.openstack.requestlog [None req-1259a228-3805-43c3-b36c-4f81767d095a admin admin] 10.222.0.18 "GET /compute/v2.1" status: 200 len: 388 microversion: 2.1 time: 0.001525
Jun 23 19:13:53.656615 n-d-847126-7 devstack@n-api.service[103915]: [pid: 103915|app: 0|req: 19/38] 10.222.0.18 () {56 vars in 1074 bytes} [Thu Jun 23 19:13:53 2022] GET /compute/v2.1 => generated 388 bytes in 2 msecs (HTTP/1.1 200) 9 headers in 357 bytes (1 switches on core 0)
Jun 23 19:13:53.863607 n-d-847126-7 devstack@n-api.service[103914]: DEBUG nova.api.openstack.wsgi [None req-99729ab1-0632-41d6-b172-e4ae05bc113e admin admin] Calling method '>' {{(pid=103914) _process_stack /opt/stack/nova/nova/api/openstack/wsgi.py:513}}
Jun 23 19:13:53.869551 n-d-847126-7 devstack@n-api.service[103914]: INFO nova.api.openstack.wsgi [None req-99729ab1-0632-41d6-b172-e4ae05bc113e admin admin] HTTP exception thrown: Flavor 42 could not be found.
Jun 23 19:13:53.879194 n-d-847126-7 devstack@n-api.service[103914]: DEBUG nova.api.openstack.wsgi [None req-99729ab1-0632-41d6-b172-e4ae05bc113e admin admin] Request method failure captured:
Jun 23 19:13:53.879194 n-d-847126-7 devstack@n-api.service[103914]: request: GET /compute/v2.1/flavors/42 HTTP/1.1
Jun 23 19:13:53.879194 n-d-847126-7 devstack@n-api.service[103914]: Accept: application/json
Jun 23 19:13:53.879194 n-d-847126-7 devstack@n-api.service[103914]: Accept-Encoding: gzip, deflate
Jun 23 19:13:53.879194 n-d-847126-7 devstack@n-api.service[103914]: Connection: keep-alive
Jun 23 19:13:53.879194 n-d-847126-7 devstack@n-api.service[103914]: Content-Length: 0
Jun 23 19:13:53.879194 n-d-847126-7 devstack@n-api.service[103914]: Host: 10.222.0.18
Jun 23 19:13:53.879194 n-d-847126-7 devstack@n-api.service[103914]: Openstack-Api-Version: compute 2.90
Jun 23 19:13:53.879194 n-d-847126-7 devstack@n-api.service[103914]: Openstack-System-Scope: None
Jun 23 19:13:53.879194 n-d-847126-7 devstack@n-api.service[103914]: User-Agent: python-novaclient
Jun 23 19:13:53.879194 n-d-847126-7 devstack@n-api.service[103914]: X-Auth-Token: gAAAAABitLtx5dMZfbXZk1UlKptXX3NCfbjOl3XSzo72wwl3TeUxhMLpxi204REaL-BFWff-bckkXzzdXM_mVX1lsn_tvkNzG81-z0Sy1fgDLyTVGzGvAXEWVXQr6ub5hGZ_71eU3vLWhHQWZdqdkCXIkPRSCPqg7_1HNI2NDIsT_JvfO8hZyQ0
Jun 23 19:13:53.879194 n-d-847126-7 devstack@n-api.service[103914]: X-Domain-Id: None
Jun 23 19:13:53.879194 n-d-847126-7 devstack@n-api.service[103914]: X-Domain-Name: None
Jun 23 19:13:53.879194 n-d-847126-7 devstack@n-api.service[103914]: X-Identity-Status: Confirmed
Jun 23 19:13:53.879194 n-d-847126-7 devstack@n-api.service[103914]: X-Is-Admin-Project: True
Jun 23 19:13:53.879194 n-d-847126-7 devstack@n-api.service[103914]: X-Openstack-Nova-Api-Version: 2.90
Jun 23 19:13:53.879194 n-d-847126-7 devstack@n-api.service[103914]: X-Project-Domain-Id: default
Jun 23 19:13:53.879194 n-d-847126-7 devstack@n-api.service[103914]: X-Project-Domain-Name: Default
Jun 23 19:13:53.879194 n-d-847126-7 devstack@n-api.service[103914]: X-Project-Id: a71201efdb8946e283bffeb7beaab7ad
