Jun 22 07:13:00.018828 n-d-847126-2 devstack@n-api.service[119159]: DEBUG nova.compute.api [None req-5851aeda-2bbf-4465-a75c-61b651b8da57 tempest-ServersWithSpecificFlavorTestJSON-632687068 tempest-ServersWithSpecificFlavorTestJSON-632687068-project] [instance: 6e2c8b3c-d19b-474f-bcfb-2239c6c236be] Fetching instance by UUID {{(pid=119159) get /opt/stack/nova/nova/compute/api.py:2920}}
Jun 22 07:13:00.027597 n-d-847126-2 devstack@n-api.service[119159]: DEBUG oslo_concurrency.lockutils [None req-5851aeda-2bbf-4465-a75c-61b651b8da57 tempest-ServersWithSpecificFlavorTestJSON-632687068 tempest-ServersWithSpecificFlavorTestJSON-632687068-project] Lock "5ed2274c-fa4b-4204-bcc3-36741deb1890" acquired by "nova.context.set_target_cell..get_or_set_cached_cell_and_set_connections" :: waited 0.000s {{(pid=119159) inner /usr/local/lib/python3.8/dist-packages/oslo_concurrency/lockutils.py:386}}
Jun 22 07:13:00.037957 n-d-847126-2 devstack@n-api.service[119159]: DEBUG oslo_concurrency.lockutils [None req-5851aeda-2bbf-4465-a75c-61b651b8da57 tempest-ServersWithSpecificFlavorTestJSON-632687068 tempest-ServersWithSpecificFlavorTestJSON-632687068-project] Lock "5ed2274c-fa4b-4204-bcc3-36741deb1890" "released" by "nova.context.set_target_cell..get_or_set_cached_cell_and_set_connections" :: held 0.010s {{(pid=119159) inner /usr/local/lib/python3.8/dist-packages/oslo_concurrency/lockutils.py:400}}
Jun 22 07:13:00.039027 n-d-847126-2 devstack@n-api.service[119159]: DEBUG oslo_concurrency.lockutils [None req-5851aeda-2bbf-4465-a75c-61b651b8da57 tempest-ServersWithSpecificFlavorTestJSON-632687068 tempest-ServersWithSpecificFlavorTestJSON-632687068-project] Lock "5ed2274c-fa4b-4204-bcc3-36741deb1890" acquired by "nova.context.set_target_cell..get_or_set_cached_cell_and_set_connections" :: waited 0.000s {{(pid=119159) inner /usr/local/lib/python3.8/dist-packages/oslo_concurrency/lockutils.py:386}}
Jun 22 07:13:00.039660 n-d-847126-2 devstack@n-api.service[119159]: DEBUG oslo_concurrency.lockutils [None req-5851aeda-2bbf-4465-a75c-61b651b8da57 tempest-ServersWithSpecificFlavorTestJSON-632687068 tempest-ServersWithSpecificFlavorTestJSON-632687068-project] Lock "5ed2274c-fa4b-4204-bcc3-36741deb1890" "released" by "nova.context.set_target_cell..get_or_set_cached_cell_and_set_connections" :: held 0.001s {{(pid=119159) inner /usr/local/lib/python3.8/dist-packages/oslo_concurrency/lockutils.py:400}}
Jun 22 07:13:00.224877 n-d-847126-2 devstack@n-api.service[119159]: DEBUG nova.policy [None req-5851aeda-2bbf-4465-a75c-61b651b8da57 tempest-ServersWithSpecificFlavorTestJSON-632687068 tempest-ServersWithSpecificFlavorTestJSON-632687068-project] Policy check for os_compute_api:os-extended-server-attributes failed with credentials {'is_admin': False, 'user_id': 'f5c25ffa33f3438bafeed06655a537e0', 'user_domain_id': 'default', 'system_scope': None, 'domain_id': None, 'project_id': '0bb2e5844c9f43e8947598c6a82eca7e', 'project_domain_id': 'default', 'roles': ['member', 'reader'], 'is_admin_project': True, 'service_user_id': None, 'service_user_domain_id': None, 'service_project_id': None, 'service_project_domain_id': None, 'service_roles': []} {{(pid=119159) authorize /opt/stack/nova/nova/policy.py:199}}
Jun 22 07:13:00.233474 n-d-847126-2 devstack@n-api.service[119159]: INFO nova.api.openstack.requestlog [None req-5851aeda-2bbf-4465-a75c-61b651b8da57 tempest-ServersWithSpecificFlavorTestJSON-632687068 tempest-ServersWithSpecificFlavorTestJSON-632687068-project] 10.222.0.64 "GET /compute/v2.1/servers/6e2c8b3c-d19b-474f-bcfb-2239c6c236be" status: 200 len: 1321 microversion: 2.1 time: 0.219507
Jun 22 07:13:00.236736 n-d-847126-2 devstack@n-api.service[119159]: [pid: 119159|app: 0|req: 72/133] 10.222.0.64 () {58 vars in 1235 bytes} [Wed Jun 22 07:13:00 2022] GET /compute/v2.1/servers/6e2c8b3c-d19b-474f-bcfb-2239c6c236be => generated 1321 bytes in 224 msecs (HTTP/1.1 200) 9 headers in 358 bytes (1 switches on core 0)
Jun 22 07:13:00.320036 n-d-847126-2 devstack@n-api.service[119158]: DEBUG nova.api.openstack.wsgi [None req-eceb0071-7b3b-43c2-b7d6-356df840ec0f tempest-DeleteServersAdminTestJSON-1214830960 tempest-DeleteServersAdminTestJSON-1214830960-project] Calling method '>' {{(pid=119158) _process_stack /opt/stack/nova/nova/api/openstack/wsgi.py:513}}
Jun 22 07:13:00.321097 n-d-847126-2 devstack@n-api.service[119158]: DEBUG nova.compute.api [None req-eceb0071-7b3b-43c2-b7d6-356df840ec0f tempest-DeleteServersAdminTestJSON-1214830960 tempest-DeleteServersAdminTestJSON-1214830960-project] [instance: 4471b5ae-47b0-4a58-ac57-ce4fadcfd8d5] Fetching instance by UUID {{(pid=119158) get /opt/stack/nova/nova/compute/api.py:2920}}
Jun 22 07:13:00.335969 n-d-847126-2 devstack@n-api.service[119158]: DEBUG oslo_concurrency.lockutils [None req-eceb0071-7b3b-43c2-b7d6-356df840ec0f tempest-DeleteServersAdminTestJSON-1214830960 tempest-DeleteServersAdminTestJSON-1214830960-project] Lock "5ed2274c-fa4b-4204-bcc3-36741deb1890" acquired by "nova.context.set_target_cell..get_or_set_cached_cell_and_set_connections" :: waited 0.000s {{(pid=119158) inner /usr/local/lib/python3.8/dist-packages/oslo_concurrency/lockutils.py:386}}
Jun 22 07:13:00.336628 n-d-847126-2 devstack@n-api.service[119158]: DEBUG oslo_concurrency.lockutils [None req-eceb0071-7b3b-43c2-b7d6-356df840ec0f tempest-DeleteServersAdminTestJSON-1214830960 tempest-DeleteServersAdminTestJSON-1214830960-project] Lock "5ed2274c-fa4b-4204-bcc3-36741deb1890" "released" by "nova.context.set_target_cell..get_or_set_cached_cell_and_set_connections" :: held 0.003s {{(pid=119158) inner /usr/local/lib/python3.8/dist-packages/oslo_concurrency/lockutils.py:400}}
Jun 22 07:13:00.337658 n-d-847126-2 devstack@n-api.service[119158]: DEBUG oslo_concurrency.lockutils [None req-eceb0071-7b3b-43c2-b7d6-356df840ec0f tempest-DeleteServersAdminTestJSON-1214830960 tempest-DeleteServersAdminTestJSON-1214830960-project] Lock "5ed2274c-fa4b-4204-bcc3-36741deb1890" acquired by "nova.context.set_target_cell..get_or_set_cached_cell_and_set_connections" :: waited 0.000s {{(pid=119158) inner /usr/local/lib/python3.8/dist-packages/oslo_concurrency/lockutils.py:386}}
Jun 22 07:13:00.340467 n-d-847126-2 devstack@n-api.service[119158]: DEBUG oslo_concurrency.lockutils [None req-eceb0071-7b3b-43c2-b7d6-356df840ec0f tempest-DeleteServersAdminTestJSON-1214830960 tempest-DeleteServersAdminTestJSON-1214830960-project] Lock "5ed2274c-fa4b-4204-bcc3-36741deb1890" "released" by "nova.context.set_target_cell..get_or_set_cached_cell_and_set_connections" :: held 0.002s {{(pid=119158) inner /usr/local/lib/python3.8/dist-packages/oslo_concurrency/lockutils.py:400}}
Jun 22 07:13:00.860558 n-d-847126-2 devstack@n-api.service[119158]: DEBUG nova.policy [None req-eceb0071-7b3b-43c2-b7d6-356df840ec0f tempest-DeleteServersAdminTestJSON-1214830960 tempest-DeleteServersAdminTestJSON-1214830960-project] Policy check for os_compute_api:os-extended-server-attributes failed with credentials {'is_admin': False, 'user_id': '6a35e5decbce4053939c7e7f732c7170', 'user_domain_id': 'default', 'system_scope': None, 'domain_id': None, 'project_id': '35890805329a407c858916d8bce2a1d4', 'project_domain_id': 'default', 'roles': ['member', 'reader'], 'is_admin_project': True, 'service_user_id': None, 'service_user_domain_id': None, 'service_project_id': None, 'service_project_domain_id': None, 'service_roles': []} {{(pid=119158) authorize /opt/stack/nova/nova/policy.py:199}}
Jun 22 07:13:00.869926 n-d-847126-2 devstack@n-api.service[119158]: INFO nova.api.openstack.requestlog [None req-eceb0071-7b3b-43c2-b7d6-356df840ec0f tempest-DeleteServersAdminTestJSON-1214830960 tempest-DeleteServersAdminTestJSON-1214830960-project] 10.222.0.64 "GET /compute/v2.1/servers/4471b5ae-47b0-4a58-ac57-ce4fadcfd8d5" status: 200 len: 1319 microversion: 2.1 time: 0.555006
Jun 22 07:13:00.878342 n-d-847126-2 devstack@n-api.service[119158]: [pid: 119158|app: 0|req: 62/134] 10.222.0.64 () {58 vars in 1235 bytes} [Wed Jun 22 07:13:00 2022] GET /compute/v2.1/servers/4471b5ae-47b0-4a58-ac57-ce4fadcfd8d5 => generated 1319 bytes in 564 msecs (HTTP/1.1 200) 9 headers in 358 bytes (1 switches on core 0)
Jun 22 07:13:00.932691 n-d-847126-2 devstack@n-api.service[119159]: DEBUG nova.api.openstack.wsgi [None req-fc5fc79e-355b-42d7-9864-e2b1415bdb71 tempest-AggregatesAdminTestJSON-1041699453 tempest-AggregatesAdminTestJSON-1041699453-project] Calling method '>' {{(pid=119159) _process_stack /opt/stack/nova/nova/api/openstack/wsgi.py:513}}
Jun 22 07:13:00.933375 n-d-847126-2 devstack@n-api.service[119159]: DEBUG nova.compute.api [None req-fc5fc79e-355b-42d7-9864-e2b1415bdb71 tempest-AggregatesAdminTestJSON-1041699453 tempest-AggregatesAdminTestJSON-1041699453-project] [instance: bda1be98-b672-495a-8abc-bef0982de93d] Fetching instance by UUID {{(pid=119159) get /opt/stack/nova/nova/compute/api.py:2920}}
Jun 22 07:13:00.966943 n-d-847126-2 devstack@n-api.service[119159]: DEBUG oslo_concurrency.lockutils [None req-fc5fc79e-355b-42d7-9864-e2b1415bdb71 tempest-AggregatesAdminTestJSON-1041699453 tempest-AggregatesAdminTestJSON-1041699453-project] Lock "5ed2274c-fa4b-4204-bcc3-36741deb1890" acquired by "nova.context.set_target_cell..get_or_set_cached_cell_and_set_connections" :: waited 0.000s {{(pid=119159) inner /usr/local/lib/python3.8/dist-packages/oslo_concurrency/lockutils.py:386}}
Jun 22 07:13:00.967527 n-d-847126-2 devstack@n-api.service[119159]: DEBUG oslo_concurrency.lockutils [None req-fc5fc79e-355b-42d7-9864-e2b1415bdb71 tempest-AggregatesAdminTestJSON-1041699453 tempest-AggregatesAdminTestJSON-1041699453-project] Lock "5ed2274c-fa4b-4204-bcc3-36741deb1890" "released" by "nova.context.set_target_cell..get_or_set_cached_cell_and_set_connections" :: held 0.001s {{(pid=119159) inner /usr/local/lib/python3.8/dist-packages/oslo_concurrency/lockutils.py:400}}
Jun 22 07:13:00.968296 n-d-847126-2 devstack@n-api.service[119159]: DEBUG oslo_concurrency.lockutils [None req-fc5fc79e-355b-42d7-9864-e2b1415bdb71 tempest-AggregatesAdminTestJSON-1041699453 tempest-AggregatesAdminTestJSON-1041699453-project] Lock "5ed2274c-fa4b-4204-bcc3-36741deb1890" acquired by "nova.context.set_target_cell..get_or_set_cached_cell_and_set_connections" :: waited 0.000s {{(pid=119159) inner /usr/local/lib/python3.8/dist-packages/oslo_concurrency/lockutils.py:386}}
Jun 22 07:13:00.968992 n-d-847126-2 devstack@n-api.service[119159]: DEBUG oslo_concurrency.lockutils [None req-fc5fc79e-355b-42d7-9864-e2b1415bdb71 tempest-AggregatesAdminTestJSON-1041699453 tempest-AggregatesAdminTestJSON-1041699453-project] Lock "5ed2274c-fa4b-4204-bcc3-36741deb1890" "released" by "nova.context.set_target_cell..get_or_set_cached_cell_and_set_connections" :: held 0.001s {{(pid=119159) inner /usr/local/lib/python3.8/dist-packages/oslo_concurrency/lockutils.py:400}}
Jun 22 07:13:01.254398 n-d-847126-2 devstack@n-api.service[119158]: DEBUG nova.api.openstack.wsgi [None req-28d7e0c5-4e0f-4961-8897-f1e52b2e958e tempest-ServersWithSpecificFlavorTestJSON-632687068 tempest-ServersWithSpecificFlavorTestJSON-632687068-project] Calling method '>' {{(pid=119158) _process_stack /opt/stack/nova/nova/api/openstack/wsgi.py:513}}
Jun 22 07:13:01.255851 n-d-847126-2 devstack@n-api.service[119158]: DEBUG nova.compute.api [None req-28d7e0c5-4e0f-4961-8897-f1e52b2e958e tempest-ServersWithSpecificFlavorTestJSON-632687068 tempest-ServersWithSpecificFlavorTestJSON-632687068-project] [instance: 6e2c8b3c-d19b-474f-bcfb-2239c6c236be] Fetching instance by UUID {{(pid=119158) get /opt/stack/nova/nova/compute/api.py:2920}}
Jun 22 07:13:01.282657 n-d-847126-2 devstack@n-api.service[119158]: DEBUG oslo_concurrency.lockutils [None req-28d7e0c5-4e0f-4961-8897-f1e52b2e958e tempest-ServersWithSpecificFlavorTestJSON-632687068 tempest-ServersWithSpecificFlavorTestJSON-632687068-project] Lock "5ed2274c-fa4b-4204-bcc3-36741deb1890" acquired by "nova.context.set_target_cell..get_or_set_cached_cell_and_set_connections" :: waited 0.001s {{(pid=119158) inner /usr/local/lib/python3.8/dist-packages/oslo_concurrency/lockutils.py:386}}
Jun 22 07:13:01.288266 n-d-847126-2 devstack@n-api.service[119158]: DEBUG oslo_concurrency.lockutils [None req-28d7e0c5-4e0f-4961-8897-f1e52b2e958e tempest-ServersWithSpecificFlavorTestJSON-632687068 tempest-ServersWithSpecificFlavorTestJSON-632687068-project] Lock "5ed2274c-fa4b-4204-bcc3-36741deb1890" "released" by "nova.context.set_target_cell..get_or_set_cached_cell_and_set_connections" :: held 0.004s {{(pid=119158) inner /usr/local/lib/python3.8/dist-packages/oslo_concurrency/lockutils.py:400}}
Jun 22 07:13:01.289368 n-d-847126-2 devstack@n-api.service[119158]: DEBUG oslo_concurrency.lockutils [None req-28d7e0c5-4e0f-4961-8897-f1e52b2e958e tempest-ServersWithSpecificFlavorTestJSON-632687068 tempest-ServersWithSpecificFlavorTestJSON-632687068-project] Lock "5ed2274c-fa4b-4204-bcc3-36741deb1890" acquired by "nova.context.set_target_cell..get_or_set_cached_cell_and_set_connections" :: waited 0.000s {{(pid=119158) inner /usr/local/lib/python3.8/dist-packages/oslo_concurrency/lockutils.py:386}}
Jun 22 07:13:01.298890 n-d-847126-2 devstack@n-api.service[119158]: DEBUG oslo_concurrency.lockutils [None req-28d7e0c5-4e0f-4961-8897-f1e52b2e958e tempest-ServersWithSpecificFlavorTestJSON-632687068 tempest-ServersWithSpecificFlavorTestJSON-632687068-project] Lock "5ed2274c-fa4b-4204-bcc3-36741deb1890" "released" by "nova.context.set_target_cell..get_or_set_cached_cell_and_set_connections" :: held 0.005s {{(pid=119158) inner /usr/local/lib/python3.8/dist-packages/oslo_concurrency/lockutils.py:400}}
Jun 22 07:13:01.707951 n-d-847126-2 devstack@n-api.service[119159]: DEBUG nova.policy [None req-fc5fc79e-355b-42d7-9864-e2b1415bdb71 tempest-AggregatesAdminTestJSON-1041699453 tempest-AggregatesAdminTestJSON-1041699453-project] Policy check for os_compute_api:os-extended-server-attributes failed with credentials {'is_admin': False, 'user_id': 'b835e460d3c54e2abf70eb4085f337cb', 'user_domain_id': 'default', 'system_scope': None, 'domain_id': None, 'project_id': 'cf806bc0a8ec406f8856bdaa06f4f00d', 'project_domain_id': 'default', 'roles': ['member', 'reader'], 'is_admin_project': True, 'service_user_id': None, 'service_user_domain_id': None, 'service_project_id': None, 'service_project_domain_id': None, 'service_roles': []} {{(pid=119159) authorize /opt/stack/nova/nova/policy.py:199}}
Jun 22 07:13:01.724673 n-d-847126-2 devstack@n-api.service[119159]: INFO nova.api.openstack.requestlog [None req-fc5fc79e-355b-42d7-9864-e2b1415bdb71 tempest-AggregatesAdminTestJSON-1041699453 tempest-AggregatesAdminTestJSON-1041699453-project] 10.222.0.64 "GET /compute/v2.1/servers/bda1be98-b672-495a-8abc-bef0982de93d" status: 200 len: 1338 microversion: 2.1 time: 0.805532
Jun 22 07:13:01.732111 n-d-847126-2 devstack@n-api.service[119159]: [pid: 119159|app: 0|req: 73/135] 10.222.0.64 () {58 vars in 1235 bytes} [Wed Jun 22 07:13:00 2022] GET /compute/v2.1/servers/bda1be98-b672-495a-8abc-bef0982de93d => generated 1338 bytes in 810 msecs (HTTP/1.1 200) 9 headers in 358 bytes (1 switches on core 0)
Jun 22 07:13:01.897063 n-d-847126-2 devstack@n-api.service[119158]: DEBUG nova.policy [None req-28d7e0c5-4e0f-4961-8897-f1e52b2e958e tempest-ServersWithSpecificFlavorTestJSON-632687068 tempest-ServersWithSpecificFlavorTestJSON-632687068-project] Policy check for os_compute_api:os-extended-server-attributes failed with credentials {'is_admin': False, 'user_id': 'f5c25ffa33f3438bafeed06655a537e0', 'user_domain_id': 'default', 'system_scope': None, 'domain_id': None, 'project_id': '0bb2e5844c9f43e8947598c6a82eca7e', 'project_domain_id': 'default', 'roles': ['member', 'reader'], 'is_admin_project': True, 'service_user_id': None, 'service_user_domain_id': None, 'service_project_id': None, 'service_project_domain_id': None, 'service_roles': []} {{(pid=119158) authorize /opt/stack/nova/nova/policy.py:199}}
Jun 22 07:13:01.901028 n-d-847126-2 devstack@n-api.service[119159]: DEBUG nova.api.openstack.wsgi [None req-85089e83-8cc9-48b7-b03e-632dcea30d40 tempest-DeleteServersAdminTestJSON-1214830960 tempest-DeleteServersAdminTestJSON-1214830960-project] Calling method '>' {{(pid=119159) _process_stack /opt/stack/nova/nova/api/openstack/wsgi.py:513}}
Jun 22 07:13:01.901868 n-d-847126-2 devstack@n-api.service[119159]: DEBUG nova.compute.api [None req-85089e83-8cc9-48b7-b03e-632dcea30d40 tempest-DeleteServersAdminTestJSON-1214830960 tempest-DeleteServersAdminTestJSON-1214830960-project] [instance: 4471b5ae-47b0-4a58-ac57-ce4fadcfd8d5] Fetching instance by UUID {{(pid=119159) get /opt/stack/nova/nova/compute/api.py:2920}}
Jun 22 07:13:01.909214 n-d-847126-2 devstack@n-api.service[119158]: INFO nova.api.openstack.requestlog [None req-28d7e0c5-4e0f-4961-8897-f1e52b2e958e tempest-ServersWithSpecificFlavorTestJSON-632687068 tempest-ServersWithSpecificFlavorTestJSON-632687068-project] 10.222.0.64 "GET /compute/v2.1/servers/6e2c8b3c-d19b-474f-bcfb-2239c6c236be" status: 200 len: 1389 microversion: 2.1 time: 0.659374
Jun 22 07:13:01.912721 n-d-847126-2 devstack@n-api.service[119159]: DEBUG oslo_concurrency.lockutils [None req-85089e83-8cc9-48b7-b03e-632dcea30d40 tempest-DeleteServersAdminTestJSON-1214830960 tempest-DeleteServersAdminTestJSON-1214830960-project] Lock "5ed2274c-fa4b-4204-bcc3-36741deb1890" acquired by "nova.context.set_target_cell..get_or_set_cached_cell_and_set_connections" :: waited 0.000s {{(pid=119159) inner /usr/local/lib/python3.8/dist-packages/oslo_concurrency/lockutils.py:386}}
Jun 22 07:13:01.921377 n-d-847126-2 devstack@n-api.service[119158]: [pid: 119158|app: 0|req: 63/136] 10.222.0.64 () {58 vars in 1235 bytes} [Wed Jun 22 07:13:01 2022] GET /compute/v2.1/servers/6e2c8b3c-d19b-474f-bcfb-2239c6c236be => generated 1389 bytes in 672 msecs (HTTP/1.1 200) 9 headers in 358 bytes (2 switches on core 0)
Jun 22 07:13:01.925123 n-d-847126-2 devstack@n-api.service[119159]: DEBUG oslo_concurrency.lockutils [None req-85089e83-8cc9-48b7-b03e-632dcea30d40 tempest-DeleteServersAdminTestJSON-1214830960 tempest-DeleteServersAdminTestJSON-1214830960-project] Lock "5ed2274c-fa4b-4204-bcc3-36741deb1890" "released" by "nova.context.set_target_cell..get_or_set_cached_cell_and_set_connections" :: held 0.012s {{(pid=119159) inner /usr/local/lib/python3.8/dist-packages/oslo_concurrency/lockutils.py:400}}
Jun 22 07:13:01.925975 n-d-847126-2 devstack@n-api.service[119159]: DEBUG oslo_concurrency.lockutils [None req-85089e83-8cc9-48b7-b03e-632dcea30d40 tempest-DeleteServersAdminTestJSON-1214830960 tempest-DeleteServersAdminTestJSON-1214830960-project] Lock "5ed2274c-fa4b-4204-bcc3-36741deb1890" acquired by "nova.context.set_target_cell..get_or_set_cached_cell_and_set_connections" :: waited 0.000s {{(pid=119159) inner /usr/local/lib/python3.8/dist-packages/oslo_concurrency/lockutils.py:386}}
Jun 22 07:13:01.926424 n-d-847126-2 devstack@n-api.service[119159]: DEBUG oslo_concurrency.lockutils [None req-85089e83-8cc9-48b7-b03e-632dcea30d40 tempest-DeleteServersAdminTestJSON-1214830960 tempest-DeleteServersAdminTestJSON-1214830960-project] Lock "5ed2274c-fa4b-4204-bcc3-36741deb1890" "released" by "nova.context.set_target_cell..get_or_set_cached_cell_and_set_connections" :: held 0.000s {{(pid=119159) inner /usr/local/lib/python3.8/dist-packages/oslo_concurrency/lockutils.py:400}}
Jun 22 07:13:02.175388 n-d-847126-2 devstack@n-api.service[119159]: DEBUG nova.policy [None req-85089e83-8cc9-48b7-b03e-632dcea30d40 tempest-DeleteServersAdminTestJSON-1214830960 tempest-DeleteServersAdminTestJSON-1214830960-project] Policy check for os_compute_api:os-extended-server-attributes failed with credentials {'is_admin': False, 'user_id': '6a35e5decbce4053939c7e7f732c7170', 'user_domain_id': 'default', 'system_scope': None, 'domain_id': None, 'project_id': '35890805329a407c858916d8bce2a1d4', 'project_domain_id': 'default', 'roles': ['member', 'reader'], 'is_admin_project': True, 'service_user_id': None, 'service_user_domain_id': None, 'service_project_id': None, 'service_project_domain_id': None, 'service_roles': []} {{(pid=119159) authorize /opt/stack/nova/nova/policy.py:199}}
Jun 22 07:13:02.196480 n-d-847126-2 devstack@n-api.service[119159]: INFO nova.api.openstack.requestlog [None req-85089e83-8cc9-48b7-b03e-632dcea30d40 tempest-DeleteServersAdminTestJSON-1214830960 tempest-DeleteServersAdminTestJSON-1214830960-project] 10.222.0.64 "GET /compute/v2.1/servers/4471b5ae-47b0-4a58-ac57-ce4fadcfd8d5" status: 200 len: 1319 microversion: 2.1 time: 0.303987
Jun 22 07:13:02.197782 n-d-847126-2 devstack@n-api.service[119159]: [pid: 119159|app: 0|req: 74/137] 10.222.0.64 () {58 vars in 1235 bytes} [Wed Jun 22 07:13:01 2022] GET /compute/v2.1/servers/4471b5ae-47b0-4a58-ac57-ce4fadcfd8d5 => generated 1319 bytes in 308 msecs (HTTP/1.1 200) 9 headers in 358 bytes (2 switches on core 0)
Jun 22 07:13:02.744298 n-d-847126-2 devstack@n-api.service[119158]: DEBUG nova.api.openstack.wsgi [None req-62255060-2279-445d-9a6a-88703accc70a tempest-AggregatesAdminTestJSON-1041699453 tempest-AggregatesAdminTestJSON-1041699453-project] Calling method '>' {{(pid=119158) _process_stack /opt/stack/nova/nova/api/openstack/wsgi.py:513}}
Jun 22 07:13:02.745059 n-d-847126-2 devstack@n-api.service[119158]: DEBUG nova.compute.api [None req-62255060-2279-445d-9a6a-88703accc70a tempest-AggregatesAdminTestJSON-1041699453 tempest-AggregatesAdminTestJSON-1041699453-project] [instance: bda1be98-b672-495a-8abc-bef0982de93d] Fetching instance by UUID {{(pid=119158) get /opt/stack/nova/nova/compute/api.py:2920}}
Jun 22 07:13:02.757101 n-d-847126-2 devstack@n-api.service[119158]: DEBUG oslo_concurrency.lockutils [None req-62255060-2279-445d-9a6a-88703accc70a tempest-AggregatesAdminTestJSON-1041699453 tempest-AggregatesAdminTestJSON-1041699453-project] Lock "5ed2274c-fa4b-4204-bcc3-36741deb1890" acquired by "nova.context.set_target_cell..get_or_set_cached_cell_and_set_connections" :: waited 0.000s {{(pid=119158) inner /usr/local/lib/python3.8/dist-packages/oslo_concurrency/lockutils.py:386}}
Jun 22 07:13:02.759977 n-d-847126-2 devstack@n-api.service[119158]: DEBUG oslo_concurrency.lockutils [None req-62255060-2279-445d-9a6a-88703accc70a tempest-AggregatesAdminTestJSON-1041699453 tempest-AggregatesAdminTestJSON-1041699453-project] Lock "5ed2274c-fa4b-4204-bcc3-36741deb1890" "released" by "nova.context.set_target_cell..get_or_set_cached_cell_and_set_connections" :: held 0.001s {{(pid=119158) inner /usr/local/lib/python3.8/dist-packages/oslo_concurrency/lockutils.py:400}}
Jun 22 07:13:02.766602 n-d-847126-2 devstack@n-api.service[119158]: DEBUG oslo_concurrency.lockutils [None req-62255060-2279-445d-9a6a-88703accc70a tempest-AggregatesAdminTestJSON-1041699453 tempest-AggregatesAdminTestJSON-1041699453-project] Lock "5ed2274c-fa4b-4204-bcc3-36741deb1890" acquired by "nova.context.set_target_cell..get_or_set_cached_cell_and_set_connections" :: waited 0.000s {{(pid=119158) inner /usr/local/lib/python3.8/dist-packages/oslo_concurrency/lockutils.py:386}}
Jun 22 07:13:02.768460 n-d-847126-2 devstack@n-api.service[119158]: DEBUG oslo_concurrency.lockutils [None req-62255060-2279-445d-9a6a-88703accc70a tempest-AggregatesAdminTestJSON-1041699453 tempest-AggregatesAdminTestJSON-1041699453-project] Lock "5ed2274c-fa4b-4204-bcc3-36741deb1890" "released" by "nova.context.set_target_cell..get_or_set_cached_cell_and_set_connections" :: held 0.005s {{(pid=119158) inner /usr/local/lib/python3.8/dist-packages/oslo_concurrency/lockutils.py:400}}
Jun 22 07:13:02.938539 n-d-847126-2 devstack@n-api.service[119159]: DEBUG nova.api.openstack.wsgi [None req-ab7ee73e-b573-487c-a9fc-04b2ec5e0fb6 tempest-ServersWithSpecificFlavorTestJSON-632687068 tempest-ServersWithSpecificFlavorTestJSON-632687068-project] Calling method '>' {{(pid=119159) _process_stack /opt/stack/nova/nova/api/openstack/wsgi.py:513}}
Jun 22 07:13:02.939715 n-d-847126-2 devstack@n-api.service[119159]: DEBUG nova.compute.api [None req-ab7ee73e-b573-487c-a9fc-04b2ec5e0fb6 tempest-ServersWithSpecificFlavorTestJSON-632687068 tempest-ServersWithSpecificFlavorTestJSON-632687068-project] [instance: 6e2c8b3c-d19b-474f-bcfb-2239c6c236be] Fetching instance by UUID {{(pid=119159) get /opt/stack/nova/nova/compute/api.py:2920}}
Jun 22 07:13:02.955946 n-d-847126-2 devstack@n-api.service[119159]: DEBUG oslo_concurrency.lockutils [None req-ab7ee73e-b573-487c-a9fc-04b2ec5e0fb6 tempest-ServersWithSpecificFlavorTestJSON-632687068 tempest-ServersWithSpecificFlavorTestJSON-632687068-project] Lock "5ed2274c-fa4b-4204-bcc3-36741deb1890" acquired by "nova.context.set_target_cell..get_or_set_cached_cell_and_set_connections" :: waited 0.000s {{(pid=119159) inner /usr/local/lib/python3.8/dist-packages/oslo_concurrency/lockutils.py:386}}
Jun 22 07:13:02.959058 n-d-847126-2 devstack@n-api.service[119159]: DEBUG oslo_concurrency.lockutils [None req-ab7ee73e-b573-487c-a9fc-04b2ec5e0fb6 tempest-ServersWithSpecificFlavorTestJSON-632687068 tempest-ServersWithSpecificFlavorTestJSON-632687068-project] Lock "5ed2274c-fa4b-4204-bcc3-36741deb1890" "released" by "nova.context.set_target_cell..get_or_set_cached_cell_and_set_connections" :: held 0.001s {{(pid=119159) inner /usr/local/lib/python3.8/dist-packages/oslo_concurrency/lockutils.py:400}}
Jun 22 07:13:02.963153 n-d-847126-2 devstack@n-api.service[119159]: DEBUG oslo_concurrency.lockutils [None req-ab7ee73e-b573-487c-a9fc-04b2ec5e0fb6 tempest-ServersWithSpecificFlavorTestJSON-632687068 tempest-ServersWithSpecificFlavorTestJSON-632687068-project] Lock "5ed2274c-fa4b-4204-bcc3-36741deb1890" acquired by "nova.context.set_target_cell..get_or_set_cached_cell_and_set_connections" :: waited 0.000s {{(pid=119159) inner /usr/local/lib/python3.8/dist-packages/oslo_concurrency/lockutils.py:386}}
Jun 22 07:13:02.969141 n-d-847126-2 devstack@n-api.service[119159]: DEBUG oslo_concurrency.lockutils [None req-ab7ee73e-b573-487c-a9fc-04b2ec5e0fb6 tempest-ServersWithSpecificFlavorTestJSON-632687068 tempest-ServersWithSpecificFlavorTestJSON-632687068-project] Lock "5ed2274c-fa4b-4204-bcc3-36741deb1890" "released" by "nova.context.set_target_cell..get_or_set_cached_cell_and_set_connections" :: held 0.002s {{(pid=119159) inner /usr/local/lib/python3.8/dist-packages/oslo_concurrency/lockutils.py:400}}
Jun 22 07:13:03.371030 n-d-847126-2 devstack@n-api.service[119159]: DEBUG nova.policy [None req-ab7ee73e-b573-487c-a9fc-04b2ec5e0fb6 tempest-ServersWithSpecificFlavorTestJSON-632687068 tempest-ServersWithSpecificFlavorTestJSON-632687068-project] Policy check for os_compute_api:os-extended-server-attributes failed with credentials {'is_admin': False, 'user_id': 'f5c25ffa33f3438bafeed06655a537e0', 'user_domain_id': 'default', 'system_scope': None, 'domain_id': None, 'project_id': '0bb2e5844c9f43e8947598c6a82eca7e', 'project_domain_id': 'default', 'roles': ['member', 'reader'], 'is_admin_project': True, 'service_user_id': None, 'service_user_domain_id': None, 'service_project_id': None, 'service_project_domain_id': None, 'service_roles': []} {{(pid=119159) authorize /opt/stack/nova/nova/policy.py:199}}
Jun 22 07:13:03.381674 n-d-847126-2 devstack@n-api.service[119159]: INFO nova.api.openstack.requestlog [None req-ab7ee73e-b573-487c-a9fc-04b2ec5e0fb6 tempest-ServersWithSpecificFlavorTestJSON-632687068 tempest-ServersWithSpecificFlavorTestJSON-632687068-project] 10.222.0.64 "GET /compute/v2.1/servers/6e2c8b3c-d19b-474f-bcfb-2239c6c236be" status: 200 len: 1389 microversion: 2.1 time: 0.448054
Jun 22 07:13:03.385493 n-d-847126-2 devstack@n-api.service[119159]: [pid: 119159|app: 0|req: 75/138] 10.222.0.64 () {58 vars in 1235 bytes} [Wed Jun 22 07:13:02 2022] GET /compute/v2.1/servers/6e2c8b3c-d19b-474f-bcfb-2239c6c236be => generated 1389 bytes in 451 msecs (HTTP/1.1 200) 9 headers in 358 bytes (1 switches on core 0)
Jun 22 07:13:03.415574 n-d-847126-2 devstack@n-api.service[119158]: DEBUG nova.policy [None req-62255060-2279-445d-9a6a-88703accc70a tempest-AggregatesAdminTestJSON-1041699453 tempest-AggregatesAdminTestJSON-1041699453-project] Policy check for os_compute_api:os-extended-server-attributes failed with credentials {'is_admin': False, 'user_id': 'b835e460d3c54e2abf70eb4085f337cb', 'user_domain_id': 'default', 'system_scope': None, 'domain_id': None, 'project_id': 'cf806bc0a8ec406f8856bdaa06f4f00d', 'project_domain_id': 'default', 'roles': ['member', 'reader'], 'is_admin_project': True, 'service_user_id': None, 'service_user_domain_id': None, 'service_project_id': None, 'service_project_domain_id': None, 'service_roles': []} {{(pid=119158) authorize /opt/stack/nova/nova/policy.py:199}}
Jun 22 07:13:03.426905 n-d-847126-2 devstack@n-api.service[119158]: INFO nova.api.openstack.requestlog [None req-62255060-2279-445d-9a6a-88703accc70a tempest-AggregatesAdminTestJSON-1041699453 tempest-AggregatesAdminTestJSON-1041699453-project] 10.222.0.64 "GET /compute/v2.1/servers/bda1be98-b672-495a-8abc-bef0982de93d" status: 200 len: 1338 microversion: 2.1 time: 0.688269
Jun 22 07:13:03.434637 n-d-847126-2 devstack@n-api.service[119158]: [pid: 119158|app: 0|req: 64/139] 10.222.0.64 () {58 vars in 1235 bytes} [Wed Jun 22 07:13:02 2022] GET /compute/v2.1/servers/bda1be98-b672-495a-8abc-bef0982de93d => generated 1338 bytes in 697 msecs (HTTP/1.1 200) 9 headers in 358 bytes (1 switches on core 0)
Jun 22 07:13:03.441179 n-d-847126-2 devstack@n-api.service[119158]: DEBUG nova.api.openstack.wsgi [None req-a431be18-8478-4281-abb1-bbac187f3ea7 tempest-DeleteServersAdminTestJSON-1214830960 tempest-DeleteServersAdminTestJSON-1214830960-project] Calling method '>' {{(pid=119158) _process_stack /opt/stack/nova/nova/api/openstack/wsgi.py:513}}
Jun 22 07:13:03.447740 n-d-847126-2 devstack@n-api.service[119158]: DEBUG nova.compute.api [None req-a431be18-8478-4281-abb1-bbac187f3ea7 tempest-DeleteServersAdminTestJSON-1214830960 tempest-DeleteServersAdminTestJSON-1214830960-project] [instance: 4471b5ae-47b0-4a58-ac57-ce4fadcfd8d5] Fetching instance by UUID {{(pid=119158) get /opt/stack/nova/nova/compute/api.py:2920}}
Jun 22 07:13:03.462329 n-d-847126-2 devstack@n-api.service[119158]: DEBUG oslo_concurrency.lockutils [None req-a431be18-8478-4281-abb1-bbac187f3ea7 tempest-DeleteServersAdminTestJSON-1214830960 tempest-DeleteServersAdminTestJSON-1214830960-project] Lock "5ed2274c-fa4b-4204-bcc3-36741deb1890" acquired by "nova.context.set_target_cell..get_or_set_cached_cell_and_set_connections" :: waited 0.000s {{(pid=119158) inner /usr/local/lib/python3.8/dist-packages/oslo_concurrency/lockutils.py:386}}
Jun 22 07:13:03.464568 n-d-847126-2 devstack@n-api.service[119158]: DEBUG oslo_concurrency.lockutils [None req-a431be18-8478-4281-abb1-bbac187f3ea7 tempest-DeleteServersAdminTestJSON-1214830960 tempest-DeleteServersAdminTestJSON-1214830960-project] Lock "5ed2274c-fa4b-4204-bcc3-36741deb1890" "released" by "nova.context.set_target_cell..get_or_set_cached_cell_and_set_connections" :: held 0.002s {{(pid=119158) inner /usr/local/lib/python3.8/dist-packages/oslo_concurrency/lockutils.py:400}}
Jun 22 07:13:03.467987 n-d-847126-2 devstack@n-api.service[119158]: DEBUG oslo_concurrency.lockutils [None req-a431be18-8478-4281-abb1-bbac187f3ea7 tempest-DeleteServersAdminTestJSON-1214830960 tempest-DeleteServersAdminTestJSON-1214830960-project] Lock "5ed2274c-fa4b-4204-bcc3-36741deb1890" acquired by "nova.context.set_target_cell..get_or_set_cached_cell_and_set_connections" :: waited 0.000s {{(pid=119158) inner /usr/local/lib/python3.8/dist-packages/oslo_concurrency/lockutils.py:386}}
Jun 22 07:13:03.469257 n-d-847126-2 devstack@n-api.service[119158]: DEBUG oslo_concurrency.lockutils [None req-a431be18-8478-4281-abb1-bbac187f3ea7 tempest-DeleteServersAdminTestJSON-1214830960 tempest-DeleteServersAdminTestJSON-1214830960-project] Lock "5ed2274c-fa4b-4204-bcc3-36741deb1890" "released" by "nova.context.set_target_cell..get_or_set_cached_cell_and_set_connections" :: held 0.001s {{(pid=119158) inner /usr/local/lib/python3.8/dist-packages/oslo_concurrency/lockutils.py:400}}
Jun 22 07:13:03.610002 n-d-847126-2 devstack@n-api.service[119159]: DEBUG nova.api.openstack.wsgi [req-0c270a31-8aac-4d62-8b87-de4fda370478 req-93204860-aa84-4fff-b4b2-b25376415ac7 service nova] Action: 'create', calling method: >, body: {"events": [{"server_uuid": "4471b5ae-47b0-4a58-ac57-ce4fadcfd8d5", "name": "network-vif-plugged", "status": "completed", "tag": "2eeabc77-b373-4d80-8efa-a6a50299de16"}]} {{(pid=119159) _process_stack /opt/stack/nova/nova/api/openstack/wsgi.py:511}}
Jun 22 07:13:03.625422 n-d-847126-2 devstack@n-api.service[119159]: DEBUG oslo_concurrency.lockutils [req-0c270a31-8aac-4d62-8b87-de4fda370478 req-93204860-aa84-4fff-b4b2-b25376415ac7 service nova] Lock "5ed2274c-fa4b-4204-bcc3-36741deb1890" acquired by "nova.context.set_target_cell..get_or_set_cached_cell_and_set_connections" :: waited 0.003s {{(pid=119159) inner /usr/local/lib/python3.8/dist-packages/oslo_concurrency/lockutils.py:386}}
Jun 22 07:13:03.628408 n-d-847126-2 devstack@n-api.service[119159]: DEBUG oslo_concurrency.lockutils [req-0c270a31-8aac-4d62-8b87-de4fda370478 req-93204860-aa84-4fff-b4b2-b25376415ac7 service nova] Lock "5ed2274c-fa4b-4204-bcc3-36741deb1890" "released" by "nova.context.set_target_cell..get_or_set_cached_cell_and_set_connections" :: held 0.002s {{(pid=119159) inner /usr/local/lib/python3.8/dist-packages/oslo_concurrency/lockutils.py:400}}
Jun 22 07:13:03.657361 n-d-847126-2 devstack@n-api.service[119159]: INFO nova.api.openstack.compute.server_external_events [req-0c270a31-8aac-4d62-8b87-de4fda370478 req-93204860-aa84-4fff-b4b2-b25376415ac7 service nova] Creating event network-vif-plugged:2eeabc77-b373-4d80-8efa-a6a50299de16 for instance 4471b5ae-47b0-4a58-ac57-ce4fadcfd8d5 on n-h2-847126-2
Jun 22 07:13:03.671275 n-d-847126-2 devstack@n-api.service[119159]: INFO nova.api.openstack.requestlog [req-0c270a31-8aac-4d62-8b87-de4fda370478 req-93204860-aa84-4fff-b4b2-b25376415ac7 service nova] 10.222.0.64 "POST /compute/v2.1/os-server-external-events" status: 200 len: 183 microversion: 2.1 time: 0.284473
Jun 22 07:13:03.672220 n-d-847126-2 devstack@n-api.service[119159]: [pid: 119159|app: 0|req: 76/140] 10.222.0.64 () {64 vars in 1317 bytes} [Wed Jun 22 07:13:03 2022] POST /compute/v2.1/os-server-external-events => generated 183 bytes in 286 msecs (HTTP/1.1 200) 9 headers in 357 bytes (1 switches on core 0)
Jun 22 07:13:03.832782 n-d-847126-2 devstack@n-api.service[119158]: DEBUG nova.policy [None req-a431be18-8478-4281-abb1-bbac187f3ea7 tempest-DeleteServersAdminTestJSON-1214830960 tempest-DeleteServersAdminTestJSON-1214830960-project] Policy check for os_compute_api:os-extended-server-attributes failed with credentials {'is_admin': False, 'user_id': '6a35e5decbce4053939c7e7f732c7170', 'user_domain_id': 'default', 'system_scope': None, 'domain_id': None, 'project_id': '35890805329a407c858916d8bce2a1d4', 'project_domain_id': 'default', 'roles': ['member', 'reader'], 'is_admin_project': True, 'service_user_id': None, 'service_user_domain_id': None, 'service_project_id': None, 'service_project_domain_id': None, 'service_roles': []} {{(pid=119158) authorize /opt/stack/nova/nova/policy.py:199}}
Jun 22 07:13:03.840131 n-d-847126-2 devstack@n-api.service[119158]: INFO nova.api.openstack.requestlog [None req-a431be18-8478-4281-abb1-bbac187f3ea7 tempest-DeleteServersAdminTestJSON-1214830960 tempest-DeleteServersAdminTestJSON-1214830960-project] 10.222.0.64 "GET /compute/v2.1/servers/4471b5ae-47b0-4a58-ac57-ce4fadcfd8d5" status: 200 len: 1319 microversion: 2.1 time: 0.402565
Jun 22 07:13:03.842137 n-d-847126-2 devstack@n-api.service[119158]: [pid: 119158|app: 0|req: 65/141] 10.222.0.64 () {58 vars in 1235 bytes} [Wed Jun 22 07:13:03 2022] GET /compute/v2.1/servers/4471b5ae-47b0-4a58-ac57-ce4fadcfd8d5 => generated 1319 bytes in 405 msecs (HTTP/1.1 200) 9 headers in 358 bytes (1 switches on core 0)
Jun 22 07:13:04.000299 n-d-847126-2 devstack@n-api.service[119158]: DEBUG nova.api.openstack.wsgi [req-e7a07de2-758f-4719-8bbc-b65111ef68a8 req-6a719fda-fda9-40f2-afc0-e11712bdf5fe service nova] Action: 'create', calling method: >, body: {"events": [{"name": "network-changed", "server_uuid": "6e2c8b3c-d19b-474f-bcfb-2239c6c236be", "tag": "d40a0d64-528c-4518-8cb5-5216b6059cfc"}]} {{(pid=119158) _process_stack /opt/stack/nova/nova/api/openstack/wsgi.py:511}}
Jun 22 07:13:04.016635 n-d-847126-2 devstack@n-api.service[119158]: DEBUG oslo_concurrency.lockutils [req-e7a07de2-758f-4719-8bbc-b65111ef68a8 req-6a719fda-fda9-40f2-afc0-e11712bdf5fe service nova] Lock "5ed2274c-fa4b-4204-bcc3-36741deb1890" acquired by "nova.context.set_target_cell..get_or_set_cached_cell_and_set_connections" :: waited 0.000s {{(pid=119158) inner /usr/local/lib/python3.8/dist-packages/oslo_concurrency/lockutils.py:386}}
Jun 22 07:13:04.017446 n-d-847126-2 devstack@n-api.service[119158]: DEBUG oslo_concurrency.lockutils [req-e7a07de2-758f-4719-8bbc-b65111ef68a8 req-6a719fda-fda9-40f2-afc0-e11712bdf5fe service nova] Lock "5ed2274c-fa4b-4204-bcc3-36741deb1890" "released" by "nova.context.set_target_cell..get_or_set_cached_cell_and_set_connections" :: held 0.001s {{(pid=119158) inner /usr/local/lib/python3.8/dist-packages/oslo_concurrency/lockutils.py:400}}
Jun 22 07:13:04.042801 n-d-847126-2 devstack@n-api.service[119158]: INFO nova.api.openstack.compute.server_external_events [req-e7a07de2-758f-4719-8bbc-b65111ef68a8 req-6a719fda-fda9-40f2-afc0-e11712bdf5fe service nova] Creating event network-changed:d40a0d64-528c-4518-8cb5-5216b6059cfc for instance 6e2c8b3c-d19b-474f-bcfb-2239c6c236be on n-h2-847126-2
Jun 22 07:13:04.043333 n-d-847126-2 devstack@n-api.service[119158]: DEBUG oslo_concurrency.lockutils [req-e7a07de2-758f-4719-8bbc-b65111ef68a8 req-6a719fda-fda9-40f2-afc0-e11712bdf5fe service nova] Acquired lock "compute-rpcapi-router" {{(pid=119158) lock /usr/local/lib/python3.8/dist-packages/oslo_concurrency/lockutils.py:294}}
Jun 22 07:13:04.044521 n-d-847126-2 devstack@n-api.service[119158]: DEBUG oslo_concurrency.lockutils [None req-ffa7d9a6-3e17-4837-a96d-92466791b8da None None] Lock "00000000-0000-0000-0000-000000000000" acquired by "nova.context.set_target_cell..get_or_set_cached_cell_and_set_connections" :: waited 0.000s {{(pid=119158) inner /usr/local/lib/python3.8/dist-packages/oslo_concurrency/lockutils.py:386}}
Jun 22 07:13:04.045209 n-d-847126-2 devstack@n-api.service[119158]: DEBUG oslo_concurrency.lockutils [None req-ffa7d9a6-3e17-4837-a96d-92466791b8da None None] Lock "00000000-0000-0000-0000-000000000000" "released" by "nova.context.set_target_cell..get_or_set_cached_cell_and_set_connections" :: held 0.001s {{(pid=119158) inner /usr/local/lib/python3.8/dist-packages/oslo_concurrency/lockutils.py:400}}
Jun 22 07:13:04.046232 n-d-847126-2 devstack@n-api.service[119158]: DEBUG oslo_concurrency.lockutils [None req-ffa7d9a6-3e17-4837-a96d-92466791b8da None None] Lock "5ed2274c-fa4b-4204-bcc3-36741deb1890" acquired by "nova.context.set_target_cell..get_or_set_cached_cell_and_set_connections" :: waited 0.000s {{(pid=119158) inner /usr/local/lib/python3.8/dist-packages/oslo_concurrency/lockutils.py:386}}
Jun 22 07:13:04.046877 n-d-847126-2 devstack@n-api.service[119158]: DEBUG oslo_concurrency.lockutils [None req-ffa7d9a6-3e17-4837-a96d-92466791b8da None None] Lock "5ed2274c-fa4b-4204-bcc3-36741deb1890" "released" by "nova.context.set_target_cell..get_or_set_cached_cell_and_set_connections" :: held 0.001s {{(pid=119158) inner /usr/local/lib/python3.8/dist-packages/oslo_concurrency/lockutils.py:400}}
Jun 22 07:13:04.057394 n-d-847126-2 devstack@n-api.service[119158]: INFO nova.compute.rpcapi [None req-ffa7d9a6-3e17-4837-a96d-92466791b8da None None] Automatically selected compute RPC version 6.0 from minimum service version 61
Jun 22 07:13:04.058422 n-d-847126-2 devstack@n-api.service[119158]: DEBUG oslo_concurrency.lockutils [None req-ffa7d9a6-3e17-4837-a96d-92466791b8da None None] Releasing lock "compute-rpcapi-router" {{(pid=119158) lock /usr/local/lib/python3.8/dist-packages/oslo_concurrency/lockutils.py:312}}
Jun 22 07:13:04.078098 n-d-847126-2 devstack@n-api.service[119159]: DEBUG nova.api.openstack.wsgi [None req-aafadb6b-f16c-4861-a743-622e0d567f7e tempest-LiveMigrationNegativeTest-1354812554 tempest-LiveMigrationNegativeTest-1354812554-project] Action: 'create', calling method: >, body: {"server": {"name": "tempest-LiveMigrationNegativeTest-server-1258598408", "imageRef": "2ac6a966-8fad-4bc0-acf8-f33c0696aa4f", "flavorRef": "452"}} {{(pid=119159) _process_stack /opt/stack/nova/nova/api/openstack/wsgi.py:511}}
Jun 22 07:13:04.091991 n-d-847126-2 devstack@n-api.service[119158]: INFO nova.api.openstack.requestlog [None req-ffa7d9a6-3e17-4837-a96d-92466791b8da None None] 10.222.0.64 "POST /compute/v2.1/os-server-external-events" status: 200 len: 179 microversion: 2.1 time: 0.248521
Jun 22 07:13:04.092756 n-d-847126-2 devstack@n-api.service[119158]: [pid: 119158|app: 0|req: 66/142] 10.222.0.64 () {64 vars in 1317 bytes} [Wed Jun 22 07:13:03 2022] POST /compute/v2.1/os-server-external-events => generated 179 bytes in 250 msecs (HTTP/1.1 200) 9 headers in 357 bytes (1 switches on core 0)
Jun 22 07:13:04.161241 n-d-847126-2 devstack@n-api.service[119159]: DEBUG nova.network.neutron [None req-aafadb6b-f16c-4861-a743-622e0d567f7e tempest-LiveMigrationNegativeTest-1354812554 tempest-LiveMigrationNegativeTest-1354812554-project] validate_networks() for None {{(pid=119159) validate_networks /opt/stack/nova/nova/network/neutron.py:2626}}
Jun 22 07:13:04.167595 n-d-847126-2 devstack@n-api.service[119158]: DEBUG nova.api.openstack.wsgi [None req-15b6b589-e940-4777-baee-8d6f5e10b838 tempest-FlavorsExtraSpecsNegativeTestJSON-278770552 tempest-FlavorsExtraSpecsNegativeTestJSON-278770552-project-admin] Action: 'create', calling method: >, body: {"flavor": {"name": "tempest-test_flavor-255768725", "ram": 512, "vcpus": 1, "disk": 10, "id": 2122370912, "swap": 1024, "rxtx_factor": 1, "OS-FLV-EXT-DATA:ephemeral": 10}} {{(pid=119158) _process_stack /opt/stack/nova/nova/api/openstack/wsgi.py:511}}
Jun 22 07:13:04.169416 n-d-847126-2 devstack@n-api.service[119158]: /usr/local/lib/python3.8/dist-packages/oslo_policy/policy.py:1129: UserWarning: Policy "os_compute_api:os-flavor-manage:create": "rule:context_is_admin" failed scope check. The token used to make the request was project scoped but the policy requires ['system'] scope. This behavior may change in the future where using the intended scope is required
Jun 22 07:13:04.169416 n-d-847126-2 devstack@n-api.service[119158]: warnings.warn(msg)
Jun 22 07:13:04.186673 n-d-847126-2 devstack@n-api.service[119158]: INFO nova.api.openstack.requestlog [None req-15b6b589-e940-4777-baee-8d6f5e10b838 tempest-FlavorsExtraSpecsNegativeTestJSON-278770552 tempest-FlavorsExtraSpecsNegativeTestJSON-278770552-project-admin] 10.222.0.64 "POST /compute/v2.1/flavors" status: 200 len: 415 microversion: 2.1 time: 0.092931
Jun 22 07:13:04.187611 n-d-847126-2 devstack@n-api.service[119158]: [pid: 119158|app: 0|req: 67/143] 10.222.0.64 () {60 vars in 1146 bytes} [Wed Jun 22 07:13:04 2022] POST /compute/v2.1/flavors => generated 415 bytes in 95 msecs (HTTP/1.1 200) 9 headers in 357 bytes (1 switches on core 0)
Jun 22 07:13:04.429246 n-d-847126-2 devstack@n-api.service[119158]: DEBUG nova.api.openstack.wsgi [None req-d85cf2b4-2f8e-4b2a-9fe7-ff2eba8cb56c tempest-FlavorsExtraSpecsNegativeTestJSON-1389347974 tempest-FlavorsExtraSpecsNegativeTestJSON-1389347974-project] Calling method '>' {{(pid=119158) _process_stack /opt/stack/nova/nova/api/openstack/wsgi.py:513}}
Jun 22 07:13:04.438920 n-d-847126-2 devstack@n-api.service[119159]: DEBUG nova.virt.hardware [None req-aafadb6b-f16c-4861-a743-622e0d567f7e tempest-LiveMigrationNegativeTest-1354812554 tempest-LiveMigrationNegativeTest-1354812554-project] Flavor limits 0:0:0 {{(pid=119159) get_cpu_topology_constraints /opt/stack/nova/nova/virt/hardware.py:343}}
Jun 22 07:13:04.439341 n-d-847126-2 devstack@n-api.service[119159]: DEBUG nova.virt.hardware [None req-aafadb6b-f16c-4861-a743-622e0d567f7e tempest-LiveMigrationNegativeTest-1354812554 tempest-LiveMigrationNegativeTest-1354812554-project] Image limits 0:0:0 {{(pid=119159) get_cpu_topology_constraints /opt/stack/nova/nova/virt/hardware.py:347}}
Jun 22 07:13:04.440027 n-d-847126-2 devstack@n-api.service[119159]: DEBUG nova.virt.hardware [None req-aafadb6b-f16c-4861-a743-622e0d567f7e tempest-LiveMigrationNegativeTest-1354812554 tempest-LiveMigrationNegativeTest-1354812554-project] Flavor pref 0:0:0 {{(pid=119159) get_cpu_topology_constraints /opt/stack/nova/nova/virt/hardware.py:383}}
Jun 22 07:13:04.440633 n-d-847126-2 devstack@n-api.service[119159]: DEBUG nova.virt.hardware [None req-aafadb6b-f16c-4861-a743-622e0d567f7e tempest-LiveMigrationNegativeTest-1354812554 tempest-LiveMigrationNegativeTest-1354812554-project] Image pref 0:0:0 {{(pid=119159) get_cpu_topology_constraints /opt/stack/nova/nova/virt/hardware.py:387}}
Jun 22 07:13:04.441273 n-d-847126-2 devstack@n-api.service[119159]: DEBUG nova.virt.hardware [None req-aafadb6b-f16c-4861-a743-622e0d567f7e tempest-LiveMigrationNegativeTest-1354812554 tempest-LiveMigrationNegativeTest-1354812554-project] Chose sockets=0, cores=0, threads=0; limits were sockets=65536, cores=65536, threads=65536 {{(pid=119159) get_cpu_topology_constraints /opt/stack/nova/nova/virt/hardware.py:425}}
Jun 22 07:13:04.448399 n-d-847126-2 devstack@n-api.service[119158]: INFO nova.api.openstack.wsgi [None req-d85cf2b4-2f8e-4b2a-9fe7-ff2eba8cb56c tempest-FlavorsExtraSpecsNegativeTestJSON-1389347974 tempest-FlavorsExtraSpecsNegativeTestJSON-1389347974-project] HTTP exception thrown: Flavor 2122370912 has no extra specs with key hw:cpu_thread_policy.
Jun 22 07:13:04.454291 n-d-847126-2 devstack@n-api.service[119158]: DEBUG nova.api.openstack.wsgi [None req-d85cf2b4-2f8e-4b2a-9fe7-ff2eba8cb56c tempest-FlavorsExtraSpecsNegativeTestJSON-1389347974 tempest-FlavorsExtraSpecsNegativeTestJSON-1389347974-project] Request method failure captured:
Jun 22 07:13:04.454291 n-d-847126-2 devstack@n-api.service[119158]: request: GET /compute/v2.1/flavors/2122370912/os-extra_specs/hw:cpu_thread_policy HTTP/1.1
Jun 22 07:13:04.454291 n-d-847126-2 devstack@n-api.service[119158]: Accept: application/json
Jun 22 07:13:04.454291 n-d-847126-2 devstack@n-api.service[119158]: Accept-Encoding: identity
Jun 22 07:13:04.454291 n-d-847126-2 devstack@n-api.service[119158]: Connection: close
Jun 22 07:13:04.454291 n-d-847126-2 devstack@n-api.service[119158]: Content-Length: 0
Jun 22 07:13:04.454291 n-d-847126-2 devstack@n-api.service[119158]: Content-Type: application/json
Jun 22 07:13:04.454291 n-d-847126-2 devstack@n-api.service[119158]: Host: 10.222.0.64
Jun 22 07:13:04.454291 n-d-847126-2 devstack@n-api.service[119158]: Openstack-System-Scope: None
Jun 22 07:13:04.454291 n-d-847126-2 devstack@n-api.service[119158]: User-Agent: python-urllib3/1.26.9
Jun 22 07:13:04.454291 n-d-847126-2 devstack@n-api.service[119158]: X-Auth-Token: gAAAAABissD-5ok6RYMCzgZ6RC2mmuzYM5hl0LfNKFLsQ80Fgm_8z9v8RkmmZNHzDdB10i48_DktNHH-O5SKoMTU_pP443JgWtlQDha0UdiZj1q_Gu9oEq7foM3K5ZNmje392czCmruth6EFjRsVuS7ucNlNJWGlfFpdgHqZ59uEbw2b9rxuJ7M
Jun 22 07:13:04.454291 n-d-847126-2 devstack@n-api.service[119158]: X-Domain-Id: None
Jun 22 07:13:04.454291 n-d-847126-2 devstack@n-api.service[119158]: X-Domain-Name: None
Jun 22 07:13:04.454291 n-d-847126-2 devstack@n-api.service[119158]: X-Identity-Status: Confirmed
Jun 22 07:13:04.454291 n-d-847126-2 devstack@n-api.service[119158]: X-Is-Admin-Project: True
Jun 22 07:13:04.454291 n-d-847126-2 devstack@n-api.service[119158]: X-Project-Domain-Id: default
Jun 22 07:13:04.454291 n-d-847126-2 devstack@n-api.service[119158]: X-Project-Domain-Name: Default
Jun 22 07:13:04.454291 n-d-847126-2 devstack@n-api.service[119158]: X-Project-Id: 7fb8213710014691aad2b44d78325a86
Jun 22 07:13:04.454291 n-d-847126-2 devstack@n-api.service[119158]: X-Project-Name: tempest-FlavorsExtraSpecsNegativeTestJSON-1389347974
Jun 22 07:13:04.454291 n-d-847126-2 devstack@n-api.service[119158]: X-Role: member,reader
Jun 22 07:13:04.454291 n-d-847126-2 devstack@n-api.service[119158]: X-Roles: member,reader
Jun 22 07:13:04.455466 n-d-847126-2 devstack@n-api.service[119158]: X-Service-Catalog: [{"type": "network", "name": "neutron", "endpoints": [{"region": "RegionOne", "publicURL": "http://10.222.0.64:9696/"}]}, {"type": "object-store", "name": "swift", "endpoints": [{"region": "RegionOne", "adminURL": "http://10.222.0.64:8080", "publicURL": "http://10.222.0.64:8080/v1/AUTH_7fb8213710014691aad2b44d78325a86"}]}, {"type": "identity", "name": "keystone", "endpoints": [{"region": "RegionOne", "publicURL": "http://10.222.0.64/identity"}]}, {"type": "block-storage", "name": "cinder", "endpoints": [{"region": "RegionOne", "publicURL": "http://10.222.0.64/volume/v3/7fb8213710014691aad2b44d78325a86"}]}, {"type": "volumev3", "name": "cinderv3", "endpoints": [{"region": "RegionOne", "publicURL": "http://10.222.0.64/volume/v3/7fb8213710014691aad2b44d78325a86"}]}, {"type": "compute", "name": "nova", "endpoints": [{"region": "RegionOne", "publicURL": "http://10.222.0.64/compute/v2.1"}]}, {"type": "image", "name": "glance", "endpoints": [{"region": "RegionOne", "publicURL": "http://10.222.0.64/image"}]}, {"type": "compute_legacy", "name": "nova_legacy", "endpoints": [{"region": "RegionOne", "publicURL": "http://10.222.0.64/compute/v2/7fb8213710014691aad2b44d78325a86"}]}, {"type": "placement", "name": "placement", "endpoints": [{"region": "RegionOne", "publicURL": "http://10.222.0.64/placement"}]}]
Jun 22 07:13:04.455466 n-d-847126-2 devstack@n-api.service[119158]: X-Tenant: tempest-FlavorsExtraSpecsNegativeTestJSON-1389347974
Jun 22 07:13:04.455466 n-d-847126-2 devstack@n-api.service[119158]: X-Tenant-Id: 7fb8213710014691aad2b44d78325a86
Jun 22 07:13:04.455466 n-d-847126-2 devstack@n-api.service[119158]: X-Tenant-Name: tempest-FlavorsExtraSpecsNegativeTestJSON-1389347974
