Jun 27 12:29:12.322867 n-d-847126-10 devstack@placement-api.service[105117]: DEBUG placement.handlers.allocation [req-09450c26-963e-40f3-8242-9d47b4a92b96 req-2eb5ca11-512e-4590-94fb-7599c459385b service placement] Successfully deleted allocations [, , ] {{(pid=105117) delete_allocations /opt/stack/placement/placement/handlers/allocation.py:627}}
Jun 27 12:29:12.323365 n-d-847126-10 devstack@placement-api.service[105117]: INFO placement.requestlog [req-09450c26-963e-40f3-8242-9d47b4a92b96 req-2eb5ca11-512e-4590-94fb-7599c459385b service placement] 10.222.0.33 "DELETE /placement/allocations/bbd879c5-a922-4ce5-b666-7bb5aaf9c97e" status: 204 len: 0 microversion: 1.0
Jun 27 12:29:12.323820 n-d-847126-10 devstack@placement-api.service[105117]: [pid: 105117|app: 0|req: 190/380] 10.222.0.33 () {60 vars in 1355 bytes} [Mon Jun 27 12:29:12 2022] DELETE /placement/allocations/bbd879c5-a922-4ce5-b666-7bb5aaf9c97e => generated 0 bytes in 71 msecs (HTTP/1.1 204) 5 headers in 198 bytes (1 switches on core 0)
Jun 27 12:29:13.504499 n-d-847126-10 devstack@placement-api.service[105118]: DEBUG placement.requestlog [None req-20dc15bd-dbd1-4859-9f16-4e40181dc0c8 None None] Starting request: 10.222.0.20 "GET /placement/resource_providers/daecd29d-ef65-46fb-8750-0186724efe64/aggregates" {{(pid=105118) __call__ /opt/stack/placement/placement/requestlog.py:55}}
Jun 27 12:29:13.907155 n-d-847126-10 devstack@placement-api.service[105118]: INFO placement.requestlog [None req-20dc15bd-dbd1-4859-9f16-4e40181dc0c8 service placement] 10.222.0.20 "GET /placement/resource_providers/daecd29d-ef65-46fb-8750-0186724efe64/aggregates" status: 404 len: 235 microversion: 1.1
Jun 27 12:29:13.910423 n-d-847126-10 devstack@placement-api.service[105118]: [pid: 105118|app: 0|req: 191/381] 10.222.0.20 () {58 vars in 1362 bytes} [Mon Jun 27 12:29:13 2022] GET /placement/resource_providers/daecd29d-ef65-46fb-8750-0186724efe64/aggregates => generated 235 bytes in 406 msecs (HTTP/1.1 404) 5 headers in 202 bytes (1 switches on core 0)
Jun 27 12:29:13.949583 n-d-847126-10 devstack@placement-api.service[105117]: DEBUG placement.requestlog [None req-2132af89-0fa5-4264-a5b4-5d2a085caf11 None None] Starting request: 10.222.0.20 "DELETE /placement/resource_providers/daecd29d-ef65-46fb-8750-0186724efe64" {{(pid=105117) __call__ /opt/stack/placement/placement/requestlog.py:55}}
Jun 27 12:29:13.962972 n-d-847126-10 devstack@placement-api.service[105117]: DEBUG placement.wsgi_wrapper [None req-2132af89-0fa5-4264-a5b4-5d2a085caf11 service placement] Placement API returning an error response: No resource provider with uuid daecd29d-ef65-46fb-8750-0186724efe64 found for delete {{(pid=105117) call_func /opt/stack/placement/placement/wsgi_wrapper.py:31}}
Jun 27 12:29:13.964009 n-d-847126-10 devstack@placement-api.service[105117]: INFO placement.requestlog [None req-2132af89-0fa5-4264-a5b4-5d2a085caf11 service placement] 10.222.0.20 "DELETE /placement/resource_providers/daecd29d-ef65-46fb-8750-0186724efe64" status: 404 len: 246 microversion: 1.1
Jun 27 12:29:13.964533 n-d-847126-10 devstack@placement-api.service[105117]: [pid: 105117|app: 0|req: 191/382] 10.222.0.20 () {60 vars in 1351 bytes} [Mon Jun 27 12:29:13 2022] DELETE /placement/resource_providers/daecd29d-ef65-46fb-8750-0186724efe64 => generated 246 bytes in 15 msecs (HTTP/1.1 404) 6 headers in 231 bytes (1 switches on core 0)
Jun 27 12:29:14.774049 n-d-847126-10 devstack@placement-api.service[105118]: DEBUG placement.requestlog [req-505ab962-a04a-4160-839a-d84dd65e3b58 req-2d117f58-62a4-401f-9e1e-0f6de48d3596 None None] Starting request: 10.222.0.26 "GET /placement/resource_providers/988a4916-2ff7-45ff-aeaf-8ffad16bfe3c/allocations" {{(pid=105118) __call__ /opt/stack/placement/placement/requestlog.py:55}}
Jun 27 12:29:14.819626 n-d-847126-10 devstack@placement-api.service[105118]: INFO placement.requestlog [req-505ab962-a04a-4160-839a-d84dd65e3b58 req-2d117f58-62a4-401f-9e1e-0f6de48d3596 service placement] 10.222.0.26 "GET /placement/resource_providers/988a4916-2ff7-45ff-aeaf-8ffad16bfe3c/allocations" status: 200 len: 342 microversion: 1.0
Jun 27 12:29:14.820820 n-d-847126-10 devstack@placement-api.service[105118]: [pid: 105118|app: 0|req: 192/383] 10.222.0.26 () {58 vars in 1390 bytes} [Mon Jun 27 12:29:14 2022] GET /placement/resource_providers/988a4916-2ff7-45ff-aeaf-8ffad16bfe3c/allocations => generated 342 bytes in 47 msecs (HTTP/1.1 200) 6 headers in 224 bytes (1 switches on core 0)
Jun 27 12:29:15.301356 n-d-847126-10 devstack@placement-api.service[105117]: DEBUG placement.requestlog [req-505ab962-a04a-4160-839a-d84dd65e3b58 req-b779e97c-7b39-40f1-8994-f7d23f92810e None None] Starting request: 10.222.0.26 "GET /placement/allocations/6d82c550-df24-4ae5-a878-9841f1eed490" {{(pid=105117) __call__ /opt/stack/placement/placement/requestlog.py:55}}
Jun 27 12:29:15.329260 n-d-847126-10 devstack@placement-api.service[105117]: INFO placement.requestlog [req-505ab962-a04a-4160-839a-d84dd65e3b58 req-b779e97c-7b39-40f1-8994-f7d23f92810e service placement] 10.222.0.26 "GET /placement/allocations/6d82c550-df24-4ae5-a878-9841f1eed490" status: 200 len: 259 microversion: 1.28
Jun 27 12:29:15.337325 n-d-847126-10 devstack@placement-api.service[105118]: DEBUG placement.requestlog [req-505ab962-a04a-4160-839a-d84dd65e3b58 req-6326b68f-891c-48e6-ae8b-b9986446ff41 None None] Starting request: 10.222.0.26 "PUT /placement/allocations/6d82c550-df24-4ae5-a878-9841f1eed490" {{(pid=105118) __call__ /opt/stack/placement/placement/requestlog.py:55}}
Jun 27 12:29:15.337542 n-d-847126-10 devstack@placement-api.service[105117]: [pid: 105117|app: 0|req: 192/384] 10.222.0.26 () {60 vars in 1377 bytes} [Mon Jun 27 12:29:15 2022] GET /placement/allocations/6d82c550-df24-4ae5-a878-9841f1eed490 => generated 259 bytes in 35 msecs (HTTP/1.1 200) 8 headers in 296 bytes (1 switches on core 0)
Jun 27 12:29:15.389881 n-d-847126-10 devstack@placement-api.service[105117]: DEBUG placement.requestlog [req-60571063-7b62-49a8-8505-e0c1c9b84828 req-5860db66-0964-45e3-8cca-ce3446db5d12 None None] Starting request: 10.222.0.26 "GET /placement/resource_providers/988a4916-2ff7-45ff-aeaf-8ffad16bfe3c/allocations" {{(pid=105117) __call__ /opt/stack/placement/placement/requestlog.py:55}}
Jun 27 12:29:15.432892 n-d-847126-10 devstack@placement-api.service[105118]: DEBUG placement.handlers.allocation [req-505ab962-a04a-4160-839a-d84dd65e3b58 req-6326b68f-891c-48e6-ae8b-b9986446ff41 service placement] Successfully wrote allocations [, , ] {{(pid=105118) _update_consumers_and_create_allocations /opt/stack/placement/placement/handlers/allocation.py:462}}
Jun 27 12:29:15.441454 n-d-847126-10 devstack@placement-api.service[105118]: INFO placement.requestlog [req-505ab962-a04a-4160-839a-d84dd65e3b58 req-6326b68f-891c-48e6-ae8b-b9986446ff41 service placement] 10.222.0.26 "PUT /placement/allocations/6d82c550-df24-4ae5-a878-9841f1eed490" status: 204 len: 0 microversion: 1.28
Jun 27 12:29:15.442832 n-d-847126-10 devstack@placement-api.service[105118]: [pid: 105118|app: 0|req: 193/385] 10.222.0.26 () {64 vars in 1430 bytes} [Mon Jun 27 12:29:15 2022] PUT /placement/allocations/6d82c550-df24-4ae5-a878-9841f1eed490 => generated 0 bytes in 106 msecs (HTTP/1.1 204) 5 headers in 199 bytes (1 switches on core 0)
Jun 27 12:29:15.444346 n-d-847126-10 devstack@placement-api.service[105117]: INFO placement.requestlog [req-60571063-7b62-49a8-8505-e0c1c9b84828 req-5860db66-0964-45e3-8cca-ce3446db5d12 service placement] 10.222.0.26 "GET /placement/resource_providers/988a4916-2ff7-45ff-aeaf-8ffad16bfe3c/allocations" status: 200 len: 342 microversion: 1.0
Jun 27 12:29:15.447439 n-d-847126-10 devstack@placement-api.service[105117]: [pid: 105117|app: 0|req: 193/386] 10.222.0.26 () {58 vars in 1390 bytes} [Mon Jun 27 12:29:15 2022] GET /placement/resource_providers/988a4916-2ff7-45ff-aeaf-8ffad16bfe3c/allocations => generated 342 bytes in 58 msecs (HTTP/1.1 200) 6 headers in 224 bytes (1 switches on core 0)
Jun 27 12:29:21.981029 n-d-847126-10 devstack@placement-api.service[105118]: DEBUG placement.requestlog [req-6f2ffe23-ceb1-4eb6-a6e7-0197d2788792 req-69a71b86-09fb-486f-bab7-1321585418cb None None] Starting request: 10.222.0.33 "GET /placement/resource_providers/3d3e52b3-ad95-4833-a6bb-b53098db96a1/allocations" {{(pid=105118) __call__ /opt/stack/placement/placement/requestlog.py:55}}
Jun 27 12:29:22.074038 n-d-847126-10 devstack@placement-api.service[105118]: INFO placement.requestlog [req-6f2ffe23-ceb1-4eb6-a6e7-0197d2788792 req-69a71b86-09fb-486f-bab7-1321585418cb service placement] 10.222.0.33 "GET /placement/resource_providers/3d3e52b3-ad95-4833-a6bb-b53098db96a1/allocations" status: 200 len: 659 microversion: 1.0
Jun 27 12:29:22.075810 n-d-847126-10 devstack@placement-api.service[105118]: [pid: 105118|app: 0|req: 194/387] 10.222.0.33 () {58 vars in 1390 bytes} [Mon Jun 27 12:29:21 2022] GET /placement/resource_providers/3d3e52b3-ad95-4833-a6bb-b53098db96a1/allocations => generated 659 bytes in 95 msecs (HTTP/1.1 200) 6 headers in 224 bytes (1 switches on core 0)
Jun 27 12:29:25.047778 n-d-847126-10 devstack@placement-api.service[105117]: DEBUG placement.requestlog [req-99a03a08-8789-448a-9929-b8f698230449 req-e955b07a-4690-42c0-821a-ce19ec5e4158 None None] Starting request: 10.222.0.20 "GET /placement/allocation_candidates?limit=1000&resources=DISK_GB%3A1%2CMEMORY_MB%3A1024%2CVCPU%3A1&root_required=%21COMPUTE_STATUS_DISABLED" {{(pid=105117) __call__ /opt/stack/placement/placement/requestlog.py:55}}
Jun 27 12:29:25.177879 n-d-847126-10 devstack@placement-api.service[105117]: DEBUG placement.objects.research_context [req-99a03a08-8789-448a-9929-b8f698230449 req-e955b07a-4690-42c0-821a-ce19ec5e4158 service placement] getting providers with 1 DISK_GB {{(pid=105117) __init__ /opt/stack/placement/placement/objects/research_context.py:136}}
Jun 27 12:29:25.189269 n-d-847126-10 devstack@placement-api.service[105117]: DEBUG placement.objects.research_context [req-99a03a08-8789-448a-9929-b8f698230449 req-e955b07a-4690-42c0-821a-ce19ec5e4158 service placement] getting providers with 1024 MEMORY_MB {{(pid=105117) __init__ /opt/stack/placement/placement/objects/research_context.py:136}}
Jun 27 12:29:25.201193 n-d-847126-10 devstack@placement-api.service[105117]: DEBUG placement.objects.research_context [req-99a03a08-8789-448a-9929-b8f698230449 req-e955b07a-4690-42c0-821a-ce19ec5e4158 service placement] getting providers with 1 VCPU {{(pid=105117) __init__ /opt/stack/placement/placement/objects/research_context.py:136}}
Jun 27 12:29:25.215829 n-d-847126-10 devstack@placement-api.service[105117]: DEBUG placement.objects.research_context [req-99a03a08-8789-448a-9929-b8f698230449 req-e955b07a-4690-42c0-821a-ce19ec5e4158 service placement] found 2 providers with available 1 DISK_GB {{(pid=105117) get_provider_ids_matching /opt/stack/placement/placement/objects/research_context.py:563}}
Jun 27 12:29:25.216097 n-d-847126-10 devstack@placement-api.service[105117]: DEBUG placement.objects.research_context [req-99a03a08-8789-448a-9929-b8f698230449 req-e955b07a-4690-42c0-821a-ce19ec5e4158 service placement] found 2 providers with available 1024 MEMORY_MB {{(pid=105117) get_provider_ids_matching /opt/stack/placement/placement/objects/research_context.py:563}}
Jun 27 12:29:25.216551 n-d-847126-10 devstack@placement-api.service[105117]: DEBUG placement.objects.research_context [req-99a03a08-8789-448a-9929-b8f698230449 req-e955b07a-4690-42c0-821a-ce19ec5e4158 service placement] found 2 providers after filtering by previous result {{(pid=105117) get_provider_ids_matching /opt/stack/placement/placement/objects/research_context.py:594}}
Jun 27 12:29:25.217035 n-d-847126-10 devstack@placement-api.service[105117]: DEBUG placement.objects.research_context [req-99a03a08-8789-448a-9929-b8f698230449 req-e955b07a-4690-42c0-821a-ce19ec5e4158 service placement] found 2 providers with available 1 VCPU {{(pid=105117) get_provider_ids_matching /opt/stack/placement/placement/objects/research_context.py:563}}
Jun 27 12:29:25.217451 n-d-847126-10 devstack@placement-api.service[105117]: DEBUG placement.objects.research_context [req-99a03a08-8789-448a-9929-b8f698230449 req-e955b07a-4690-42c0-821a-ce19ec5e4158 service placement] found 2 providers after filtering by previous result {{(pid=105117) get_provider_ids_matching /opt/stack/placement/placement/objects/research_context.py:594}}
Jun 27 12:29:25.243633 n-d-847126-10 devstack@placement-api.service[105117]: DEBUG placement.objects.allocation_candidate [req-99a03a08-8789-448a-9929-b8f698230449 req-e955b07a-4690-42c0-821a-ce19ec5e4158 service placement] RequestGroup(use_same_provider=False, resources={DISK_GB:1, MEMORY_MB:1024, VCPU:1}, traits=(), aggregates=[]) (suffix '') returned 2 matches {{(pid=105117) _get_by_requests /opt/stack/placement/placement/objects/allocation_candidate.py:156}}
Jun 27 12:29:25.244295 n-d-847126-10 devstack@placement-api.service[105117]: DEBUG placement.objects.allocation_candidate [req-99a03a08-8789-448a-9929-b8f698230449 req-e955b07a-4690-42c0-821a-ce19ec5e4158 service placement] Merging candidates yields 2 allocation requests and 2 provider summaries {{(pid=105117) _merge_candidates /opt/stack/placement/placement/objects/allocation_candidate.py:809}}
Jun 27 12:29:25.247790 n-d-847126-10 devstack@placement-api.service[105117]: INFO placement.requestlog [req-99a03a08-8789-448a-9929-b8f698230449 req-e955b07a-4690-42c0-821a-ce19ec5e4158 service placement] 10.222.0.20 "GET /placement/allocation_candidates?limit=1000&resources=DISK_GB%3A1%2CMEMORY_MB%3A1024%2CVCPU%3A1&root_required=%21COMPUTE_STATUS_DISABLED" status: 200 len: 1309 microversion: 1.36
Jun 27 12:29:25.248380 n-d-847126-10 devstack@placement-api.service[105117]: [pid: 105117|app: 0|req: 194/388] 10.222.0.20 () {60 vars in 1506 bytes} [Mon Jun 27 12:29:25 2022] GET /placement/allocation_candidates?limit=1000&resources=DISK_GB%3A1%2CMEMORY_MB%3A1024%2CVCPU%3A1&root_required=%21COMPUTE_STATUS_DISABLED => generated 1309 bytes in 201 msecs (HTTP/1.1 200) 8 headers in 297 bytes (1 switches on core 0)
Jun 27 12:29:25.360599 n-d-847126-10 devstack@placement-api.service[105118]: DEBUG placement.requestlog [req-99a03a08-8789-448a-9929-b8f698230449 req-379eabfd-910c-442b-ad0a-f41cfb938d13 None None] Starting request: 10.222.0.20 "GET /placement/allocations/77068410-605e-41e0-b0f7-871692b725fe" {{(pid=105118) __call__ /opt/stack/placement/placement/requestlog.py:55}}
Jun 27 12:29:25.374457 n-d-847126-10 devstack@placement-api.service[105118]: INFO placement.requestlog [req-99a03a08-8789-448a-9929-b8f698230449 req-379eabfd-910c-442b-ad0a-f41cfb938d13 service placement] 10.222.0.20 "GET /placement/allocations/77068410-605e-41e0-b0f7-871692b725fe" status: 200 len: 19 microversion: 1.28
Jun 27 12:29:25.374919 n-d-847126-10 devstack@placement-api.service[105118]: [pid: 105118|app: 0|req: 195/389] 10.222.0.20 () {60 vars in 1380 bytes} [Mon Jun 27 12:29:25 2022] GET /placement/allocations/77068410-605e-41e0-b0f7-871692b725fe => generated 19 bytes in 15 msecs (HTTP/1.1 200) 8 headers in 295 bytes (1 switches on core 0)
Jun 27 12:29:25.382526 n-d-847126-10 devstack@placement-api.service[105117]: DEBUG placement.requestlog [req-99a03a08-8789-448a-9929-b8f698230449 req-08546f57-34e6-46ce-8927-90a46a20c234 None None] Starting request: 10.222.0.20 "PUT /placement/allocations/77068410-605e-41e0-b0f7-871692b725fe" {{(pid=105117) __call__ /opt/stack/placement/placement/requestlog.py:55}}
Jun 27 12:29:25.527915 n-d-847126-10 devstack@placement-api.service[105117]: DEBUG placement.handlers.allocation [req-99a03a08-8789-448a-9929-b8f698230449 req-08546f57-34e6-46ce-8927-90a46a20c234 service placement] Successfully wrote allocations [, , ] {{(pid=105117) _update_consumers_and_create_allocations /opt/stack/placement/placement/handlers/allocation.py:462}}
Jun 27 12:29:25.535990 n-d-847126-10 devstack@placement-api.service[105117]: INFO placement.requestlog [req-99a03a08-8789-448a-9929-b8f698230449 req-08546f57-34e6-46ce-8927-90a46a20c234 service placement] 10.222.0.20 "PUT /placement/allocations/77068410-605e-41e0-b0f7-871692b725fe" status: 204 len: 0 microversion: 1.36
Jun 27 12:29:25.536409 n-d-847126-10 devstack@placement-api.service[105117]: [pid: 105117|app: 0|req: 195/390] 10.222.0.20 () {64 vars in 1433 bytes} [Mon Jun 27 12:29:25 2022] PUT /placement/allocations/77068410-605e-41e0-b0f7-871692b725fe => generated 0 bytes in 154 msecs (HTTP/1.1 204) 5 headers in 199 bytes (1 switches on core 0)
Jun 27 12:29:26.076848 n-d-847126-10 devstack@placement-api.service[105118]: DEBUG placement.requestlog [req-99a03a08-8789-448a-9929-b8f698230449 req-4ffa21a5-7c91-4a10-b67d-255e17e2c037 None None] Starting request: 10.222.0.33 "GET /placement/allocations/77068410-605e-41e0-b0f7-871692b725fe" {{(pid=105118) __call__ /opt/stack/placement/placement/requestlog.py:55}}
Jun 27 12:29:26.107576 n-d-847126-10 devstack@placement-api.service[105118]: INFO placement.requestlog [req-99a03a08-8789-448a-9929-b8f698230449 req-4ffa21a5-7c91-4a10-b67d-255e17e2c037 service placement] 10.222.0.33 "GET /placement/allocations/77068410-605e-41e0-b0f7-871692b725fe" status: 200 len: 259 microversion: 1.28
Jun 27 12:29:26.110995 n-d-847126-10 devstack@placement-api.service[105118]: [pid: 105118|app: 0|req: 196/391] 10.222.0.33 () {60 vars in 1377 bytes} [Mon Jun 27 12:29:26 2022] GET /placement/allocations/77068410-605e-41e0-b0f7-871692b725fe => generated 259 bytes in 35 msecs (HTTP/1.1 200) 8 headers in 296 bytes (1 switches on core 0)
Jun 27 12:29:33.458166 n-d-847126-10 devstack@placement-api.service[105117]: DEBUG placement.requestlog [None req-4c4d965f-25d1-418a-b55a-de977b9a8d43 None None] Starting request: 10.222.0.20 "GET /placement/resource_providers/ad8315a8-6779-4ef7-a13c-0f6cb37e462d/aggregates" {{(pid=105117) __call__ /opt/stack/placement/placement/requestlog.py:55}}
Jun 27 12:29:33.472526 n-d-847126-10 devstack@placement-api.service[105117]: INFO placement.requestlog [None req-4c4d965f-25d1-418a-b55a-de977b9a8d43 service placement] 10.222.0.20 "GET /placement/resource_providers/ad8315a8-6779-4ef7-a13c-0f6cb37e462d/aggregates" status: 404 len: 235 microversion: 1.1
Jun 27 12:29:33.473126 n-d-847126-10 devstack@placement-api.service[105117]: [pid: 105117|app: 0|req: 196/392] 10.222.0.20 () {58 vars in 1362 bytes} [Mon Jun 27 12:29:33 2022] GET /placement/resource_providers/ad8315a8-6779-4ef7-a13c-0f6cb37e462d/aggregates => generated 235 bytes in 15 msecs (HTTP/1.1 404) 5 headers in 202 bytes (1 switches on core 0)
Jun 27 12:29:33.515403 n-d-847126-10 devstack@placement-api.service[105118]: DEBUG placement.requestlog [None req-39af6319-1469-4b20-a6ca-106782e783e4 None None] Starting request: 10.222.0.20 "DELETE /placement/resource_providers/ad8315a8-6779-4ef7-a13c-0f6cb37e462d" {{(pid=105118) __call__ /opt/stack/placement/placement/requestlog.py:55}}
Jun 27 12:29:33.525673 n-d-847126-10 devstack@placement-api.service[105118]: DEBUG dbcounter [-] [105118] Writing DB stats placement:SELECT=47,placement:DELETE=4,placement:UPDATE=2 {{(pid=105118) stat_writer /usr/local/lib/python3.8/dist-packages/dbcounter.py:114}}
Jun 27 12:29:33.537541 n-d-847126-10 devstack@placement-api.service[105118]: DEBUG placement.wsgi_wrapper [None req-39af6319-1469-4b20-a6ca-106782e783e4 service placement] Placement API returning an error response: No resource provider with uuid ad8315a8-6779-4ef7-a13c-0f6cb37e462d found for delete {{(pid=105118) call_func /opt/stack/placement/placement/wsgi_wrapper.py:31}}
Jun 27 12:29:33.538864 n-d-847126-10 devstack@placement-api.service[105118]: INFO placement.requestlog [None req-39af6319-1469-4b20-a6ca-106782e783e4 service placement] 10.222.0.20 "DELETE /placement/resource_providers/ad8315a8-6779-4ef7-a13c-0f6cb37e462d" status: 404 len: 246 microversion: 1.1
Jun 27 12:29:33.539898 n-d-847126-10 devstack@placement-api.service[105118]: [pid: 105118|app: 0|req: 197/393] 10.222.0.20 () {60 vars in 1351 bytes} [Mon Jun 27 12:29:33 2022] DELETE /placement/resource_providers/ad8315a8-6779-4ef7-a13c-0f6cb37e462d => generated 246 bytes in 25 msecs (HTTP/1.1 404) 6 headers in 231 bytes (1 switches on core 0)
Jun 27 12:29:41.214576 n-d-847126-10 devstack@placement-api.service[105117]: DEBUG placement.requestlog [req-e8c908ed-40fe-4d0c-909d-e2996c7558d6 req-aa161338-7daa-4eb1-9d00-396b30ebfab2 None None] Starting request: 10.222.0.20 "GET /placement/allocation_candidates?limit=1000&resources=DISK_GB%3A1%2CMEMORY_MB%3A1024%2CVCPU%3A1&root_required=%21COMPUTE_STATUS_DISABLED" {{(pid=105117) __call__ /opt/stack/placement/placement/requestlog.py:55}}
Jun 27 12:29:41.225864 n-d-847126-10 devstack@placement-api.service[105117]: DEBUG dbcounter [-] [105117] Writing DB stats placement:SELECT=73,placement:INSERT=9,placement:DELETE=6,placement:UPDATE=4 {{(pid=105117) stat_writer /usr/local/lib/python3.8/dist-packages/dbcounter.py:114}}
Jun 27 12:29:41.290618 n-d-847126-10 devstack@placement-api.service[105117]: DEBUG placement.objects.research_context [req-e8c908ed-40fe-4d0c-909d-e2996c7558d6 req-aa161338-7daa-4eb1-9d00-396b30ebfab2 service placement] getting providers with 1 DISK_GB {{(pid=105117) __init__ /opt/stack/placement/placement/objects/research_context.py:136}}
Jun 27 12:29:41.301322 n-d-847126-10 devstack@placement-api.service[105117]: DEBUG placement.objects.research_context [req-e8c908ed-40fe-4d0c-909d-e2996c7558d6 req-aa161338-7daa-4eb1-9d00-396b30ebfab2 service placement] getting providers with 1024 MEMORY_MB {{(pid=105117) __init__ /opt/stack/placement/placement/objects/research_context.py:136}}
Jun 27 12:29:41.308113 n-d-847126-10 devstack@placement-api.service[105117]: DEBUG placement.objects.research_context [req-e8c908ed-40fe-4d0c-909d-e2996c7558d6 req-aa161338-7daa-4eb1-9d00-396b30ebfab2 service placement] getting providers with 1 VCPU {{(pid=105117) __init__ /opt/stack/placement/placement/objects/research_context.py:136}}
Jun 27 12:29:41.316017 n-d-847126-10 devstack@placement-api.service[105117]: DEBUG placement.objects.research_context [req-e8c908ed-40fe-4d0c-909d-e2996c7558d6 req-aa161338-7daa-4eb1-9d00-396b30ebfab2 service placement] found 2 providers with available 1 DISK_GB {{(pid=105117) get_provider_ids_matching /opt/stack/placement/placement/objects/research_context.py:563}}
Jun 27 12:29:41.318857 n-d-847126-10 devstack@placement-api.service[105117]: DEBUG placement.objects.research_context [req-e8c908ed-40fe-4d0c-909d-e2996c7558d6 req-aa161338-7daa-4eb1-9d00-396b30ebfab2 service placement] found 2 providers with available 1024 MEMORY_MB {{(pid=105117) get_provider_ids_matching /opt/stack/placement/placement/objects/research_context.py:563}}
Jun 27 12:29:41.319678 n-d-847126-10 devstack@placement-api.service[105117]: DEBUG placement.objects.research_context [req-e8c908ed-40fe-4d0c-909d-e2996c7558d6 req-aa161338-7daa-4eb1-9d00-396b30ebfab2 service placement] found 2 providers after filtering by previous result {{(pid=105117) get_provider_ids_matching /opt/stack/placement/placement/objects/research_context.py:594}}
Jun 27 12:29:41.320132 n-d-847126-10 devstack@placement-api.service[105117]: DEBUG placement.objects.research_context [req-e8c908ed-40fe-4d0c-909d-e2996c7558d6 req-aa161338-7daa-4eb1-9d00-396b30ebfab2 service placement] found 2 providers with available 1 VCPU {{(pid=105117) get_provider_ids_matching /opt/stack/placement/placement/objects/research_context.py:563}}
Jun 27 12:29:41.325019 n-d-847126-10 devstack@placement-api.service[105117]: DEBUG placement.objects.research_context [req-e8c908ed-40fe-4d0c-909d-e2996c7558d6 req-aa161338-7daa-4eb1-9d00-396b30ebfab2 service placement] found 2 providers after filtering by previous result {{(pid=105117) get_provider_ids_matching /opt/stack/placement/placement/objects/research_context.py:594}}
Jun 27 12:29:41.339181 n-d-847126-10 devstack@placement-api.service[105117]: DEBUG placement.objects.allocation_candidate [req-e8c908ed-40fe-4d0c-909d-e2996c7558d6 req-aa161338-7daa-4eb1-9d00-396b30ebfab2 service placement] RequestGroup(use_same_provider=False, resources={DISK_GB:1, MEMORY_MB:1024, VCPU:1}, traits=(), aggregates=[]) (suffix '') returned 2 matches {{(pid=105117) _get_by_requests /opt/stack/placement/placement/objects/allocation_candidate.py:156}}
Jun 27 12:29:41.339870 n-d-847126-10 devstack@placement-api.service[105117]: DEBUG placement.objects.allocation_candidate [req-e8c908ed-40fe-4d0c-909d-e2996c7558d6 req-aa161338-7daa-4eb1-9d00-396b30ebfab2 service placement] Merging candidates yields 2 allocation requests and 2 provider summaries {{(pid=105117) _merge_candidates /opt/stack/placement/placement/objects/allocation_candidate.py:809}}
Jun 27 12:29:41.341923 n-d-847126-10 devstack@placement-api.service[105117]: INFO placement.requestlog [req-e8c908ed-40fe-4d0c-909d-e2996c7558d6 req-aa161338-7daa-4eb1-9d00-396b30ebfab2 service placement] 10.222.0.20 "GET /placement/allocation_candidates?limit=1000&resources=DISK_GB%3A1%2CMEMORY_MB%3A1024%2CVCPU%3A1&root_required=%21COMPUTE_STATUS_DISABLED" status: 200 len: 1309 microversion: 1.36
Jun 27 12:29:41.343432 n-d-847126-10 devstack@placement-api.service[105117]: [pid: 105117|app: 0|req: 197/394] 10.222.0.20 () {60 vars in 1506 bytes} [Mon Jun 27 12:29:41 2022] GET /placement/allocation_candidates?limit=1000&resources=DISK_GB%3A1%2CMEMORY_MB%3A1024%2CVCPU%3A1&root_required=%21COMPUTE_STATUS_DISABLED => generated 1309 bytes in 130 msecs (HTTP/1.1 200) 8 headers in 297 bytes (1 switches on core 0)
Jun 27 12:29:41.467664 n-d-847126-10 devstack@placement-api.service[105118]: DEBUG placement.requestlog [req-e8c908ed-40fe-4d0c-909d-e2996c7558d6 req-9367c905-0c7e-41c9-8738-77969a48746b None None] Starting request: 10.222.0.20 "GET /placement/allocations/6860b34b-ac2e-4b40-a265-a85a36cdee55" {{(pid=105118) __call__ /opt/stack/placement/placement/requestlog.py:55}}
Jun 27 12:29:41.488538 n-d-847126-10 devstack@placement-api.service[105118]: INFO placement.requestlog [req-e8c908ed-40fe-4d0c-909d-e2996c7558d6 req-9367c905-0c7e-41c9-8738-77969a48746b service placement] 10.222.0.20 "GET /placement/allocations/6860b34b-ac2e-4b40-a265-a85a36cdee55" status: 200 len: 19 microversion: 1.28
Jun 27 12:29:41.494261 n-d-847126-10 devstack@placement-api.service[105118]: [pid: 105118|app: 0|req: 198/395] 10.222.0.20 () {60 vars in 1380 bytes} [Mon Jun 27 12:29:41 2022] GET /placement/allocations/6860b34b-ac2e-4b40-a265-a85a36cdee55 => generated 19 bytes in 27 msecs (HTTP/1.1 200) 8 headers in 295 bytes (1 switches on core 0)
Jun 27 12:29:41.497557 n-d-847126-10 devstack@placement-api.service[105117]: DEBUG placement.requestlog [req-e8c908ed-40fe-4d0c-909d-e2996c7558d6 req-4765de45-5f6a-42c5-b7e3-d5f5a6e28726 None None] Starting request: 10.222.0.20 "PUT /placement/allocations/6860b34b-ac2e-4b40-a265-a85a36cdee55" {{(pid=105117) __call__ /opt/stack/placement/placement/requestlog.py:55}}
Jun 27 12:29:41.632490 n-d-847126-10 devstack@placement-api.service[105117]: DEBUG placement.handlers.allocation [req-e8c908ed-40fe-4d0c-909d-e2996c7558d6 req-4765de45-5f6a-42c5-b7e3-d5f5a6e28726 service placement] Successfully wrote allocations [, , ] {{(pid=105117) _update_consumers_and_create_allocations /opt/stack/placement/placement/handlers/allocation.py:462}}
Jun 27 12:29:41.640455 n-d-847126-10 devstack@placement-api.service[105117]: INFO placement.requestlog [req-e8c908ed-40fe-4d0c-909d-e2996c7558d6 req-4765de45-5f6a-42c5-b7e3-d5f5a6e28726 service placement] 10.222.0.20 "PUT /placement/allocations/6860b34b-ac2e-4b40-a265-a85a36cdee55" status: 204 len: 0 microversion: 1.36
Jun 27 12:29:41.646319 n-d-847126-10 devstack@placement-api.service[105117]: [pid: 105117|app: 0|req: 198/396] 10.222.0.20 () {64 vars in 1433 bytes} [Mon Jun 27 12:29:41 2022] PUT /placement/allocations/6860b34b-ac2e-4b40-a265-a85a36cdee55 => generated 0 bytes in 149 msecs (HTTP/1.1 204) 5 headers in 199 bytes (2 switches on core 0)
Jun 27 12:29:42.361272 n-d-847126-10 devstack@placement-api.service[105118]: DEBUG placement.requestlog [req-e8c908ed-40fe-4d0c-909d-e2996c7558d6 req-da387a25-d789-4ed3-9a6a-cf68987a201e None None] Starting request: 10.222.0.26 "GET /placement/allocations/6860b34b-ac2e-4b40-a265-a85a36cdee55" {{(pid=105118) __call__ /opt/stack/placement/placement/requestlog.py:55}}
Jun 27 12:29:42.389614 n-d-847126-10 devstack@placement-api.service[105118]: INFO placement.requestlog [req-e8c908ed-40fe-4d0c-909d-e2996c7558d6 req-da387a25-d789-4ed3-9a6a-cf68987a201e service placement] 10.222.0.26 "GET /placement/allocations/6860b34b-ac2e-4b40-a265-a85a36cdee55" status: 200 len: 259 microversion: 1.28
Jun 27 12:29:42.390769 n-d-847126-10 devstack@placement-api.service[105118]: [pid: 105118|app: 0|req: 199/397] 10.222.0.26 () {60 vars in 1377 bytes} [Mon Jun 27 12:29:42 2022] GET /placement/allocations/6860b34b-ac2e-4b40-a265-a85a36cdee55 => generated 259 bytes in 29 msecs (HTTP/1.1 200) 8 headers in 296 bytes (1 switches on core 0)
Jun 27 12:29:51.631612 n-d-847126-10 devstack@placement-api.service[105117]: DEBUG dbcounter [-] [105117] Writing DB stats placement:SELECT=26,placement:INSERT=6,placement:DELETE=2,placement:UPDATE=2 {{(pid=105117) stat_writer /usr/local/lib/python3.8/dist-packages/dbcounter.py:114}}
Jun 27 12:29:52.385204 n-d-847126-10 devstack@placement-api.service[105118]: DEBUG dbcounter [-] [105118] Writing DB stats placement:SELECT=7 {{(pid=105118) stat_writer /usr/local/lib/python3.8/dist-packages/dbcounter.py:114}}
Jun 27 12:29:53.552715 n-d-847126-10 devstack@placement-api.service[105117]: DEBUG placement.requestlog [req-89b55b45-f336-4cbb-ab2d-d49fc3bb20a1 req-4908892a-c8eb-4cdf-871e-4d25c17088c4 None None] Starting request: 10.222.0.20 "GET /placement/allocation_candidates?limit=1000&resources=MEMORY_MB%3A1024%2CVCPU%3A1&root_required=%21COMPUTE_STATUS_DISABLED" {{(pid=105117) __call__ /opt/stack/placement/placement/requestlog.py:55}}
Jun 27 12:29:53.663200 n-d-847126-10 devstack@placement-api.service[105117]: DEBUG placement.objects.research_context [req-89b55b45-f336-4cbb-ab2d-d49fc3bb20a1 req-4908892a-c8eb-4cdf-871e-4d25c17088c4 service placement] getting providers with 1024 MEMORY_MB {{(pid=105117) __init__ /opt/stack/placement/placement/objects/research_context.py:136}}
Jun 27 12:29:53.679999 n-d-847126-10 devstack@placement-api.service[105117]: DEBUG placement.objects.research_context [req-89b55b45-f336-4cbb-ab2d-d49fc3bb20a1 req-4908892a-c8eb-4cdf-871e-4d25c17088c4 service placement] getting providers with 1 VCPU {{(pid=105117) __init__ /opt/stack/placement/placement/objects/research_context.py:136}}
Jun 27 12:29:53.685979 n-d-847126-10 devstack@placement-api.service[105117]: DEBUG placement.objects.research_context [req-89b55b45-f336-4cbb-ab2d-d49fc3bb20a1 req-4908892a-c8eb-4cdf-871e-4d25c17088c4 service placement] found 2 providers with available 1024 MEMORY_MB {{(pid=105117) get_provider_ids_matching /opt/stack/placement/placement/objects/research_context.py:563}}
Jun 27 12:29:53.686230 n-d-847126-10 devstack@placement-api.service[105117]: DEBUG placement.objects.research_context [req-89b55b45-f336-4cbb-ab2d-d49fc3bb20a1 req-4908892a-c8eb-4cdf-871e-4d25c17088c4 service placement] found 2 providers with available 1 VCPU {{(pid=105117) get_provider_ids_matching /opt/stack/placement/placement/objects/research_context.py:563}}
Jun 27 12:29:53.687039 n-d-847126-10 devstack@placement-api.service[105117]: DEBUG placement.objects.research_context [req-89b55b45-f336-4cbb-ab2d-d49fc3bb20a1 req-4908892a-c8eb-4cdf-871e-4d25c17088c4 service placement] found 2 providers after filtering by previous result {{(pid=105117) get_provider_ids_matching /opt/stack/placement/placement/objects/research_context.py:594}}
Jun 27 12:29:53.711649 n-d-847126-10 devstack@placement-api.service[105117]: DEBUG placement.objects.allocation_candidate [req-89b55b45-f336-4cbb-ab2d-d49fc3bb20a1 req-4908892a-c8eb-4cdf-871e-4d25c17088c4 service placement] RequestGroup(use_same_provider=False, resources={MEMORY_MB:1024, VCPU:1}, traits=(), aggregates=[]) (suffix '') returned 2 matches {{(pid=105117) _get_by_requests /opt/stack/placement/placement/objects/allocation_candidate.py:156}}
Jun 27 12:29:53.712034 n-d-847126-10 devstack@placement-api.service[105117]: DEBUG placement.objects.allocation_candidate [req-89b55b45-f336-4cbb-ab2d-d49fc3bb20a1 req-4908892a-c8eb-4cdf-871e-4d25c17088c4 service placement] Merging candidates yields 2 allocation requests and 2 provider summaries {{(pid=105117) _merge_candidates /opt/stack/placement/placement/objects/allocation_candidate.py:809}}
Jun 27 12:29:53.717444 n-d-847126-10 devstack@placement-api.service[105117]: INFO placement.requestlog [req-89b55b45-f336-4cbb-ab2d-d49fc3bb20a1 req-4908892a-c8eb-4cdf-871e-4d25c17088c4 service placement] 10.222.0.20 "GET /placement/allocation_candidates?limit=1000&resources=MEMORY_MB%3A1024%2CVCPU%3A1&root_required=%21COMPUTE_STATUS_DISABLED" status: 200 len: 1281 microversion: 1.36
Jun 27 12:29:53.717911 n-d-847126-10 devstack@placement-api.service[105117]: [pid: 105117|app: 0|req: 199/398] 10.222.0.20 () {60 vars in 1478 bytes} [Mon Jun 27 12:29:53 2022] GET /placement/allocation_candidates?limit=1000&resources=MEMORY_MB%3A1024%2CVCPU%3A1&root_required=%21COMPUTE_STATUS_DISABLED => generated 1281 bytes in 166 msecs (HTTP/1.1 200) 8 headers in 297 bytes (1 switches on core 0)
Jun 27 12:29:53.921020 n-d-847126-10 devstack@placement-api.service[105118]: DEBUG placement.requestlog [req-89b55b45-f336-4cbb-ab2d-d49fc3bb20a1 req-bc08bfa8-40dc-43d2-b675-5c23926dd1b6 None None] Starting request: 10.222.0.20 "GET /placement/allocations/fb89f7e6-0daa-4175-90dc-bd85ad88aad9" {{(pid=105118) __call__ /opt/stack/placement/placement/requestlog.py:55}}
Jun 27 12:29:53.937140 n-d-847126-10 devstack@placement-api.service[105118]: INFO placement.requestlog [req-89b55b45-f336-4cbb-ab2d-d49fc3bb20a1 req-bc08bfa8-40dc-43d2-b675-5c23926dd1b6 service placement] 10.222.0.20 "GET /placement/allocations/fb89f7e6-0daa-4175-90dc-bd85ad88aad9" status: 200 len: 19 microversion: 1.28
Jun 27 12:29:53.940094 n-d-847126-10 devstack@placement-api.service[105118]: [pid: 105118|app: 0|req: 200/399] 10.222.0.20 () {60 vars in 1380 bytes} [Mon Jun 27 12:29:53 2022] GET /placement/allocations/fb89f7e6-0daa-4175-90dc-bd85ad88aad9 => generated 19 bytes in 19 msecs (HTTP/1.1 200) 8 headers in 295 bytes (1 switches on core 0)
Jun 27 12:29:53.954945 n-d-847126-10 devstack@placement-api.service[105117]: DEBUG placement.requestlog [req-89b55b45-f336-4cbb-ab2d-d49fc3bb20a1 req-7ef101af-5fd3-495c-a3c6-ede73b373486 None None] Starting request: 10.222.0.20 "PUT /placement/allocations/fb89f7e6-0daa-4175-90dc-bd85ad88aad9" {{(pid=105117) __call__ /opt/stack/placement/placement/requestlog.py:55}}
Jun 27 12:29:54.117539 n-d-847126-10 devstack@placement-api.service[105117]: DEBUG placement.handlers.allocation [req-89b55b45-f336-4cbb-ab2d-d49fc3bb20a1 req-7ef101af-5fd3-495c-a3c6-ede73b373486 service placement] Successfully wrote allocations [, ] {{(pid=105117) _update_consumers_and_create_allocations /opt/stack/placement/placement/handlers/allocation.py:462}}
Jun 27 12:29:54.138070 n-d-847126-10 devstack@placement-api.service[105117]: INFO placement.requestlog [req-89b55b45-f336-4cbb-ab2d-d49fc3bb20a1 req-7ef101af-5fd3-495c-a3c6-ede73b373486 service placement] 10.222.0.20 "PUT /placement/allocations/fb89f7e6-0daa-4175-90dc-bd85ad88aad9" status: 204 len: 0 microversion: 1.36
Jun 27 12:29:54.138871 n-d-847126-10 devstack@placement-api.service[105117]: [pid: 105117|app: 0|req: 200/400] 10.222.0.20 () {64 vars in 1433 bytes} [Mon Jun 27 12:29:53 2022] PUT /placement/allocations/fb89f7e6-0daa-4175-90dc-bd85ad88aad9 => generated 0 bytes in 184 msecs (HTTP/1.1 204) 5 headers in 199 bytes (1 switches on core 0)
Jun 27 12:29:54.764071 n-d-847126-10 devstack@placement-api.service[105118]: DEBUG placement.requestlog [None req-71dbb800-4f05-4089-83f8-50122a812203 None None] Starting request: 10.222.0.20 "GET /placement/" {{(pid=105118) __call__ /opt/stack/placement/placement/requestlog.py:55}}
Jun 27 12:29:54.765052 n-d-847126-10 devstack@placement-api.service[105118]: INFO placement.requestlog [None req-71dbb800-4f05-4089-83f8-50122a812203 None None] 10.222.0.20 "GET /placement/" status: 200 len: 136 microversion: 1.0
Jun 27 12:29:54.765373 n-d-847126-10 devstack@placement-api.service[105118]: [pid: 105118|app: 0|req: 201/401] 10.222.0.20 () {54 vars in 916 bytes} [Mon Jun 27 12:29:54 2022] GET /placement => generated 136 bytes in 2 msecs (HTTP/1.1 200) 6 headers in 224 bytes (2 switches on core 0)
Jun 27 12:29:54.777802 n-d-847126-10 devstack@placement-api.service[105117]: DEBUG placement.requestlog [req-0b86b85a-ad0f-4cd5-9209-d75c2d8ad3a8 req-464b82f7-ad31-4898-844e-9c122c52d978 None None] Starting request: 10.222.0.20 "GET /placement/allocations/df949c03-42b9-432d-82fb-24727a680e0a" {{(pid=105117) __call__ /opt/stack/placement/placement/requestlog.py:55}}
Jun 27 12:29:55.065440 n-d-847126-10 devstack@placement-api.service[105117]: INFO placement.requestlog [req-0b86b85a-ad0f-4cd5-9209-d75c2d8ad3a8 req-464b82f7-ad31-4898-844e-9c122c52d978 service placement] 10.222.0.20 "GET /placement/allocations/df949c03-42b9-432d-82fb-24727a680e0a" status: 200 len: 245 microversion: 1.28
Jun 27 12:29:55.066077 n-d-847126-10 devstack@placement-api.service[105117]: [pid: 105117|app: 0|req: 201/402] 10.222.0.20 () {60 vars in 1380 bytes} [Mon Jun 27 12:29:54 2022] GET /placement/allocations/df949c03-42b9-432d-82fb-24727a680e0a => generated 245 bytes in 289 msecs (HTTP/1.1 200) 8 headers in 296 bytes (1 switches on core 0)
Jun 27 12:29:55.074237 n-d-847126-10 devstack@placement-api.service[105118]: DEBUG placement.requestlog [req-0b86b85a-ad0f-4cd5-9209-d75c2d8ad3a8 req-31ad5529-0b14-4c5a-9fdc-aba3738766fd None None] Starting request: 10.222.0.20 "GET /placement/allocations/df949c03-42b9-432d-82fb-24727a680e0a" {{(pid=105118) __call__ /opt/stack/placement/placement/requestlog.py:55}}
Jun 27 12:29:55.105150 n-d-847126-10 devstack@placement-api.service[105118]: INFO placement.requestlog [req-0b86b85a-ad0f-4cd5-9209-d75c2d8ad3a8 req-31ad5529-0b14-4c5a-9fdc-aba3738766fd service placement] 10.222.0.20 "GET /placement/allocations/df949c03-42b9-432d-82fb-24727a680e0a" status: 200 len: 245 microversion: 1.28
Jun 27 12:29:55.110843 n-d-847126-10 devstack@placement-api.service[105118]: [pid: 105118|app: 0|req: 202/403] 10.222.0.20 () {60 vars in 1380 bytes} [Mon Jun 27 12:29:55 2022] GET /placement/allocations/df949c03-42b9-432d-82fb-24727a680e0a => generated 245 bytes in 37 msecs (HTTP/1.1 200) 8 headers in 296 bytes (1 switches on core 0)
Jun 27 12:29:55.116346 n-d-847126-10 devstack@placement-api.service[105117]: DEBUG placement.requestlog [req-0b86b85a-ad0f-4cd5-9209-d75c2d8ad3a8 req-098fe3f3-df55-4301-ae52-da20af012105 None None] Starting request: 10.222.0.20 "GET /placement/allocations/d396e07a-f29e-4c58-bc55-6fa28e4163d0" {{(pid=105117) __call__ /opt/stack/placement/placement/requestlog.py:55}}
Jun 27 12:29:55.134324 n-d-847126-10 devstack@placement-api.service[105117]: INFO placement.requestlog [req-0b86b85a-ad0f-4cd5-9209-d75c2d8ad3a8 req-098fe3f3-df55-4301-ae52-da20af012105 service placement] 10.222.0.20 "GET /placement/allocations/d396e07a-f29e-4c58-bc55-6fa28e4163d0" status: 200 len: 19 microversion: 1.28
Jun 27 12:29:55.139195 n-d-847126-10 devstack@placement-api.service[105117]: [pid: 105117|app: 0|req: 202/404] 10.222.0.20 () {60 vars in 1380 bytes} [Mon Jun 27 12:29:55 2022] GET /placement/allocations/d396e07a-f29e-4c58-bc55-6fa28e4163d0 => generated 19 bytes in 23 msecs (HTTP/1.1 200) 8 headers in 295 bytes (1 switches on core 0)
Jun 27 12:29:55.141162 n-d-847126-10 devstack@placement-api.service[105118]: DEBUG placement.requestlog [req-0b86b85a-ad0f-4cd5-9209-d75c2d8ad3a8 req-6d867fec-8e12-4118-922e-9bdd2e3bc16c None None] Starting request: 10.222.0.20 "POST /placement/allocations" {{(pid=105118) __call__ /opt/stack/placement/placement/requestlog.py:55}}
Jun 27 12:29:55.279599 n-d-847126-10 devstack@placement-api.service[105117]: DEBUG placement.requestlog [req-89b55b45-f336-4cbb-ab2d-d49fc3bb20a1 req-f0dbf28a-5f50-4b01-b6ef-cfc2af3df5da None None] Starting request: 10.222.0.33 "GET /placement/allocations/fb89f7e6-0daa-4175-90dc-bd85ad88aad9" {{(pid=105117) __call__ /opt/stack/placement/placement/requestlog.py:55}}
Jun 27 12:29:55.335579 n-d-847126-10 devstack@placement-api.service[105117]: INFO placement.requestlog [req-89b55b45-f336-4cbb-ab2d-d49fc3bb20a1 req-f0dbf28a-5f50-4b01-b6ef-cfc2af3df5da service placement] 10.222.0.33 "GET /placement/allocations/fb89f7e6-0daa-4175-90dc-bd85ad88aad9" status: 200 len: 245 microversion: 1.28
Jun 27 12:29:55.342191 n-d-847126-10 devstack@placement-api.service[105117]: [pid: 105117|app: 0|req: 203/405] 10.222.0.33 () {60 vars in 1377 bytes} [Mon Jun 27 12:29:55 2022] GET /placement/allocations/fb89f7e6-0daa-4175-90dc-bd85ad88aad9 => generated 245 bytes in 63 msecs (HTTP/1.1 200) 8 headers in 296 bytes (2 switches on core 0)
Jun 27 12:29:55.548135 n-d-847126-10 devstack@placement-api.service[105118]: DEBUG placement.handlers.allocation [req-0b86b85a-ad0f-4cd5-9209-d75c2d8ad3a8 req-6d867fec-8e12-4118-922e-9bdd2e3bc16c service placement] Successfully wrote allocations [, , , ] {{(pid=105118) _update_consumers_and_create_allocations /opt/stack/placement/placement/handlers/allocation.py:572}}
Jun 27 12:29:55.571692 n-d-847126-10 devstack@placement-api.service[105118]: INFO placement.requestlog [req-0b86b85a-ad0f-4cd5-9209-d75c2d8ad3a8 req-6d867fec-8e12-4118-922e-9bdd2e3bc16c service placement] 10.222.0.20 "POST /placement/allocations" status: 204 len: 0 microversion: 1.28
Jun 27 12:29:55.587736 n-d-847126-10 devstack@placement-api.service[105118]: [pid: 105118|app: 0|req: 203/406] 10.222.0.20 () {64 vars in 1323 bytes} [Mon Jun 27 12:29:55 2022] POST /placement/allocations => generated 0 bytes in 433 msecs (HTTP/1.1 204) 5 headers in 199 bytes (1 switches on core 0)
Jun 27 12:29:55.683408 n-d-847126-10 devstack@placement-api.service[105117]: DEBUG placement.requestlog [req-0b86b85a-ad0f-4cd5-9209-d75c2d8ad3a8 req-249f207e-5fd7-418d-a27f-76b7dfae4bbe None None] Starting request: 10.222.0.20 "GET /placement/allocations/df949c03-42b9-432d-82fb-24727a680e0a" {{(pid=105117) __call__ /opt/stack/placement/placement/requestlog.py:55}}
Jun 27 12:29:55.847550 n-d-847126-10 devstack@placement-api.service[105117]: INFO placement.requestlog [req-0b86b85a-ad0f-4cd5-9209-d75c2d8ad3a8 req-249f207e-5fd7-418d-a27f-76b7dfae4bbe service placement] 10.222.0.20 "GET /placement/allocations/df949c03-42b9-432d-82fb-24727a680e0a" status: 200 len: 19 microversion: 1.28
Jun 27 12:29:55.856113 n-d-847126-10 devstack@placement-api.service[105118]: DEBUG placement.requestlog [req-0b86b85a-ad0f-4cd5-9209-d75c2d8ad3a8 req-078937fc-9fe8-4e83-bbc0-41313e5e5ac4 None None] Starting request: 10.222.0.20 "PUT /placement/allocations/df949c03-42b9-432d-82fb-24727a680e0a" {{(pid=105118) __call__ /opt/stack/placement/placement/requestlog.py:55}}
Jun 27 12:29:55.858634 n-d-847126-10 devstack@placement-api.service[105117]: [pid: 105117|app: 0|req: 204/407] 10.222.0.20 () {60 vars in 1380 bytes} [Mon Jun 27 12:29:55 2022] GET /placement/allocations/df949c03-42b9-432d-82fb-24727a680e0a => generated 19 bytes in 174 msecs (HTTP/1.1 200) 8 headers in 295 bytes (1 switches on core 0)
Jun 27 12:29:56.044585 n-d-847126-10 devstack@placement-api.service[105118]: DEBUG placement.handlers.allocation [req-0b86b85a-ad0f-4cd5-9209-d75c2d8ad3a8 req-078937fc-9fe8-4e83-bbc0-41313e5e5ac4 service placement] Successfully wrote allocations [, ] {{(pid=105118) _update_consumers_and_create_allocations /opt/stack/placement/placement/handlers/allocation.py:462}}
Jun 27 12:29:56.054044 n-d-847126-10 devstack@placement-api.service[105118]: INFO placement.requestlog [req-0b86b85a-ad0f-4cd5-9209-d75c2d8ad3a8 req-078937fc-9fe8-4e83-bbc0-41313e5e5ac4 service placement] 10.222.0.20 "PUT /placement/allocations/df949c03-42b9-432d-82fb-24727a680e0a" status: 204 len: 0 microversion: 1.28
Jun 27 12:29:56.070827 n-d-847126-10 devstack@placement-api.service[105118]: [pid: 105118|app: 0|req: 204/408] 10.222.0.20 () {64 vars in 1433 bytes} [Mon Jun 27 12:29:55 2022] PUT /placement/allocations/df949c03-42b9-432d-82fb-24727a680e0a => generated 0 bytes in 200 msecs (HTTP/1.1 204) 5 headers in 199 bytes (1 switches on core 0)
Jun 27 12:29:57.086751 n-d-847126-10 devstack@placement-api.service[105117]: DEBUG placement.requestlog [req-0b86b85a-ad0f-4cd5-9209-d75c2d8ad3a8 req-44b1d08c-382a-4fe7-bd04-02113f7eba55 None None] Starting request: 10.222.0.33 "GET /placement/allocations/df949c03-42b9-432d-82fb-24727a680e0a" {{(pid=105117) __call__ /opt/stack/placement/placement/requestlog.py:55}}
Jun 27 12:29:57.119814 n-d-847126-10 devstack@placement-api.service[105117]: INFO placement.requestlog [req-0b86b85a-ad0f-4cd5-9209-d75c2d8ad3a8 req-44b1d08c-382a-4fe7-bd04-02113f7eba55 service placement] 10.222.0.33 "GET /placement/allocations/df949c03-42b9-432d-82fb-24727a680e0a" status: 200 len: 245 microversion: 1.28
Jun 27 12:29:57.129965 n-d-847126-10 devstack@placement-api.service[105117]: [pid: 105117|app: 0|req: 205/409] 10.222.0.33 () {60 vars in 1377 bytes} [Mon Jun 27 12:29:57 2022] GET /placement/allocations/df949c03-42b9-432d-82fb-24727a680e0a => generated 245 bytes in 43 msecs (HTTP/1.1 200) 8 headers in 296 bytes (1 switches on core 0)
Jun 27 12:30:06.042391 n-d-847126-10 devstack@placement-api.service[105118]: DEBUG dbcounter [-] [105118] Writing DB stats placement:SELECT=41,placement:INSERT=6,placement:DELETE=5,placement:UPDATE=5 {{(pid=105118) stat_writer /usr/local/lib/python3.8/dist-packages/dbcounter.py:114}}
Jun 27 12:30:07.113861 n-d-847126-10 devstack@placement-api.service[105117]: DEBUG dbcounter [-] [105117] Writing DB stats placement:SELECT=42,placement:INSERT=5,placement:DELETE=2,placement:UPDATE=2 {{(pid=105117) stat_writer /usr/local/lib/python3.8/dist-packages/dbcounter.py:114}}
Jun 27 12:30:09.259443 n-d-847126-10 devstack@placement-api.service[105118]: DEBUG placement.requestlog [req-429670e4-9ad0-4373-a331-137a06269f0c req-0b2c9644-2475-4d85-9c03-89d1081bebfc None None] Starting request: 10.222.0.33 "DELETE /placement/allocations/77068410-605e-41e0-b0f7-871692b725fe" {{(pid=105118) __call__ /opt/stack/placement/placement/requestlog.py:55}}
Jun 27 12:30:09.342148 n-d-847126-10 devstack@placement-api.service[105118]: DEBUG placement.handlers.allocation [req-429670e4-9ad0-4373-a331-137a06269f0c req-0b2c9644-2475-4d85-9c03-89d1081bebfc service placement] Successfully deleted allocations [, , ] {{(pid=105118) delete_allocations /opt/stack/placement/placement/handlers/allocation.py:627}}
Jun 27 12:30:09.343882 n-d-847126-10 devstack@placement-api.service[105118]: INFO placement.requestlog [req-429670e4-9ad0-4373-a331-137a06269f0c req-0b2c9644-2475-4d85-9c03-89d1081bebfc service placement] 10.222.0.33 "DELETE /placement/allocations/77068410-605e-41e0-b0f7-871692b725fe" status: 204 len: 0 microversion: 1.0
Jun 27 12:30:09.347801 n-d-847126-10 devstack@placement-api.service[105118]: [pid: 105118|app: 0|req: 205/410] 10.222.0.33 () {60 vars in 1355 bytes} [Mon Jun 27 12:30:09 2022] DELETE /placement/allocations/77068410-605e-41e0-b0f7-871692b725fe => generated 0 bytes in 88 msecs (HTTP/1.1 204) 5 headers in 198 bytes (1 switches on core 0)
Jun 27 12:30:09.878991 n-d-847126-10 devstack@placement-api.service[105117]: DEBUG placement.requestlog [req-051f70e4-4c6a-431a-8fb7-1c608ad8ec9f req-1341196f-c036-4a85-b971-75dcb7bf9bd0 None None] Starting request: 10.222.0.20 "GET /placement/allocation_candidates?limit=1000&resources=DISK_GB%3A1%2CMEMORY_MB%3A1024%2CVCPU%3A1&root_required=%21COMPUTE_STATUS_DISABLED" {{(pid=105117) __call__ /opt/stack/placement/placement/requestlog.py:55}}
Jun 27 12:30:10.073218 n-d-847126-10 devstack@placement-api.service[105117]: DEBUG placement.objects.research_context [req-051f70e4-4c6a-431a-8fb7-1c608ad8ec9f req-1341196f-c036-4a85-b971-75dcb7bf9bd0 service placement] getting providers with 1 DISK_GB {{(pid=105117) __init__ /opt/stack/placement/placement/objects/research_context.py:136}}
Jun 27 12:30:10.112394 n-d-847126-10 devstack@placement-api.service[105117]: DEBUG placement.objects.research_context [req-051f70e4-4c6a-431a-8fb7-1c608ad8ec9f req-1341196f-c036-4a85-b971-75dcb7bf9bd0 service placement] getting providers with 1024 MEMORY_MB {{(pid=105117) __init__ /opt/stack/placement/placement/objects/research_context.py:136}}
Jun 27 12:30:10.148745 n-d-847126-10 devstack@placement-api.service[105117]: DEBUG placement.objects.research_context [req-051f70e4-4c6a-431a-8fb7-1c608ad8ec9f req-1341196f-c036-4a85-b971-75dcb7bf9bd0 service placement] getting providers with 1 VCPU {{(pid=105117) __init__ /opt/stack/placement/placement/objects/research_context.py:136}}
Jun 27 12:30:10.186746 n-d-847126-10 devstack@placement-api.service[105117]: DEBUG placement.objects.research_context [req-051f70e4-4c6a-431a-8fb7-1c608ad8ec9f req-1341196f-c036-4a85-b971-75dcb7bf9bd0 service placement] found 2 providers with available 1 DISK_GB {{(pid=105117) get_provider_ids_matching /opt/stack/placement/placement/objects/research_context.py:563}}
Jun 27 12:30:10.187041 n-d-847126-10 devstack@placement-api.service[105117]: DEBUG placement.objects.research_context [req-051f70e4-4c6a-431a-8fb7-1c608ad8ec9f req-1341196f-c036-4a85-b971-75dcb7bf9bd0 service placement] found 2 providers with available 1024 MEMORY_MB {{(pid=105117) get_provider_ids_matching /opt/stack/placement/placement/objects/research_context.py:563}}
Jun 27 12:30:10.187305 n-d-847126-10 devstack@placement-api.service[105117]: DEBUG placement.objects.research_context [req-051f70e4-4c6a-431a-8fb7-1c608ad8ec9f req-1341196f-c036-4a85-b971-75dcb7bf9bd0 service placement] found 2 providers after filtering by previous result {{(pid=105117) get_provider_ids_matching /opt/stack/placement/placement/objects/research_context.py:594}}
