Jul 20 19:05:34.925350 n-d-847009-7 devstack@placement-api.service[105654]: DEBUG placement.requestlog [req-f3eb793c-f52e-460e-9e07-fdfd7cbe7a9e req-edeec61e-fd3d-44b7-af1b-1784e8848651 None None] Starting request: 10.222.0.83 "GET /placement/allocations/6da5e7d4-0e44-497e-a8ea-7713a8011ac1" {{(pid=105654) __call__ /opt/stack/placement/placement/requestlog.py:55}}
Jul 20 19:05:34.941595 n-d-847009-7 devstack@placement-api.service[105654]: INFO placement.requestlog [req-f3eb793c-f52e-460e-9e07-fdfd7cbe7a9e req-edeec61e-fd3d-44b7-af1b-1784e8848651 service placement] 10.222.0.83 "GET /placement/allocations/6da5e7d4-0e44-497e-a8ea-7713a8011ac1" status: 200 len: 19 microversion: 1.28
Jul 20 19:05:34.951615 n-d-847009-7 devstack@placement-api.service[105654]: [pid: 105654|app: 0|req: 86/172] 10.222.0.83 () {60 vars in 1380 bytes} [Wed Jul 20 19:05:34 2022] GET /placement/allocations/6da5e7d4-0e44-497e-a8ea-7713a8011ac1 => generated 19 bytes in 26 msecs (HTTP/1.1 200) 8 headers in 295 bytes (1 switches on core 0)
Jul 20 19:05:34.952535 n-d-847009-7 devstack@placement-api.service[105653]: DEBUG placement.requestlog [req-f3eb793c-f52e-460e-9e07-fdfd7cbe7a9e req-fe92bdac-15d1-4418-8d14-f39ce2f855ec None None] Starting request: 10.222.0.83 "PUT /placement/allocations/6da5e7d4-0e44-497e-a8ea-7713a8011ac1" {{(pid=105653) __call__ /opt/stack/placement/placement/requestlog.py:55}}
Jul 20 19:05:35.197245 n-d-847009-7 devstack@placement-api.service[105653]: DEBUG placement.handlers.allocation [req-f3eb793c-f52e-460e-9e07-fdfd7cbe7a9e req-fe92bdac-15d1-4418-8d14-f39ce2f855ec service placement] Successfully wrote allocations [, , ] {{(pid=105653) _update_consumers_and_create_allocations /opt/stack/placement/placement/handlers/allocation.py:462}}
Jul 20 19:05:35.275469 n-d-847009-7 devstack@placement-api.service[105653]: INFO placement.requestlog [req-f3eb793c-f52e-460e-9e07-fdfd7cbe7a9e req-fe92bdac-15d1-4418-8d14-f39ce2f855ec service placement] 10.222.0.83 "PUT /placement/allocations/6da5e7d4-0e44-497e-a8ea-7713a8011ac1" status: 204 len: 0 microversion: 1.36
Jul 20 19:05:35.276016 n-d-847009-7 devstack@placement-api.service[105653]: [pid: 105653|app: 0|req: 87/173] 10.222.0.83 () {64 vars in 1433 bytes} [Wed Jul 20 19:05:34 2022] PUT /placement/allocations/6da5e7d4-0e44-497e-a8ea-7713a8011ac1 => generated 0 bytes in 324 msecs (HTTP/1.1 204) 5 headers in 199 bytes (1 switches on core 0)
Jul 20 19:05:36.183706 n-d-847009-7 devstack@placement-api.service[105654]: DEBUG placement.requestlog [req-c62aa79e-4a7b-439a-a0bd-2c6060ae6654 req-8c2dee3a-04d7-4ca1-82ba-1b2191e9f32c None None] Starting request: 10.222.0.83 "GET /placement/allocation_candidates?limit=1000&resources=DISK_GB%3A1%2CMEMORY_MB%3A1024%2CVCPU%3A1&root_required=%21COMPUTE_STATUS_DISABLED" {{(pid=105654) __call__ /opt/stack/placement/placement/requestlog.py:55}}
Jul 20 19:05:36.255688 n-d-847009-7 devstack@placement-api.service[105654]: DEBUG placement.objects.research_context [req-c62aa79e-4a7b-439a-a0bd-2c6060ae6654 req-8c2dee3a-04d7-4ca1-82ba-1b2191e9f32c service placement] getting providers with 1 DISK_GB {{(pid=105654) __init__ /opt/stack/placement/placement/objects/research_context.py:136}}
Jul 20 19:05:36.266518 n-d-847009-7 devstack@placement-api.service[105654]: DEBUG placement.objects.research_context [req-c62aa79e-4a7b-439a-a0bd-2c6060ae6654 req-8c2dee3a-04d7-4ca1-82ba-1b2191e9f32c service placement] getting providers with 1024 MEMORY_MB {{(pid=105654) __init__ /opt/stack/placement/placement/objects/research_context.py:136}}
Jul 20 19:05:36.280965 n-d-847009-7 devstack@placement-api.service[105654]: DEBUG placement.objects.research_context [req-c62aa79e-4a7b-439a-a0bd-2c6060ae6654 req-8c2dee3a-04d7-4ca1-82ba-1b2191e9f32c service placement] getting providers with 1 VCPU {{(pid=105654) __init__ /opt/stack/placement/placement/objects/research_context.py:136}}
Jul 20 19:05:36.293109 n-d-847009-7 devstack@placement-api.service[105654]: DEBUG placement.objects.research_context [req-c62aa79e-4a7b-439a-a0bd-2c6060ae6654 req-8c2dee3a-04d7-4ca1-82ba-1b2191e9f32c service placement] found 2 providers with available 1 DISK_GB {{(pid=105654) get_provider_ids_matching /opt/stack/placement/placement/objects/research_context.py:563}}
Jul 20 19:05:36.293396 n-d-847009-7 devstack@placement-api.service[105654]: DEBUG placement.objects.research_context [req-c62aa79e-4a7b-439a-a0bd-2c6060ae6654 req-8c2dee3a-04d7-4ca1-82ba-1b2191e9f32c service placement] found 2 providers with available 1024 MEMORY_MB {{(pid=105654) get_provider_ids_matching /opt/stack/placement/placement/objects/research_context.py:563}}
Jul 20 19:05:36.293680 n-d-847009-7 devstack@placement-api.service[105654]: DEBUG placement.objects.research_context [req-c62aa79e-4a7b-439a-a0bd-2c6060ae6654 req-8c2dee3a-04d7-4ca1-82ba-1b2191e9f32c service placement] found 2 providers after filtering by previous result {{(pid=105654) get_provider_ids_matching /opt/stack/placement/placement/objects/research_context.py:594}}
Jul 20 19:05:36.293946 n-d-847009-7 devstack@placement-api.service[105654]: DEBUG placement.objects.research_context [req-c62aa79e-4a7b-439a-a0bd-2c6060ae6654 req-8c2dee3a-04d7-4ca1-82ba-1b2191e9f32c service placement] found 2 providers with available 1 VCPU {{(pid=105654) get_provider_ids_matching /opt/stack/placement/placement/objects/research_context.py:563}}
Jul 20 19:05:36.294216 n-d-847009-7 devstack@placement-api.service[105654]: DEBUG placement.objects.research_context [req-c62aa79e-4a7b-439a-a0bd-2c6060ae6654 req-8c2dee3a-04d7-4ca1-82ba-1b2191e9f32c service placement] found 2 providers after filtering by previous result {{(pid=105654) get_provider_ids_matching /opt/stack/placement/placement/objects/research_context.py:594}}
Jul 20 19:05:36.328732 n-d-847009-7 devstack@placement-api.service[105654]: DEBUG placement.objects.allocation_candidate [req-c62aa79e-4a7b-439a-a0bd-2c6060ae6654 req-8c2dee3a-04d7-4ca1-82ba-1b2191e9f32c service placement] RequestGroup(use_same_provider=False, resources={DISK_GB:1, MEMORY_MB:1024, VCPU:1}, traits=(), aggregates=[]) (suffix '') returned 2 matches {{(pid=105654) _get_by_requests /opt/stack/placement/placement/objects/allocation_candidate.py:156}}
Jul 20 19:05:36.329120 n-d-847009-7 devstack@placement-api.service[105654]: DEBUG placement.objects.allocation_candidate [req-c62aa79e-4a7b-439a-a0bd-2c6060ae6654 req-8c2dee3a-04d7-4ca1-82ba-1b2191e9f32c service placement] Merging candidates yields 2 allocation requests and 2 provider summaries {{(pid=105654) _merge_candidates /opt/stack/placement/placement/objects/allocation_candidate.py:809}}
Jul 20 19:05:36.330762 n-d-847009-7 devstack@placement-api.service[105654]: INFO placement.requestlog [req-c62aa79e-4a7b-439a-a0bd-2c6060ae6654 req-8c2dee3a-04d7-4ca1-82ba-1b2191e9f32c service placement] 10.222.0.83 "GET /placement/allocation_candidates?limit=1000&resources=DISK_GB%3A1%2CMEMORY_MB%3A1024%2CVCPU%3A1&root_required=%21COMPUTE_STATUS_DISABLED" status: 200 len: 1309 microversion: 1.36
Jul 20 19:05:36.336302 n-d-847009-7 devstack@placement-api.service[105654]: [pid: 105654|app: 0|req: 87/174] 10.222.0.83 () {60 vars in 1506 bytes} [Wed Jul 20 19:05:36 2022] GET /placement/allocation_candidates?limit=1000&resources=DISK_GB%3A1%2CMEMORY_MB%3A1024%2CVCPU%3A1&root_required=%21COMPUTE_STATUS_DISABLED => generated 1309 bytes in 153 msecs (HTTP/1.1 200) 8 headers in 297 bytes (1 switches on core 0)
Jul 20 19:05:36.509826 n-d-847009-7 devstack@placement-api.service[105653]: DEBUG placement.requestlog [req-c62aa79e-4a7b-439a-a0bd-2c6060ae6654 req-98d6c7fb-28a8-4281-bcd0-1864696b2fa9 None None] Starting request: 10.222.0.83 "GET /placement/allocations/fa59c98f-409c-4d2e-a232-49577dfb2c82" {{(pid=105653) __call__ /opt/stack/placement/placement/requestlog.py:55}}
Jul 20 19:05:36.554906 n-d-847009-7 devstack@placement-api.service[105653]: INFO placement.requestlog [req-c62aa79e-4a7b-439a-a0bd-2c6060ae6654 req-98d6c7fb-28a8-4281-bcd0-1864696b2fa9 service placement] 10.222.0.83 "GET /placement/allocations/fa59c98f-409c-4d2e-a232-49577dfb2c82" status: 200 len: 19 microversion: 1.28
Jul 20 19:05:36.556978 n-d-847009-7 devstack@placement-api.service[105653]: [pid: 105653|app: 0|req: 88/175] 10.222.0.83 () {60 vars in 1380 bytes} [Wed Jul 20 19:05:36 2022] GET /placement/allocations/fa59c98f-409c-4d2e-a232-49577dfb2c82 => generated 19 bytes in 47 msecs (HTTP/1.1 200) 8 headers in 295 bytes (1 switches on core 0)
Jul 20 19:05:36.563134 n-d-847009-7 devstack@placement-api.service[105654]: DEBUG placement.requestlog [req-c62aa79e-4a7b-439a-a0bd-2c6060ae6654 req-457fcf14-3b01-47f5-8cec-80e9e2cb1bc9 None None] Starting request: 10.222.0.83 "PUT /placement/allocations/fa59c98f-409c-4d2e-a232-49577dfb2c82" {{(pid=105654) __call__ /opt/stack/placement/placement/requestlog.py:55}}
Jul 20 19:05:36.610106 n-d-847009-7 devstack@placement-api.service[105653]: DEBUG placement.requestlog [req-f3eb793c-f52e-460e-9e07-fdfd7cbe7a9e req-6e4417f6-58cc-455c-a41f-5d5c1d9fb60c None None] Starting request: 10.222.0.78 "GET /placement/allocations/6da5e7d4-0e44-497e-a8ea-7713a8011ac1" {{(pid=105653) __call__ /opt/stack/placement/placement/requestlog.py:55}}
Jul 20 19:05:36.642855 n-d-847009-7 devstack@placement-api.service[105653]: INFO placement.requestlog [req-f3eb793c-f52e-460e-9e07-fdfd7cbe7a9e req-6e4417f6-58cc-455c-a41f-5d5c1d9fb60c service placement] 10.222.0.78 "GET /placement/allocations/6da5e7d4-0e44-497e-a8ea-7713a8011ac1" status: 200 len: 258 microversion: 1.28
Jul 20 19:05:36.644344 n-d-847009-7 devstack@placement-api.service[105653]: [pid: 105653|app: 0|req: 89/176] 10.222.0.78 () {60 vars in 1377 bytes} [Wed Jul 20 19:05:36 2022] GET /placement/allocations/6da5e7d4-0e44-497e-a8ea-7713a8011ac1 => generated 258 bytes in 34 msecs (HTTP/1.1 200) 8 headers in 296 bytes (1 switches on core 0)
Jul 20 19:05:37.047768 n-d-847009-7 devstack@placement-api.service[105654]: DEBUG placement.handlers.allocation [req-c62aa79e-4a7b-439a-a0bd-2c6060ae6654 req-457fcf14-3b01-47f5-8cec-80e9e2cb1bc9 service placement] Successfully wrote allocations [, , ] {{(pid=105654) _update_consumers_and_create_allocations /opt/stack/placement/placement/handlers/allocation.py:462}}
Jul 20 19:05:37.488059 n-d-847009-7 devstack@placement-api.service[105654]: INFO placement.requestlog [req-c62aa79e-4a7b-439a-a0bd-2c6060ae6654 req-457fcf14-3b01-47f5-8cec-80e9e2cb1bc9 service placement] 10.222.0.83 "PUT /placement/allocations/fa59c98f-409c-4d2e-a232-49577dfb2c82" status: 204 len: 0 microversion: 1.36
Jul 20 19:05:37.489458 n-d-847009-7 devstack@placement-api.service[105654]: [pid: 105654|app: 0|req: 88/177] 10.222.0.83 () {64 vars in 1433 bytes} [Wed Jul 20 19:05:36 2022] PUT /placement/allocations/fa59c98f-409c-4d2e-a232-49577dfb2c82 => generated 0 bytes in 926 msecs (HTTP/1.1 204) 5 headers in 199 bytes (1 switches on core 0)
Jul 20 19:05:37.672010 n-d-847009-7 devstack@placement-api.service[105653]: DEBUG placement.requestlog [req-f3eb793c-f52e-460e-9e07-fdfd7cbe7a9e req-c36d72f8-8dd7-4b40-9792-623d012c98e9 None None] Starting request: 10.222.0.78 "GET /placement/resource_providers/b4856f3f-7604-4c21-9640-c2e99184936e/allocations" {{(pid=105653) __call__ /opt/stack/placement/placement/requestlog.py:55}}
Jul 20 19:05:37.704068 n-d-847009-7 devstack@placement-api.service[105653]: INFO placement.requestlog [req-f3eb793c-f52e-460e-9e07-fdfd7cbe7a9e req-c36d72f8-8dd7-4b40-9792-623d012c98e9 service placement] 10.222.0.78 "GET /placement/resource_providers/b4856f3f-7604-4c21-9640-c2e99184936e/allocations" status: 200 len: 456 microversion: 1.0
Jul 20 19:05:37.706028 n-d-847009-7 devstack@placement-api.service[105653]: [pid: 105653|app: 0|req: 90/178] 10.222.0.78 () {58 vars in 1390 bytes} [Wed Jul 20 19:05:37 2022] GET /placement/resource_providers/b4856f3f-7604-4c21-9640-c2e99184936e/allocations => generated 456 bytes in 34 msecs (HTTP/1.1 200) 6 headers in 224 bytes (1 switches on core 0)
Jul 20 19:05:37.716487 n-d-847009-7 devstack@placement-api.service[105654]: DEBUG placement.requestlog [req-f3eb793c-f52e-460e-9e07-fdfd7cbe7a9e req-a2cf2a46-6bec-43b4-849a-12db3fb0571a None None] Starting request: 10.222.0.78 "GET /placement/allocations/ec2de2a1-eeeb-4d1f-bf9f-257b0a4bf0bd" {{(pid=105654) __call__ /opt/stack/placement/placement/requestlog.py:55}}
Jul 20 19:05:37.770617 n-d-847009-7 devstack@placement-api.service[105654]: INFO placement.requestlog [req-f3eb793c-f52e-460e-9e07-fdfd7cbe7a9e req-a2cf2a46-6bec-43b4-849a-12db3fb0571a service placement] 10.222.0.78 "GET /placement/allocations/ec2de2a1-eeeb-4d1f-bf9f-257b0a4bf0bd" status: 200 len: 258 microversion: 1.28
Jul 20 19:05:37.775678 n-d-847009-7 devstack@placement-api.service[105654]: [pid: 105654|app: 0|req: 89/179] 10.222.0.78 () {60 vars in 1377 bytes} [Wed Jul 20 19:05:37 2022] GET /placement/allocations/ec2de2a1-eeeb-4d1f-bf9f-257b0a4bf0bd => generated 258 bytes in 63 msecs (HTTP/1.1 200) 8 headers in 296 bytes (1 switches on core 0)
Jul 20 19:05:37.782719 n-d-847009-7 devstack@placement-api.service[105653]: DEBUG placement.requestlog [req-f3eb793c-f52e-460e-9e07-fdfd7cbe7a9e req-100b3dc4-4d0c-4a9f-ad88-98d363d397a3 None None] Starting request: 10.222.0.78 "GET /placement/allocations/6da5e7d4-0e44-497e-a8ea-7713a8011ac1" {{(pid=105653) __call__ /opt/stack/placement/placement/requestlog.py:55}}
Jul 20 19:05:37.811603 n-d-847009-7 devstack@placement-api.service[105653]: INFO placement.requestlog [req-f3eb793c-f52e-460e-9e07-fdfd7cbe7a9e req-100b3dc4-4d0c-4a9f-ad88-98d363d397a3 service placement] 10.222.0.78 "GET /placement/allocations/6da5e7d4-0e44-497e-a8ea-7713a8011ac1" status: 200 len: 258 microversion: 1.28
Jul 20 19:05:37.812647 n-d-847009-7 devstack@placement-api.service[105653]: [pid: 105653|app: 0|req: 91/180] 10.222.0.78 () {60 vars in 1377 bytes} [Wed Jul 20 19:05:37 2022] GET /placement/allocations/6da5e7d4-0e44-497e-a8ea-7713a8011ac1 => generated 258 bytes in 30 msecs (HTTP/1.1 200) 8 headers in 296 bytes (1 switches on core 0)
Jul 20 19:05:37.822482 n-d-847009-7 devstack@placement-api.service[105654]: DEBUG placement.requestlog [req-f3eb793c-f52e-460e-9e07-fdfd7cbe7a9e req-79cde347-1429-4422-a0f6-ae32fa2f98dc None None] Starting request: 10.222.0.78 "GET /placement/allocations/360b7a2f-d7d9-4990-ae8b-f7db01c418fd" {{(pid=105654) __call__ /opt/stack/placement/placement/requestlog.py:55}}
Jul 20 19:05:37.857424 n-d-847009-7 devstack@placement-api.service[105654]: INFO placement.requestlog [req-f3eb793c-f52e-460e-9e07-fdfd7cbe7a9e req-79cde347-1429-4422-a0f6-ae32fa2f98dc service placement] 10.222.0.78 "GET /placement/allocations/360b7a2f-d7d9-4990-ae8b-f7db01c418fd" status: 200 len: 258 microversion: 1.28
Jul 20 19:05:37.861304 n-d-847009-7 devstack@placement-api.service[105654]: [pid: 105654|app: 0|req: 90/181] 10.222.0.78 () {60 vars in 1377 bytes} [Wed Jul 20 19:05:37 2022] GET /placement/allocations/360b7a2f-d7d9-4990-ae8b-f7db01c418fd => generated 258 bytes in 40 msecs (HTTP/1.1 200) 8 headers in 296 bytes (1 switches on core 0)
Jul 20 19:05:37.869507 n-d-847009-7 devstack@placement-api.service[105653]: DEBUG placement.requestlog [req-f3eb793c-f52e-460e-9e07-fdfd7cbe7a9e req-a3591271-930c-447f-bea3-16ebf551e43a None None] Starting request: 10.222.0.78 "GET /placement/allocations/fa59c98f-409c-4d2e-a232-49577dfb2c82" {{(pid=105653) __call__ /opt/stack/placement/placement/requestlog.py:55}}
Jul 20 19:05:37.933918 n-d-847009-7 devstack@placement-api.service[105653]: INFO placement.requestlog [req-f3eb793c-f52e-460e-9e07-fdfd7cbe7a9e req-a3591271-930c-447f-bea3-16ebf551e43a service placement] 10.222.0.78 "GET /placement/allocations/fa59c98f-409c-4d2e-a232-49577dfb2c82" status: 200 len: 258 microversion: 1.28
Jul 20 19:05:37.940950 n-d-847009-7 devstack@placement-api.service[105653]: [pid: 105653|app: 0|req: 92/182] 10.222.0.78 () {60 vars in 1377 bytes} [Wed Jul 20 19:05:37 2022] GET /placement/allocations/fa59c98f-409c-4d2e-a232-49577dfb2c82 => generated 258 bytes in 72 msecs (HTTP/1.1 200) 8 headers in 296 bytes (1 switches on core 0)
Jul 20 19:05:39.051189 n-d-847009-7 devstack@placement-api.service[105654]: DEBUG placement.requestlog [req-c62aa79e-4a7b-439a-a0bd-2c6060ae6654 req-ee97d014-b761-4bf2-9499-e195993e3426 None None] Starting request: 10.222.0.78 "GET /placement/allocations/fa59c98f-409c-4d2e-a232-49577dfb2c82" {{(pid=105654) __call__ /opt/stack/placement/placement/requestlog.py:55}}
Jul 20 19:05:39.089906 n-d-847009-7 devstack@placement-api.service[105654]: INFO placement.requestlog [req-c62aa79e-4a7b-439a-a0bd-2c6060ae6654 req-ee97d014-b761-4bf2-9499-e195993e3426 service placement] 10.222.0.78 "GET /placement/allocations/fa59c98f-409c-4d2e-a232-49577dfb2c82" status: 200 len: 258 microversion: 1.28
Jul 20 19:05:39.090341 n-d-847009-7 devstack@placement-api.service[105654]: [pid: 105654|app: 0|req: 91/183] 10.222.0.78 () {60 vars in 1377 bytes} [Wed Jul 20 19:05:39 2022] GET /placement/allocations/fa59c98f-409c-4d2e-a232-49577dfb2c82 => generated 258 bytes in 39 msecs (HTTP/1.1 200) 8 headers in 296 bytes (2 switches on core 0)
Jul 20 19:05:39.655579 n-d-847009-7 devstack@placement-api.service[105653]: DEBUG placement.requestlog [req-c62aa79e-4a7b-439a-a0bd-2c6060ae6654 req-87cdeea0-bc66-44d6-993c-22b1b1bbbca2 None None] Starting request: 10.222.0.78 "GET /placement/resource_providers/b4856f3f-7604-4c21-9640-c2e99184936e/allocations" {{(pid=105653) __call__ /opt/stack/placement/placement/requestlog.py:55}}
Jul 20 19:05:39.702029 n-d-847009-7 devstack@placement-api.service[105653]: INFO placement.requestlog [req-c62aa79e-4a7b-439a-a0bd-2c6060ae6654 req-87cdeea0-bc66-44d6-993c-22b1b1bbbca2 service placement] 10.222.0.78 "GET /placement/resource_providers/b4856f3f-7604-4c21-9640-c2e99184936e/allocations" status: 200 len: 456 microversion: 1.0
Jul 20 19:05:39.702768 n-d-847009-7 devstack@placement-api.service[105653]: [pid: 105653|app: 0|req: 93/184] 10.222.0.78 () {58 vars in 1390 bytes} [Wed Jul 20 19:05:39 2022] GET /placement/resource_providers/b4856f3f-7604-4c21-9640-c2e99184936e/allocations => generated 456 bytes in 48 msecs (HTTP/1.1 200) 6 headers in 224 bytes (1 switches on core 0)
Jul 20 19:05:39.710980 n-d-847009-7 devstack@placement-api.service[105654]: DEBUG placement.requestlog [req-c62aa79e-4a7b-439a-a0bd-2c6060ae6654 req-047298f8-b962-43c2-b1f7-182a2088445d None None] Starting request: 10.222.0.78 "GET /placement/allocations/ec2de2a1-eeeb-4d1f-bf9f-257b0a4bf0bd" {{(pid=105654) __call__ /opt/stack/placement/placement/requestlog.py:55}}
Jul 20 19:05:39.735650 n-d-847009-7 devstack@placement-api.service[105654]: INFO placement.requestlog [req-c62aa79e-4a7b-439a-a0bd-2c6060ae6654 req-047298f8-b962-43c2-b1f7-182a2088445d service placement] 10.222.0.78 "GET /placement/allocations/ec2de2a1-eeeb-4d1f-bf9f-257b0a4bf0bd" status: 200 len: 258 microversion: 1.28
Jul 20 19:05:39.743084 n-d-847009-7 devstack@placement-api.service[105653]: DEBUG placement.requestlog [req-c62aa79e-4a7b-439a-a0bd-2c6060ae6654 req-df5e2fcd-5b44-40be-b70e-ea9dbf6b3e50 None None] Starting request: 10.222.0.78 "GET /placement/allocations/6da5e7d4-0e44-497e-a8ea-7713a8011ac1" {{(pid=105653) __call__ /opt/stack/placement/placement/requestlog.py:55}}
Jul 20 19:05:39.745033 n-d-847009-7 devstack@placement-api.service[105654]: [pid: 105654|app: 0|req: 92/185] 10.222.0.78 () {60 vars in 1377 bytes} [Wed Jul 20 19:05:39 2022] GET /placement/allocations/ec2de2a1-eeeb-4d1f-bf9f-257b0a4bf0bd => generated 258 bytes in 28 msecs (HTTP/1.1 200) 8 headers in 296 bytes (1 switches on core 0)
Jul 20 19:05:39.783414 n-d-847009-7 devstack@placement-api.service[105653]: INFO placement.requestlog [req-c62aa79e-4a7b-439a-a0bd-2c6060ae6654 req-df5e2fcd-5b44-40be-b70e-ea9dbf6b3e50 service placement] 10.222.0.78 "GET /placement/allocations/6da5e7d4-0e44-497e-a8ea-7713a8011ac1" status: 200 len: 258 microversion: 1.28
Jul 20 19:05:39.784311 n-d-847009-7 devstack@placement-api.service[105653]: [pid: 105653|app: 0|req: 94/186] 10.222.0.78 () {60 vars in 1377 bytes} [Wed Jul 20 19:05:39 2022] GET /placement/allocations/6da5e7d4-0e44-497e-a8ea-7713a8011ac1 => generated 258 bytes in 42 msecs (HTTP/1.1 200) 8 headers in 296 bytes (1 switches on core 0)
Jul 20 19:05:39.793423 n-d-847009-7 devstack@placement-api.service[105654]: DEBUG placement.requestlog [req-c62aa79e-4a7b-439a-a0bd-2c6060ae6654 req-065af7d9-d6bb-494f-adf2-ada88044cdd2 None None] Starting request: 10.222.0.78 "GET /placement/allocations/360b7a2f-d7d9-4990-ae8b-f7db01c418fd" {{(pid=105654) __call__ /opt/stack/placement/placement/requestlog.py:55}}
Jul 20 19:05:39.864478 n-d-847009-7 devstack@placement-api.service[105654]: INFO placement.requestlog [req-c62aa79e-4a7b-439a-a0bd-2c6060ae6654 req-065af7d9-d6bb-494f-adf2-ada88044cdd2 service placement] 10.222.0.78 "GET /placement/allocations/360b7a2f-d7d9-4990-ae8b-f7db01c418fd" status: 200 len: 258 microversion: 1.28
Jul 20 19:05:39.867081 n-d-847009-7 devstack@placement-api.service[105654]: [pid: 105654|app: 0|req: 93/187] 10.222.0.78 () {60 vars in 1377 bytes} [Wed Jul 20 19:05:39 2022] GET /placement/allocations/360b7a2f-d7d9-4990-ae8b-f7db01c418fd => generated 258 bytes in 72 msecs (HTTP/1.1 200) 8 headers in 296 bytes (1 switches on core 0)
Jul 20 19:05:39.878319 n-d-847009-7 devstack@placement-api.service[105653]: DEBUG placement.requestlog [req-c62aa79e-4a7b-439a-a0bd-2c6060ae6654 req-98bac1f6-0abd-46cb-a65a-6bd1d98e3a32 None None] Starting request: 10.222.0.78 "GET /placement/allocations/fa59c98f-409c-4d2e-a232-49577dfb2c82" {{(pid=105653) __call__ /opt/stack/placement/placement/requestlog.py:55}}
Jul 20 19:05:39.934435 n-d-847009-7 devstack@placement-api.service[105653]: INFO placement.requestlog [req-c62aa79e-4a7b-439a-a0bd-2c6060ae6654 req-98bac1f6-0abd-46cb-a65a-6bd1d98e3a32 service placement] 10.222.0.78 "GET /placement/allocations/fa59c98f-409c-4d2e-a232-49577dfb2c82" status: 200 len: 258 microversion: 1.28
Jul 20 19:05:39.935697 n-d-847009-7 devstack@placement-api.service[105653]: [pid: 105653|app: 0|req: 95/188] 10.222.0.78 () {60 vars in 1377 bytes} [Wed Jul 20 19:05:39 2022] GET /placement/allocations/fa59c98f-409c-4d2e-a232-49577dfb2c82 => generated 258 bytes in 58 msecs (HTTP/1.1 200) 8 headers in 296 bytes (1 switches on core 0)
Jul 20 19:05:44.337530 n-d-847009-7 devstack@placement-api.service[105654]: DEBUG placement.requestlog [req-d7cbc5ba-7143-44f2-9cae-ce88d6fdd89c req-7c1e730e-ca8f-43de-aeb4-a236a69c4368 None None] Starting request: 10.222.0.83 "GET /placement/allocation_candidates?resources=DISK_GB%3A1%2CMEMORY_MB%3A1024%2CVCPU%3A1&root_required=%21COMPUTE_STATUS_DISABLED" {{(pid=105654) __call__ /opt/stack/placement/placement/requestlog.py:55}}
Jul 20 19:05:44.436509 n-d-847009-7 devstack@placement-api.service[105654]: DEBUG placement.objects.research_context [req-d7cbc5ba-7143-44f2-9cae-ce88d6fdd89c req-7c1e730e-ca8f-43de-aeb4-a236a69c4368 service placement] getting providers with 1 DISK_GB {{(pid=105654) __init__ /opt/stack/placement/placement/objects/research_context.py:136}}
Jul 20 19:05:44.453933 n-d-847009-7 devstack@placement-api.service[105654]: DEBUG placement.objects.research_context [req-d7cbc5ba-7143-44f2-9cae-ce88d6fdd89c req-7c1e730e-ca8f-43de-aeb4-a236a69c4368 service placement] getting providers with 1024 MEMORY_MB {{(pid=105654) __init__ /opt/stack/placement/placement/objects/research_context.py:136}}
Jul 20 19:05:44.472997 n-d-847009-7 devstack@placement-api.service[105654]: DEBUG dbcounter [-] [105654] Writing DB stats placement:SELECT=86,placement:DELETE=4,placement:UPDATE=4,placement:INSERT=6 {{(pid=105654) stat_writer /usr/local/lib/python3.8/dist-packages/dbcounter.py:114}}
Jul 20 19:05:44.475399 n-d-847009-7 devstack@placement-api.service[105654]: DEBUG placement.objects.research_context [req-d7cbc5ba-7143-44f2-9cae-ce88d6fdd89c req-7c1e730e-ca8f-43de-aeb4-a236a69c4368 service placement] getting providers with 1 VCPU {{(pid=105654) __init__ /opt/stack/placement/placement/objects/research_context.py:136}}
Jul 20 19:05:44.492528 n-d-847009-7 devstack@placement-api.service[105654]: DEBUG placement.objects.research_context [req-d7cbc5ba-7143-44f2-9cae-ce88d6fdd89c req-7c1e730e-ca8f-43de-aeb4-a236a69c4368 service placement] found 2 providers with available 1 DISK_GB {{(pid=105654) get_provider_ids_matching /opt/stack/placement/placement/objects/research_context.py:563}}
Jul 20 19:05:44.497884 n-d-847009-7 devstack@placement-api.service[105654]: DEBUG placement.objects.research_context [req-d7cbc5ba-7143-44f2-9cae-ce88d6fdd89c req-7c1e730e-ca8f-43de-aeb4-a236a69c4368 service placement] found 2 providers with available 1024 MEMORY_MB {{(pid=105654) get_provider_ids_matching /opt/stack/placement/placement/objects/research_context.py:563}}
Jul 20 19:05:44.497884 n-d-847009-7 devstack@placement-api.service[105654]: DEBUG placement.objects.research_context [req-d7cbc5ba-7143-44f2-9cae-ce88d6fdd89c req-7c1e730e-ca8f-43de-aeb4-a236a69c4368 service placement] found 2 providers after filtering by previous result {{(pid=105654) get_provider_ids_matching /opt/stack/placement/placement/objects/research_context.py:594}}
Jul 20 19:05:44.497884 n-d-847009-7 devstack@placement-api.service[105654]: DEBUG placement.objects.research_context [req-d7cbc5ba-7143-44f2-9cae-ce88d6fdd89c req-7c1e730e-ca8f-43de-aeb4-a236a69c4368 service placement] found 2 providers with available 1 VCPU {{(pid=105654) get_provider_ids_matching /opt/stack/placement/placement/objects/research_context.py:563}}
Jul 20 19:05:44.497884 n-d-847009-7 devstack@placement-api.service[105654]: DEBUG placement.objects.research_context [req-d7cbc5ba-7143-44f2-9cae-ce88d6fdd89c req-7c1e730e-ca8f-43de-aeb4-a236a69c4368 service placement] found 2 providers after filtering by previous result {{(pid=105654) get_provider_ids_matching /opt/stack/placement/placement/objects/research_context.py:594}}
Jul 20 19:05:44.521713 n-d-847009-7 devstack@placement-api.service[105654]: DEBUG placement.objects.allocation_candidate [req-d7cbc5ba-7143-44f2-9cae-ce88d6fdd89c req-7c1e730e-ca8f-43de-aeb4-a236a69c4368 service placement] RequestGroup(use_same_provider=False, resources={DISK_GB:1, MEMORY_MB:1024, VCPU:1}, traits=(), aggregates=[]) (suffix '') returned 2 matches {{(pid=105654) _get_by_requests /opt/stack/placement/placement/objects/allocation_candidate.py:156}}
Jul 20 19:05:44.522230 n-d-847009-7 devstack@placement-api.service[105654]: DEBUG placement.objects.allocation_candidate [req-d7cbc5ba-7143-44f2-9cae-ce88d6fdd89c req-7c1e730e-ca8f-43de-aeb4-a236a69c4368 service placement] Merging candidates yields 2 allocation requests and 2 provider summaries {{(pid=105654) _merge_candidates /opt/stack/placement/placement/objects/allocation_candidate.py:809}}
Jul 20 19:05:44.528521 n-d-847009-7 devstack@placement-api.service[105654]: INFO placement.requestlog [req-d7cbc5ba-7143-44f2-9cae-ce88d6fdd89c req-7c1e730e-ca8f-43de-aeb4-a236a69c4368 service placement] 10.222.0.83 "GET /placement/allocation_candidates?resources=DISK_GB%3A1%2CMEMORY_MB%3A1024%2CVCPU%3A1&root_required=%21COMPUTE_STATUS_DISABLED" status: 200 len: 1309 microversion: 1.36
Jul 20 19:05:44.529357 n-d-847009-7 devstack@placement-api.service[105654]: [pid: 105654|app: 0|req: 94/189] 10.222.0.83 () {60 vars in 1484 bytes} [Wed Jul 20 19:05:44 2022] GET /placement/allocation_candidates?resources=DISK_GB%3A1%2CMEMORY_MB%3A1024%2CVCPU%3A1&root_required=%21COMPUTE_STATUS_DISABLED => generated 1309 bytes in 192 msecs (HTTP/1.1 200) 8 headers in 297 bytes (1 switches on core 0)
Jul 20 19:05:44.658294 n-d-847009-7 devstack@placement-api.service[105653]: DEBUG placement.requestlog [req-d7cbc5ba-7143-44f2-9cae-ce88d6fdd89c req-93980b1b-831e-4eae-8153-2500f4cd0b01 None None] Starting request: 10.222.0.83 "GET /placement/allocations/85b8ff1e-e552-411c-9e7b-fecad3ae8278" {{(pid=105653) __call__ /opt/stack/placement/placement/requestlog.py:55}}
Jul 20 19:05:44.682784 n-d-847009-7 devstack@placement-api.service[105653]: INFO placement.requestlog [req-d7cbc5ba-7143-44f2-9cae-ce88d6fdd89c req-93980b1b-831e-4eae-8153-2500f4cd0b01 service placement] 10.222.0.83 "GET /placement/allocations/85b8ff1e-e552-411c-9e7b-fecad3ae8278" status: 200 len: 19 microversion: 1.28
Jul 20 19:05:44.683468 n-d-847009-7 devstack@placement-api.service[105653]: [pid: 105653|app: 0|req: 96/190] 10.222.0.83 () {60 vars in 1380 bytes} [Wed Jul 20 19:05:44 2022] GET /placement/allocations/85b8ff1e-e552-411c-9e7b-fecad3ae8278 => generated 19 bytes in 25 msecs (HTTP/1.1 200) 8 headers in 295 bytes (1 switches on core 0)
Jul 20 19:05:44.692533 n-d-847009-7 devstack@placement-api.service[105654]: DEBUG placement.requestlog [req-d7cbc5ba-7143-44f2-9cae-ce88d6fdd89c req-69f55b95-973e-4ebc-8ff6-5d357281ee08 None None] Starting request: 10.222.0.83 "PUT /placement/allocations/85b8ff1e-e552-411c-9e7b-fecad3ae8278" {{(pid=105654) __call__ /opt/stack/placement/placement/requestlog.py:55}}
Jul 20 19:05:44.936027 n-d-847009-7 devstack@placement-api.service[105654]: DEBUG placement.handlers.allocation [req-d7cbc5ba-7143-44f2-9cae-ce88d6fdd89c req-69f55b95-973e-4ebc-8ff6-5d357281ee08 service placement] Successfully wrote allocations [, , ] {{(pid=105654) _update_consumers_and_create_allocations /opt/stack/placement/placement/handlers/allocation.py:462}}
Jul 20 19:05:45.004513 n-d-847009-7 devstack@placement-api.service[105654]: INFO placement.requestlog [req-d7cbc5ba-7143-44f2-9cae-ce88d6fdd89c req-69f55b95-973e-4ebc-8ff6-5d357281ee08 service placement] 10.222.0.83 "PUT /placement/allocations/85b8ff1e-e552-411c-9e7b-fecad3ae8278" status: 204 len: 0 microversion: 1.36
Jul 20 19:05:45.005233 n-d-847009-7 devstack@placement-api.service[105654]: [pid: 105654|app: 0|req: 95/191] 10.222.0.83 () {64 vars in 1433 bytes} [Wed Jul 20 19:05:44 2022] PUT /placement/allocations/85b8ff1e-e552-411c-9e7b-fecad3ae8278 => generated 0 bytes in 313 msecs (HTTP/1.1 204) 5 headers in 199 bytes (1 switches on core 0)
Jul 20 19:05:45.023304 n-d-847009-7 devstack@placement-api.service[105653]: DEBUG placement.requestlog [req-d7cbc5ba-7143-44f2-9cae-ce88d6fdd89c req-37e68765-03d8-42d7-92d9-43d3ab1c3fce None None] Starting request: 10.222.0.83 "GET /placement/allocations/dff684ae-f2a5-4c39-8fc2-d0f03782d7a8" {{(pid=105653) __call__ /opt/stack/placement/placement/requestlog.py:55}}
Jul 20 19:05:45.055663 n-d-847009-7 devstack@placement-api.service[105653]: INFO placement.requestlog [req-d7cbc5ba-7143-44f2-9cae-ce88d6fdd89c req-37e68765-03d8-42d7-92d9-43d3ab1c3fce service placement] 10.222.0.83 "GET /placement/allocations/dff684ae-f2a5-4c39-8fc2-d0f03782d7a8" status: 200 len: 19 microversion: 1.28
Jul 20 19:05:45.058173 n-d-847009-7 devstack@placement-api.service[105653]: [pid: 105653|app: 0|req: 97/192] 10.222.0.83 () {60 vars in 1380 bytes} [Wed Jul 20 19:05:45 2022] GET /placement/allocations/dff684ae-f2a5-4c39-8fc2-d0f03782d7a8 => generated 19 bytes in 35 msecs (HTTP/1.1 200) 8 headers in 295 bytes (1 switches on core 0)
Jul 20 19:05:45.062543 n-d-847009-7 devstack@placement-api.service[105654]: DEBUG placement.requestlog [req-d7cbc5ba-7143-44f2-9cae-ce88d6fdd89c req-4eb8cd6f-6d76-4f12-a881-798642085cda None None] Starting request: 10.222.0.83 "PUT /placement/allocations/dff684ae-f2a5-4c39-8fc2-d0f03782d7a8" {{(pid=105654) __call__ /opt/stack/placement/placement/requestlog.py:55}}
Jul 20 19:05:45.251950 n-d-847009-7 devstack@placement-api.service[105654]: DEBUG placement.handlers.allocation [req-d7cbc5ba-7143-44f2-9cae-ce88d6fdd89c req-4eb8cd6f-6d76-4f12-a881-798642085cda service placement] Successfully wrote allocations [, , ] {{(pid=105654) _update_consumers_and_create_allocations /opt/stack/placement/placement/handlers/allocation.py:462}}
Jul 20 19:05:45.332740 n-d-847009-7 devstack@placement-api.service[105654]: INFO placement.requestlog [req-d7cbc5ba-7143-44f2-9cae-ce88d6fdd89c req-4eb8cd6f-6d76-4f12-a881-798642085cda service placement] 10.222.0.83 "PUT /placement/allocations/dff684ae-f2a5-4c39-8fc2-d0f03782d7a8" status: 204 len: 0 microversion: 1.36
Jul 20 19:05:45.333980 n-d-847009-7 devstack@placement-api.service[105654]: [pid: 105654|app: 0|req: 96/193] 10.222.0.83 () {64 vars in 1433 bytes} [Wed Jul 20 19:05:45 2022] PUT /placement/allocations/dff684ae-f2a5-4c39-8fc2-d0f03782d7a8 => generated 0 bytes in 272 msecs (HTTP/1.1 204) 5 headers in 199 bytes (1 switches on core 0)
Jul 20 19:05:46.722143 n-d-847009-7 devstack@placement-api.service[105653]: DEBUG placement.requestlog [req-d7cbc5ba-7143-44f2-9cae-ce88d6fdd89c req-d0abe43b-5444-4265-bd14-58038a9992cd None None] Starting request: 10.222.0.81 "GET /placement/allocations/85b8ff1e-e552-411c-9e7b-fecad3ae8278" {{(pid=105653) __call__ /opt/stack/placement/placement/requestlog.py:55}}
Jul 20 19:05:46.758638 n-d-847009-7 devstack@placement-api.service[105653]: INFO placement.requestlog [req-d7cbc5ba-7143-44f2-9cae-ce88d6fdd89c req-d0abe43b-5444-4265-bd14-58038a9992cd service placement] 10.222.0.81 "GET /placement/allocations/85b8ff1e-e552-411c-9e7b-fecad3ae8278" status: 200 len: 259 microversion: 1.28
Jul 20 19:05:46.759376 n-d-847009-7 devstack@placement-api.service[105653]: [pid: 105653|app: 0|req: 98/194] 10.222.0.81 () {60 vars in 1377 bytes} [Wed Jul 20 19:05:46 2022] GET /placement/allocations/85b8ff1e-e552-411c-9e7b-fecad3ae8278 => generated 259 bytes in 37 msecs (HTTP/1.1 200) 8 headers in 296 bytes (1 switches on core 0)
Jul 20 19:05:47.302593 n-d-847009-7 devstack@placement-api.service[105654]: DEBUG placement.requestlog [req-d7cbc5ba-7143-44f2-9cae-ce88d6fdd89c req-62e6ec51-aea6-481d-98f6-b31e619c1806 None None] Starting request: 10.222.0.78 "GET /placement/allocations/dff684ae-f2a5-4c39-8fc2-d0f03782d7a8" {{(pid=105654) __call__ /opt/stack/placement/placement/requestlog.py:55}}
Jul 20 19:05:47.345214 n-d-847009-7 devstack@placement-api.service[105654]: INFO placement.requestlog [req-d7cbc5ba-7143-44f2-9cae-ce88d6fdd89c req-62e6ec51-aea6-481d-98f6-b31e619c1806 service placement] 10.222.0.78 "GET /placement/allocations/dff684ae-f2a5-4c39-8fc2-d0f03782d7a8" status: 200 len: 258 microversion: 1.28
Jul 20 19:05:47.346026 n-d-847009-7 devstack@placement-api.service[105654]: [pid: 105654|app: 0|req: 97/195] 10.222.0.78 () {60 vars in 1377 bytes} [Wed Jul 20 19:05:47 2022] GET /placement/allocations/dff684ae-f2a5-4c39-8fc2-d0f03782d7a8 => generated 258 bytes in 44 msecs (HTTP/1.1 200) 8 headers in 296 bytes (1 switches on core 0)
Jul 20 19:05:47.385224 n-d-847009-7 devstack@placement-api.service[105653]: DEBUG placement.requestlog [req-d7cbc5ba-7143-44f2-9cae-ce88d6fdd89c req-8858596a-6018-4d36-ab16-9be4e1726021 None None] Starting request: 10.222.0.81 "GET /placement/resource_providers/27b0956a-643c-4eb6-be4f-2d3fd1f740f6/allocations" {{(pid=105653) __call__ /opt/stack/placement/placement/requestlog.py:55}}
Jul 20 19:05:47.437629 n-d-847009-7 devstack@placement-api.service[105653]: INFO placement.requestlog [req-d7cbc5ba-7143-44f2-9cae-ce88d6fdd89c req-8858596a-6018-4d36-ab16-9be4e1726021 service placement] 10.222.0.81 "GET /placement/resource_providers/27b0956a-643c-4eb6-be4f-2d3fd1f740f6/allocations" status: 200 len: 356 microversion: 1.0
Jul 20 19:05:47.442450 n-d-847009-7 devstack@placement-api.service[105653]: [pid: 105653|app: 0|req: 99/196] 10.222.0.81 () {58 vars in 1390 bytes} [Wed Jul 20 19:05:47 2022] GET /placement/resource_providers/27b0956a-643c-4eb6-be4f-2d3fd1f740f6/allocations => generated 356 bytes in 58 msecs (HTTP/1.1 200) 6 headers in 224 bytes (1 switches on core 0)
Jul 20 19:05:47.451680 n-d-847009-7 devstack@placement-api.service[105654]: DEBUG placement.requestlog [req-d7cbc5ba-7143-44f2-9cae-ce88d6fdd89c req-d268cfd2-2bd3-41b8-99f1-d2fa9ebd4a66 None None] Starting request: 10.222.0.81 "GET /placement/allocations/9df8c754-8d6c-432c-9817-ba3da9457ea4" {{(pid=105654) __call__ /opt/stack/placement/placement/requestlog.py:55}}
Jul 20 19:05:47.472467 n-d-847009-7 devstack@placement-api.service[105654]: INFO placement.requestlog [req-d7cbc5ba-7143-44f2-9cae-ce88d6fdd89c req-d268cfd2-2bd3-41b8-99f1-d2fa9ebd4a66 service placement] 10.222.0.81 "GET /placement/allocations/9df8c754-8d6c-432c-9817-ba3da9457ea4" status: 200 len: 259 microversion: 1.28
Jul 20 19:05:47.473720 n-d-847009-7 devstack@placement-api.service[105654]: [pid: 105654|app: 0|req: 98/197] 10.222.0.81 () {60 vars in 1377 bytes} [Wed Jul 20 19:05:47 2022] GET /placement/allocations/9df8c754-8d6c-432c-9817-ba3da9457ea4 => generated 259 bytes in 26 msecs (HTTP/1.1 200) 8 headers in 296 bytes (1 switches on core 0)
Jul 20 19:05:47.481433 n-d-847009-7 devstack@placement-api.service[105653]: DEBUG placement.requestlog [req-d7cbc5ba-7143-44f2-9cae-ce88d6fdd89c req-e0b4d0c7-b6a0-4edf-9ba1-9bb76a557cf7 None None] Starting request: 10.222.0.81 "GET /placement/allocations/652f4841-1cca-407b-94eb-c5054751cbcd" {{(pid=105653) __call__ /opt/stack/placement/placement/requestlog.py:55}}
Jul 20 19:05:47.500800 n-d-847009-7 devstack@placement-api.service[105653]: DEBUG dbcounter [-] [105653] Writing DB stats placement:SELECT=92,placement:INSERT=4,placement:DELETE=2,placement:UPDATE=2 {{(pid=105653) stat_writer /usr/local/lib/python3.8/dist-packages/dbcounter.py:114}}
Jul 20 19:05:47.508391 n-d-847009-7 devstack@placement-api.service[105653]: INFO placement.requestlog [req-d7cbc5ba-7143-44f2-9cae-ce88d6fdd89c req-e0b4d0c7-b6a0-4edf-9ba1-9bb76a557cf7 service placement] 10.222.0.81 "GET /placement/allocations/652f4841-1cca-407b-94eb-c5054751cbcd" status: 200 len: 259 microversion: 1.28
Jul 20 19:05:47.510893 n-d-847009-7 devstack@placement-api.service[105653]: [pid: 105653|app: 0|req: 100/198] 10.222.0.81 () {60 vars in 1377 bytes} [Wed Jul 20 19:05:47 2022] GET /placement/allocations/652f4841-1cca-407b-94eb-c5054751cbcd => generated 259 bytes in 30 msecs (HTTP/1.1 200) 8 headers in 296 bytes (1 switches on core 0)
Jul 20 19:05:47.520981 n-d-847009-7 devstack@placement-api.service[105654]: DEBUG placement.requestlog [req-d7cbc5ba-7143-44f2-9cae-ce88d6fdd89c req-cb90d13d-2f75-4983-9bdb-b786cfc9add6 None None] Starting request: 10.222.0.81 "GET /placement/allocations/85b8ff1e-e552-411c-9e7b-fecad3ae8278" {{(pid=105654) __call__ /opt/stack/placement/placement/requestlog.py:55}}
Jul 20 19:05:47.548489 n-d-847009-7 devstack@placement-api.service[105654]: INFO placement.requestlog [req-d7cbc5ba-7143-44f2-9cae-ce88d6fdd89c req-cb90d13d-2f75-4983-9bdb-b786cfc9add6 service placement] 10.222.0.81 "GET /placement/allocations/85b8ff1e-e552-411c-9e7b-fecad3ae8278" status: 200 len: 259 microversion: 1.28
Jul 20 19:05:47.549398 n-d-847009-7 devstack@placement-api.service[105654]: [pid: 105654|app: 0|req: 99/199] 10.222.0.81 () {60 vars in 1377 bytes} [Wed Jul 20 19:05:47 2022] GET /placement/allocations/85b8ff1e-e552-411c-9e7b-fecad3ae8278 => generated 259 bytes in 29 msecs (HTTP/1.1 200) 8 headers in 296 bytes (1 switches on core 0)
Jul 20 19:05:47.673538 n-d-847009-7 devstack@placement-api.service[105653]: DEBUG placement.requestlog [None req-2c865221-d1dc-43e1-9bf6-840e66caa87a None None] Starting request: 10.222.0.83 "GET /placement/resource_providers/ffae695a-6228-486d-a6dc-a816bb67dfbf/aggregates" {{(pid=105653) __call__ /opt/stack/placement/placement/requestlog.py:55}}
Jul 20 19:05:47.702535 n-d-847009-7 devstack@placement-api.service[105653]: INFO placement.requestlog [None req-2c865221-d1dc-43e1-9bf6-840e66caa87a service placement] 10.222.0.83 "GET /placement/resource_providers/ffae695a-6228-486d-a6dc-a816bb67dfbf/aggregates" status: 404 len: 235 microversion: 1.1
Jul 20 19:05:47.703641 n-d-847009-7 devstack@placement-api.service[105653]: [pid: 105653|app: 0|req: 101/200] 10.222.0.83 () {58 vars in 1362 bytes} [Wed Jul 20 19:05:47 2022] GET /placement/resource_providers/ffae695a-6228-486d-a6dc-a816bb67dfbf/aggregates => generated 235 bytes in 30 msecs (HTTP/1.1 404) 5 headers in 202 bytes (1 switches on core 0)
Jul 20 19:05:47.707809 n-d-847009-7 devstack@placement-api.service[105654]: DEBUG placement.requestlog [req-d7cbc5ba-7143-44f2-9cae-ce88d6fdd89c req-7f997fe4-5542-421b-9474-dd8d0df17526 None None] Starting request: 10.222.0.78 "GET /placement/resource_providers/b4856f3f-7604-4c21-9640-c2e99184936e/allocations" {{(pid=105654) __call__ /opt/stack/placement/placement/requestlog.py:55}}
Jul 20 19:05:47.712350 n-d-847009-7 devstack@placement-api.service[105653]: DEBUG placement.requestlog [None req-d09ddb0d-c392-435a-a57a-690906347a9b None None] Starting request: 10.222.0.83 "DELETE /placement/resource_providers/ffae695a-6228-486d-a6dc-a816bb67dfbf" {{(pid=105653) __call__ /opt/stack/placement/placement/requestlog.py:55}}
Jul 20 19:05:47.750276 n-d-847009-7 devstack@placement-api.service[105653]: DEBUG placement.wsgi_wrapper [None req-d09ddb0d-c392-435a-a57a-690906347a9b service placement] Placement API returning an error response: No resource provider with uuid ffae695a-6228-486d-a6dc-a816bb67dfbf found for delete {{(pid=105653) call_func /opt/stack/placement/placement/wsgi_wrapper.py:31}}
Jul 20 19:05:47.755907 n-d-847009-7 devstack@placement-api.service[105653]: INFO placement.requestlog [None req-d09ddb0d-c392-435a-a57a-690906347a9b service placement] 10.222.0.83 "DELETE /placement/resource_providers/ffae695a-6228-486d-a6dc-a816bb67dfbf" status: 404 len: 246 microversion: 1.1
Jul 20 19:05:47.760939 n-d-847009-7 devstack@placement-api.service[105653]: [pid: 105653|app: 0|req: 102/201] 10.222.0.83 () {60 vars in 1351 bytes} [Wed Jul 20 19:05:47 2022] DELETE /placement/resource_providers/ffae695a-6228-486d-a6dc-a816bb67dfbf => generated 246 bytes in 49 msecs (HTTP/1.1 404) 6 headers in 231 bytes (2 switches on core 0)
Jul 20 19:05:47.805951 n-d-847009-7 devstack@placement-api.service[105654]: INFO placement.requestlog [req-d7cbc5ba-7143-44f2-9cae-ce88d6fdd89c req-7f997fe4-5542-421b-9474-dd8d0df17526 service placement] 10.222.0.78 "GET /placement/resource_providers/b4856f3f-7604-4c21-9640-c2e99184936e/allocations" status: 200 len: 557 microversion: 1.0
Jul 20 19:05:47.808780 n-d-847009-7 devstack@placement-api.service[105654]: [pid: 105654|app: 0|req: 100/202] 10.222.0.78 () {58 vars in 1390 bytes} [Wed Jul 20 19:05:47 2022] GET /placement/resource_providers/b4856f3f-7604-4c21-9640-c2e99184936e/allocations => generated 557 bytes in 101 msecs (HTTP/1.1 200) 6 headers in 224 bytes (1 switches on core 0)
Jul 20 19:05:47.814983 n-d-847009-7 devstack@placement-api.service[105653]: DEBUG placement.requestlog [req-d7cbc5ba-7143-44f2-9cae-ce88d6fdd89c req-c444b9e0-af9b-4952-a4c9-6e5eb5f15214 None None] Starting request: 10.222.0.78 "GET /placement/allocations/ec2de2a1-eeeb-4d1f-bf9f-257b0a4bf0bd" {{(pid=105653) __call__ /opt/stack/placement/placement/requestlog.py:55}}
Jul 20 19:05:47.856816 n-d-847009-7 devstack@placement-api.service[105653]: INFO placement.requestlog [req-d7cbc5ba-7143-44f2-9cae-ce88d6fdd89c req-c444b9e0-af9b-4952-a4c9-6e5eb5f15214 service placement] 10.222.0.78 "GET /placement/allocations/ec2de2a1-eeeb-4d1f-bf9f-257b0a4bf0bd" status: 200 len: 258 microversion: 1.28
Jul 20 19:05:47.857806 n-d-847009-7 devstack@placement-api.service[105653]: [pid: 105653|app: 0|req: 103/203] 10.222.0.78 () {60 vars in 1377 bytes} [Wed Jul 20 19:05:47 2022] GET /placement/allocations/ec2de2a1-eeeb-4d1f-bf9f-257b0a4bf0bd => generated 258 bytes in 43 msecs (HTTP/1.1 200) 8 headers in 296 bytes (1 switches on core 0)
Jul 20 19:05:47.868407 n-d-847009-7 devstack@placement-api.service[105654]: DEBUG placement.requestlog [req-d7cbc5ba-7143-44f2-9cae-ce88d6fdd89c req-80acd781-5629-46a3-ba8c-da4687c6cec1 None None] Starting request: 10.222.0.78 "GET /placement/allocations/6da5e7d4-0e44-497e-a8ea-7713a8011ac1" {{(pid=105654) __call__ /opt/stack/placement/placement/requestlog.py:55}}
Jul 20 19:05:47.902715 n-d-847009-7 devstack@placement-api.service[105654]: INFO placement.requestlog [req-d7cbc5ba-7143-44f2-9cae-ce88d6fdd89c req-80acd781-5629-46a3-ba8c-da4687c6cec1 service placement] 10.222.0.78 "GET /placement/allocations/6da5e7d4-0e44-497e-a8ea-7713a8011ac1" status: 200 len: 258 microversion: 1.28
Jul 20 19:05:47.906615 n-d-847009-7 devstack@placement-api.service[105654]: [pid: 105654|app: 0|req: 101/204] 10.222.0.78 () {60 vars in 1377 bytes} [Wed Jul 20 19:05:47 2022] GET /placement/allocations/6da5e7d4-0e44-497e-a8ea-7713a8011ac1 => generated 258 bytes in 39 msecs (HTTP/1.1 200) 8 headers in 296 bytes (1 switches on core 0)
Jul 20 19:05:47.931262 n-d-847009-7 devstack@placement-api.service[105653]: DEBUG placement.requestlog [req-d7cbc5ba-7143-44f2-9cae-ce88d6fdd89c req-a1726574-3a44-4908-8e60-e2268110e92f None None] Starting request: 10.222.0.78 "GET /placement/allocations/360b7a2f-d7d9-4990-ae8b-f7db01c418fd" {{(pid=105653) __call__ /opt/stack/placement/placement/requestlog.py:55}}
Jul 20 19:05:47.960150 n-d-847009-7 devstack@placement-api.service[105653]: INFO placement.requestlog [req-d7cbc5ba-7143-44f2-9cae-ce88d6fdd89c req-a1726574-3a44-4908-8e60-e2268110e92f service placement] 10.222.0.78 "GET /placement/allocations/360b7a2f-d7d9-4990-ae8b-f7db01c418fd" status: 200 len: 258 microversion: 1.28
Jul 20 19:05:47.960815 n-d-847009-7 devstack@placement-api.service[105653]: [pid: 105653|app: 0|req: 104/205] 10.222.0.78 () {60 vars in 1377 bytes} [Wed Jul 20 19:05:47 2022] GET /placement/allocations/360b7a2f-d7d9-4990-ae8b-f7db01c418fd => generated 258 bytes in 30 msecs (HTTP/1.1 200) 8 headers in 296 bytes (1 switches on core 0)
Jul 20 19:05:47.968618 n-d-847009-7 devstack@placement-api.service[105654]: DEBUG placement.requestlog [req-d7cbc5ba-7143-44f2-9cae-ce88d6fdd89c req-7629b06d-2fd5-43f8-b3c7-d331c99aebf1 None None] Starting request: 10.222.0.78 "GET /placement/allocations/dff684ae-f2a5-4c39-8fc2-d0f03782d7a8" {{(pid=105654) __call__ /opt/stack/placement/placement/requestlog.py:55}}
Jul 20 19:05:48.034779 n-d-847009-7 devstack@placement-api.service[105654]: INFO placement.requestlog [req-d7cbc5ba-7143-44f2-9cae-ce88d6fdd89c req-7629b06d-2fd5-43f8-b3c7-d331c99aebf1 service placement] 10.222.0.78 "GET /placement/allocations/dff684ae-f2a5-4c39-8fc2-d0f03782d7a8" status: 200 len: 258 microversion: 1.28
Jul 20 19:05:48.035487 n-d-847009-7 devstack@placement-api.service[105654]: [pid: 105654|app: 0|req: 102/206] 10.222.0.78 () {60 vars in 1377 bytes} [Wed Jul 20 19:05:47 2022] GET /placement/allocations/dff684ae-f2a5-4c39-8fc2-d0f03782d7a8 => generated 258 bytes in 67 msecs (HTTP/1.1 200) 8 headers in 296 bytes (1 switches on core 0)
Jul 20 19:05:48.048555 n-d-847009-7 devstack@placement-api.service[105653]: DEBUG placement.requestlog [req-d7cbc5ba-7143-44f2-9cae-ce88d6fdd89c req-b08e8336-7742-442c-93c3-dbc1a6304034 None None] Starting request: 10.222.0.78 "GET /placement/allocations/fa59c98f-409c-4d2e-a232-49577dfb2c82" {{(pid=105653) __call__ /opt/stack/placement/placement/requestlog.py:55}}
Jul 20 19:05:48.081576 n-d-847009-7 devstack@placement-api.service[105653]: INFO placement.requestlog [req-d7cbc5ba-7143-44f2-9cae-ce88d6fdd89c req-b08e8336-7742-442c-93c3-dbc1a6304034 service placement] 10.222.0.78 "GET /placement/allocations/fa59c98f-409c-4d2e-a232-49577dfb2c82" status: 200 len: 258 microversion: 1.28
Jul 20 19:05:48.082119 n-d-847009-7 devstack@placement-api.service[105653]: [pid: 105653|app: 0|req: 105/207] 10.222.0.78 () {60 vars in 1377 bytes} [Wed Jul 20 19:05:48 2022] GET /placement/allocations/fa59c98f-409c-4d2e-a232-49577dfb2c82 => generated 258 bytes in 38 msecs (HTTP/1.1 200) 8 headers in 296 bytes (1 switches on core 0)
Jul 20 19:05:49.592740 n-d-847009-7 devstack@placement-api.service[105654]: DEBUG placement.requestlog [req-69106a49-d6da-4dd0-ab07-e26bd0b73a11 req-07632998-60f1-4f97-9d6d-28ffb27c8499 None None] Starting request: 10.222.0.83 "GET /placement/allocation_candidates?limit=1000&resources=DISK_GB%3A1%2CMEMORY_MB%3A1024%2CVCPU%3A1&root_required=%21COMPUTE_STATUS_DISABLED" {{(pid=105654) __call__ /opt/stack/placement/placement/requestlog.py:55}}
Jul 20 19:05:49.665814 n-d-847009-7 devstack@placement-api.service[105654]: DEBUG placement.objects.research_context [req-69106a49-d6da-4dd0-ab07-e26bd0b73a11 req-07632998-60f1-4f97-9d6d-28ffb27c8499 service placement] getting providers with 1 DISK_GB {{(pid=105654) __init__ /opt/stack/placement/placement/objects/research_context.py:136}}
Jul 20 19:05:49.681357 n-d-847009-7 devstack@placement-api.service[105654]: DEBUG placement.objects.research_context [req-69106a49-d6da-4dd0-ab07-e26bd0b73a11 req-07632998-60f1-4f97-9d6d-28ffb27c8499 service placement] getting providers with 1024 MEMORY_MB {{(pid=105654) __init__ /opt/stack/placement/placement/objects/research_context.py:136}}
Jul 20 19:05:49.697595 n-d-847009-7 devstack@placement-api.service[105654]: DEBUG placement.objects.research_context [req-69106a49-d6da-4dd0-ab07-e26bd0b73a11 req-07632998-60f1-4f97-9d6d-28ffb27c8499 service placement] getting providers with 1 VCPU {{(pid=105654) __init__ /opt/stack/placement/placement/objects/research_context.py:136}}
Jul 20 19:05:49.715638 n-d-847009-7 devstack@placement-api.service[105654]: DEBUG placement.objects.research_context [req-69106a49-d6da-4dd0-ab07-e26bd0b73a11 req-07632998-60f1-4f97-9d6d-28ffb27c8499 service placement] found 2 providers with available 1 DISK_GB {{(pid=105654) get_provider_ids_matching /opt/stack/placement/placement/objects/research_context.py:563}}
Jul 20 19:05:49.715917 n-d-847009-7 devstack@placement-api.service[105654]: DEBUG placement.objects.research_context [req-69106a49-d6da-4dd0-ab07-e26bd0b73a11 req-07632998-60f1-4f97-9d6d-28ffb27c8499 service placement] found 2 providers with available 1024 MEMORY_MB {{(pid=105654) get_provider_ids_matching /opt/stack/placement/placement/objects/research_context.py:563}}
Jul 20 19:05:49.716195 n-d-847009-7 devstack@placement-api.service[105654]: DEBUG placement.objects.research_context [req-69106a49-d6da-4dd0-ab07-e26bd0b73a11 req-07632998-60f1-4f97-9d6d-28ffb27c8499 service placement] found 2 providers after filtering by previous result {{(pid=105654) get_provider_ids_matching /opt/stack/placement/placement/objects/research_context.py:594}}
