Jul 20 19:10:57.091921 n-d-847009-7 devstack@placement-api.service[105654]: DEBUG placement.requestlog [req-ee9b12fa-e481-4ca4-98cd-84fe025396ee req-6fbef256-a602-48b6-88ac-29b221d19ee2 None None] Starting request: 10.222.0.78 "GET /placement/allocations/c70fb661-efab-46d1-8434-e428d62ee631" {{(pid=105654) __call__ /opt/stack/placement/placement/requestlog.py:55}}
Jul 20 19:10:57.126353 n-d-847009-7 devstack@placement-api.service[105654]: INFO placement.requestlog [req-ee9b12fa-e481-4ca4-98cd-84fe025396ee req-6fbef256-a602-48b6-88ac-29b221d19ee2 service placement] 10.222.0.78 "GET /placement/allocations/c70fb661-efab-46d1-8434-e428d62ee631" status: 200 len: 259 microversion: 1.28
Jul 20 19:10:57.128092 n-d-847009-7 devstack@placement-api.service[105654]: [pid: 105654|app: 0|req: 407/822] 10.222.0.78 () {60 vars in 1377 bytes} [Wed Jul 20 19:10:57 2022] GET /placement/allocations/c70fb661-efab-46d1-8434-e428d62ee631 => generated 259 bytes in 36 msecs (HTTP/1.1 200) 8 headers in 296 bytes (1 switches on core 0)
Jul 20 19:10:58.780705 n-d-847009-7 devstack@placement-api.service[105653]: DEBUG placement.requestlog [None req-dddbdfa2-e792-46ca-97ad-5205f5aef8f7 None None] Starting request: 10.222.0.83 "GET /placement/" {{(pid=105653) __call__ /opt/stack/placement/placement/requestlog.py:55}}
Jul 20 19:10:58.781647 n-d-847009-7 devstack@placement-api.service[105653]: INFO placement.requestlog [None req-dddbdfa2-e792-46ca-97ad-5205f5aef8f7 None None] 10.222.0.83 "GET /placement/" status: 200 len: 136 microversion: 1.0
Jul 20 19:10:58.782605 n-d-847009-7 devstack@placement-api.service[105653]: [pid: 105653|app: 0|req: 416/823] 10.222.0.83 () {54 vars in 916 bytes} [Wed Jul 20 19:10:58 2022] GET /placement => generated 136 bytes in 2 msecs (HTTP/1.1 200) 6 headers in 224 bytes (2 switches on core 0)
Jul 20 19:10:58.798642 n-d-847009-7 devstack@placement-api.service[105654]: DEBUG placement.requestlog [req-f344f8ae-38af-437c-aa70-da2bb69c9e50 req-3928330d-6140-45a3-bca6-c93d36487054 None None] Starting request: 10.222.0.83 "GET /placement/allocations/7040f7ad-80ac-4261-8b8e-7017c27389e8" {{(pid=105654) __call__ /opt/stack/placement/placement/requestlog.py:55}}
Jul 20 19:10:58.926263 n-d-847009-7 devstack@placement-api.service[105654]: INFO placement.requestlog [req-f344f8ae-38af-437c-aa70-da2bb69c9e50 req-3928330d-6140-45a3-bca6-c93d36487054 service placement] 10.222.0.83 "GET /placement/allocations/7040f7ad-80ac-4261-8b8e-7017c27389e8" status: 200 len: 245 microversion: 1.28
Jul 20 19:10:58.936202 n-d-847009-7 devstack@placement-api.service[105653]: DEBUG placement.requestlog [req-f344f8ae-38af-437c-aa70-da2bb69c9e50 req-15212af5-21a5-4d9e-bf20-2614d327a493 None None] Starting request: 10.222.0.83 "GET /placement/allocations/7040f7ad-80ac-4261-8b8e-7017c27389e8" {{(pid=105653) __call__ /opt/stack/placement/placement/requestlog.py:55}}
Jul 20 19:10:58.946589 n-d-847009-7 devstack@placement-api.service[105654]: [pid: 105654|app: 0|req: 408/824] 10.222.0.83 () {60 vars in 1380 bytes} [Wed Jul 20 19:10:58 2022] GET /placement/allocations/7040f7ad-80ac-4261-8b8e-7017c27389e8 => generated 245 bytes in 147 msecs (HTTP/1.1 200) 8 headers in 296 bytes (1 switches on core 0)
Jul 20 19:10:58.961447 n-d-847009-7 devstack@placement-api.service[105653]: INFO placement.requestlog [req-f344f8ae-38af-437c-aa70-da2bb69c9e50 req-15212af5-21a5-4d9e-bf20-2614d327a493 service placement] 10.222.0.83 "GET /placement/allocations/7040f7ad-80ac-4261-8b8e-7017c27389e8" status: 200 len: 245 microversion: 1.28
Jul 20 19:10:58.968359 n-d-847009-7 devstack@placement-api.service[105654]: DEBUG placement.requestlog [req-f344f8ae-38af-437c-aa70-da2bb69c9e50 req-044a80bb-ce1d-4cc8-9b2d-e58599636aed None None] Starting request: 10.222.0.83 "GET /placement/allocations/8a6b4e47-4acf-485a-a17d-f4eb28611f42" {{(pid=105654) __call__ /opt/stack/placement/placement/requestlog.py:55}}
Jul 20 19:10:58.976916 n-d-847009-7 devstack@placement-api.service[105653]: [pid: 105653|app: 0|req: 417/825] 10.222.0.83 () {60 vars in 1380 bytes} [Wed Jul 20 19:10:58 2022] GET /placement/allocations/7040f7ad-80ac-4261-8b8e-7017c27389e8 => generated 245 bytes in 41 msecs (HTTP/1.1 200) 8 headers in 296 bytes (1 switches on core 0)
Jul 20 19:10:58.986571 n-d-847009-7 devstack@placement-api.service[105654]: INFO placement.requestlog [req-f344f8ae-38af-437c-aa70-da2bb69c9e50 req-044a80bb-ce1d-4cc8-9b2d-e58599636aed service placement] 10.222.0.83 "GET /placement/allocations/8a6b4e47-4acf-485a-a17d-f4eb28611f42" status: 200 len: 19 microversion: 1.28
Jul 20 19:10:58.995313 n-d-847009-7 devstack@placement-api.service[105653]: DEBUG placement.requestlog [req-f344f8ae-38af-437c-aa70-da2bb69c9e50 req-cecfd824-7c68-42aa-8af4-52fcc9bb1956 None None] Starting request: 10.222.0.83 "POST /placement/allocations" {{(pid=105653) __call__ /opt/stack/placement/placement/requestlog.py:55}}
Jul 20 19:10:59.002706 n-d-847009-7 devstack@placement-api.service[105654]: [pid: 105654|app: 0|req: 409/826] 10.222.0.83 () {60 vars in 1380 bytes} [Wed Jul 20 19:10:58 2022] GET /placement/allocations/8a6b4e47-4acf-485a-a17d-f4eb28611f42 => generated 19 bytes in 34 msecs (HTTP/1.1 200) 8 headers in 295 bytes (2 switches on core 0)
Jul 20 19:10:59.303693 n-d-847009-7 devstack@placement-api.service[105653]: DEBUG placement.handlers.allocation [req-f344f8ae-38af-437c-aa70-da2bb69c9e50 req-cecfd824-7c68-42aa-8af4-52fcc9bb1956 service placement] Successfully wrote allocations [, , , ] {{(pid=105653) _update_consumers_and_create_allocations /opt/stack/placement/placement/handlers/allocation.py:572}}
Jul 20 19:10:59.379980 n-d-847009-7 devstack@placement-api.service[105653]: INFO placement.requestlog [req-f344f8ae-38af-437c-aa70-da2bb69c9e50 req-cecfd824-7c68-42aa-8af4-52fcc9bb1956 service placement] 10.222.0.83 "POST /placement/allocations" status: 204 len: 0 microversion: 1.28
Jul 20 19:10:59.380894 n-d-847009-7 devstack@placement-api.service[105653]: [pid: 105653|app: 0|req: 418/827] 10.222.0.83 () {64 vars in 1323 bytes} [Wed Jul 20 19:10:58 2022] POST /placement/allocations => generated 0 bytes in 386 msecs (HTTP/1.1 204) 5 headers in 199 bytes (1 switches on core 0)
Jul 20 19:10:59.445044 n-d-847009-7 devstack@placement-api.service[105654]: DEBUG placement.requestlog [req-f344f8ae-38af-437c-aa70-da2bb69c9e50 req-b2700019-f983-4497-9f83-7b18e1c2594a None None] Starting request: 10.222.0.83 "GET /placement/allocations/7040f7ad-80ac-4261-8b8e-7017c27389e8" {{(pid=105654) __call__ /opt/stack/placement/placement/requestlog.py:55}}
Jul 20 19:10:59.476666 n-d-847009-7 devstack@placement-api.service[105654]: INFO placement.requestlog [req-f344f8ae-38af-437c-aa70-da2bb69c9e50 req-b2700019-f983-4497-9f83-7b18e1c2594a service placement] 10.222.0.83 "GET /placement/allocations/7040f7ad-80ac-4261-8b8e-7017c27389e8" status: 200 len: 19 microversion: 1.28
Jul 20 19:10:59.479707 n-d-847009-7 devstack@placement-api.service[105654]: [pid: 105654|app: 0|req: 410/828] 10.222.0.83 () {60 vars in 1380 bytes} [Wed Jul 20 19:10:59 2022] GET /placement/allocations/7040f7ad-80ac-4261-8b8e-7017c27389e8 => generated 19 bytes in 35 msecs (HTTP/1.1 200) 8 headers in 295 bytes (1 switches on core 0)
Jul 20 19:10:59.488111 n-d-847009-7 devstack@placement-api.service[105653]: DEBUG placement.requestlog [req-f344f8ae-38af-437c-aa70-da2bb69c9e50 req-c8394267-a9a6-423e-ba35-33ad565f4bdd None None] Starting request: 10.222.0.83 "PUT /placement/allocations/7040f7ad-80ac-4261-8b8e-7017c27389e8" {{(pid=105653) __call__ /opt/stack/placement/placement/requestlog.py:55}}
Jul 20 19:10:59.688671 n-d-847009-7 devstack@placement-api.service[105654]: DEBUG placement.requestlog [req-917e5fae-6c60-4138-b8a9-a8b19f66748a req-e6d186e8-810a-439b-8c23-aaa40e8f2b4e None None] Starting request: 10.222.0.81 "GET /placement/resource_providers/27b0956a-643c-4eb6-be4f-2d3fd1f740f6/allocations" {{(pid=105654) __call__ /opt/stack/placement/placement/requestlog.py:55}}
Jul 20 19:10:59.720855 n-d-847009-7 devstack@placement-api.service[105653]: DEBUG placement.handlers.allocation [req-f344f8ae-38af-437c-aa70-da2bb69c9e50 req-c8394267-a9a6-423e-ba35-33ad565f4bdd service placement] Successfully wrote allocations [, ] {{(pid=105653) _update_consumers_and_create_allocations /opt/stack/placement/placement/handlers/allocation.py:462}}
Jul 20 19:10:59.850185 n-d-847009-7 devstack@placement-api.service[105653]: INFO placement.requestlog [req-f344f8ae-38af-437c-aa70-da2bb69c9e50 req-c8394267-a9a6-423e-ba35-33ad565f4bdd service placement] 10.222.0.83 "PUT /placement/allocations/7040f7ad-80ac-4261-8b8e-7017c27389e8" status: 204 len: 0 microversion: 1.28
Jul 20 19:10:59.851125 n-d-847009-7 devstack@placement-api.service[105653]: [pid: 105653|app: 0|req: 419/829] 10.222.0.83 () {64 vars in 1433 bytes} [Wed Jul 20 19:10:59 2022] PUT /placement/allocations/7040f7ad-80ac-4261-8b8e-7017c27389e8 => generated 0 bytes in 363 msecs (HTTP/1.1 204) 5 headers in 199 bytes (2 switches on core 0)
Jul 20 19:10:59.862385 n-d-847009-7 devstack@placement-api.service[105654]: INFO placement.requestlog [req-917e5fae-6c60-4138-b8a9-a8b19f66748a req-e6d186e8-810a-439b-8c23-aaa40e8f2b4e service placement] 10.222.0.81 "GET /placement/resource_providers/27b0956a-643c-4eb6-be4f-2d3fd1f740f6/allocations" status: 200 len: 645 microversion: 1.0
Jul 20 19:10:59.863113 n-d-847009-7 devstack@placement-api.service[105654]: [pid: 105654|app: 0|req: 411/830] 10.222.0.81 () {58 vars in 1390 bytes} [Wed Jul 20 19:10:59 2022] GET /placement/resource_providers/27b0956a-643c-4eb6-be4f-2d3fd1f740f6/allocations => generated 645 bytes in 174 msecs (HTTP/1.1 200) 6 headers in 224 bytes (1 switches on core 0)
Jul 20 19:11:00.120859 n-d-847009-7 devstack@placement-api.service[105653]: DEBUG placement.requestlog [req-f344f8ae-38af-437c-aa70-da2bb69c9e50 req-d614ed90-29c9-4cfb-99ac-fa9cac03aeb6 None None] Starting request: 10.222.0.78 "GET /placement/allocations/7040f7ad-80ac-4261-8b8e-7017c27389e8" {{(pid=105653) __call__ /opt/stack/placement/placement/requestlog.py:55}}
Jul 20 19:11:00.121916 n-d-847009-7 devstack@placement-api.service[105654]: DEBUG placement.requestlog [req-917e5fae-6c60-4138-b8a9-a8b19f66748a req-b70c3bb2-74ff-463b-b78d-782a12291a0f None None] Starting request: 10.222.0.81 "GET /placement/resource_providers?in_tree=27b0956a-643c-4eb6-be4f-2d3fd1f740f6" {{(pid=105654) __call__ /opt/stack/placement/placement/requestlog.py:55}}
Jul 20 19:11:00.169548 n-d-847009-7 devstack@placement-api.service[105653]: INFO placement.requestlog [req-f344f8ae-38af-437c-aa70-da2bb69c9e50 req-d614ed90-29c9-4cfb-99ac-fa9cac03aeb6 service placement] 10.222.0.78 "GET /placement/allocations/7040f7ad-80ac-4261-8b8e-7017c27389e8" status: 200 len: 245 microversion: 1.28
Jul 20 19:11:00.170873 n-d-847009-7 devstack@placement-api.service[105654]: INFO placement.requestlog [req-917e5fae-6c60-4138-b8a9-a8b19f66748a req-b70c3bb2-74ff-463b-b78d-782a12291a0f service placement] 10.222.0.81 "GET /placement/resource_providers?in_tree=27b0956a-643c-4eb6-be4f-2d3fd1f740f6" status: 200 len: 863 microversion: 1.14
Jul 20 19:11:00.172237 n-d-847009-7 devstack@placement-api.service[105654]: [pid: 105654|app: 0|req: 412/831] 10.222.0.81 () {60 vars in 1376 bytes} [Wed Jul 20 19:11:00 2022] GET /placement/resource_providers?in_tree=27b0956a-643c-4eb6-be4f-2d3fd1f740f6 => generated 863 bytes in 50 msecs (HTTP/1.1 200) 6 headers in 225 bytes (1 switches on core 0)
Jul 20 19:11:00.172628 n-d-847009-7 devstack@placement-api.service[105653]: [pid: 105653|app: 0|req: 420/832] 10.222.0.78 () {60 vars in 1377 bytes} [Wed Jul 20 19:11:00 2022] GET /placement/allocations/7040f7ad-80ac-4261-8b8e-7017c27389e8 => generated 245 bytes in 52 msecs (HTTP/1.1 200) 8 headers in 296 bytes (2 switches on core 0)
Jul 20 19:11:00.180892 n-d-847009-7 devstack@placement-api.service[105654]: DEBUG placement.requestlog [req-917e5fae-6c60-4138-b8a9-a8b19f66748a req-303381cc-43bc-4d3d-8416-bbc33a057a03 None None] Starting request: 10.222.0.81 "GET /placement/resource_providers/27b0956a-643c-4eb6-be4f-2d3fd1f740f6/inventories" {{(pid=105654) __call__ /opt/stack/placement/placement/requestlog.py:55}}
Jul 20 19:11:00.228393 n-d-847009-7 devstack@placement-api.service[105654]: INFO placement.requestlog [req-917e5fae-6c60-4138-b8a9-a8b19f66748a req-303381cc-43bc-4d3d-8416-bbc33a057a03 service placement] 10.222.0.81 "GET /placement/resource_providers/27b0956a-643c-4eb6-be4f-2d3fd1f740f6/inventories" status: 200 len: 398 microversion: 1.0
Jul 20 19:11:00.229441 n-d-847009-7 devstack@placement-api.service[105654]: [pid: 105654|app: 0|req: 413/833] 10.222.0.81 () {58 vars in 1390 bytes} [Wed Jul 20 19:11:00 2022] GET /placement/resource_providers/27b0956a-643c-4eb6-be4f-2d3fd1f740f6/inventories => generated 398 bytes in 50 msecs (HTTP/1.1 200) 6 headers in 224 bytes (2 switches on core 0)
Jul 20 19:11:00.240818 n-d-847009-7 devstack@placement-api.service[105653]: DEBUG placement.requestlog [req-917e5fae-6c60-4138-b8a9-a8b19f66748a req-13d015cb-e39e-4ced-9681-8bb5a01f2e12 None None] Starting request: 10.222.0.81 "GET /placement/resource_providers/27b0956a-643c-4eb6-be4f-2d3fd1f740f6/aggregates" {{(pid=105653) __call__ /opt/stack/placement/placement/requestlog.py:55}}
Jul 20 19:11:00.263541 n-d-847009-7 devstack@placement-api.service[105653]: INFO placement.requestlog [req-917e5fae-6c60-4138-b8a9-a8b19f66748a req-13d015cb-e39e-4ced-9681-8bb5a01f2e12 service placement] 10.222.0.81 "GET /placement/resource_providers/27b0956a-643c-4eb6-be4f-2d3fd1f740f6/aggregates" status: 200 len: 54 microversion: 1.19
Jul 20 19:11:00.264233 n-d-847009-7 devstack@placement-api.service[105653]: [pid: 105653|app: 0|req: 421/834] 10.222.0.81 () {60 vars in 1431 bytes} [Wed Jul 20 19:11:00 2022] GET /placement/resource_providers/27b0956a-643c-4eb6-be4f-2d3fd1f740f6/aggregates => generated 54 bytes in 24 msecs (HTTP/1.1 200) 8 headers in 295 bytes (1 switches on core 0)
Jul 20 19:11:00.278918 n-d-847009-7 devstack@placement-api.service[105654]: DEBUG placement.requestlog [req-917e5fae-6c60-4138-b8a9-a8b19f66748a req-ac2b93bc-891c-46ec-bceb-5e5fe36c5c6f None None] Starting request: 10.222.0.81 "GET /placement/resource_providers/27b0956a-643c-4eb6-be4f-2d3fd1f740f6/traits" {{(pid=105654) __call__ /opt/stack/placement/placement/requestlog.py:55}}
Jul 20 19:11:00.340702 n-d-847009-7 devstack@placement-api.service[105654]: INFO placement.requestlog [req-917e5fae-6c60-4138-b8a9-a8b19f66748a req-ac2b93bc-891c-46ec-bceb-5e5fe36c5c6f service placement] 10.222.0.81 "GET /placement/resource_providers/27b0956a-643c-4eb6-be4f-2d3fd1f740f6/traits" status: 200 len: 212 microversion: 1.6
Jul 20 19:11:00.341080 n-d-847009-7 devstack@placement-api.service[105654]: [pid: 105654|app: 0|req: 414/835] 10.222.0.81 () {60 vars in 1418 bytes} [Wed Jul 20 19:11:00 2022] GET /placement/resource_providers/27b0956a-643c-4eb6-be4f-2d3fd1f740f6/traits => generated 212 bytes in 63 msecs (HTTP/1.1 200) 6 headers in 224 bytes (1 switches on core 0)
Jul 20 19:11:00.396520 n-d-847009-7 devstack@placement-api.service[105653]: DEBUG placement.requestlog [req-917e5fae-6c60-4138-b8a9-a8b19f66748a req-d2a7d8e4-2af0-4784-b293-fb7c6e4b90bb None None] Starting request: 10.222.0.81 "GET /placement/resource_providers/27b0956a-643c-4eb6-be4f-2d3fd1f740f6/allocations" {{(pid=105653) __call__ /opt/stack/placement/placement/requestlog.py:55}}
Jul 20 19:11:00.451390 n-d-847009-7 devstack@placement-api.service[105653]: INFO placement.requestlog [req-917e5fae-6c60-4138-b8a9-a8b19f66748a req-d2a7d8e4-2af0-4784-b293-fb7c6e4b90bb service placement] 10.222.0.81 "GET /placement/resource_providers/27b0956a-643c-4eb6-be4f-2d3fd1f740f6/allocations" status: 200 len: 645 microversion: 1.0
Jul 20 19:11:00.463104 n-d-847009-7 devstack@placement-api.service[105653]: [pid: 105653|app: 0|req: 422/836] 10.222.0.81 () {58 vars in 1390 bytes} [Wed Jul 20 19:11:00 2022] GET /placement/resource_providers/27b0956a-643c-4eb6-be4f-2d3fd1f740f6/allocations => generated 645 bytes in 68 msecs (HTTP/1.1 200) 6 headers in 224 bytes (1 switches on core 0)
Jul 20 19:11:01.213065 n-d-847009-7 devstack@placement-api.service[105654]: DEBUG placement.requestlog [req-917e5fae-6c60-4138-b8a9-a8b19f66748a req-57427ae3-e9ad-44dd-8f87-fb586ff63b6a None None] Starting request: 10.222.0.81 "GET /placement/allocations/9a35b58f-bbf6-480c-8583-72e21411556b" {{(pid=105654) __call__ /opt/stack/placement/placement/requestlog.py:55}}
Jul 20 19:11:01.244781 n-d-847009-7 devstack@placement-api.service[105654]: INFO placement.requestlog [req-917e5fae-6c60-4138-b8a9-a8b19f66748a req-57427ae3-e9ad-44dd-8f87-fb586ff63b6a service placement] 10.222.0.81 "GET /placement/allocations/9a35b58f-bbf6-480c-8583-72e21411556b" status: 200 len: 259 microversion: 1.28
Jul 20 19:11:01.245961 n-d-847009-7 devstack@placement-api.service[105654]: [pid: 105654|app: 0|req: 415/837] 10.222.0.81 () {60 vars in 1377 bytes} [Wed Jul 20 19:11:01 2022] GET /placement/allocations/9a35b58f-bbf6-480c-8583-72e21411556b => generated 259 bytes in 34 msecs (HTTP/1.1 200) 8 headers in 296 bytes (1 switches on core 0)
Jul 20 19:11:01.254090 n-d-847009-7 devstack@placement-api.service[105653]: DEBUG placement.requestlog [req-917e5fae-6c60-4138-b8a9-a8b19f66748a req-ff256732-5aa6-40e9-9019-522e531b24c8 None None] Starting request: 10.222.0.81 "GET /placement/allocations/f5718cd9-9c7a-4e12-8ab6-a29acf5cc018" {{(pid=105653) __call__ /opt/stack/placement/placement/requestlog.py:55}}
Jul 20 19:11:01.294889 n-d-847009-7 devstack@placement-api.service[105653]: INFO placement.requestlog [req-917e5fae-6c60-4138-b8a9-a8b19f66748a req-ff256732-5aa6-40e9-9019-522e531b24c8 service placement] 10.222.0.81 "GET /placement/allocations/f5718cd9-9c7a-4e12-8ab6-a29acf5cc018" status: 200 len: 259 microversion: 1.28
Jul 20 19:11:01.296866 n-d-847009-7 devstack@placement-api.service[105653]: [pid: 105653|app: 0|req: 423/838] 10.222.0.81 () {60 vars in 1377 bytes} [Wed Jul 20 19:11:01 2022] GET /placement/allocations/f5718cd9-9c7a-4e12-8ab6-a29acf5cc018 => generated 259 bytes in 44 msecs (HTTP/1.1 200) 8 headers in 296 bytes (1 switches on core 0)
Jul 20 19:11:01.345338 n-d-847009-7 devstack@placement-api.service[105654]: DEBUG placement.requestlog [req-917e5fae-6c60-4138-b8a9-a8b19f66748a req-7edd4eb1-4546-4f06-a751-783a2d153f52 None None] Starting request: 10.222.0.81 "GET /placement/allocations/6da5e7d4-0e44-497e-a8ea-7713a8011ac1" {{(pid=105654) __call__ /opt/stack/placement/placement/requestlog.py:55}}
Jul 20 19:11:01.412164 n-d-847009-7 devstack@placement-api.service[105654]: INFO placement.requestlog [req-917e5fae-6c60-4138-b8a9-a8b19f66748a req-7edd4eb1-4546-4f06-a751-783a2d153f52 service placement] 10.222.0.81 "GET /placement/allocations/6da5e7d4-0e44-497e-a8ea-7713a8011ac1" status: 200 len: 259 microversion: 1.28
Jul 20 19:11:01.413628 n-d-847009-7 devstack@placement-api.service[105654]: [pid: 105654|app: 0|req: 416/839] 10.222.0.81 () {60 vars in 1377 bytes} [Wed Jul 20 19:11:01 2022] GET /placement/allocations/6da5e7d4-0e44-497e-a8ea-7713a8011ac1 => generated 259 bytes in 69 msecs (HTTP/1.1 200) 8 headers in 296 bytes (1 switches on core 0)
Jul 20 19:11:01.427234 n-d-847009-7 devstack@placement-api.service[105653]: DEBUG placement.requestlog [req-917e5fae-6c60-4138-b8a9-a8b19f66748a req-f0fdeaf7-c618-4f64-a858-bb674fada39c None None] Starting request: 10.222.0.81 "GET /placement/allocations/fd69c775-0cfd-4957-81bc-cbb570f9feb4" {{(pid=105653) __call__ /opt/stack/placement/placement/requestlog.py:55}}
Jul 20 19:11:01.453487 n-d-847009-7 devstack@placement-api.service[105653]: DEBUG dbcounter [-] [105653] Writing DB stats placement:SELECT=84,placement:INSERT=6,placement:DELETE=5,placement:UPDATE=5 {{(pid=105653) stat_writer /usr/local/lib/python3.8/dist-packages/dbcounter.py:114}}
Jul 20 19:11:01.457191 n-d-847009-7 devstack@placement-api.service[105653]: INFO placement.requestlog [req-917e5fae-6c60-4138-b8a9-a8b19f66748a req-f0fdeaf7-c618-4f64-a858-bb674fada39c service placement] 10.222.0.81 "GET /placement/allocations/fd69c775-0cfd-4957-81bc-cbb570f9feb4" status: 200 len: 259 microversion: 1.28
Jul 20 19:11:01.457847 n-d-847009-7 devstack@placement-api.service[105653]: [pid: 105653|app: 0|req: 424/840] 10.222.0.81 () {60 vars in 1377 bytes} [Wed Jul 20 19:11:01 2022] GET /placement/allocations/fd69c775-0cfd-4957-81bc-cbb570f9feb4 => generated 259 bytes in 31 msecs (HTTP/1.1 200) 8 headers in 296 bytes (1 switches on core 0)
Jul 20 19:11:01.480719 n-d-847009-7 devstack@placement-api.service[105654]: DEBUG placement.requestlog [req-917e5fae-6c60-4138-b8a9-a8b19f66748a req-93f24de9-88f9-47c6-8be0-f2152f24a5da None None] Starting request: 10.222.0.81 "GET /placement/allocations/fba2fa21-86b8-490b-835f-debddf03ad82" {{(pid=105654) __call__ /opt/stack/placement/placement/requestlog.py:55}}
Jul 20 19:11:01.509763 n-d-847009-7 devstack@placement-api.service[105654]: INFO placement.requestlog [req-917e5fae-6c60-4138-b8a9-a8b19f66748a req-93f24de9-88f9-47c6-8be0-f2152f24a5da service placement] 10.222.0.81 "GET /placement/allocations/fba2fa21-86b8-490b-835f-debddf03ad82" status: 200 len: 259 microversion: 1.28
Jul 20 19:11:01.510433 n-d-847009-7 devstack@placement-api.service[105654]: [pid: 105654|app: 0|req: 417/841] 10.222.0.81 () {60 vars in 1377 bytes} [Wed Jul 20 19:11:01 2022] GET /placement/allocations/fba2fa21-86b8-490b-835f-debddf03ad82 => generated 259 bytes in 30 msecs (HTTP/1.1 200) 8 headers in 296 bytes (1 switches on core 0)
Jul 20 19:11:01.522695 n-d-847009-7 devstack@placement-api.service[105653]: DEBUG placement.requestlog [req-917e5fae-6c60-4138-b8a9-a8b19f66748a req-9d438fa9-ecbb-4d82-adcf-3f3e4f70d48b None None] Starting request: 10.222.0.81 "GET /placement/allocations/8a6b4e47-4acf-485a-a17d-f4eb28611f42" {{(pid=105653) __call__ /opt/stack/placement/placement/requestlog.py:55}}
Jul 20 19:11:01.547552 n-d-847009-7 devstack@placement-api.service[105653]: INFO placement.requestlog [req-917e5fae-6c60-4138-b8a9-a8b19f66748a req-9d438fa9-ecbb-4d82-adcf-3f3e4f70d48b service placement] 10.222.0.81 "GET /placement/allocations/8a6b4e47-4acf-485a-a17d-f4eb28611f42" status: 200 len: 245 microversion: 1.28
Jul 20 19:11:01.548320 n-d-847009-7 devstack@placement-api.service[105653]: [pid: 105653|app: 0|req: 425/842] 10.222.0.81 () {60 vars in 1377 bytes} [Wed Jul 20 19:11:01 2022] GET /placement/allocations/8a6b4e47-4acf-485a-a17d-f4eb28611f42 => generated 245 bytes in 31 msecs (HTTP/1.1 200) 8 headers in 296 bytes (1 switches on core 0)
Jul 20 19:11:07.299329 n-d-847009-7 devstack@placement-api.service[105654]: DEBUG placement.requestlog [req-1362d03c-ed32-4636-9b8a-5d621fe3f3fa req-f66e02a7-6b1b-448c-9b1d-6ea40edd8dc5 None None] Starting request: 10.222.0.78 "GET /placement/resource_providers/b4856f3f-7604-4c21-9640-c2e99184936e/allocations" {{(pid=105654) __call__ /opt/stack/placement/placement/requestlog.py:55}}
Jul 20 19:11:07.460706 n-d-847009-7 devstack@placement-api.service[105654]: INFO placement.requestlog [req-1362d03c-ed32-4636-9b8a-5d621fe3f3fa req-f66e02a7-6b1b-448c-9b1d-6ea40edd8dc5 service placement] 10.222.0.78 "GET /placement/resource_providers/b4856f3f-7604-4c21-9640-c2e99184936e/allocations" status: 200 len: 746 microversion: 1.0
Jul 20 19:11:07.461328 n-d-847009-7 devstack@placement-api.service[105654]: [pid: 105654|app: 0|req: 418/843] 10.222.0.78 () {58 vars in 1390 bytes} [Wed Jul 20 19:11:07 2022] GET /placement/resource_providers/b4856f3f-7604-4c21-9640-c2e99184936e/allocations => generated 746 bytes in 162 msecs (HTTP/1.1 200) 6 headers in 224 bytes (1 switches on core 0)
Jul 20 19:11:07.756181 n-d-847009-7 devstack@placement-api.service[105653]: DEBUG placement.requestlog [req-1362d03c-ed32-4636-9b8a-5d621fe3f3fa req-0c3718fe-7055-402b-995e-f333401de5d0 None None] Starting request: 10.222.0.78 "GET /placement/resource_providers/b4856f3f-7604-4c21-9640-c2e99184936e/allocations" {{(pid=105653) __call__ /opt/stack/placement/placement/requestlog.py:55}}
Jul 20 19:11:07.796644 n-d-847009-7 devstack@placement-api.service[105653]: INFO placement.requestlog [req-1362d03c-ed32-4636-9b8a-5d621fe3f3fa req-0c3718fe-7055-402b-995e-f333401de5d0 service placement] 10.222.0.78 "GET /placement/resource_providers/b4856f3f-7604-4c21-9640-c2e99184936e/allocations" status: 200 len: 746 microversion: 1.0
Jul 20 19:11:07.797036 n-d-847009-7 devstack@placement-api.service[105653]: [pid: 105653|app: 0|req: 426/844] 10.222.0.78 () {58 vars in 1390 bytes} [Wed Jul 20 19:11:07 2022] GET /placement/resource_providers/b4856f3f-7604-4c21-9640-c2e99184936e/allocations => generated 746 bytes in 42 msecs (HTTP/1.1 200) 6 headers in 224 bytes (1 switches on core 0)
Jul 20 19:11:07.812065 n-d-847009-7 devstack@placement-api.service[105654]: DEBUG placement.requestlog [req-1362d03c-ed32-4636-9b8a-5d621fe3f3fa req-eb214594-02c3-4cc0-8a7c-9cf0cc87bc12 None None] Starting request: 10.222.0.78 "GET /placement/allocations/ec2de2a1-eeeb-4d1f-bf9f-257b0a4bf0bd" {{(pid=105654) __call__ /opt/stack/placement/placement/requestlog.py:55}}
Jul 20 19:11:07.837761 n-d-847009-7 devstack@placement-api.service[105654]: INFO placement.requestlog [req-1362d03c-ed32-4636-9b8a-5d621fe3f3fa req-eb214594-02c3-4cc0-8a7c-9cf0cc87bc12 service placement] 10.222.0.78 "GET /placement/allocations/ec2de2a1-eeeb-4d1f-bf9f-257b0a4bf0bd" status: 200 len: 259 microversion: 1.28
Jul 20 19:11:07.839157 n-d-847009-7 devstack@placement-api.service[105654]: [pid: 105654|app: 0|req: 419/845] 10.222.0.78 () {60 vars in 1377 bytes} [Wed Jul 20 19:11:07 2022] GET /placement/allocations/ec2de2a1-eeeb-4d1f-bf9f-257b0a4bf0bd => generated 259 bytes in 27 msecs (HTTP/1.1 200) 8 headers in 296 bytes (2 switches on core 0)
Jul 20 19:11:07.846894 n-d-847009-7 devstack@placement-api.service[105653]: DEBUG placement.requestlog [req-1362d03c-ed32-4636-9b8a-5d621fe3f3fa req-be33d0f3-98ba-4eca-a583-9a9f97563ccf None None] Starting request: 10.222.0.78 "GET /placement/allocations/77b6baa7-84c1-4d1a-a2a8-a8ce7a220ebd" {{(pid=105653) __call__ /opt/stack/placement/placement/requestlog.py:55}}
Jul 20 19:11:07.881436 n-d-847009-7 devstack@placement-api.service[105653]: INFO placement.requestlog [req-1362d03c-ed32-4636-9b8a-5d621fe3f3fa req-be33d0f3-98ba-4eca-a583-9a9f97563ccf service placement] 10.222.0.78 "GET /placement/allocations/77b6baa7-84c1-4d1a-a2a8-a8ce7a220ebd" status: 200 len: 259 microversion: 1.28
Jul 20 19:11:07.882352 n-d-847009-7 devstack@placement-api.service[105653]: [pid: 105653|app: 0|req: 427/846] 10.222.0.78 () {60 vars in 1377 bytes} [Wed Jul 20 19:11:07 2022] GET /placement/allocations/77b6baa7-84c1-4d1a-a2a8-a8ce7a220ebd => generated 259 bytes in 36 msecs (HTTP/1.1 200) 8 headers in 296 bytes (1 switches on core 0)
Jul 20 19:11:07.890370 n-d-847009-7 devstack@placement-api.service[105654]: DEBUG placement.requestlog [req-1362d03c-ed32-4636-9b8a-5d621fe3f3fa req-b2014e7a-afc3-4115-9ed2-3f41742fe8de None None] Starting request: 10.222.0.78 "GET /placement/allocations/a813b6c2-e8c8-4027-9941-7268a4174024" {{(pid=105654) __call__ /opt/stack/placement/placement/requestlog.py:55}}
Jul 20 19:11:07.914228 n-d-847009-7 devstack@placement-api.service[105654]: INFO placement.requestlog [req-1362d03c-ed32-4636-9b8a-5d621fe3f3fa req-b2014e7a-afc3-4115-9ed2-3f41742fe8de service placement] 10.222.0.78 "GET /placement/allocations/a813b6c2-e8c8-4027-9941-7268a4174024" status: 200 len: 259 microversion: 1.28
Jul 20 19:11:07.917761 n-d-847009-7 devstack@placement-api.service[105654]: [pid: 105654|app: 0|req: 420/847] 10.222.0.78 () {60 vars in 1377 bytes} [Wed Jul 20 19:11:07 2022] GET /placement/allocations/a813b6c2-e8c8-4027-9941-7268a4174024 => generated 259 bytes in 28 msecs (HTTP/1.1 200) 8 headers in 296 bytes (1 switches on core 0)
Jul 20 19:11:07.936693 n-d-847009-7 devstack@placement-api.service[105653]: DEBUG placement.requestlog [req-1362d03c-ed32-4636-9b8a-5d621fe3f3fa req-a2c43d9b-16a4-4f95-8b47-8b169ebf73c3 None None] Starting request: 10.222.0.78 "GET /placement/allocations/7040f7ad-80ac-4261-8b8e-7017c27389e8" {{(pid=105653) __call__ /opt/stack/placement/placement/requestlog.py:55}}
Jul 20 19:11:07.966071 n-d-847009-7 devstack@placement-api.service[105653]: INFO placement.requestlog [req-1362d03c-ed32-4636-9b8a-5d621fe3f3fa req-a2c43d9b-16a4-4f95-8b47-8b169ebf73c3 service placement] 10.222.0.78 "GET /placement/allocations/7040f7ad-80ac-4261-8b8e-7017c27389e8" status: 200 len: 245 microversion: 1.28
Jul 20 19:11:07.966464 n-d-847009-7 devstack@placement-api.service[105653]: [pid: 105653|app: 0|req: 428/848] 10.222.0.78 () {60 vars in 1377 bytes} [Wed Jul 20 19:11:07 2022] GET /placement/allocations/7040f7ad-80ac-4261-8b8e-7017c27389e8 => generated 245 bytes in 31 msecs (HTTP/1.1 200) 8 headers in 296 bytes (1 switches on core 0)
Jul 20 19:11:07.980327 n-d-847009-7 devstack@placement-api.service[105654]: DEBUG placement.requestlog [req-1362d03c-ed32-4636-9b8a-5d621fe3f3fa req-ee5d9dd6-ac48-4d4b-83a1-7234c25fa663 None None] Starting request: 10.222.0.78 "GET /placement/allocations/aecf932b-4d65-430e-a2ac-cba4ddfdfd35" {{(pid=105654) __call__ /opt/stack/placement/placement/requestlog.py:55}}
Jul 20 19:11:08.009477 n-d-847009-7 devstack@placement-api.service[105654]: INFO placement.requestlog [req-1362d03c-ed32-4636-9b8a-5d621fe3f3fa req-ee5d9dd6-ac48-4d4b-83a1-7234c25fa663 service placement] 10.222.0.78 "GET /placement/allocations/aecf932b-4d65-430e-a2ac-cba4ddfdfd35" status: 200 len: 259 microversion: 1.28
Jul 20 19:11:08.010117 n-d-847009-7 devstack@placement-api.service[105654]: [pid: 105654|app: 0|req: 421/849] 10.222.0.78 () {60 vars in 1377 bytes} [Wed Jul 20 19:11:07 2022] GET /placement/allocations/aecf932b-4d65-430e-a2ac-cba4ddfdfd35 => generated 259 bytes in 30 msecs (HTTP/1.1 200) 8 headers in 296 bytes (1 switches on core 0)
Jul 20 19:11:08.017351 n-d-847009-7 devstack@placement-api.service[105653]: DEBUG placement.requestlog [req-1362d03c-ed32-4636-9b8a-5d621fe3f3fa req-4fdb067f-3e1f-413b-8b0c-18a4bc7cc539 None None] Starting request: 10.222.0.78 "GET /placement/allocations/53bf96c6-10a6-4f2c-81f4-d9023ce4ea9c" {{(pid=105653) __call__ /opt/stack/placement/placement/requestlog.py:55}}
Jul 20 19:11:08.051677 n-d-847009-7 devstack@placement-api.service[105653]: INFO placement.requestlog [req-1362d03c-ed32-4636-9b8a-5d621fe3f3fa req-4fdb067f-3e1f-413b-8b0c-18a4bc7cc539 service placement] 10.222.0.78 "GET /placement/allocations/53bf96c6-10a6-4f2c-81f4-d9023ce4ea9c" status: 200 len: 259 microversion: 1.28
Jul 20 19:11:08.053425 n-d-847009-7 devstack@placement-api.service[105653]: [pid: 105653|app: 0|req: 429/850] 10.222.0.78 () {60 vars in 1377 bytes} [Wed Jul 20 19:11:08 2022] GET /placement/allocations/53bf96c6-10a6-4f2c-81f4-d9023ce4ea9c => generated 259 bytes in 37 msecs (HTTP/1.1 200) 8 headers in 296 bytes (1 switches on core 0)
Jul 20 19:11:08.063242 n-d-847009-7 devstack@placement-api.service[105654]: DEBUG placement.requestlog [req-1362d03c-ed32-4636-9b8a-5d621fe3f3fa req-3c62b039-b1d7-4988-8ae6-ac90e6f29de1 None None] Starting request: 10.222.0.78 "GET /placement/allocations/c70fb661-efab-46d1-8434-e428d62ee631" {{(pid=105654) __call__ /opt/stack/placement/placement/requestlog.py:55}}
Jul 20 19:11:08.090067 n-d-847009-7 devstack@placement-api.service[105654]: INFO placement.requestlog [req-1362d03c-ed32-4636-9b8a-5d621fe3f3fa req-3c62b039-b1d7-4988-8ae6-ac90e6f29de1 service placement] 10.222.0.78 "GET /placement/allocations/c70fb661-efab-46d1-8434-e428d62ee631" status: 200 len: 259 microversion: 1.28
Jul 20 19:11:08.091350 n-d-847009-7 devstack@placement-api.service[105654]: [pid: 105654|app: 0|req: 422/851] 10.222.0.78 () {60 vars in 1377 bytes} [Wed Jul 20 19:11:08 2022] GET /placement/allocations/c70fb661-efab-46d1-8434-e428d62ee631 => generated 259 bytes in 28 msecs (HTTP/1.1 200) 8 headers in 296 bytes (1 switches on core 0)
Jul 20 19:11:09.323263 n-d-847009-7 devstack@placement-api.service[105653]: DEBUG placement.requestlog [req-b755cd2c-3408-4919-b88e-bab72fa0aed4 req-62c4aad8-3821-4751-8208-c56caf2a2ec0 None None] Starting request: 10.222.0.83 "GET /placement/allocation_candidates?limit=1000&resources=DISK_GB%3A1%2CMEMORY_MB%3A1024%2CVCPU%3A1&root_required=%21COMPUTE_STATUS_DISABLED" {{(pid=105653) __call__ /opt/stack/placement/placement/requestlog.py:55}}
Jul 20 19:11:09.416893 n-d-847009-7 devstack@placement-api.service[105653]: DEBUG placement.objects.research_context [req-b755cd2c-3408-4919-b88e-bab72fa0aed4 req-62c4aad8-3821-4751-8208-c56caf2a2ec0 service placement] getting providers with 1 DISK_GB {{(pid=105653) __init__ /opt/stack/placement/placement/objects/research_context.py:136}}
Jul 20 19:11:09.432341 n-d-847009-7 devstack@placement-api.service[105653]: DEBUG placement.objects.research_context [req-b755cd2c-3408-4919-b88e-bab72fa0aed4 req-62c4aad8-3821-4751-8208-c56caf2a2ec0 service placement] getting providers with 1024 MEMORY_MB {{(pid=105653) __init__ /opt/stack/placement/placement/objects/research_context.py:136}}
Jul 20 19:11:09.443488 n-d-847009-7 devstack@placement-api.service[105653]: DEBUG placement.objects.research_context [req-b755cd2c-3408-4919-b88e-bab72fa0aed4 req-62c4aad8-3821-4751-8208-c56caf2a2ec0 service placement] getting providers with 1 VCPU {{(pid=105653) __init__ /opt/stack/placement/placement/objects/research_context.py:136}}
Jul 20 19:11:09.452597 n-d-847009-7 devstack@placement-api.service[105653]: DEBUG placement.objects.research_context [req-b755cd2c-3408-4919-b88e-bab72fa0aed4 req-62c4aad8-3821-4751-8208-c56caf2a2ec0 service placement] found 2 providers with available 1 DISK_GB {{(pid=105653) get_provider_ids_matching /opt/stack/placement/placement/objects/research_context.py:563}}
Jul 20 19:11:09.453131 n-d-847009-7 devstack@placement-api.service[105653]: DEBUG placement.objects.research_context [req-b755cd2c-3408-4919-b88e-bab72fa0aed4 req-62c4aad8-3821-4751-8208-c56caf2a2ec0 service placement] found 2 providers with available 1024 MEMORY_MB {{(pid=105653) get_provider_ids_matching /opt/stack/placement/placement/objects/research_context.py:563}}
Jul 20 19:11:09.453617 n-d-847009-7 devstack@placement-api.service[105653]: DEBUG placement.objects.research_context [req-b755cd2c-3408-4919-b88e-bab72fa0aed4 req-62c4aad8-3821-4751-8208-c56caf2a2ec0 service placement] found 2 providers after filtering by previous result {{(pid=105653) get_provider_ids_matching /opt/stack/placement/placement/objects/research_context.py:594}}
Jul 20 19:11:09.454103 n-d-847009-7 devstack@placement-api.service[105653]: DEBUG placement.objects.research_context [req-b755cd2c-3408-4919-b88e-bab72fa0aed4 req-62c4aad8-3821-4751-8208-c56caf2a2ec0 service placement] found 2 providers with available 1 VCPU {{(pid=105653) get_provider_ids_matching /opt/stack/placement/placement/objects/research_context.py:563}}
Jul 20 19:11:09.454729 n-d-847009-7 devstack@placement-api.service[105653]: DEBUG placement.objects.research_context [req-b755cd2c-3408-4919-b88e-bab72fa0aed4 req-62c4aad8-3821-4751-8208-c56caf2a2ec0 service placement] found 2 providers after filtering by previous result {{(pid=105653) get_provider_ids_matching /opt/stack/placement/placement/objects/research_context.py:594}}
Jul 20 19:11:09.471793 n-d-847009-7 devstack@placement-api.service[105653]: DEBUG placement.objects.allocation_candidate [req-b755cd2c-3408-4919-b88e-bab72fa0aed4 req-62c4aad8-3821-4751-8208-c56caf2a2ec0 service placement] RequestGroup(use_same_provider=False, resources={DISK_GB:1, MEMORY_MB:1024, VCPU:1}, traits=(), aggregates=[]) (suffix '') returned 2 matches {{(pid=105653) _get_by_requests /opt/stack/placement/placement/objects/allocation_candidate.py:156}}
Jul 20 19:11:09.473009 n-d-847009-7 devstack@placement-api.service[105653]: DEBUG placement.objects.allocation_candidate [req-b755cd2c-3408-4919-b88e-bab72fa0aed4 req-62c4aad8-3821-4751-8208-c56caf2a2ec0 service placement] Merging candidates yields 2 allocation requests and 2 provider summaries {{(pid=105653) _merge_candidates /opt/stack/placement/placement/objects/allocation_candidate.py:809}}
Jul 20 19:11:09.474878 n-d-847009-7 devstack@placement-api.service[105653]: INFO placement.requestlog [req-b755cd2c-3408-4919-b88e-bab72fa0aed4 req-62c4aad8-3821-4751-8208-c56caf2a2ec0 service placement] 10.222.0.83 "GET /placement/allocation_candidates?limit=1000&resources=DISK_GB%3A1%2CMEMORY_MB%3A1024%2CVCPU%3A1&root_required=%21COMPUTE_STATUS_DISABLED" status: 200 len: 1309 microversion: 1.36
Jul 20 19:11:09.475933 n-d-847009-7 devstack@placement-api.service[105653]: [pid: 105653|app: 0|req: 430/852] 10.222.0.83 () {60 vars in 1506 bytes} [Wed Jul 20 19:11:09 2022] GET /placement/allocation_candidates?limit=1000&resources=DISK_GB%3A1%2CMEMORY_MB%3A1024%2CVCPU%3A1&root_required=%21COMPUTE_STATUS_DISABLED => generated 1309 bytes in 153 msecs (HTTP/1.1 200) 8 headers in 297 bytes (1 switches on core 0)
Jul 20 19:11:09.623125 n-d-847009-7 devstack@placement-api.service[105654]: DEBUG placement.requestlog [req-b755cd2c-3408-4919-b88e-bab72fa0aed4 req-1ebfbba4-6047-4846-a1ea-4730cf7e1e99 None None] Starting request: 10.222.0.83 "GET /placement/allocations/8bf4bf6d-7790-41b3-b719-4d2c2d9b2be4" {{(pid=105654) __call__ /opt/stack/placement/placement/requestlog.py:55}}
Jul 20 19:11:09.640727 n-d-847009-7 devstack@placement-api.service[105654]: INFO placement.requestlog [req-b755cd2c-3408-4919-b88e-bab72fa0aed4 req-1ebfbba4-6047-4846-a1ea-4730cf7e1e99 service placement] 10.222.0.83 "GET /placement/allocations/8bf4bf6d-7790-41b3-b719-4d2c2d9b2be4" status: 200 len: 19 microversion: 1.28
Jul 20 19:11:09.649158 n-d-847009-7 devstack@placement-api.service[105653]: DEBUG placement.requestlog [req-b755cd2c-3408-4919-b88e-bab72fa0aed4 req-65efb317-3345-416c-96cd-9224eeb559ac None None] Starting request: 10.222.0.83 "PUT /placement/allocations/8bf4bf6d-7790-41b3-b719-4d2c2d9b2be4" {{(pid=105653) __call__ /opt/stack/placement/placement/requestlog.py:55}}
Jul 20 19:11:09.651978 n-d-847009-7 devstack@placement-api.service[105654]: [pid: 105654|app: 0|req: 423/853] 10.222.0.83 () {60 vars in 1380 bytes} [Wed Jul 20 19:11:09 2022] GET /placement/allocations/8bf4bf6d-7790-41b3-b719-4d2c2d9b2be4 => generated 19 bytes in 29 msecs (HTTP/1.1 200) 8 headers in 295 bytes (1 switches on core 0)
Jul 20 19:11:09.781875 n-d-847009-7 devstack@placement-api.service[105653]: DEBUG placement.handlers.allocation [req-b755cd2c-3408-4919-b88e-bab72fa0aed4 req-65efb317-3345-416c-96cd-9224eeb559ac service placement] Successfully wrote allocations [, , ] {{(pid=105653) _update_consumers_and_create_allocations /opt/stack/placement/placement/handlers/allocation.py:462}}
Jul 20 19:11:09.893838 n-d-847009-7 devstack@placement-api.service[105653]: INFO placement.requestlog [req-b755cd2c-3408-4919-b88e-bab72fa0aed4 req-65efb317-3345-416c-96cd-9224eeb559ac service placement] 10.222.0.83 "PUT /placement/allocations/8bf4bf6d-7790-41b3-b719-4d2c2d9b2be4" status: 204 len: 0 microversion: 1.36
Jul 20 19:11:09.899708 n-d-847009-7 devstack@placement-api.service[105653]: [pid: 105653|app: 0|req: 431/854] 10.222.0.83 () {64 vars in 1433 bytes} [Wed Jul 20 19:11:09 2022] PUT /placement/allocations/8bf4bf6d-7790-41b3-b719-4d2c2d9b2be4 => generated 0 bytes in 246 msecs (HTTP/1.1 204) 5 headers in 199 bytes (1 switches on core 0)
Jul 20 19:11:10.927540 n-d-847009-7 devstack@placement-api.service[105654]: DEBUG placement.requestlog [req-b755cd2c-3408-4919-b88e-bab72fa0aed4 req-62a7ea24-6d5b-4b9f-9e94-cb2b14238ac4 None None] Starting request: 10.222.0.81 "GET /placement/allocations/8bf4bf6d-7790-41b3-b719-4d2c2d9b2be4" {{(pid=105654) __call__ /opt/stack/placement/placement/requestlog.py:55}}
Jul 20 19:11:10.972729 n-d-847009-7 devstack@placement-api.service[105654]: INFO placement.requestlog [req-b755cd2c-3408-4919-b88e-bab72fa0aed4 req-62a7ea24-6d5b-4b9f-9e94-cb2b14238ac4 service placement] 10.222.0.81 "GET /placement/allocations/8bf4bf6d-7790-41b3-b719-4d2c2d9b2be4" status: 200 len: 259 microversion: 1.28
Jul 20 19:11:10.973436 n-d-847009-7 devstack@placement-api.service[105654]: [pid: 105654|app: 0|req: 424/855] 10.222.0.81 () {60 vars in 1377 bytes} [Wed Jul 20 19:11:10 2022] GET /placement/allocations/8bf4bf6d-7790-41b3-b719-4d2c2d9b2be4 => generated 259 bytes in 46 msecs (HTTP/1.1 200) 8 headers in 296 bytes (1 switches on core 0)
Jul 20 19:11:11.353882 n-d-847009-7 devstack@placement-api.service[105653]: DEBUG placement.requestlog [req-b755cd2c-3408-4919-b88e-bab72fa0aed4 req-f7e13b2d-fdda-426d-9926-226c3d99af84 None None] Starting request: 10.222.0.81 "GET /placement/resource_providers/27b0956a-643c-4eb6-be4f-2d3fd1f740f6/allocations" {{(pid=105653) __call__ /opt/stack/placement/placement/requestlog.py:55}}
Jul 20 19:11:11.415056 n-d-847009-7 devstack@placement-api.service[105653]: INFO placement.requestlog [req-b755cd2c-3408-4919-b88e-bab72fa0aed4 req-f7e13b2d-fdda-426d-9926-226c3d99af84 service placement] 10.222.0.81 "GET /placement/resource_providers/27b0956a-643c-4eb6-be4f-2d3fd1f740f6/allocations" status: 200 len: 746 microversion: 1.0
Jul 20 19:11:11.416969 n-d-847009-7 devstack@placement-api.service[105653]: [pid: 105653|app: 0|req: 432/856] 10.222.0.81 () {58 vars in 1390 bytes} [Wed Jul 20 19:11:11 2022] GET /placement/resource_providers/27b0956a-643c-4eb6-be4f-2d3fd1f740f6/allocations => generated 746 bytes in 62 msecs (HTTP/1.1 200) 6 headers in 224 bytes (1 switches on core 0)
Jul 20 19:11:11.424800 n-d-847009-7 devstack@placement-api.service[105654]: DEBUG placement.requestlog [req-b755cd2c-3408-4919-b88e-bab72fa0aed4 req-8e620107-0010-473c-8a14-5ffd3364e674 None None] Starting request: 10.222.0.81 "GET /placement/allocations/9a35b58f-bbf6-480c-8583-72e21411556b" {{(pid=105654) __call__ /opt/stack/placement/placement/requestlog.py:55}}
Jul 20 19:11:11.457045 n-d-847009-7 devstack@placement-api.service[105654]: INFO placement.requestlog [req-b755cd2c-3408-4919-b88e-bab72fa0aed4 req-8e620107-0010-473c-8a14-5ffd3364e674 service placement] 10.222.0.81 "GET /placement/allocations/9a35b58f-bbf6-480c-8583-72e21411556b" status: 200 len: 259 microversion: 1.28
Jul 20 19:11:11.457728 n-d-847009-7 devstack@placement-api.service[105654]: [pid: 105654|app: 0|req: 425/857] 10.222.0.81 () {60 vars in 1377 bytes} [Wed Jul 20 19:11:11 2022] GET /placement/allocations/9a35b58f-bbf6-480c-8583-72e21411556b => generated 259 bytes in 33 msecs (HTTP/1.1 200) 8 headers in 296 bytes (1 switches on core 0)
Jul 20 19:11:11.472146 n-d-847009-7 devstack@placement-api.service[105653]: DEBUG placement.requestlog [req-b755cd2c-3408-4919-b88e-bab72fa0aed4 req-04fedd0e-5c62-4c67-80bb-6d5b6f92f560 None None] Starting request: 10.222.0.81 "GET /placement/allocations/f5718cd9-9c7a-4e12-8ab6-a29acf5cc018" {{(pid=105653) __call__ /opt/stack/placement/placement/requestlog.py:55}}
Jul 20 19:11:11.493285 n-d-847009-7 devstack@placement-api.service[105653]: INFO placement.requestlog [req-b755cd2c-3408-4919-b88e-bab72fa0aed4 req-04fedd0e-5c62-4c67-80bb-6d5b6f92f560 service placement] 10.222.0.81 "GET /placement/allocations/f5718cd9-9c7a-4e12-8ab6-a29acf5cc018" status: 200 len: 259 microversion: 1.28
Jul 20 19:11:11.494425 n-d-847009-7 devstack@placement-api.service[105653]: [pid: 105653|app: 0|req: 433/858] 10.222.0.81 () {60 vars in 1377 bytes} [Wed Jul 20 19:11:11 2022] GET /placement/allocations/f5718cd9-9c7a-4e12-8ab6-a29acf5cc018 => generated 259 bytes in 22 msecs (HTTP/1.1 200) 8 headers in 296 bytes (1 switches on core 0)
Jul 20 19:11:11.505941 n-d-847009-7 devstack@placement-api.service[105654]: DEBUG placement.requestlog [req-b755cd2c-3408-4919-b88e-bab72fa0aed4 req-be3773ff-e2a3-4b95-9837-1b1327f9b59d None None] Starting request: 10.222.0.81 "GET /placement/allocations/6da5e7d4-0e44-497e-a8ea-7713a8011ac1" {{(pid=105654) __call__ /opt/stack/placement/placement/requestlog.py:55}}
Jul 20 19:11:11.542299 n-d-847009-7 devstack@placement-api.service[105654]: INFO placement.requestlog [req-b755cd2c-3408-4919-b88e-bab72fa0aed4 req-be3773ff-e2a3-4b95-9837-1b1327f9b59d service placement] 10.222.0.81 "GET /placement/allocations/6da5e7d4-0e44-497e-a8ea-7713a8011ac1" status: 200 len: 259 microversion: 1.28
Jul 20 19:11:11.542698 n-d-847009-7 devstack@placement-api.service[105654]: [pid: 105654|app: 0|req: 426/859] 10.222.0.81 () {60 vars in 1377 bytes} [Wed Jul 20 19:11:11 2022] GET /placement/allocations/6da5e7d4-0e44-497e-a8ea-7713a8011ac1 => generated 259 bytes in 38 msecs (HTTP/1.1 200) 8 headers in 296 bytes (2 switches on core 0)
Jul 20 19:11:11.562946 n-d-847009-7 devstack@placement-api.service[105653]: DEBUG placement.requestlog [req-b755cd2c-3408-4919-b88e-bab72fa0aed4 req-e21d1b89-20b2-41d6-8fa8-8ab2f0d4a494 None None] Starting request: 10.222.0.81 "GET /placement/allocations/8bf4bf6d-7790-41b3-b719-4d2c2d9b2be4" {{(pid=105653) __call__ /opt/stack/placement/placement/requestlog.py:55}}
Jul 20 19:11:11.585049 n-d-847009-7 devstack@placement-api.service[105653]: INFO placement.requestlog [req-b755cd2c-3408-4919-b88e-bab72fa0aed4 req-e21d1b89-20b2-41d6-8fa8-8ab2f0d4a494 service placement] 10.222.0.81 "GET /placement/allocations/8bf4bf6d-7790-41b3-b719-4d2c2d9b2be4" status: 200 len: 259 microversion: 1.28
Jul 20 19:11:11.585807 n-d-847009-7 devstack@placement-api.service[105653]: [pid: 105653|app: 0|req: 434/860] 10.222.0.81 () {60 vars in 1377 bytes} [Wed Jul 20 19:11:11 2022] GET /placement/allocations/8bf4bf6d-7790-41b3-b719-4d2c2d9b2be4 => generated 259 bytes in 23 msecs (HTTP/1.1 200) 8 headers in 296 bytes (2 switches on core 0)
Jul 20 19:11:11.603430 n-d-847009-7 devstack@placement-api.service[105654]: DEBUG placement.requestlog [req-b755cd2c-3408-4919-b88e-bab72fa0aed4 req-76b3f4a6-fe19-4863-a5da-818677468fe7 None None] Starting request: 10.222.0.81 "GET /placement/allocations/fd69c775-0cfd-4957-81bc-cbb570f9feb4" {{(pid=105654) __call__ /opt/stack/placement/placement/requestlog.py:55}}
Jul 20 19:11:11.631376 n-d-847009-7 devstack@placement-api.service[105654]: INFO placement.requestlog [req-b755cd2c-3408-4919-b88e-bab72fa0aed4 req-76b3f4a6-fe19-4863-a5da-818677468fe7 service placement] 10.222.0.81 "GET /placement/allocations/fd69c775-0cfd-4957-81bc-cbb570f9feb4" status: 200 len: 259 microversion: 1.28
Jul 20 19:11:11.632263 n-d-847009-7 devstack@placement-api.service[105654]: [pid: 105654|app: 0|req: 427/861] 10.222.0.81 () {60 vars in 1377 bytes} [Wed Jul 20 19:11:11 2022] GET /placement/allocations/fd69c775-0cfd-4957-81bc-cbb570f9feb4 => generated 259 bytes in 29 msecs (HTTP/1.1 200) 8 headers in 296 bytes (1 switches on core 0)
Jul 20 19:11:11.648839 n-d-847009-7 devstack@placement-api.service[105653]: DEBUG placement.requestlog [req-b755cd2c-3408-4919-b88e-bab72fa0aed4 req-0e3826f3-d3fd-4a25-9371-6b3967f9abb0 None None] Starting request: 10.222.0.81 "GET /placement/allocations/fba2fa21-86b8-490b-835f-debddf03ad82" {{(pid=105653) __call__ /opt/stack/placement/placement/requestlog.py:55}}
Jul 20 19:11:11.681843 n-d-847009-7 devstack@placement-api.service[105653]: INFO placement.requestlog [req-b755cd2c-3408-4919-b88e-bab72fa0aed4 req-0e3826f3-d3fd-4a25-9371-6b3967f9abb0 service placement] 10.222.0.81 "GET /placement/allocations/fba2fa21-86b8-490b-835f-debddf03ad82" status: 200 len: 259 microversion: 1.28
Jul 20 19:11:11.682441 n-d-847009-7 devstack@placement-api.service[105653]: [pid: 105653|app: 0|req: 435/862] 10.222.0.81 () {60 vars in 1377 bytes} [Wed Jul 20 19:11:11 2022] GET /placement/allocations/fba2fa21-86b8-490b-835f-debddf03ad82 => generated 259 bytes in 34 msecs (HTTP/1.1 200) 8 headers in 296 bytes (1 switches on core 0)
Jul 20 19:11:11.703331 n-d-847009-7 devstack@placement-api.service[105654]: DEBUG placement.requestlog [req-b755cd2c-3408-4919-b88e-bab72fa0aed4 req-a8cdfc41-1040-4c92-b53f-2e6da457e18e None None] Starting request: 10.222.0.81 "GET /placement/allocations/8a6b4e47-4acf-485a-a17d-f4eb28611f42" {{(pid=105654) __call__ /opt/stack/placement/placement/requestlog.py:55}}
Jul 20 19:11:11.728587 n-d-847009-7 devstack@placement-api.service[105654]: INFO placement.requestlog [req-b755cd2c-3408-4919-b88e-bab72fa0aed4 req-a8cdfc41-1040-4c92-b53f-2e6da457e18e service placement] 10.222.0.81 "GET /placement/allocations/8a6b4e47-4acf-485a-a17d-f4eb28611f42" status: 200 len: 245 microversion: 1.28
Jul 20 19:11:11.730313 n-d-847009-7 devstack@placement-api.service[105654]: [pid: 105654|app: 0|req: 428/863] 10.222.0.81 () {60 vars in 1377 bytes} [Wed Jul 20 19:11:11 2022] GET /placement/allocations/8a6b4e47-4acf-485a-a17d-f4eb28611f42 => generated 245 bytes in 27 msecs (HTTP/1.1 200) 8 headers in 296 bytes (1 switches on core 0)
Jul 20 19:11:17.578186 n-d-847009-7 devstack@placement-api.service[105653]: DEBUG placement.requestlog [req-4ee130fc-663b-4fa1-9bc1-ad7fc8463d71 req-7010aa0b-c324-4056-a766-5319b82d380d None None] Starting request: 10.222.0.78 "GET /placement/resource_providers?in_tree=b4856f3f-7604-4c21-9640-c2e99184936e" {{(pid=105653) __call__ /opt/stack/placement/placement/requestlog.py:55}}
Jul 20 19:11:17.630065 n-d-847009-7 devstack@placement-api.service[105653]: INFO placement.requestlog [req-4ee130fc-663b-4fa1-9bc1-ad7fc8463d71 req-7010aa0b-c324-4056-a766-5319b82d380d service placement] 10.222.0.78 "GET /placement/resource_providers?in_tree=b4856f3f-7604-4c21-9640-c2e99184936e" status: 200 len: 863 microversion: 1.14
Jul 20 19:11:17.630823 n-d-847009-7 devstack@placement-api.service[105653]: [pid: 105653|app: 0|req: 436/864] 10.222.0.78 () {60 vars in 1376 bytes} [Wed Jul 20 19:11:17 2022] GET /placement/resource_providers?in_tree=b4856f3f-7604-4c21-9640-c2e99184936e => generated 863 bytes in 53 msecs (HTTP/1.1 200) 6 headers in 225 bytes (1 switches on core 0)
