Aug 04 16:34:39.280363 n-d-847009-10 devstack@keystone.service[87306]: DEBUG keystone.server.flask.request_processing.middleware.auth_context [None req-7d64dec4-4411-4f61-a6b3-db26ca122e95 None admin] RBAC: auth_context: {'token': , 'domain_id': None, 'trust_id': None, 'trustor_id': None, 'trustee_id': None, 'domain_name': None, 'group_ids': [], 'user_id': '8bf275308220430884371c800ddd7875', 'user_domain_id': 'default', 'system_scope': 'all', 'project_id': None, 'project_domain_id': None, 'roles': ['admin', 'member', 'reader'], 'is_admin_project': True, 'service_user_id': None, 'service_user_domain_id': None, 'service_project_id': None, 'service_project_domain_id': None, 'service_roles': []} {{(pid=87306) fill_context /opt/stack/keystone/keystone/server/flask/request_processing/middleware/auth_context.py:478}}
Aug 04 16:34:39.281435 n-d-847009-10 devstack@keystone.service[87306]: DEBUG keystone.server.flask.request_processing.req_logging [None req-7d64dec4-4411-4f61-a6b3-db26ca122e95 None admin] REQUEST_METHOD: `GET` {{(pid=87306) log_request_info /opt/stack/keystone/keystone/server/flask/request_processing/req_logging.py:27}}
Aug 04 16:34:39.281435 n-d-847009-10 devstack@keystone.service[87306]: DEBUG keystone.server.flask.request_processing.req_logging [None req-7d64dec4-4411-4f61-a6b3-db26ca122e95 None admin] SCRIPT_NAME: `/identity` {{(pid=87306) log_request_info /opt/stack/keystone/keystone/server/flask/request_processing/req_logging.py:28}}
Aug 04 16:34:39.281599 n-d-847009-10 devstack@keystone.service[87306]: DEBUG keystone.server.flask.request_processing.req_logging [None req-7d64dec4-4411-4f61-a6b3-db26ca122e95 None admin] PATH_INFO: `/v3/groups/7eaaa751a98e4ab9aba03d011dbd886b` {{(pid=87306) log_request_info /opt/stack/keystone/keystone/server/flask/request_processing/req_logging.py:29}}
Aug 04 16:34:39.285193 n-d-847009-10 devstack@keystone.service[87307]: [pid: 87307|app: 0|req: 206/416] 10.222.0.36 () {56 vars in 1101 bytes} [Thu Aug 4 16:34:39 2022] GET /identity/v3/roles?name=member => generated 341 bytes in 203 msecs (HTTP/1.1 200) 5 headers in 177 bytes (1 switches on core 0)
Aug 04 16:34:39.289435 n-d-847009-10 devstack@keystone.service[87306]: DEBUG keystone.common.rbac_enforcer.enforcer [None req-7d64dec4-4411-4f61-a6b3-db26ca122e95 None admin] RBAC: Authorizing `identity:get_group(group_id=7eaaa751a98e4ab9aba03d011dbd886b)` {{(pid=87306) enforce_call /opt/stack/keystone/keystone/common/rbac_enforcer/enforcer.py:449}}
Aug 04 16:34:39.289435 n-d-847009-10 devstack@keystone.service[87306]: DEBUG keystone.common.rbac_enforcer.enforcer [None req-7d64dec4-4411-4f61-a6b3-db26ca122e95 None admin] RBAC: Authorization granted {{(pid=87306) enforce_call /opt/stack/keystone/keystone/common/rbac_enforcer/enforcer.py:457}}
Aug 04 16:34:39.289435 n-d-847009-10 devstack@keystone.service[87306]: [pid: 87306|app: 0|req: 211/417] 10.222.0.36 () {56 vars in 1180 bytes} [Thu Aug 4 16:34:39 2022] GET /identity/v3/groups/7eaaa751a98e4ab9aba03d011dbd886b => generated 229 bytes in 198 msecs (HTTP/1.1 200) 5 headers in 177 bytes (2 switches on core 0)
Aug 04 16:34:39.291562 n-d-847009-10 devstack@keystone.service[87307]: DEBUG keystone.server.flask.request_processing.middleware.auth_context [None req-2d6a19c3-f10c-40ce-bb38-ec8872243cd5 None admin] Authenticating user token {{(pid=87307) process_request /usr/local/lib/python3.8/dist-packages/keystonemiddleware/auth_token/__init__.py:407}}
Aug 04 16:34:39.295114 n-d-847009-10 devstack@keystone.service[87307]: DEBUG dbcounter [-] [87307] Writing DB stats keystone:SELECT=100 {{(pid=87307) stat_writer /usr/local/lib/python3.8/dist-packages/dbcounter.py:114}}
Aug 04 16:34:39.295370 n-d-847009-10 devstack@keystone.service[87306]: DEBUG keystone.server.flask.request_processing.middleware.auth_context [None req-7d64dec4-4411-4f61-a6b3-db26ca122e95 None admin] Authenticating user token {{(pid=87306) process_request /usr/local/lib/python3.8/dist-packages/keystonemiddleware/auth_token/__init__.py:407}}
Aug 04 16:34:39.399435 n-d-847009-10 devstack@keystone.service[87307]: DEBUG keystone.server.flask.request_processing.middleware.auth_context [None req-2d6a19c3-f10c-40ce-bb38-ec8872243cd5 None admin] Validating token access rules against request {{(pid=87307) validate_allowed_request /usr/local/lib/python3.8/dist-packages/keystonemiddleware/auth_token/__init__.py:545}}
Aug 04 16:34:39.436202 n-d-847009-10 devstack@keystone.service[87307]: DEBUG keystone.server.flask.request_processing.middleware.auth_context [None req-cd352b5c-6d35-4d0a-9b82-0eb914a8d7b2 None admin] RBAC: auth_context: {'token': , 'domain_id': None, 'trust_id': None, 'trustor_id': None, 'trustee_id': None, 'domain_name': None, 'group_ids': [], 'user_id': '8bf275308220430884371c800ddd7875', 'user_domain_id': 'default', 'system_scope': 'all', 'project_id': None, 'project_domain_id': None, 'roles': ['admin', 'member', 'reader'], 'is_admin_project': True, 'service_user_id': None, 'service_user_domain_id': None, 'service_project_id': None, 'service_project_domain_id': None, 'service_roles': []} {{(pid=87307) fill_context /opt/stack/keystone/keystone/server/flask/request_processing/middleware/auth_context.py:478}}
Aug 04 16:34:39.437212 n-d-847009-10 devstack@keystone.service[87307]: DEBUG keystone.server.flask.request_processing.req_logging [None req-cd352b5c-6d35-4d0a-9b82-0eb914a8d7b2 None admin] REQUEST_METHOD: `GET` {{(pid=87307) log_request_info /opt/stack/keystone/keystone/server/flask/request_processing/req_logging.py:27}}
Aug 04 16:34:39.437765 n-d-847009-10 devstack@keystone.service[87307]: DEBUG keystone.server.flask.request_processing.req_logging [None req-cd352b5c-6d35-4d0a-9b82-0eb914a8d7b2 None admin] SCRIPT_NAME: `/identity` {{(pid=87307) log_request_info /opt/stack/keystone/keystone/server/flask/request_processing/req_logging.py:28}}
Aug 04 16:34:39.438283 n-d-847009-10 devstack@keystone.service[87307]: DEBUG keystone.server.flask.request_processing.req_logging [None req-cd352b5c-6d35-4d0a-9b82-0eb914a8d7b2 None admin] PATH_INFO: `/v3/auth/tokens` {{(pid=87307) log_request_info /opt/stack/keystone/keystone/server/flask/request_processing/req_logging.py:29}}
Aug 04 16:34:39.460186 n-d-847009-10 devstack@keystone.service[87306]: DEBUG keystone.server.flask.request_processing.middleware.auth_context [None req-7d64dec4-4411-4f61-a6b3-db26ca122e95 None admin] Validating token access rules against request {{(pid=87306) validate_allowed_request /usr/local/lib/python3.8/dist-packages/keystonemiddleware/auth_token/__init__.py:545}}
Aug 04 16:34:39.506115 n-d-847009-10 devstack@keystone.service[87306]: DEBUG keystone.server.flask.request_processing.middleware.auth_context [None req-5b6b74e1-22c9-4881-993a-1ab8137f034f None admin] RBAC: auth_context: {'token': , 'domain_id': None, 'trust_id': None, 'trustor_id': None, 'trustee_id': None, 'domain_name': None, 'group_ids': [], 'user_id': '8bf275308220430884371c800ddd7875', 'user_domain_id': 'default', 'system_scope': 'all', 'project_id': None, 'project_domain_id': None, 'roles': ['admin', 'member', 'reader'], 'is_admin_project': True, 'service_user_id': None, 'service_user_domain_id': None, 'service_project_id': None, 'service_project_domain_id': None, 'service_roles': []} {{(pid=87306) fill_context /opt/stack/keystone/keystone/server/flask/request_processing/middleware/auth_context.py:478}}
Aug 04 16:34:39.506694 n-d-847009-10 devstack@keystone.service[87306]: DEBUG keystone.server.flask.request_processing.req_logging [None req-5b6b74e1-22c9-4881-993a-1ab8137f034f None admin] REQUEST_METHOD: `GET` {{(pid=87306) log_request_info /opt/stack/keystone/keystone/server/flask/request_processing/req_logging.py:27}}
Aug 04 16:34:39.506976 n-d-847009-10 devstack@keystone.service[87306]: DEBUG keystone.server.flask.request_processing.req_logging [None req-5b6b74e1-22c9-4881-993a-1ab8137f034f None admin] SCRIPT_NAME: `/identity` {{(pid=87306) log_request_info /opt/stack/keystone/keystone/server/flask/request_processing/req_logging.py:28}}
Aug 04 16:34:39.507252 n-d-847009-10 devstack@keystone.service[87306]: DEBUG keystone.server.flask.request_processing.req_logging [None req-5b6b74e1-22c9-4881-993a-1ab8137f034f None admin] PATH_INFO: `/v3/projects/a068ef1d4a224709b2cb3fa43312c506` {{(pid=87306) log_request_info /opt/stack/keystone/keystone/server/flask/request_processing/req_logging.py:29}}
Aug 04 16:34:39.508441 n-d-847009-10 devstack@keystone.service[87306]: DEBUG keystone.common.rbac_enforcer.enforcer [None req-5b6b74e1-22c9-4881-993a-1ab8137f034f None admin] RBAC: Authorizing `identity:get_project(project_id=a068ef1d4a224709b2cb3fa43312c506)` {{(pid=87306) enforce_call /opt/stack/keystone/keystone/common/rbac_enforcer/enforcer.py:449}}
Aug 04 16:34:39.510686 n-d-847009-10 devstack@keystone.service[87306]: DEBUG keystone.common.rbac_enforcer.enforcer [None req-5b6b74e1-22c9-4881-993a-1ab8137f034f None admin] RBAC: Authorization granted {{(pid=87306) enforce_call /opt/stack/keystone/keystone/common/rbac_enforcer/enforcer.py:457}}
Aug 04 16:34:39.512877 n-d-847009-10 devstack@keystone.service[87307]: DEBUG keystone.common.rbac_enforcer.enforcer [None req-cd352b5c-6d35-4d0a-9b82-0eb914a8d7b2 None admin] RBAC: Authorizing `identity:validate_token()` {{(pid=87307) enforce_call /opt/stack/keystone/keystone/common/rbac_enforcer/enforcer.py:449}}
Aug 04 16:34:39.513083 n-d-847009-10 devstack@keystone.service[87306]: [pid: 87306|app: 0|req: 212/418] 10.222.0.36 () {56 vars in 1186 bytes} [Thu Aug 4 16:34:39 2022] GET /identity/v3/projects/a068ef1d4a224709b2cb3fa43312c506 => generated 344 bytes in 218 msecs (HTTP/1.1 200) 5 headers in 177 bytes (2 switches on core 0)
Aug 04 16:34:39.514798 n-d-847009-10 devstack@keystone.service[87307]: DEBUG keystone.common.rbac_enforcer.enforcer [None req-cd352b5c-6d35-4d0a-9b82-0eb914a8d7b2 None admin] RBAC: Authorization granted {{(pid=87307) enforce_call /opt/stack/keystone/keystone/common/rbac_enforcer/enforcer.py:457}}
Aug 04 16:34:39.517645 n-d-847009-10 devstack@keystone.service[87307]: DEBUG dbcounter [-] [87307] Writing DB stats keystone:SELECT=100 {{(pid=87307) stat_writer /usr/local/lib/python3.8/dist-packages/dbcounter.py:114}}
Aug 04 16:34:39.518716 n-d-847009-10 devstack@keystone.service[87306]: DEBUG keystone.server.flask.request_processing.middleware.auth_context [None req-5b6b74e1-22c9-4881-993a-1ab8137f034f None admin] Authenticating user token {{(pid=87306) process_request /usr/local/lib/python3.8/dist-packages/keystonemiddleware/auth_token/__init__.py:407}}
Aug 04 16:34:39.575908 n-d-847009-10 devstack@keystone.service[87306]: DEBUG dbcounter [-] [87306] Writing DB stats keystone:SELECT=100 {{(pid=87306) stat_writer /usr/local/lib/python3.8/dist-packages/dbcounter.py:114}}
Aug 04 16:34:39.668106 n-d-847009-10 devstack@keystone.service[87306]: DEBUG keystone.server.flask.request_processing.middleware.auth_context [None req-5b6b74e1-22c9-4881-993a-1ab8137f034f None admin] Validating token access rules against request {{(pid=87306) validate_allowed_request /usr/local/lib/python3.8/dist-packages/keystonemiddleware/auth_token/__init__.py:545}}
Aug 04 16:34:39.705946 n-d-847009-10 devstack@keystone.service[87307]: [pid: 87307|app: 0|req: 207/419] 10.222.0.36 () {58 vars in 1282 bytes} [Thu Aug 4 16:34:39 2022] GET /identity/v3/auth/tokens => generated 799 bytes in 415 msecs (HTTP/1.1 200) 6 headers in 358 bytes (1 switches on core 0)
Aug 04 16:34:39.713666 n-d-847009-10 devstack@keystone.service[87307]: DEBUG keystone.server.flask.request_processing.middleware.auth_context [None req-cd352b5c-6d35-4d0a-9b82-0eb914a8d7b2 None admin] Authenticating user token {{(pid=87307) process_request /usr/local/lib/python3.8/dist-packages/keystonemiddleware/auth_token/__init__.py:407}}
Aug 04 16:34:39.734909 n-d-847009-10 devstack@keystone.service[87306]: DEBUG keystone.server.flask.request_processing.middleware.auth_context [None req-5ed378e5-d983-44e8-9036-72d0f9a987db None admin] RBAC: auth_context: {'token': , 'domain_id': None, 'trust_id': None, 'trustor_id': None, 'trustee_id': None, 'domain_name': None, 'group_ids': [], 'user_id': '8bf275308220430884371c800ddd7875', 'user_domain_id': 'default', 'system_scope': 'all', 'project_id': None, 'project_domain_id': None, 'roles': ['admin', 'member', 'reader'], 'is_admin_project': True, 'service_user_id': None, 'service_user_domain_id': None, 'service_project_id': None, 'service_project_domain_id': None, 'service_roles': []} {{(pid=87306) fill_context /opt/stack/keystone/keystone/server/flask/request_processing/middleware/auth_context.py:478}}
Aug 04 16:34:39.735871 n-d-847009-10 devstack@keystone.service[87306]: DEBUG keystone.server.flask.request_processing.req_logging [None req-5ed378e5-d983-44e8-9036-72d0f9a987db None admin] REQUEST_METHOD: `PUT` {{(pid=87306) log_request_info /opt/stack/keystone/keystone/server/flask/request_processing/req_logging.py:27}}
Aug 04 16:34:39.736287 n-d-847009-10 devstack@keystone.service[87306]: DEBUG keystone.server.flask.request_processing.req_logging [None req-5ed378e5-d983-44e8-9036-72d0f9a987db None admin] SCRIPT_NAME: `/identity` {{(pid=87306) log_request_info /opt/stack/keystone/keystone/server/flask/request_processing/req_logging.py:28}}
Aug 04 16:34:39.736692 n-d-847009-10 devstack@keystone.service[87306]: DEBUG keystone.server.flask.request_processing.req_logging [None req-5ed378e5-d983-44e8-9036-72d0f9a987db None admin] PATH_INFO: `/v3/projects/a068ef1d4a224709b2cb3fa43312c506/groups/7eaaa751a98e4ab9aba03d011dbd886b/roles/fcd7cddb7f254271873f7429d4816848` {{(pid=87306) log_request_info /opt/stack/keystone/keystone/server/flask/request_processing/req_logging.py:29}}
Aug 04 16:34:39.743716 n-d-847009-10 devstack@keystone.service[87306]: DEBUG keystone.common.rbac_enforcer.enforcer [None req-5ed378e5-d983-44e8-9036-72d0f9a987db None admin] RBAC: Authorizing `identity:create_grant(project_id=a068ef1d4a224709b2cb3fa43312c506, group_id=7eaaa751a98e4ab9aba03d011dbd886b, role_id=fcd7cddb7f254271873f7429d4816848)` {{(pid=87306) enforce_call /opt/stack/keystone/keystone/common/rbac_enforcer/enforcer.py:449}}
Aug 04 16:34:39.745191 n-d-847009-10 devstack@keystone.service[87306]: DEBUG keystone.common.rbac_enforcer.enforcer [None req-5ed378e5-d983-44e8-9036-72d0f9a987db None admin] RBAC: Authorization granted {{(pid=87306) enforce_call /opt/stack/keystone/keystone/common/rbac_enforcer/enforcer.py:457}}
Aug 04 16:34:39.777579 n-d-847009-10 devstack@keystone.service[87306]: [pid: 87306|app: 0|req: 213/420] 10.222.0.36 () {58 vars in 1442 bytes} [Thu Aug 4 16:34:39 2022] PUT /identity/v3/projects/a068ef1d4a224709b2cb3fa43312c506/groups/7eaaa751a98e4ab9aba03d011dbd886b/roles/fcd7cddb7f254271873f7429d4816848 => generated 0 bytes in 252 msecs (HTTP/1.1 204) 3 headers in 132 bytes (0 switches on core 0)
Aug 04 16:34:39.877655 n-d-847009-10 devstack@keystone.service[87307]: DEBUG keystone.server.flask.request_processing.middleware.auth_context [None req-cd352b5c-6d35-4d0a-9b82-0eb914a8d7b2 None admin] Validating token access rules against request {{(pid=87307) validate_allowed_request /usr/local/lib/python3.8/dist-packages/keystonemiddleware/auth_token/__init__.py:545}}
Aug 04 16:34:39.879771 n-d-847009-10 devstack@keystone.service[87307]: DEBUG dbcounter [-] [87307] Writing DB stats keystone:SELECT=100 {{(pid=87307) stat_writer /usr/local/lib/python3.8/dist-packages/dbcounter.py:114}}
Aug 04 16:34:39.926627 n-d-847009-10 devstack@keystone.service[87307]: DEBUG keystone.server.flask.request_processing.middleware.auth_context [None req-2640e10d-5fcf-4bac-a28c-84915cecf4a1 None admin] RBAC: auth_context: {'token': , 'domain_id': None, 'trust_id': None, 'trustor_id': None, 'trustee_id': None, 'domain_name': None, 'group_ids': [], 'user_id': '8bf275308220430884371c800ddd7875', 'user_domain_id': 'default', 'system_scope': 'all', 'project_id': None, 'project_domain_id': None, 'roles': ['admin', 'member', 'reader'], 'is_admin_project': True, 'service_user_id': None, 'service_user_domain_id': None, 'service_project_id': None, 'service_project_domain_id': None, 'service_roles': []} {{(pid=87307) fill_context /opt/stack/keystone/keystone/server/flask/request_processing/middleware/auth_context.py:478}}
Aug 04 16:34:39.927352 n-d-847009-10 devstack@keystone.service[87307]: DEBUG keystone.server.flask.request_processing.req_logging [None req-2640e10d-5fcf-4bac-a28c-84915cecf4a1 None admin] REQUEST_METHOD: `GET` {{(pid=87307) log_request_info /opt/stack/keystone/keystone/server/flask/request_processing/req_logging.py:27}}
Aug 04 16:34:39.927629 n-d-847009-10 devstack@keystone.service[87307]: DEBUG keystone.server.flask.request_processing.req_logging [None req-2640e10d-5fcf-4bac-a28c-84915cecf4a1 None admin] SCRIPT_NAME: `/identity` {{(pid=87307) log_request_info /opt/stack/keystone/keystone/server/flask/request_processing/req_logging.py:28}}
Aug 04 16:34:39.927896 n-d-847009-10 devstack@keystone.service[87307]: DEBUG keystone.server.flask.request_processing.req_logging [None req-2640e10d-5fcf-4bac-a28c-84915cecf4a1 None admin] PATH_INFO: `/v3/projects/4f372dcb98db4b3091bab2f05319c005` {{(pid=87307) log_request_info /opt/stack/keystone/keystone/server/flask/request_processing/req_logging.py:29}}
Aug 04 16:34:39.929085 n-d-847009-10 devstack@keystone.service[87307]: DEBUG keystone.common.rbac_enforcer.enforcer [None req-2640e10d-5fcf-4bac-a28c-84915cecf4a1 None admin] RBAC: Authorizing `identity:get_project(project_id=4f372dcb98db4b3091bab2f05319c005)` {{(pid=87307) enforce_call /opt/stack/keystone/keystone/common/rbac_enforcer/enforcer.py:449}}
Aug 04 16:34:39.930632 n-d-847009-10 devstack@keystone.service[87307]: DEBUG keystone.common.rbac_enforcer.enforcer [None req-2640e10d-5fcf-4bac-a28c-84915cecf4a1 None admin] RBAC: Authorization granted {{(pid=87307) enforce_call /opt/stack/keystone/keystone/common/rbac_enforcer/enforcer.py:457}}
Aug 04 16:34:39.932459 n-d-847009-10 devstack@keystone.service[87307]: [pid: 87307|app: 0|req: 208/421] 10.222.0.36 () {56 vars in 1186 bytes} [Thu Aug 4 16:34:39 2022] GET /identity/v3/projects/4f372dcb98db4b3091bab2f05319c005 => generated 298 bytes in 219 msecs (HTTP/1.1 200) 5 headers in 177 bytes (1 switches on core 0)
Aug 04 16:34:39.938495 n-d-847009-10 devstack@keystone.service[87306]: DEBUG keystone.server.flask.request_processing.middleware.auth_context [None req-5ed378e5-d983-44e8-9036-72d0f9a987db None admin] Authenticating user token {{(pid=87306) process_request /usr/local/lib/python3.8/dist-packages/keystonemiddleware/auth_token/__init__.py:407}}
Aug 04 16:34:39.956314 n-d-847009-10 devstack@keystone.service[87307]: DEBUG keystone.server.flask.request_processing.req_logging [None req-7f180017-2361-42f5-aa17-d6bb68ff90b5 None None] REQUEST_METHOD: `GET` {{(pid=87307) log_request_info /opt/stack/keystone/keystone/server/flask/request_processing/req_logging.py:27}}
Aug 04 16:34:39.956753 n-d-847009-10 devstack@keystone.service[87307]: DEBUG keystone.server.flask.request_processing.req_logging [None req-7f180017-2361-42f5-aa17-d6bb68ff90b5 None None] SCRIPT_NAME: `/identity` {{(pid=87307) log_request_info /opt/stack/keystone/keystone/server/flask/request_processing/req_logging.py:28}}
Aug 04 16:34:39.957134 n-d-847009-10 devstack@keystone.service[87307]: DEBUG keystone.server.flask.request_processing.req_logging [None req-7f180017-2361-42f5-aa17-d6bb68ff90b5 None None] PATH_INFO: `/` {{(pid=87307) log_request_info /opt/stack/keystone/keystone/server/flask/request_processing/req_logging.py:29}}
Aug 04 16:34:39.958947 n-d-847009-10 devstack@keystone.service[87307]: [pid: 87307|app: 0|req: 209/422] 10.222.0.36 () {54 vars in 927 bytes} [Thu Aug 4 16:34:39 2022] GET /identity => generated 270 bytes in 3 msecs (HTTP/1.1 300) 6 headers in 234 bytes (2 switches on core 0)
Aug 04 16:34:39.965564 n-d-847009-10 devstack@keystone.service[87307]: DEBUG keystone.server.flask.request_processing.req_logging [None req-328c48b3-4ab0-429f-93d0-d92af8375aa7 None None] REQUEST_METHOD: `POST` {{(pid=87307) log_request_info /opt/stack/keystone/keystone/server/flask/request_processing/req_logging.py:27}}
Aug 04 16:34:39.966040 n-d-847009-10 devstack@keystone.service[87307]: DEBUG keystone.server.flask.request_processing.req_logging [None req-328c48b3-4ab0-429f-93d0-d92af8375aa7 None None] SCRIPT_NAME: `/identity` {{(pid=87307) log_request_info /opt/stack/keystone/keystone/server/flask/request_processing/req_logging.py:28}}
Aug 04 16:34:39.966438 n-d-847009-10 devstack@keystone.service[87307]: DEBUG keystone.server.flask.request_processing.req_logging [None req-328c48b3-4ab0-429f-93d0-d92af8375aa7 None None] PATH_INFO: `/v3/auth/tokens` {{(pid=87307) log_request_info /opt/stack/keystone/keystone/server/flask/request_processing/req_logging.py:29}}
Aug 04 16:34:39.985588 n-d-847009-10 devstack@keystone.service[87307]: DEBUG keystone.auth.core [None req-328c48b3-4ab0-429f-93d0-d92af8375aa7 None None] MFA Rules not processed for user `8bf275308220430884371c800ddd7875`. Rule list: `[]` (Enabled: `True`). {{(pid=87307) check_auth_methods_against_rules /opt/stack/keystone/keystone/auth/core.py:438}}
Aug 04 16:34:39.987172 n-d-847009-10 devstack@keystone.service[87307]: DEBUG keystone.common.fernet_utils [None req-328c48b3-4ab0-429f-93d0-d92af8375aa7 None None] Loaded 2 Fernet keys from /etc/keystone/fernet-keys/, but `[fernet_tokens] max_active_keys = 3`; perhaps there have not been enough key rotations to reach `max_active_keys` yet? {{(pid=87307) load_keys /opt/stack/keystone/keystone/common/fernet_utils.py:286}}
Aug 04 16:34:40.064399 n-d-847009-10 devstack@keystone.service[87307]: [pid: 87307|app: 0|req: 210/423] 10.222.0.36 () {58 vars in 1024 bytes} [Thu Aug 4 16:34:39 2022] POST /identity/v3/auth/tokens => generated 799 bytes in 99 msecs (HTTP/1.1 201) 6 headers in 363 bytes (2 switches on core 0)
Aug 04 16:34:40.087503 n-d-847009-10 devstack@keystone.service[87306]: DEBUG dbcounter [-] [87306] Writing DB stats keystone:SELECT=99,keystone:INSERT=1 {{(pid=87306) stat_writer /usr/local/lib/python3.8/dist-packages/dbcounter.py:114}}
Aug 04 16:34:40.091319 n-d-847009-10 devstack@keystone.service[87306]: DEBUG keystone.server.flask.request_processing.middleware.auth_context [None req-5ed378e5-d983-44e8-9036-72d0f9a987db None admin] Validating token access rules against request {{(pid=87306) validate_allowed_request /usr/local/lib/python3.8/dist-packages/keystonemiddleware/auth_token/__init__.py:545}}
Aug 04 16:34:40.091494 n-d-847009-10 devstack@keystone.service[87307]: DEBUG keystone.server.flask.request_processing.middleware.auth_context [None req-328c48b3-4ab0-429f-93d0-d92af8375aa7 None None] Authenticating user token {{(pid=87307) process_request /usr/local/lib/python3.8/dist-packages/keystonemiddleware/auth_token/__init__.py:407}}
Aug 04 16:34:40.131221 n-d-847009-10 devstack@keystone.service[87306]: DEBUG keystone.server.flask.request_processing.middleware.auth_context [None req-a78135e6-1cb9-46f4-a320-5aaafe722605 None admin] RBAC: auth_context: {'token': , 'domain_id': None, 'trust_id': None, 'trustor_id': None, 'trustee_id': None, 'domain_name': None, 'group_ids': [], 'user_id': '8bf275308220430884371c800ddd7875', 'user_domain_id': 'default', 'system_scope': 'all', 'project_id': None, 'project_domain_id': None, 'roles': ['admin', 'member', 'reader'], 'is_admin_project': True, 'service_user_id': None, 'service_user_domain_id': None, 'service_project_id': None, 'service_project_domain_id': None, 'service_roles': []} {{(pid=87306) fill_context /opt/stack/keystone/keystone/server/flask/request_processing/middleware/auth_context.py:478}}
Aug 04 16:34:40.131882 n-d-847009-10 devstack@keystone.service[87306]: DEBUG keystone.server.flask.request_processing.req_logging [None req-a78135e6-1cb9-46f4-a320-5aaafe722605 None admin] REQUEST_METHOD: `GET` {{(pid=87306) log_request_info /opt/stack/keystone/keystone/server/flask/request_processing/req_logging.py:27}}
Aug 04 16:34:40.132159 n-d-847009-10 devstack@keystone.service[87306]: DEBUG keystone.server.flask.request_processing.req_logging [None req-a78135e6-1cb9-46f4-a320-5aaafe722605 None admin] SCRIPT_NAME: `/identity` {{(pid=87306) log_request_info /opt/stack/keystone/keystone/server/flask/request_processing/req_logging.py:28}}
Aug 04 16:34:40.132428 n-d-847009-10 devstack@keystone.service[87306]: DEBUG keystone.server.flask.request_processing.req_logging [None req-a78135e6-1cb9-46f4-a320-5aaafe722605 None admin] PATH_INFO: `/v3/groups/6b6d9542622d4b9997f91cc5c83c685c` {{(pid=87306) log_request_info /opt/stack/keystone/keystone/server/flask/request_processing/req_logging.py:29}}
Aug 04 16:34:40.133604 n-d-847009-10 devstack@keystone.service[87306]: DEBUG keystone.common.rbac_enforcer.enforcer [None req-a78135e6-1cb9-46f4-a320-5aaafe722605 None admin] RBAC: Authorizing `identity:get_group(group_id=6b6d9542622d4b9997f91cc5c83c685c)` {{(pid=87306) enforce_call /opt/stack/keystone/keystone/common/rbac_enforcer/enforcer.py:449}}
Aug 04 16:34:40.135198 n-d-847009-10 devstack@keystone.service[87306]: DEBUG keystone.common.rbac_enforcer.enforcer [None req-a78135e6-1cb9-46f4-a320-5aaafe722605 None admin] RBAC: Authorization granted {{(pid=87306) enforce_call /opt/stack/keystone/keystone/common/rbac_enforcer/enforcer.py:457}}
Aug 04 16:34:40.141491 n-d-847009-10 devstack@keystone.service[87306]: [pid: 87306|app: 0|req: 214/424] 10.222.0.36 () {56 vars in 1180 bytes} [Thu Aug 4 16:34:39 2022] GET /identity/v3/groups/6b6d9542622d4b9997f91cc5c83c685c => generated 226 bytes in 199 msecs (HTTP/1.1 200) 5 headers in 177 bytes (1 switches on core 0)
Aug 04 16:34:40.143519 n-d-847009-10 devstack@keystone.service[87306]: DEBUG keystone.server.flask.request_processing.middleware.auth_context [None req-a78135e6-1cb9-46f4-a320-5aaafe722605 None admin] Authenticating user token {{(pid=87306) process_request /usr/local/lib/python3.8/dist-packages/keystonemiddleware/auth_token/__init__.py:407}}
Aug 04 16:34:40.197760 n-d-847009-10 devstack@keystone.service[87307]: DEBUG dbcounter [-] [87307] Writing DB stats keystone:SELECT=100 {{(pid=87307) stat_writer /usr/local/lib/python3.8/dist-packages/dbcounter.py:114}}
Aug 04 16:34:40.199931 n-d-847009-10 devstack@keystone.service[87307]: DEBUG keystone.server.flask.request_processing.middleware.auth_context [None req-328c48b3-4ab0-429f-93d0-d92af8375aa7 None None] Validating token access rules against request {{(pid=87307) validate_allowed_request /usr/local/lib/python3.8/dist-packages/keystonemiddleware/auth_token/__init__.py:545}}
Aug 04 16:34:40.236102 n-d-847009-10 devstack@keystone.service[87307]: DEBUG keystone.server.flask.request_processing.middleware.auth_context [None req-af8c5c24-b3be-4f3e-9bbb-86460bb2a107 None admin] RBAC: auth_context: {'token': , 'domain_id': None, 'trust_id': None, 'trustor_id': None, 'trustee_id': None, 'domain_name': None, 'group_ids': [], 'user_id': '8bf275308220430884371c800ddd7875', 'user_domain_id': 'default', 'system_scope': 'all', 'project_id': None, 'project_domain_id': None, 'roles': ['admin', 'member', 'reader'], 'is_admin_project': True, 'service_user_id': None, 'service_user_domain_id': None, 'service_project_id': None, 'service_project_domain_id': None, 'service_roles': []} {{(pid=87307) fill_context /opt/stack/keystone/keystone/server/flask/request_processing/middleware/auth_context.py:478}}
Aug 04 16:34:40.236758 n-d-847009-10 devstack@keystone.service[87307]: DEBUG keystone.server.flask.request_processing.req_logging [None req-af8c5c24-b3be-4f3e-9bbb-86460bb2a107 None admin] REQUEST_METHOD: `GET` {{(pid=87307) log_request_info /opt/stack/keystone/keystone/server/flask/request_processing/req_logging.py:27}}
Aug 04 16:34:40.237033 n-d-847009-10 devstack@keystone.service[87307]: DEBUG keystone.server.flask.request_processing.req_logging [None req-af8c5c24-b3be-4f3e-9bbb-86460bb2a107 None admin] SCRIPT_NAME: `/identity` {{(pid=87307) log_request_info /opt/stack/keystone/keystone/server/flask/request_processing/req_logging.py:28}}
Aug 04 16:34:40.237442 n-d-847009-10 devstack@keystone.service[87307]: DEBUG keystone.server.flask.request_processing.req_logging [None req-af8c5c24-b3be-4f3e-9bbb-86460bb2a107 None admin] PATH_INFO: `/v3/roles/anotherrole` {{(pid=87307) log_request_info /opt/stack/keystone/keystone/server/flask/request_processing/req_logging.py:29}}
Aug 04 16:34:40.248870 n-d-847009-10 devstack@keystone.service[87307]: DEBUG keystone.common.rbac_enforcer.enforcer [None req-af8c5c24-b3be-4f3e-9bbb-86460bb2a107 None admin] Extracting inferred target data resulted in "NOT FOUND (404)". {{(pid=87307) enforce_call /opt/stack/keystone/keystone/common/rbac_enforcer/enforcer.py:409}}
Aug 04 16:34:40.254245 n-d-847009-10 devstack@keystone.service[87307]: ERROR keystone.server.flask.application [None req-af8c5c24-b3be-4f3e-9bbb-86460bb2a107 None admin] Could not find role: anotherrole.: keystone.exception.RoleNotFound: Could not find role: anotherrole.
Aug 04 16:34:40.254245 n-d-847009-10 devstack@keystone.service[87307]: ERROR keystone.server.flask.application
Traceback (most recent call last):
Aug 04 16:34:40.254245 n-d-847009-10 devstack@keystone.service[87307]: ERROR keystone.server.flask.application
File "/usr/local/lib/python3.8/dist-packages/flask/app.py", line 1517, in full_dispatch_request
Aug 04 16:34:40.254245 n-d-847009-10 devstack@keystone.service[87307]: ERROR keystone.server.flask.application rv = self.dispatch_request()
Aug 04 16:34:40.254245 n-d-847009-10 devstack@keystone.service[87307]: ERROR keystone.server.flask.application
File "/usr/local/lib/python3.8/dist-packages/flask/app.py", line 1503, in dispatch_request
Aug 04 16:34:40.254245 n-d-847009-10 devstack@keystone.service[87307]: ERROR keystone.server.flask.application return self.ensure_sync(self.view_functions[rule.endpoint])(**req.view_args)
Aug 04 16:34:40.254245 n-d-847009-10 devstack@keystone.service[87307]: ERROR keystone.server.flask.application
File "/usr/local/lib/python3.8/dist-packages/flask_restful/__init__.py", line 467, in wrapper
Aug 04 16:34:40.254245 n-d-847009-10 devstack@keystone.service[87307]: ERROR keystone.server.flask.application resp = resource(*args, **kwargs)
Aug 04 16:34:40.254245 n-d-847009-10 devstack@keystone.service[87307]: ERROR keystone.server.flask.application
File "/usr/local/lib/python3.8/dist-packages/flask/views.py", line 84, in view
Aug 04 16:34:40.254245 n-d-847009-10 devstack@keystone.service[87307]: ERROR keystone.server.flask.application return current_app.ensure_sync(self.dispatch_request)(*args, **kwargs)
Aug 04 16:34:40.254245 n-d-847009-10 devstack@keystone.service[87307]: ERROR keystone.server.flask.application
File "/usr/local/lib/python3.8/dist-packages/flask_restful/__init__.py", line 582, in dispatch_request
Aug 04 16:34:40.254245 n-d-847009-10 devstack@keystone.service[87307]: ERROR keystone.server.flask.application resp = meth(*args, **kwargs)
Aug 04 16:34:40.254245 n-d-847009-10 devstack@keystone.service[87307]: ERROR keystone.server.flask.application
File "/opt/stack/keystone/keystone/api/roles.py", line 50, in get
Aug 04 16:34:40.254245 n-d-847009-10 devstack@keystone.service[87307]: ERROR keystone.server.flask.application return self._get_role(role_id)
Aug 04 16:34:40.254245 n-d-847009-10 devstack@keystone.service[87307]: ERROR keystone.server.flask.application
File "/opt/stack/keystone/keystone/api/roles.py", line 70, in _get_role
Aug 04 16:34:40.254245 n-d-847009-10 devstack@keystone.service[87307]: ERROR keystone.server.flask.application ENFORCER.enforce_call(action='identity:get_role')
Aug 04 16:34:40.255178 n-d-847009-10 devstack@keystone.service[87307]: ERROR keystone.server.flask.application
File "/opt/stack/keystone/keystone/common/rbac_enforcer/enforcer.py", line 402, in enforce_call
Aug 04 16:34:40.255178 n-d-847009-10 devstack@keystone.service[87307]: ERROR keystone.server.flask.application policy_dict.update(cls._extract_member_target_data(
Aug 04 16:34:40.255178 n-d-847009-10 devstack@keystone.service[87307]: ERROR keystone.server.flask.application
File "/opt/stack/keystone/keystone/common/rbac_enforcer/enforcer.py", line 234, in _extract_member_target_data
Aug 04 16:34:40.255178 n-d-847009-10 devstack@keystone.service[87307]: ERROR keystone.server.flask.application member_name: func(flask.request.view_args[key])
Aug 04 16:34:40.255178 n-d-847009-10 devstack@keystone.service[87307]: ERROR keystone.server.flask.application
File "/opt/stack/keystone/keystone/common/manager.py", line 115, in wrapped
Aug 04 16:34:40.255178 n-d-847009-10 devstack@keystone.service[87307]: ERROR keystone.server.flask.application __ret_val = __f(*args, **kwargs)
Aug 04 16:34:40.255178 n-d-847009-10 devstack@keystone.service[87307]: ERROR keystone.server.flask.application
File "/usr/local/lib/python3.8/dist-packages/decorator.py", line 232, in fun
Aug 04 16:34:40.255178 n-d-847009-10 devstack@keystone.service[87307]: ERROR keystone.server.flask.application return caller(func, *(extras + args), **kw)
Aug 04 16:34:40.255178 n-d-847009-10 devstack@keystone.service[87307]: ERROR keystone.server.flask.application
File "/usr/local/lib/python3.8/dist-packages/dogpile/cache/region.py", line 1577, in get_or_create_for_user_func
Aug 04 16:34:40.255178 n-d-847009-10 devstack@keystone.service[87307]: ERROR keystone.server.flask.application return self.get_or_create(
Aug 04 16:34:40.255178 n-d-847009-10 devstack@keystone.service[87307]: ERROR keystone.server.flask.application
File "/usr/local/lib/python3.8/dist-packages/dogpile/cache/region.py", line 1042, in get_or_create
Aug 04 16:34:40.255178 n-d-847009-10 devstack@keystone.service[87307]: ERROR keystone.server.flask.application with Lock(
Aug 04 16:34:40.255178 n-d-847009-10 devstack@keystone.service[87307]: ERROR keystone.server.flask.application
File "/usr/local/lib/python3.8/dist-packages/dogpile/lock.py", line 185, in __enter__
Aug 04 16:34:40.255178 n-d-847009-10 devstack@keystone.service[87307]: ERROR keystone.server.flask.application return self._enter()
Aug 04 16:34:40.255178 n-d-847009-10 devstack@keystone.service[87307]: ERROR keystone.server.flask.application
File "/usr/local/lib/python3.8/dist-packages/dogpile/lock.py", line 94, in _enter
Aug 04 16:34:40.255178 n-d-847009-10 devstack@keystone.service[87307]: ERROR keystone.server.flask.application generated = self._enter_create(value, createdtime)
Aug 04 16:34:40.255983 n-d-847009-10 devstack@keystone.service[87307]: ERROR keystone.server.flask.application
File "/usr/local/lib/python3.8/dist-packages/dogpile/lock.py", line 178, in _enter_create
Aug 04 16:34:40.255983 n-d-847009-10 devstack@keystone.service[87307]: ERROR keystone.server.flask.application return self.creator()
Aug 04 16:34:40.255983 n-d-847009-10 devstack@keystone.service[87307]: ERROR keystone.server.flask.application
File "/usr/local/lib/python3.8/dist-packages/dogpile/cache/region.py", line 995, in gen_value
Aug 04 16:34:40.255983 n-d-847009-10 devstack@keystone.service[87307]: ERROR keystone.server.flask.application created_value = creator(
Aug 04 16:34:40.255983 n-d-847009-10 devstack@keystone.service[87307]: ERROR keystone.server.flask.application
File "/opt/stack/keystone/keystone/assignment/core.py", line 1276, in get_role
Aug 04 16:34:40.255983 n-d-847009-10 devstack@keystone.service[87307]: ERROR keystone.server.flask.application return self.driver.get_role(role_id)
Aug 04 16:34:40.255983 n-d-847009-10 devstack@keystone.service[87307]: ERROR keystone.server.flask.application
File "/opt/stack/keystone/keystone/assignment/role_backends/sql.py", line 70, in get_role
Aug 04 16:34:40.255983 n-d-847009-10 devstack@keystone.service[87307]: ERROR keystone.server.flask.application return self._get_role(session, role_id).to_dict()
Aug 04 16:34:40.255983 n-d-847009-10 devstack@keystone.service[87307]: ERROR keystone.server.flask.application
File "/opt/stack/keystone/keystone/assignment/role_backends/sql.py", line 65, in _get_role
Aug 04 16:34:40.255983 n-d-847009-10 devstack@keystone.service[87307]: ERROR keystone.server.flask.application raise exception.RoleNotFound(role_id=role_id)
Aug 04 16:34:40.255983 n-d-847009-10 devstack@keystone.service[87307]: ERROR keystone.server.flask.application keystone.exception.RoleNotFound: Could not find role: anotherrole.
Aug 04 16:34:40.255983 n-d-847009-10 devstack@keystone.service[87307]: ERROR keystone.server.flask.application
Aug 04 16:34:40.255983 n-d-847009-10 devstack@keystone.service[87307]: [pid: 87307|app: 0|req: 211/425] 10.222.0.36 () {56 vars in 1114 bytes} [Thu Aug 4 16:34:40 2022] GET /identity/v3/roles/anotherrole => generated 89 bytes in 165 msecs (HTTP/1.1 404) 5 headers in 183 bytes (2 switches on core 0)
Aug 04 16:34:40.261591 n-d-847009-10 devstack@keystone.service[87307]: DEBUG keystone.server.flask.request_processing.middleware.auth_context [None req-af8c5c24-b3be-4f3e-9bbb-86460bb2a107 None admin] Authenticating user token {{(pid=87307) process_request /usr/local/lib/python3.8/dist-packages/keystonemiddleware/auth_token/__init__.py:407}}
Aug 04 16:34:40.369617 n-d-847009-10 devstack@keystone.service[87306]: DEBUG keystone.server.flask.request_processing.middleware.auth_context [None req-a78135e6-1cb9-46f4-a320-5aaafe722605 None admin] Validating token access rules against request {{(pid=87306) validate_allowed_request /usr/local/lib/python3.8/dist-packages/keystonemiddleware/auth_token/__init__.py:545}}
Aug 04 16:34:40.395319 n-d-847009-10 devstack@keystone.service[87307]: DEBUG keystone.server.flask.request_processing.middleware.auth_context [None req-af8c5c24-b3be-4f3e-9bbb-86460bb2a107 None admin] Validating token access rules against request {{(pid=87307) validate_allowed_request /usr/local/lib/python3.8/dist-packages/keystonemiddleware/auth_token/__init__.py:545}}
Aug 04 16:34:40.438785 n-d-847009-10 devstack@keystone.service[87306]: DEBUG keystone.server.flask.request_processing.middleware.auth_context [None req-b44ba94d-021b-41df-a87f-3e10e3167e44 None admin] RBAC: auth_context: {'token': , 'domain_id': None, 'trust_id': None, 'trustor_id': None, 'trustee_id': None, 'domain_name': None, 'group_ids': [], 'user_id': '8bf275308220430884371c800ddd7875', 'user_domain_id': 'default', 'system_scope': 'all', 'project_id': None, 'project_domain_id': None, 'roles': ['admin', 'member', 'reader'], 'is_admin_project': True, 'service_user_id': None, 'service_user_domain_id': None, 'service_project_id': None, 'service_project_domain_id': None, 'service_roles': []} {{(pid=87306) fill_context /opt/stack/keystone/keystone/server/flask/request_processing/middleware/auth_context.py:478}}
Aug 04 16:34:40.439420 n-d-847009-10 devstack@keystone.service[87306]: DEBUG keystone.server.flask.request_processing.req_logging [None req-b44ba94d-021b-41df-a87f-3e10e3167e44 None admin] REQUEST_METHOD: `GET` {{(pid=87306) log_request_info /opt/stack/keystone/keystone/server/flask/request_processing/req_logging.py:27}}
Aug 04 16:34:40.439698 n-d-847009-10 devstack@keystone.service[87306]: DEBUG keystone.server.flask.request_processing.req_logging [None req-b44ba94d-021b-41df-a87f-3e10e3167e44 None admin] SCRIPT_NAME: `/identity` {{(pid=87306) log_request_info /opt/stack/keystone/keystone/server/flask/request_processing/req_logging.py:28}}
Aug 04 16:34:40.439971 n-d-847009-10 devstack@keystone.service[87306]: DEBUG keystone.server.flask.request_processing.req_logging [None req-b44ba94d-021b-41df-a87f-3e10e3167e44 None admin] PATH_INFO: `/v3/role_assignments` {{(pid=87306) log_request_info /opt/stack/keystone/keystone/server/flask/request_processing/req_logging.py:29}}
Aug 04 16:34:40.440780 n-d-847009-10 devstack@keystone.service[87306]: DEBUG keystone.common.rbac_enforcer.enforcer [None req-b44ba94d-021b-41df-a87f-3e10e3167e44 None admin] RBAC: Adding query filter params (group.id=6b6d9542622d4b9997f91cc5c83c685c, role.id=05fd6f9b179149cfb467e750ffa860c0, scope.project.id=4f372dcb98db4b3091bab2f05319c005) {{(pid=87306) _extract_filter_values /opt/stack/keystone/keystone/common/rbac_enforcer/enforcer.py:167}}
Aug 04 16:34:40.441093 n-d-847009-10 devstack@keystone.service[87306]: DEBUG keystone.common.rbac_enforcer.enforcer [None req-b44ba94d-021b-41df-a87f-3e10e3167e44 None admin] RBAC: Authorizing `identity:list_role_assignments()` {{(pid=87306) enforce_call /opt/stack/keystone/keystone/common/rbac_enforcer/enforcer.py:449}}
Aug 04 16:34:40.442584 n-d-847009-10 devstack@keystone.service[87306]: DEBUG keystone.common.rbac_enforcer.enforcer [None req-b44ba94d-021b-41df-a87f-3e10e3167e44 None admin] RBAC: Authorization granted {{(pid=87306) enforce_call /opt/stack/keystone/keystone/common/rbac_enforcer/enforcer.py:457}}
Aug 04 16:34:40.457604 n-d-847009-10 devstack@keystone.service[87306]: [pid: 87306|app: 0|req: 215/426] 10.222.0.36 () {56 vars in 1376 bytes} [Thu Aug 4 16:34:40 2022] GET /identity/v3/role_assignments?group.id=6b6d9542622d4b9997f91cc5c83c685c&scope.project.id=4f372dcb98db4b3091bab2f05319c005&role.id=05fd6f9b179149cfb467e750ffa860c0 => generated 611 bytes in 314 msecs (HTTP/1.1 200) 5 headers in 177 bytes (2 switches on core 0)
Aug 04 16:34:40.461469 n-d-847009-10 devstack@keystone.service[87307]: DEBUG keystone.server.flask.request_processing.middleware.auth_context [None req-72207fb4-3b82-4327-b5ff-3bbbed3e2f93 None admin] RBAC: auth_context: {'token': , 'domain_id': None, 'trust_id': None, 'trustor_id': None, 'trustee_id': None, 'domain_name': None, 'group_ids': [], 'user_id': '8bf275308220430884371c800ddd7875', 'user_domain_id': 'default', 'system_scope': 'all', 'project_id': None, 'project_domain_id': None, 'roles': ['admin', 'member', 'reader'], 'is_admin_project': True, 'service_user_id': None, 'service_user_domain_id': None, 'service_project_id': None, 'service_project_domain_id': None, 'service_roles': []} {{(pid=87307) fill_context /opt/stack/keystone/keystone/server/flask/request_processing/middleware/auth_context.py:478}}
Aug 04 16:34:40.462155 n-d-847009-10 devstack@keystone.service[87307]: DEBUG keystone.server.flask.request_processing.req_logging [None req-72207fb4-3b82-4327-b5ff-3bbbed3e2f93 None admin] REQUEST_METHOD: `GET` {{(pid=87307) log_request_info /opt/stack/keystone/keystone/server/flask/request_processing/req_logging.py:27}}
Aug 04 16:34:40.462441 n-d-847009-10 devstack@keystone.service[87307]: DEBUG keystone.server.flask.request_processing.req_logging [None req-72207fb4-3b82-4327-b5ff-3bbbed3e2f93 None admin] SCRIPT_NAME: `/identity` {{(pid=87307) log_request_info /opt/stack/keystone/keystone/server/flask/request_processing/req_logging.py:28}}
Aug 04 16:34:40.462711 n-d-847009-10 devstack@keystone.service[87307]: DEBUG keystone.server.flask.request_processing.req_logging [None req-72207fb4-3b82-4327-b5ff-3bbbed3e2f93 None admin] PATH_INFO: `/v3/roles` {{(pid=87307) log_request_info /opt/stack/keystone/keystone/server/flask/request_processing/req_logging.py:29}}
Aug 04 16:34:40.463449 n-d-847009-10 devstack@keystone.service[87307]: DEBUG keystone.common.rbac_enforcer.enforcer [None req-72207fb4-3b82-4327-b5ff-3bbbed3e2f93 None admin] RBAC: Adding query filter params (name=anotherrole) {{(pid=87307) _extract_filter_values /opt/stack/keystone/keystone/common/rbac_enforcer/enforcer.py:167}}
Aug 04 16:34:40.463753 n-d-847009-10 devstack@keystone.service[87307]: DEBUG keystone.common.rbac_enforcer.enforcer [None req-72207fb4-3b82-4327-b5ff-3bbbed3e2f93 None admin] RBAC: Authorizing `identity:list_roles()` {{(pid=87307) enforce_call /opt/stack/keystone/keystone/common/rbac_enforcer/enforcer.py:449}}
Aug 04 16:34:40.465184 n-d-847009-10 devstack@keystone.service[87307]: DEBUG keystone.common.rbac_enforcer.enforcer [None req-72207fb4-3b82-4327-b5ff-3bbbed3e2f93 None admin] RBAC: Authorization granted {{(pid=87307) enforce_call /opt/stack/keystone/keystone/common/rbac_enforcer/enforcer.py:457}}
Aug 04 16:34:40.475223 n-d-847009-10 devstack@keystone.service[87307]: [pid: 87307|app: 0|req: 212/427] 10.222.0.36 () {56 vars in 1111 bytes} [Thu Aug 4 16:34:40 2022] GET /identity/v3/roles?name=anotherrole => generated 334 bytes in 214 msecs (HTTP/1.1 200) 5 headers in 177 bytes (2 switches on core 0)
Aug 04 16:34:40.480841 n-d-847009-10 devstack@keystone.service[87306]: DEBUG keystone.server.flask.request_processing.middleware.auth_context [None req-b44ba94d-021b-41df-a87f-3e10e3167e44 None admin] Authenticating user token {{(pid=87306) process_request /usr/local/lib/python3.8/dist-packages/keystonemiddleware/auth_token/__init__.py:407}}
Aug 04 16:34:40.528629 n-d-847009-10 devstack@keystone.service[87306]: DEBUG dbcounter [-] [87306] Writing DB stats keystone:SELECT=100 {{(pid=87306) stat_writer /usr/local/lib/python3.8/dist-packages/dbcounter.py:114}}
Aug 04 16:34:40.633830 n-d-847009-10 devstack@keystone.service[87306]: DEBUG keystone.server.flask.request_processing.middleware.auth_context [None req-b44ba94d-021b-41df-a87f-3e10e3167e44 None admin] Validating token access rules against request {{(pid=87306) validate_allowed_request /usr/local/lib/python3.8/dist-packages/keystonemiddleware/auth_token/__init__.py:545}}
Aug 04 16:34:40.672890 n-d-847009-10 devstack@keystone.service[87306]: DEBUG keystone.server.flask.request_processing.middleware.auth_context [None req-590ba3e5-197d-4fca-a9ce-8cc624faccf3 None admin] RBAC: auth_context: {'token': , 'domain_id': None, 'trust_id': None, 'trustor_id': None, 'trustee_id': None, 'domain_name': None, 'group_ids': [], 'user_id': '8bf275308220430884371c800ddd7875', 'user_domain_id': 'default', 'system_scope': 'all', 'project_id': None, 'project_domain_id': None, 'roles': ['admin', 'member', 'reader'], 'is_admin_project': True, 'service_user_id': None, 'service_user_domain_id': None, 'service_project_id': None, 'service_project_domain_id': None, 'service_roles': []} {{(pid=87306) fill_context /opt/stack/keystone/keystone/server/flask/request_processing/middleware/auth_context.py:478}}
Aug 04 16:34:40.673563 n-d-847009-10 devstack@keystone.service[87306]: DEBUG keystone.server.flask.request_processing.req_logging [None req-590ba3e5-197d-4fca-a9ce-8cc624faccf3 None admin] REQUEST_METHOD: `GET` {{(pid=87306) log_request_info /opt/stack/keystone/keystone/server/flask/request_processing/req_logging.py:27}}
Aug 04 16:34:40.673823 n-d-847009-10 devstack@keystone.service[87306]: DEBUG keystone.server.flask.request_processing.req_logging [None req-590ba3e5-197d-4fca-a9ce-8cc624faccf3 None admin] SCRIPT_NAME: `/identity` {{(pid=87306) log_request_info /opt/stack/keystone/keystone/server/flask/request_processing/req_logging.py:28}}
Aug 04 16:34:40.674098 n-d-847009-10 devstack@keystone.service[87306]: DEBUG keystone.server.flask.request_processing.req_logging [None req-590ba3e5-197d-4fca-a9ce-8cc624faccf3 None admin] PATH_INFO: `/v3/auth/tokens` {{(pid=87306) log_request_info /opt/stack/keystone/keystone/server/flask/request_processing/req_logging.py:29}}
Aug 04 16:34:40.751876 n-d-847009-10 devstack@keystone.service[87307]: DEBUG keystone.server.flask.request_processing.req_logging [None req-0e7f0ed5-d373-48a7-b6c6-74ea339a6c3b None None] REQUEST_METHOD: `GET` {{(pid=87307) log_request_info /opt/stack/keystone/keystone/server/flask/request_processing/req_logging.py:27}}
Aug 04 16:34:40.752330 n-d-847009-10 devstack@keystone.service[87307]: DEBUG keystone.server.flask.request_processing.req_logging [None req-0e7f0ed5-d373-48a7-b6c6-74ea339a6c3b None None] SCRIPT_NAME: `/identity` {{(pid=87307) log_request_info /opt/stack/keystone/keystone/server/flask/request_processing/req_logging.py:28}}
Aug 04 16:34:40.752428 n-d-847009-10 devstack@keystone.service[87307]: DEBUG keystone.server.flask.request_processing.req_logging [None req-0e7f0ed5-d373-48a7-b6c6-74ea339a6c3b None None] PATH_INFO: `/` {{(pid=87307) log_request_info /opt/stack/keystone/keystone/server/flask/request_processing/req_logging.py:29}}
Aug 04 16:34:40.754148 n-d-847009-10 devstack@keystone.service[87307]: [pid: 87307|app: 0|req: 213/428] 10.222.0.36 () {54 vars in 927 bytes} [Thu Aug 4 16:34:40 2022] GET /identity => generated 270 bytes in 3 msecs (HTTP/1.1 300) 6 headers in 234 bytes (1 switches on core 0)
Aug 04 16:34:40.759905 n-d-847009-10 devstack@keystone.service[87307]: DEBUG keystone.server.flask.request_processing.req_logging [None req-5639d2f5-fd32-41bb-8cea-70a25e2b98a1 None None] REQUEST_METHOD: `POST` {{(pid=87307) log_request_info /opt/stack/keystone/keystone/server/flask/request_processing/req_logging.py:27}}
Aug 04 16:34:40.760190 n-d-847009-10 devstack@keystone.service[87307]: DEBUG keystone.server.flask.request_processing.req_logging [None req-5639d2f5-fd32-41bb-8cea-70a25e2b98a1 None None] SCRIPT_NAME: `/identity` {{(pid=87307) log_request_info /opt/stack/keystone/keystone/server/flask/request_processing/req_logging.py:28}}
Aug 04 16:34:40.760470 n-d-847009-10 devstack@keystone.service[87307]: DEBUG keystone.server.flask.request_processing.req_logging [None req-5639d2f5-fd32-41bb-8cea-70a25e2b98a1 None None] PATH_INFO: `/v3/auth/tokens` {{(pid=87307) log_request_info /opt/stack/keystone/keystone/server/flask/request_processing/req_logging.py:29}}
Aug 04 16:34:40.764200 n-d-847009-10 devstack@keystone.service[87306]: DEBUG keystone.common.rbac_enforcer.enforcer [None req-590ba3e5-197d-4fca-a9ce-8cc624faccf3 None admin] RBAC: Authorizing `identity:validate_token()` {{(pid=87306) enforce_call /opt/stack/keystone/keystone/common/rbac_enforcer/enforcer.py:449}}
Aug 04 16:34:40.766058 n-d-847009-10 devstack@keystone.service[87306]: DEBUG keystone.common.rbac_enforcer.enforcer [None req-590ba3e5-197d-4fca-a9ce-8cc624faccf3 None admin] RBAC: Authorization granted {{(pid=87306) enforce_call /opt/stack/keystone/keystone/common/rbac_enforcer/enforcer.py:457}}
