Jun 21 14:04:45.619692 n-d-847009-1 devstack@placement-api.service[105091]: DEBUG placement.requestlog [req-c90eeece-7fdd-4396-acd5-fec07b8489ef req-6bfd2510-eda3-48d7-b681-90dc53d43d0b None None] Starting request: 10.222.0.78 "GET /placement/allocations/1aeb150d-5ef1-4b77-afe3-a86061f41bcc" {{(pid=105091) __call__ /opt/stack/placement/placement/requestlog.py:55}}
Jun 21 14:04:45.651156 n-d-847009-1 devstack@placement-api.service[105091]: INFO placement.requestlog [req-c90eeece-7fdd-4396-acd5-fec07b8489ef req-6bfd2510-eda3-48d7-b681-90dc53d43d0b service placement] 10.222.0.78 "GET /placement/allocations/1aeb150d-5ef1-4b77-afe3-a86061f41bcc" status: 200 len: 258 microversion: 1.28
Jun 21 14:04:45.653139 n-d-847009-1 devstack@placement-api.service[105091]: [pid: 105091|app: 0|req: 278/556] 10.222.0.78 () {60 vars in 1377 bytes} [Tue Jun 21 14:04:45 2022] GET /placement/allocations/1aeb150d-5ef1-4b77-afe3-a86061f41bcc => generated 258 bytes in 35 msecs (HTTP/1.1 200) 8 headers in 296 bytes (1 switches on core 0)
Jun 21 14:04:45.663364 n-d-847009-1 devstack@placement-api.service[105090]: DEBUG placement.requestlog [req-c90eeece-7fdd-4396-acd5-fec07b8489ef req-e747f82c-d1a5-490e-a0e4-7ad7f1e0c69b None None] Starting request: 10.222.0.78 "GET /placement/allocations/9837e191-ace5-4ad6-8cc0-3236e4dfe414" {{(pid=105090) __call__ /opt/stack/placement/placement/requestlog.py:55}}
Jun 21 14:04:45.701306 n-d-847009-1 devstack@placement-api.service[105090]: INFO placement.requestlog [req-c90eeece-7fdd-4396-acd5-fec07b8489ef req-e747f82c-d1a5-490e-a0e4-7ad7f1e0c69b service placement] 10.222.0.78 "GET /placement/allocations/9837e191-ace5-4ad6-8cc0-3236e4dfe414" status: 200 len: 259 microversion: 1.28
Jun 21 14:04:45.702150 n-d-847009-1 devstack@placement-api.service[105090]: [pid: 105090|app: 0|req: 279/557] 10.222.0.78 () {60 vars in 1377 bytes} [Tue Jun 21 14:04:45 2022] GET /placement/allocations/9837e191-ace5-4ad6-8cc0-3236e4dfe414 => generated 259 bytes in 39 msecs (HTTP/1.1 200) 8 headers in 296 bytes (1 switches on core 0)
Jun 21 14:04:45.710186 n-d-847009-1 devstack@placement-api.service[105091]: DEBUG placement.requestlog [req-c90eeece-7fdd-4396-acd5-fec07b8489ef req-32521356-4a21-4024-8e91-94dfa6b445c0 None None] Starting request: 10.222.0.78 "GET /placement/allocations/fc83a1d7-3cdc-4108-9a3a-e67d660b28aa" {{(pid=105091) __call__ /opt/stack/placement/placement/requestlog.py:55}}
Jun 21 14:04:45.766752 n-d-847009-1 devstack@placement-api.service[105091]: INFO placement.requestlog [req-c90eeece-7fdd-4396-acd5-fec07b8489ef req-32521356-4a21-4024-8e91-94dfa6b445c0 service placement] 10.222.0.78 "GET /placement/allocations/fc83a1d7-3cdc-4108-9a3a-e67d660b28aa" status: 200 len: 259 microversion: 1.28
Jun 21 14:04:45.770411 n-d-847009-1 devstack@placement-api.service[105091]: [pid: 105091|app: 0|req: 279/558] 10.222.0.78 () {60 vars in 1377 bytes} [Tue Jun 21 14:04:45 2022] GET /placement/allocations/fc83a1d7-3cdc-4108-9a3a-e67d660b28aa => generated 259 bytes in 61 msecs (HTTP/1.1 200) 8 headers in 296 bytes (1 switches on core 0)
Jun 21 14:04:45.782405 n-d-847009-1 devstack@placement-api.service[105090]: DEBUG placement.requestlog [req-e855d611-0cae-48f9-bb6c-ce7e1b639bfa req-934fe222-34dc-4980-b440-69904966ce27 None None] Starting request: 10.222.0.20 "GET /placement/allocations/17066f88-95df-444b-94a5-1ee241a53cc7" {{(pid=105090) __call__ /opt/stack/placement/placement/requestlog.py:55}}
Jun 21 14:04:45.798065 n-d-847009-1 devstack@placement-api.service[105091]: DEBUG placement.requestlog [req-c90eeece-7fdd-4396-acd5-fec07b8489ef req-708035db-fd58-439f-ab1c-30795c42d6df None None] Starting request: 10.222.0.78 "GET /placement/allocations/5c388b29-335f-4828-91db-500386713c27" {{(pid=105091) __call__ /opt/stack/placement/placement/requestlog.py:55}}
Jun 21 14:04:45.812539 n-d-847009-1 devstack@placement-api.service[105090]: INFO placement.requestlog [req-e855d611-0cae-48f9-bb6c-ce7e1b639bfa req-934fe222-34dc-4980-b440-69904966ce27 service placement] 10.222.0.20 "GET /placement/allocations/17066f88-95df-444b-94a5-1ee241a53cc7" status: 200 len: 19 microversion: 1.28
Jun 21 14:04:45.814828 n-d-847009-1 devstack@placement-api.service[105090]: [pid: 105090|app: 0|req: 280/559] 10.222.0.20 () {60 vars in 1380 bytes} [Tue Jun 21 14:04:45 2022] GET /placement/allocations/17066f88-95df-444b-94a5-1ee241a53cc7 => generated 19 bytes in 33 msecs (HTTP/1.1 200) 8 headers in 295 bytes (1 switches on core 0)
Jun 21 14:04:45.823151 n-d-847009-1 devstack@placement-api.service[105090]: DEBUG placement.requestlog [req-e855d611-0cae-48f9-bb6c-ce7e1b639bfa req-bffd2219-b62f-4388-87e4-e616c578af0c None None] Starting request: 10.222.0.20 "PUT /placement/allocations/17066f88-95df-444b-94a5-1ee241a53cc7" {{(pid=105090) __call__ /opt/stack/placement/placement/requestlog.py:55}}
Jun 21 14:04:45.836421 n-d-847009-1 devstack@placement-api.service[105091]: INFO placement.requestlog [req-c90eeece-7fdd-4396-acd5-fec07b8489ef req-708035db-fd58-439f-ab1c-30795c42d6df service placement] 10.222.0.78 "GET /placement/allocations/5c388b29-335f-4828-91db-500386713c27" status: 200 len: 259 microversion: 1.28
Jun 21 14:04:45.837094 n-d-847009-1 devstack@placement-api.service[105091]: [pid: 105091|app: 0|req: 280/560] 10.222.0.78 () {60 vars in 1377 bytes} [Tue Jun 21 14:04:45 2022] GET /placement/allocations/5c388b29-335f-4828-91db-500386713c27 => generated 259 bytes in 39 msecs (HTTP/1.1 200) 8 headers in 296 bytes (1 switches on core 0)
Jun 21 14:04:45.844589 n-d-847009-1 devstack@placement-api.service[105091]: DEBUG placement.requestlog [req-c90eeece-7fdd-4396-acd5-fec07b8489ef req-2380a84e-3e70-4c78-97b9-6e23b43da5b7 None None] Starting request: 10.222.0.78 "GET /placement/allocations/d5e0f572-a512-41b0-8c8a-3a5b4738f140" {{(pid=105091) __call__ /opt/stack/placement/placement/requestlog.py:55}}
Jun 21 14:04:45.875082 n-d-847009-1 devstack@placement-api.service[105091]: INFO placement.requestlog [req-c90eeece-7fdd-4396-acd5-fec07b8489ef req-2380a84e-3e70-4c78-97b9-6e23b43da5b7 service placement] 10.222.0.78 "GET /placement/allocations/d5e0f572-a512-41b0-8c8a-3a5b4738f140" status: 200 len: 259 microversion: 1.28
Jun 21 14:04:45.876317 n-d-847009-1 devstack@placement-api.service[105091]: [pid: 105091|app: 0|req: 281/561] 10.222.0.78 () {60 vars in 1377 bytes} [Tue Jun 21 14:04:45 2022] GET /placement/allocations/d5e0f572-a512-41b0-8c8a-3a5b4738f140 => generated 259 bytes in 32 msecs (HTTP/1.1 200) 8 headers in 296 bytes (1 switches on core 0)
Jun 21 14:04:45.885575 n-d-847009-1 devstack@placement-api.service[105091]: DEBUG placement.requestlog [req-c90eeece-7fdd-4396-acd5-fec07b8489ef req-cf65ba2f-faad-424b-87a1-2441202d68a2 None None] Starting request: 10.222.0.78 "GET /placement/allocations/0ff6d771-02b7-48a1-891c-535aac1ae508" {{(pid=105091) __call__ /opt/stack/placement/placement/requestlog.py:55}}
Jun 21 14:04:45.919095 n-d-847009-1 devstack@placement-api.service[105091]: INFO placement.requestlog [req-c90eeece-7fdd-4396-acd5-fec07b8489ef req-cf65ba2f-faad-424b-87a1-2441202d68a2 service placement] 10.222.0.78 "GET /placement/allocations/0ff6d771-02b7-48a1-891c-535aac1ae508" status: 200 len: 259 microversion: 1.28
Jun 21 14:04:45.922312 n-d-847009-1 devstack@placement-api.service[105091]: [pid: 105091|app: 0|req: 282/562] 10.222.0.78 () {60 vars in 1377 bytes} [Tue Jun 21 14:04:45 2022] GET /placement/allocations/0ff6d771-02b7-48a1-891c-535aac1ae508 => generated 259 bytes in 36 msecs (HTTP/1.1 200) 8 headers in 296 bytes (1 switches on core 0)
Jun 21 14:04:45.944520 n-d-847009-1 devstack@placement-api.service[105090]: DEBUG placement.handlers.allocation [req-e855d611-0cae-48f9-bb6c-ce7e1b639bfa req-bffd2219-b62f-4388-87e4-e616c578af0c service placement] Successfully wrote allocations [, , ] {{(pid=105090) _update_consumers_and_create_allocations /opt/stack/placement/placement/handlers/allocation.py:462}}
Jun 21 14:04:45.948393 n-d-847009-1 devstack@placement-api.service[105090]: INFO placement.requestlog [req-e855d611-0cae-48f9-bb6c-ce7e1b639bfa req-bffd2219-b62f-4388-87e4-e616c578af0c service placement] 10.222.0.20 "PUT /placement/allocations/17066f88-95df-444b-94a5-1ee241a53cc7" status: 204 len: 0 microversion: 1.36
Jun 21 14:04:45.948866 n-d-847009-1 devstack@placement-api.service[105090]: [pid: 105090|app: 0|req: 281/563] 10.222.0.20 () {64 vars in 1433 bytes} [Tue Jun 21 14:04:45 2022] PUT /placement/allocations/17066f88-95df-444b-94a5-1ee241a53cc7 => generated 0 bytes in 127 msecs (HTTP/1.1 204) 5 headers in 199 bytes (1 switches on core 0)
Jun 21 14:04:46.739983 n-d-847009-1 devstack@placement-api.service[105091]: DEBUG placement.requestlog [req-e855d611-0cae-48f9-bb6c-ce7e1b639bfa req-c7e2b60a-ed6f-4dd4-9477-ac7aace22d26 None None] Starting request: 10.222.0.83 "GET /placement/allocations/17066f88-95df-444b-94a5-1ee241a53cc7" {{(pid=105091) __call__ /opt/stack/placement/placement/requestlog.py:55}}
Jun 21 14:04:46.766125 n-d-847009-1 devstack@placement-api.service[105091]: INFO placement.requestlog [req-e855d611-0cae-48f9-bb6c-ce7e1b639bfa req-c7e2b60a-ed6f-4dd4-9477-ac7aace22d26 service placement] 10.222.0.83 "GET /placement/allocations/17066f88-95df-444b-94a5-1ee241a53cc7" status: 200 len: 259 microversion: 1.28
Jun 21 14:04:46.767009 n-d-847009-1 devstack@placement-api.service[105091]: [pid: 105091|app: 0|req: 283/564] 10.222.0.83 () {60 vars in 1377 bytes} [Tue Jun 21 14:04:46 2022] GET /placement/allocations/17066f88-95df-444b-94a5-1ee241a53cc7 => generated 259 bytes in 27 msecs (HTTP/1.1 200) 8 headers in 296 bytes (1 switches on core 0)
Jun 21 14:04:47.374785 n-d-847009-1 devstack@placement-api.service[105090]: DEBUG placement.requestlog [None req-5347e896-9f05-45b6-b39e-190e6e907fd9 None None] Starting request: 10.222.0.20 "GET /placement/" {{(pid=105090) __call__ /opt/stack/placement/placement/requestlog.py:55}}
Jun 21 14:04:47.378366 n-d-847009-1 devstack@placement-api.service[105090]: INFO placement.requestlog [None req-5347e896-9f05-45b6-b39e-190e6e907fd9 None None] 10.222.0.20 "GET /placement/" status: 200 len: 136 microversion: 1.0
Jun 21 14:04:47.378712 n-d-847009-1 devstack@placement-api.service[105090]: [pid: 105090|app: 0|req: 282/565] 10.222.0.20 () {54 vars in 916 bytes} [Tue Jun 21 14:04:47 2022] GET /placement => generated 136 bytes in 5 msecs (HTTP/1.1 200) 6 headers in 224 bytes (1 switches on core 0)
Jun 21 14:04:47.392605 n-d-847009-1 devstack@placement-api.service[105091]: DEBUG placement.requestlog [req-05a46fdd-3c6a-4625-9827-0a06273b6551 req-c3106eb2-1785-45a2-9afc-14a6786c77d2 None None] Starting request: 10.222.0.20 "GET /placement/allocations/7c9d86d7-02f8-4d99-bc36-ed3928abe7ef" {{(pid=105091) __call__ /opt/stack/placement/placement/requestlog.py:55}}
Jun 21 14:04:47.404409 n-d-847009-1 devstack@placement-api.service[105090]: DEBUG placement.requestlog [req-e855d611-0cae-48f9-bb6c-ce7e1b639bfa req-f73f39e2-b7f8-4da0-a934-31de327d1742 None None] Starting request: 10.222.0.83 "GET /placement/resource_providers/2e5da90c-752a-4fb0-be51-7163d7b42d30/allocations" {{(pid=105090) __call__ /opt/stack/placement/placement/requestlog.py:55}}
Jun 21 14:04:47.459827 n-d-847009-1 devstack@placement-api.service[105090]: INFO placement.requestlog [req-e855d611-0cae-48f9-bb6c-ce7e1b639bfa req-f73f39e2-b7f8-4da0-a934-31de327d1742 service placement] 10.222.0.83 "GET /placement/resource_providers/2e5da90c-752a-4fb0-be51-7163d7b42d30/allocations" status: 200 len: 962 microversion: 1.0
Jun 21 14:04:47.460515 n-d-847009-1 devstack@placement-api.service[105090]: [pid: 105090|app: 0|req: 283/566] 10.222.0.83 () {58 vars in 1390 bytes} [Tue Jun 21 14:04:47 2022] GET /placement/resource_providers/2e5da90c-752a-4fb0-be51-7163d7b42d30/allocations => generated 962 bytes in 57 msecs (HTTP/1.1 200) 6 headers in 224 bytes (1 switches on core 0)
Jun 21 14:04:47.468771 n-d-847009-1 devstack@placement-api.service[105090]: DEBUG placement.requestlog [req-e855d611-0cae-48f9-bb6c-ce7e1b639bfa req-5495c90a-abbb-4a95-90ee-7a314baa30a0 None None] Starting request: 10.222.0.83 "GET /placement/allocations/436a6675-3e85-4923-8a72-030a173aa07f" {{(pid=105090) __call__ /opt/stack/placement/placement/requestlog.py:55}}
Jun 21 14:04:47.503687 n-d-847009-1 devstack@placement-api.service[105090]: INFO placement.requestlog [req-e855d611-0cae-48f9-bb6c-ce7e1b639bfa req-5495c90a-abbb-4a95-90ee-7a314baa30a0 service placement] 10.222.0.83 "GET /placement/allocations/436a6675-3e85-4923-8a72-030a173aa07f" status: 200 len: 259 microversion: 1.28
Jun 21 14:04:47.504544 n-d-847009-1 devstack@placement-api.service[105090]: [pid: 105090|app: 0|req: 284/567] 10.222.0.83 () {60 vars in 1377 bytes} [Tue Jun 21 14:04:47 2022] GET /placement/allocations/436a6675-3e85-4923-8a72-030a173aa07f => generated 259 bytes in 36 msecs (HTTP/1.1 200) 8 headers in 296 bytes (2 switches on core 0)
Jun 21 14:04:47.512679 n-d-847009-1 devstack@placement-api.service[105090]: DEBUG placement.requestlog [req-e855d611-0cae-48f9-bb6c-ce7e1b639bfa req-1663c0db-5e2e-487b-bcff-fd4627cf0520 None None] Starting request: 10.222.0.83 "GET /placement/allocations/74c6a486-b7db-4bfe-812f-051eddd4d6fa" {{(pid=105090) __call__ /opt/stack/placement/placement/requestlog.py:55}}
Jun 21 14:04:47.540209 n-d-847009-1 devstack@placement-api.service[105090]: INFO placement.requestlog [req-e855d611-0cae-48f9-bb6c-ce7e1b639bfa req-1663c0db-5e2e-487b-bcff-fd4627cf0520 service placement] 10.222.0.83 "GET /placement/allocations/74c6a486-b7db-4bfe-812f-051eddd4d6fa" status: 200 len: 259 microversion: 1.28
Jun 21 14:04:47.540979 n-d-847009-1 devstack@placement-api.service[105090]: [pid: 105090|app: 0|req: 285/568] 10.222.0.83 () {60 vars in 1377 bytes} [Tue Jun 21 14:04:47 2022] GET /placement/allocations/74c6a486-b7db-4bfe-812f-051eddd4d6fa => generated 259 bytes in 28 msecs (HTTP/1.1 200) 8 headers in 296 bytes (2 switches on core 0)
Jun 21 14:04:47.566470 n-d-847009-1 devstack@placement-api.service[105090]: DEBUG placement.requestlog [req-e855d611-0cae-48f9-bb6c-ce7e1b639bfa req-e6a263dc-eadb-4149-81c3-ec635a91a4f3 None None] Starting request: 10.222.0.83 "GET /placement/allocations/0e9133df-6d54-45d8-8d15-fdb5053b3cb9" {{(pid=105090) __call__ /opt/stack/placement/placement/requestlog.py:55}}
Jun 21 14:04:47.604546 n-d-847009-1 devstack@placement-api.service[105091]: INFO placement.requestlog [req-05a46fdd-3c6a-4625-9827-0a06273b6551 req-c3106eb2-1785-45a2-9afc-14a6786c77d2 service placement] 10.222.0.20 "GET /placement/allocations/7c9d86d7-02f8-4d99-bc36-ed3928abe7ef" status: 200 len: 259 microversion: 1.28
Jun 21 14:04:47.610275 n-d-847009-1 devstack@placement-api.service[105090]: INFO placement.requestlog [req-e855d611-0cae-48f9-bb6c-ce7e1b639bfa req-e6a263dc-eadb-4149-81c3-ec635a91a4f3 service placement] 10.222.0.83 "GET /placement/allocations/0e9133df-6d54-45d8-8d15-fdb5053b3cb9" status: 200 len: 259 microversion: 1.28
Jun 21 14:04:47.610381 n-d-847009-1 devstack@placement-api.service[105091]: [pid: 105091|app: 0|req: 284/569] 10.222.0.20 () {60 vars in 1380 bytes} [Tue Jun 21 14:04:47 2022] GET /placement/allocations/7c9d86d7-02f8-4d99-bc36-ed3928abe7ef => generated 259 bytes in 216 msecs (HTTP/1.1 200) 8 headers in 296 bytes (2 switches on core 0)
Jun 21 14:04:47.610479 n-d-847009-1 devstack@placement-api.service[105090]: [pid: 105090|app: 0|req: 286/570] 10.222.0.83 () {60 vars in 1377 bytes} [Tue Jun 21 14:04:47 2022] GET /placement/allocations/0e9133df-6d54-45d8-8d15-fdb5053b3cb9 => generated 259 bytes in 43 msecs (HTTP/1.1 200) 8 headers in 296 bytes (1 switches on core 0)
Jun 21 14:04:47.616797 n-d-847009-1 devstack@placement-api.service[105091]: DEBUG placement.requestlog [req-e855d611-0cae-48f9-bb6c-ce7e1b639bfa req-8257c22b-936b-4866-b504-8e5cce046375 None None] Starting request: 10.222.0.83 "GET /placement/allocations/183669c1-4108-414d-989d-46877632e832" {{(pid=105091) __call__ /opt/stack/placement/placement/requestlog.py:55}}
Jun 21 14:04:47.617755 n-d-847009-1 devstack@placement-api.service[105090]: DEBUG placement.requestlog [req-05a46fdd-3c6a-4625-9827-0a06273b6551 req-58c850d5-1091-4fc7-ba52-85bb31a4fd22 None None] Starting request: 10.222.0.20 "GET /placement/allocations/7c9d86d7-02f8-4d99-bc36-ed3928abe7ef" {{(pid=105090) __call__ /opt/stack/placement/placement/requestlog.py:55}}
Jun 21 14:04:47.671304 n-d-847009-1 devstack@placement-api.service[105091]: INFO placement.requestlog [req-e855d611-0cae-48f9-bb6c-ce7e1b639bfa req-8257c22b-936b-4866-b504-8e5cce046375 service placement] 10.222.0.83 "GET /placement/allocations/183669c1-4108-414d-989d-46877632e832" status: 200 len: 259 microversion: 1.28
Jun 21 14:04:47.672651 n-d-847009-1 devstack@placement-api.service[105090]: INFO placement.requestlog [req-05a46fdd-3c6a-4625-9827-0a06273b6551 req-58c850d5-1091-4fc7-ba52-85bb31a4fd22 service placement] 10.222.0.20 "GET /placement/allocations/7c9d86d7-02f8-4d99-bc36-ed3928abe7ef" status: 200 len: 259 microversion: 1.28
Jun 21 14:04:47.673347 n-d-847009-1 devstack@placement-api.service[105090]: [pid: 105090|app: 0|req: 287/571] 10.222.0.20 () {60 vars in 1380 bytes} [Tue Jun 21 14:04:47 2022] GET /placement/allocations/7c9d86d7-02f8-4d99-bc36-ed3928abe7ef => generated 259 bytes in 56 msecs (HTTP/1.1 200) 8 headers in 296 bytes (1 switches on core 0)
Jun 21 14:04:47.682075 n-d-847009-1 devstack@placement-api.service[105090]: DEBUG placement.requestlog [req-05a46fdd-3c6a-4625-9827-0a06273b6551 req-33032e28-8ee9-45a7-8dce-201ce9060b78 None None] Starting request: 10.222.0.20 "GET /placement/allocations/0b40fae0-7251-4e85-bc98-b1ca3b7a5cb0" {{(pid=105090) __call__ /opt/stack/placement/placement/requestlog.py:55}}
Jun 21 14:04:47.682497 n-d-847009-1 devstack@placement-api.service[105091]: [pid: 105091|app: 0|req: 285/572] 10.222.0.83 () {60 vars in 1377 bytes} [Tue Jun 21 14:04:47 2022] GET /placement/allocations/183669c1-4108-414d-989d-46877632e832 => generated 259 bytes in 67 msecs (HTTP/1.1 200) 8 headers in 296 bytes (1 switches on core 0)
Jun 21 14:04:47.689259 n-d-847009-1 devstack@placement-api.service[105091]: DEBUG placement.requestlog [req-e855d611-0cae-48f9-bb6c-ce7e1b639bfa req-92ec969d-97d1-4ef3-9b91-063a7088f3cf None None] Starting request: 10.222.0.83 "GET /placement/allocations/17066f88-95df-444b-94a5-1ee241a53cc7" {{(pid=105091) __call__ /opt/stack/placement/placement/requestlog.py:55}}
Jun 21 14:04:47.720500 n-d-847009-1 devstack@placement-api.service[105090]: INFO placement.requestlog [req-05a46fdd-3c6a-4625-9827-0a06273b6551 req-33032e28-8ee9-45a7-8dce-201ce9060b78 service placement] 10.222.0.20 "GET /placement/allocations/0b40fae0-7251-4e85-bc98-b1ca3b7a5cb0" status: 200 len: 19 microversion: 1.28
Jun 21 14:04:47.721236 n-d-847009-1 devstack@placement-api.service[105090]: [pid: 105090|app: 0|req: 288/573] 10.222.0.20 () {60 vars in 1380 bytes} [Tue Jun 21 14:04:47 2022] GET /placement/allocations/0b40fae0-7251-4e85-bc98-b1ca3b7a5cb0 => generated 19 bytes in 40 msecs (HTTP/1.1 200) 8 headers in 295 bytes (1 switches on core 0)
Jun 21 14:04:47.727367 n-d-847009-1 devstack@placement-api.service[105091]: INFO placement.requestlog [req-e855d611-0cae-48f9-bb6c-ce7e1b639bfa req-92ec969d-97d1-4ef3-9b91-063a7088f3cf service placement] 10.222.0.83 "GET /placement/allocations/17066f88-95df-444b-94a5-1ee241a53cc7" status: 200 len: 259 microversion: 1.28
Jun 21 14:04:47.728215 n-d-847009-1 devstack@placement-api.service[105091]: [pid: 105091|app: 0|req: 286/574] 10.222.0.83 () {60 vars in 1377 bytes} [Tue Jun 21 14:04:47 2022] GET /placement/allocations/17066f88-95df-444b-94a5-1ee241a53cc7 => generated 259 bytes in 39 msecs (HTTP/1.1 200) 8 headers in 296 bytes (1 switches on core 0)
Jun 21 14:04:47.735531 n-d-847009-1 devstack@placement-api.service[105090]: DEBUG placement.requestlog [req-05a46fdd-3c6a-4625-9827-0a06273b6551 req-6a2c7134-9979-47a6-9c6b-3aedfaa1f871 None None] Starting request: 10.222.0.20 "POST /placement/allocations" {{(pid=105090) __call__ /opt/stack/placement/placement/requestlog.py:55}}
Jun 21 14:04:47.742528 n-d-847009-1 devstack@placement-api.service[105091]: DEBUG placement.requestlog [req-e855d611-0cae-48f9-bb6c-ce7e1b639bfa req-bd1ae40e-e55a-498a-bda1-6ccb5ed966ea None None] Starting request: 10.222.0.83 "GET /placement/allocations/169d6662-0530-4835-baca-5ba5020935ca" {{(pid=105091) __call__ /opt/stack/placement/placement/requestlog.py:55}}
Jun 21 14:04:47.779513 n-d-847009-1 devstack@placement-api.service[105091]: INFO placement.requestlog [req-e855d611-0cae-48f9-bb6c-ce7e1b639bfa req-bd1ae40e-e55a-498a-bda1-6ccb5ed966ea service placement] 10.222.0.83 "GET /placement/allocations/169d6662-0530-4835-baca-5ba5020935ca" status: 200 len: 259 microversion: 1.28
Jun 21 14:04:47.780746 n-d-847009-1 devstack@placement-api.service[105091]: [pid: 105091|app: 0|req: 287/575] 10.222.0.83 () {60 vars in 1377 bytes} [Tue Jun 21 14:04:47 2022] GET /placement/allocations/169d6662-0530-4835-baca-5ba5020935ca => generated 259 bytes in 40 msecs (HTTP/1.1 200) 8 headers in 296 bytes (1 switches on core 0)
Jun 21 14:04:47.787685 n-d-847009-1 devstack@placement-api.service[105091]: DEBUG placement.requestlog [req-e855d611-0cae-48f9-bb6c-ce7e1b639bfa req-a8f6b1ea-24b8-4b44-8708-f7928f27c84b None None] Starting request: 10.222.0.83 "GET /placement/allocations/bd89cf2b-2295-4ddf-9323-855692e358ae" {{(pid=105091) __call__ /opt/stack/placement/placement/requestlog.py:55}}
Jun 21 14:04:47.833619 n-d-847009-1 devstack@placement-api.service[105091]: INFO placement.requestlog [req-e855d611-0cae-48f9-bb6c-ce7e1b639bfa req-a8f6b1ea-24b8-4b44-8708-f7928f27c84b service placement] 10.222.0.83 "GET /placement/allocations/bd89cf2b-2295-4ddf-9323-855692e358ae" status: 200 len: 259 microversion: 1.28
Jun 21 14:04:47.837084 n-d-847009-1 devstack@placement-api.service[105091]: [pid: 105091|app: 0|req: 288/576] 10.222.0.83 () {60 vars in 1377 bytes} [Tue Jun 21 14:04:47 2022] GET /placement/allocations/bd89cf2b-2295-4ddf-9323-855692e358ae => generated 259 bytes in 48 msecs (HTTP/1.1 200) 8 headers in 296 bytes (1 switches on core 0)
Jun 21 14:04:47.842829 n-d-847009-1 devstack@placement-api.service[105090]: DEBUG dbcounter [-] [105090] Writing DB stats placement:SELECT=81,placement:INSERT=11,placement:DELETE=4,placement:UPDATE=4 {{(pid=105090) stat_writer /usr/local/lib/python3.8/dist-packages/dbcounter.py:114}}
Jun 21 14:04:47.845627 n-d-847009-1 devstack@placement-api.service[105091]: DEBUG placement.requestlog [req-e855d611-0cae-48f9-bb6c-ce7e1b639bfa req-94c8d2c8-fc24-4dc8-8b01-81de813c441f None None] Starting request: 10.222.0.83 "GET /placement/allocations/7c9d86d7-02f8-4d99-bc36-ed3928abe7ef" {{(pid=105091) __call__ /opt/stack/placement/placement/requestlog.py:55}}
Jun 21 14:04:47.889424 n-d-847009-1 devstack@placement-api.service[105091]: INFO placement.requestlog [req-e855d611-0cae-48f9-bb6c-ce7e1b639bfa req-94c8d2c8-fc24-4dc8-8b01-81de813c441f service placement] 10.222.0.83 "GET /placement/allocations/7c9d86d7-02f8-4d99-bc36-ed3928abe7ef" status: 200 len: 259 microversion: 1.28
Jun 21 14:04:47.889809 n-d-847009-1 devstack@placement-api.service[105091]: [pid: 105091|app: 0|req: 289/577] 10.222.0.83 () {60 vars in 1377 bytes} [Tue Jun 21 14:04:47 2022] GET /placement/allocations/7c9d86d7-02f8-4d99-bc36-ed3928abe7ef => generated 259 bytes in 44 msecs (HTTP/1.1 200) 8 headers in 296 bytes (2 switches on core 0)
Jun 21 14:04:47.899219 n-d-847009-1 devstack@placement-api.service[105091]: DEBUG placement.requestlog [req-e855d611-0cae-48f9-bb6c-ce7e1b639bfa req-302c7ace-8efe-44e1-ab5d-8729825d2161 None None] Starting request: 10.222.0.83 "GET /placement/allocations/073233ff-ccd1-4d0f-bc38-2a5d5d5ca1b7" {{(pid=105091) __call__ /opt/stack/placement/placement/requestlog.py:55}}
Jun 21 14:04:47.928291 n-d-847009-1 devstack@placement-api.service[105090]: DEBUG placement.handlers.allocation [req-05a46fdd-3c6a-4625-9827-0a06273b6551 req-6a2c7134-9979-47a6-9c6b-3aedfaa1f871 service placement] Successfully wrote allocations [, , , , , ] {{(pid=105090) _update_consumers_and_create_allocations /opt/stack/placement/placement/handlers/allocation.py:572}}
Jun 21 14:04:47.935977 n-d-847009-1 devstack@placement-api.service[105090]: INFO placement.requestlog [req-05a46fdd-3c6a-4625-9827-0a06273b6551 req-6a2c7134-9979-47a6-9c6b-3aedfaa1f871 service placement] 10.222.0.20 "POST /placement/allocations" status: 204 len: 0 microversion: 1.28
Jun 21 14:04:47.936631 n-d-847009-1 devstack@placement-api.service[105090]: [pid: 105090|app: 0|req: 289/578] 10.222.0.20 () {64 vars in 1323 bytes} [Tue Jun 21 14:04:47 2022] POST /placement/allocations => generated 0 bytes in 202 msecs (HTTP/1.1 204) 5 headers in 199 bytes (1 switches on core 0)
Jun 21 14:04:47.956881 n-d-847009-1 devstack@placement-api.service[105091]: INFO placement.requestlog [req-e855d611-0cae-48f9-bb6c-ce7e1b639bfa req-302c7ace-8efe-44e1-ab5d-8729825d2161 service placement] 10.222.0.83 "GET /placement/allocations/073233ff-ccd1-4d0f-bc38-2a5d5d5ca1b7" status: 200 len: 259 microversion: 1.28
Jun 21 14:04:47.957312 n-d-847009-1 devstack@placement-api.service[105091]: [pid: 105091|app: 0|req: 290/579] 10.222.0.83 () {60 vars in 1377 bytes} [Tue Jun 21 14:04:47 2022] GET /placement/allocations/073233ff-ccd1-4d0f-bc38-2a5d5d5ca1b7 => generated 259 bytes in 58 msecs (HTTP/1.1 200) 8 headers in 296 bytes (1 switches on core 0)
Jun 21 14:04:47.988892 n-d-847009-1 devstack@placement-api.service[105090]: DEBUG placement.requestlog [req-05a46fdd-3c6a-4625-9827-0a06273b6551 req-f20363c6-9cb9-44d3-b923-1fba16fa6e03 None None] Starting request: 10.222.0.20 "GET /placement/allocations/7c9d86d7-02f8-4d99-bc36-ed3928abe7ef" {{(pid=105090) __call__ /opt/stack/placement/placement/requestlog.py:55}}
Jun 21 14:04:48.017923 n-d-847009-1 devstack@placement-api.service[105090]: INFO placement.requestlog [req-05a46fdd-3c6a-4625-9827-0a06273b6551 req-f20363c6-9cb9-44d3-b923-1fba16fa6e03 service placement] 10.222.0.20 "GET /placement/allocations/7c9d86d7-02f8-4d99-bc36-ed3928abe7ef" status: 200 len: 19 microversion: 1.28
Jun 21 14:04:48.019871 n-d-847009-1 devstack@placement-api.service[105090]: [pid: 105090|app: 0|req: 290/580] 10.222.0.20 () {60 vars in 1380 bytes} [Tue Jun 21 14:04:47 2022] GET /placement/allocations/7c9d86d7-02f8-4d99-bc36-ed3928abe7ef => generated 19 bytes in 31 msecs (HTTP/1.1 200) 8 headers in 295 bytes (1 switches on core 0)
Jun 21 14:04:48.026140 n-d-847009-1 devstack@placement-api.service[105091]: DEBUG placement.requestlog [req-05a46fdd-3c6a-4625-9827-0a06273b6551 req-b2c62f9e-7e9c-44d9-bd99-7c546d13c8e8 None None] Starting request: 10.222.0.20 "PUT /placement/allocations/7c9d86d7-02f8-4d99-bc36-ed3928abe7ef" {{(pid=105091) __call__ /opt/stack/placement/placement/requestlog.py:55}}
Jun 21 14:04:48.036290 n-d-847009-1 devstack@placement-api.service[105091]: DEBUG dbcounter [-] [105091] Writing DB stats placement:SELECT=93,placement:DELETE=2,placement:INSERT=3,placement:UPDATE=2 {{(pid=105091) stat_writer /usr/local/lib/python3.8/dist-packages/dbcounter.py:114}}
Jun 21 14:04:48.153992 n-d-847009-1 devstack@placement-api.service[105091]: DEBUG placement.handlers.allocation [req-05a46fdd-3c6a-4625-9827-0a06273b6551 req-b2c62f9e-7e9c-44d9-bd99-7c546d13c8e8 service placement] Successfully wrote allocations [, , ] {{(pid=105091) _update_consumers_and_create_allocations /opt/stack/placement/placement/handlers/allocation.py:462}}
Jun 21 14:04:48.189534 n-d-847009-1 devstack@placement-api.service[105091]: INFO placement.requestlog [req-05a46fdd-3c6a-4625-9827-0a06273b6551 req-b2c62f9e-7e9c-44d9-bd99-7c546d13c8e8 service placement] 10.222.0.20 "PUT /placement/allocations/7c9d86d7-02f8-4d99-bc36-ed3928abe7ef" status: 204 len: 0 microversion: 1.28
Jun 21 14:04:48.190005 n-d-847009-1 devstack@placement-api.service[105091]: [pid: 105091|app: 0|req: 291/581] 10.222.0.20 () {64 vars in 1433 bytes} [Tue Jun 21 14:04:48 2022] PUT /placement/allocations/7c9d86d7-02f8-4d99-bc36-ed3928abe7ef => generated 0 bytes in 164 msecs (HTTP/1.1 204) 5 headers in 199 bytes (2 switches on core 0)
Jun 21 14:04:48.506920 n-d-847009-1 devstack@placement-api.service[105090]: DEBUG placement.requestlog [req-05a46fdd-3c6a-4625-9827-0a06273b6551 req-cd94ff26-fa9f-46cb-a2c3-1ffe5a030319 None None] Starting request: 10.222.0.78 "GET /placement/allocations/7c9d86d7-02f8-4d99-bc36-ed3928abe7ef" {{(pid=105090) __call__ /opt/stack/placement/placement/requestlog.py:55}}
Jun 21 14:04:48.522377 n-d-847009-1 devstack@placement-api.service[105090]: INFO placement.requestlog [req-05a46fdd-3c6a-4625-9827-0a06273b6551 req-cd94ff26-fa9f-46cb-a2c3-1ffe5a030319 service placement] 10.222.0.78 "GET /placement/allocations/7c9d86d7-02f8-4d99-bc36-ed3928abe7ef" status: 200 len: 259 microversion: 1.28
Jun 21 14:04:48.523252 n-d-847009-1 devstack@placement-api.service[105090]: [pid: 105090|app: 0|req: 291/582] 10.222.0.78 () {60 vars in 1377 bytes} [Tue Jun 21 14:04:48 2022] GET /placement/allocations/7c9d86d7-02f8-4d99-bc36-ed3928abe7ef => generated 259 bytes in 16 msecs (HTTP/1.1 200) 8 headers in 296 bytes (1 switches on core 0)
Jun 21 14:04:55.986355 n-d-847009-1 devstack@placement-api.service[105091]: DEBUG placement.requestlog [req-b3eaaf5c-7ee6-4a96-bd26-96e8d45b4630 req-ba43a77e-c9c0-4af7-bb76-d5205975169e None None] Starting request: 10.222.0.78 "GET /placement/resource_providers/c145914a-9994-4c1a-8fcf-dae6dcc9f181/allocations" {{(pid=105091) __call__ /opt/stack/placement/placement/requestlog.py:55}}
Jun 21 14:04:56.070547 n-d-847009-1 devstack@placement-api.service[105091]: INFO placement.requestlog [req-b3eaaf5c-7ee6-4a96-bd26-96e8d45b4630 req-ba43a77e-c9c0-4af7-bb76-d5205975169e service placement] 10.222.0.78 "GET /placement/resource_providers/c145914a-9994-4c1a-8fcf-dae6dcc9f181/allocations" status: 200 len: 759 microversion: 1.0
Jun 21 14:04:56.076078 n-d-847009-1 devstack@placement-api.service[105091]: [pid: 105091|app: 0|req: 292/583] 10.222.0.78 () {58 vars in 1390 bytes} [Tue Jun 21 14:04:55 2022] GET /placement/resource_providers/c145914a-9994-4c1a-8fcf-dae6dcc9f181/allocations => generated 759 bytes in 90 msecs (HTTP/1.1 200) 6 headers in 224 bytes (1 switches on core 0)
Jun 21 14:04:56.084220 n-d-847009-1 devstack@placement-api.service[105090]: DEBUG placement.requestlog [req-b3eaaf5c-7ee6-4a96-bd26-96e8d45b4630 req-7db74bf0-1c15-4dde-a740-6016f34cfec8 None None] Starting request: 10.222.0.78 "GET /placement/allocations/1aeb150d-5ef1-4b77-afe3-a86061f41bcc" {{(pid=105090) __call__ /opt/stack/placement/placement/requestlog.py:55}}
Jun 21 14:04:56.117578 n-d-847009-1 devstack@placement-api.service[105090]: INFO placement.requestlog [req-b3eaaf5c-7ee6-4a96-bd26-96e8d45b4630 req-7db74bf0-1c15-4dde-a740-6016f34cfec8 service placement] 10.222.0.78 "GET /placement/allocations/1aeb150d-5ef1-4b77-afe3-a86061f41bcc" status: 200 len: 258 microversion: 1.28
Jun 21 14:04:56.118606 n-d-847009-1 devstack@placement-api.service[105090]: [pid: 105090|app: 0|req: 292/584] 10.222.0.78 () {60 vars in 1377 bytes} [Tue Jun 21 14:04:56 2022] GET /placement/allocations/1aeb150d-5ef1-4b77-afe3-a86061f41bcc => generated 258 bytes in 34 msecs (HTTP/1.1 200) 8 headers in 296 bytes (1 switches on core 0)
Jun 21 14:04:56.127275 n-d-847009-1 devstack@placement-api.service[105091]: DEBUG placement.requestlog [req-b3eaaf5c-7ee6-4a96-bd26-96e8d45b4630 req-e8f539e4-5dec-4be9-a519-9ef675d6563c None None] Starting request: 10.222.0.78 "GET /placement/allocations/9837e191-ace5-4ad6-8cc0-3236e4dfe414" {{(pid=105091) __call__ /opt/stack/placement/placement/requestlog.py:55}}
Jun 21 14:04:56.164485 n-d-847009-1 devstack@placement-api.service[105091]: INFO placement.requestlog [req-b3eaaf5c-7ee6-4a96-bd26-96e8d45b4630 req-e8f539e4-5dec-4be9-a519-9ef675d6563c service placement] 10.222.0.78 "GET /placement/allocations/9837e191-ace5-4ad6-8cc0-3236e4dfe414" status: 200 len: 259 microversion: 1.28
Jun 21 14:04:56.169720 n-d-847009-1 devstack@placement-api.service[105091]: [pid: 105091|app: 0|req: 293/585] 10.222.0.78 () {60 vars in 1377 bytes} [Tue Jun 21 14:04:56 2022] GET /placement/allocations/9837e191-ace5-4ad6-8cc0-3236e4dfe414 => generated 259 bytes in 44 msecs (HTTP/1.1 200) 8 headers in 296 bytes (1 switches on core 0)
Jun 21 14:04:56.177554 n-d-847009-1 devstack@placement-api.service[105090]: DEBUG placement.requestlog [req-b3eaaf5c-7ee6-4a96-bd26-96e8d45b4630 req-2ffe516b-53a5-4b4d-b9c3-5174604266c3 None None] Starting request: 10.222.0.78 "GET /placement/allocations/fc83a1d7-3cdc-4108-9a3a-e67d660b28aa" {{(pid=105090) __call__ /opt/stack/placement/placement/requestlog.py:55}}
Jun 21 14:04:56.214673 n-d-847009-1 devstack@placement-api.service[105090]: INFO placement.requestlog [req-b3eaaf5c-7ee6-4a96-bd26-96e8d45b4630 req-2ffe516b-53a5-4b4d-b9c3-5174604266c3 service placement] 10.222.0.78 "GET /placement/allocations/fc83a1d7-3cdc-4108-9a3a-e67d660b28aa" status: 200 len: 259 microversion: 1.28
Jun 21 14:04:56.217870 n-d-847009-1 devstack@placement-api.service[105090]: [pid: 105090|app: 0|req: 293/586] 10.222.0.78 () {60 vars in 1377 bytes} [Tue Jun 21 14:04:56 2022] GET /placement/allocations/fc83a1d7-3cdc-4108-9a3a-e67d660b28aa => generated 259 bytes in 40 msecs (HTTP/1.1 200) 8 headers in 296 bytes (1 switches on core 0)
Jun 21 14:04:56.224273 n-d-847009-1 devstack@placement-api.service[105091]: DEBUG placement.requestlog [req-b3eaaf5c-7ee6-4a96-bd26-96e8d45b4630 req-236455e5-2db8-4629-a887-c7c2e36a4f4b None None] Starting request: 10.222.0.78 "GET /placement/allocations/5c388b29-335f-4828-91db-500386713c27" {{(pid=105091) __call__ /opt/stack/placement/placement/requestlog.py:55}}
Jun 21 14:04:56.248216 n-d-847009-1 devstack@placement-api.service[105091]: INFO placement.requestlog [req-b3eaaf5c-7ee6-4a96-bd26-96e8d45b4630 req-236455e5-2db8-4629-a887-c7c2e36a4f4b service placement] 10.222.0.78 "GET /placement/allocations/5c388b29-335f-4828-91db-500386713c27" status: 200 len: 259 microversion: 1.28
Jun 21 14:04:56.255898 n-d-847009-1 devstack@placement-api.service[105091]: [pid: 105091|app: 0|req: 294/587] 10.222.0.78 () {60 vars in 1377 bytes} [Tue Jun 21 14:04:56 2022] GET /placement/allocations/5c388b29-335f-4828-91db-500386713c27 => generated 259 bytes in 26 msecs (HTTP/1.1 200) 8 headers in 296 bytes (1 switches on core 0)
Jun 21 14:04:56.257860 n-d-847009-1 devstack@placement-api.service[105090]: DEBUG placement.requestlog [req-b3eaaf5c-7ee6-4a96-bd26-96e8d45b4630 req-cdd02048-3143-4353-817d-5f25fde5ecc8 None None] Starting request: 10.222.0.78 "GET /placement/allocations/d5e0f572-a512-41b0-8c8a-3a5b4738f140" {{(pid=105090) __call__ /opt/stack/placement/placement/requestlog.py:55}}
Jun 21 14:04:56.303329 n-d-847009-1 devstack@placement-api.service[105090]: INFO placement.requestlog [req-b3eaaf5c-7ee6-4a96-bd26-96e8d45b4630 req-cdd02048-3143-4353-817d-5f25fde5ecc8 service placement] 10.222.0.78 "GET /placement/allocations/d5e0f572-a512-41b0-8c8a-3a5b4738f140" status: 200 len: 259 microversion: 1.28
Jun 21 14:04:56.303997 n-d-847009-1 devstack@placement-api.service[105090]: [pid: 105090|app: 0|req: 294/588] 10.222.0.78 () {60 vars in 1377 bytes} [Tue Jun 21 14:04:56 2022] GET /placement/allocations/d5e0f572-a512-41b0-8c8a-3a5b4738f140 => generated 259 bytes in 46 msecs (HTTP/1.1 200) 8 headers in 296 bytes (2 switches on core 0)
Jun 21 14:04:56.311647 n-d-847009-1 devstack@placement-api.service[105091]: DEBUG placement.requestlog [req-b3eaaf5c-7ee6-4a96-bd26-96e8d45b4630 req-976051cd-ccd5-41c6-b01d-2ec30bb06c8e None None] Starting request: 10.222.0.78 "GET /placement/allocations/0ff6d771-02b7-48a1-891c-535aac1ae508" {{(pid=105091) __call__ /opt/stack/placement/placement/requestlog.py:55}}
Jun 21 14:04:56.348266 n-d-847009-1 devstack@placement-api.service[105091]: INFO placement.requestlog [req-b3eaaf5c-7ee6-4a96-bd26-96e8d45b4630 req-976051cd-ccd5-41c6-b01d-2ec30bb06c8e service placement] 10.222.0.78 "GET /placement/allocations/0ff6d771-02b7-48a1-891c-535aac1ae508" status: 200 len: 259 microversion: 1.28
Jun 21 14:04:56.353429 n-d-847009-1 devstack@placement-api.service[105091]: [pid: 105091|app: 0|req: 295/589] 10.222.0.78 () {60 vars in 1377 bytes} [Tue Jun 21 14:04:56 2022] GET /placement/allocations/0ff6d771-02b7-48a1-891c-535aac1ae508 => generated 259 bytes in 42 msecs (HTTP/1.1 200) 8 headers in 296 bytes (1 switches on core 0)
Jun 21 14:04:56.362149 n-d-847009-1 devstack@placement-api.service[105090]: DEBUG placement.requestlog [req-b3eaaf5c-7ee6-4a96-bd26-96e8d45b4630 req-825a62c7-09e5-49ee-ad92-90fa3cc3675e None None] Starting request: 10.222.0.78 "GET /placement/allocations/7c9d86d7-02f8-4d99-bc36-ed3928abe7ef" {{(pid=105090) __call__ /opt/stack/placement/placement/requestlog.py:55}}
Jun 21 14:04:56.398137 n-d-847009-1 devstack@placement-api.service[105090]: INFO placement.requestlog [req-b3eaaf5c-7ee6-4a96-bd26-96e8d45b4630 req-825a62c7-09e5-49ee-ad92-90fa3cc3675e service placement] 10.222.0.78 "GET /placement/allocations/7c9d86d7-02f8-4d99-bc36-ed3928abe7ef" status: 200 len: 259 microversion: 1.28
Jun 21 14:04:56.398524 n-d-847009-1 devstack@placement-api.service[105090]: [pid: 105090|app: 0|req: 295/590] 10.222.0.78 () {60 vars in 1377 bytes} [Tue Jun 21 14:04:56 2022] GET /placement/allocations/7c9d86d7-02f8-4d99-bc36-ed3928abe7ef => generated 259 bytes in 37 msecs (HTTP/1.1 200) 8 headers in 296 bytes (1 switches on core 0)
Jun 21 14:04:56.416305 n-d-847009-1 devstack@placement-api.service[105091]: DEBUG placement.requestlog [req-b3eaaf5c-7ee6-4a96-bd26-96e8d45b4630 req-ad3ba6d4-a363-4679-a8e0-8d81b9cca21a None None] Starting request: 10.222.0.78 "DELETE /placement/allocations/fc83a1d7-3cdc-4108-9a3a-e67d660b28aa" {{(pid=105091) __call__ /opt/stack/placement/placement/requestlog.py:55}}
Jun 21 14:04:56.484207 n-d-847009-1 devstack@placement-api.service[105091]: DEBUG placement.handlers.allocation [req-b3eaaf5c-7ee6-4a96-bd26-96e8d45b4630 req-ad3ba6d4-a363-4679-a8e0-8d81b9cca21a service placement] Successfully deleted allocations [, , ] {{(pid=105091) delete_allocations /opt/stack/placement/placement/handlers/allocation.py:627}}
Jun 21 14:04:56.484930 n-d-847009-1 devstack@placement-api.service[105091]: INFO placement.requestlog [req-b3eaaf5c-7ee6-4a96-bd26-96e8d45b4630 req-ad3ba6d4-a363-4679-a8e0-8d81b9cca21a service placement] 10.222.0.78 "DELETE /placement/allocations/fc83a1d7-3cdc-4108-9a3a-e67d660b28aa" status: 204 len: 0 microversion: 1.0
Jun 21 14:04:56.486315 n-d-847009-1 devstack@placement-api.service[105091]: [pid: 105091|app: 0|req: 296/591] 10.222.0.78 () {60 vars in 1355 bytes} [Tue Jun 21 14:04:56 2022] DELETE /placement/allocations/fc83a1d7-3cdc-4108-9a3a-e67d660b28aa => generated 0 bytes in 70 msecs (HTTP/1.1 204) 5 headers in 198 bytes (1 switches on core 0)
Jun 21 14:04:56.683885 n-d-847009-1 devstack@placement-api.service[105090]: DEBUG placement.requestlog [req-a8687123-8358-4f0c-a2f7-e71c912cadbe req-c9fba7a1-b3bf-4203-9bf3-060b77d7493b None None] Starting request: 10.222.0.20 "GET /placement/allocation_candidates?resources=DISK_GB%3A1%2CMEMORY_MB%3A1024%2CVCPU%3A1&root_required=%21COMPUTE_STATUS_DISABLED" {{(pid=105090) __call__ /opt/stack/placement/placement/requestlog.py:55}}
Jun 21 14:04:56.777270 n-d-847009-1 devstack@placement-api.service[105090]: DEBUG placement.objects.research_context [req-a8687123-8358-4f0c-a2f7-e71c912cadbe req-c9fba7a1-b3bf-4203-9bf3-060b77d7493b service placement] getting providers with 1 DISK_GB {{(pid=105090) __init__ /opt/stack/placement/placement/objects/research_context.py:136}}
Jun 21 14:04:56.803402 n-d-847009-1 devstack@placement-api.service[105090]: DEBUG placement.objects.research_context [req-a8687123-8358-4f0c-a2f7-e71c912cadbe req-c9fba7a1-b3bf-4203-9bf3-060b77d7493b service placement] getting providers with 1024 MEMORY_MB {{(pid=105090) __init__ /opt/stack/placement/placement/objects/research_context.py:136}}
Jun 21 14:04:56.823019 n-d-847009-1 devstack@placement-api.service[105090]: DEBUG placement.objects.research_context [req-a8687123-8358-4f0c-a2f7-e71c912cadbe req-c9fba7a1-b3bf-4203-9bf3-060b77d7493b service placement] getting providers with 1 VCPU {{(pid=105090) __init__ /opt/stack/placement/placement/objects/research_context.py:136}}
Jun 21 14:04:56.837791 n-d-847009-1 devstack@placement-api.service[105090]: DEBUG placement.objects.research_context [req-a8687123-8358-4f0c-a2f7-e71c912cadbe req-c9fba7a1-b3bf-4203-9bf3-060b77d7493b service placement] found 2 providers with available 1 DISK_GB {{(pid=105090) get_provider_ids_matching /opt/stack/placement/placement/objects/research_context.py:563}}
Jun 21 14:04:56.838146 n-d-847009-1 devstack@placement-api.service[105090]: DEBUG placement.objects.research_context [req-a8687123-8358-4f0c-a2f7-e71c912cadbe req-c9fba7a1-b3bf-4203-9bf3-060b77d7493b service placement] found 2 providers with available 1024 MEMORY_MB {{(pid=105090) get_provider_ids_matching /opt/stack/placement/placement/objects/research_context.py:563}}
Jun 21 14:04:56.838581 n-d-847009-1 devstack@placement-api.service[105090]: DEBUG placement.objects.research_context [req-a8687123-8358-4f0c-a2f7-e71c912cadbe req-c9fba7a1-b3bf-4203-9bf3-060b77d7493b service placement] found 2 providers after filtering by previous result {{(pid=105090) get_provider_ids_matching /opt/stack/placement/placement/objects/research_context.py:594}}
Jun 21 14:04:56.838970 n-d-847009-1 devstack@placement-api.service[105090]: DEBUG placement.objects.research_context [req-a8687123-8358-4f0c-a2f7-e71c912cadbe req-c9fba7a1-b3bf-4203-9bf3-060b77d7493b service placement] found 2 providers with available 1 VCPU {{(pid=105090) get_provider_ids_matching /opt/stack/placement/placement/objects/research_context.py:563}}
Jun 21 14:04:56.839426 n-d-847009-1 devstack@placement-api.service[105090]: DEBUG placement.objects.research_context [req-a8687123-8358-4f0c-a2f7-e71c912cadbe req-c9fba7a1-b3bf-4203-9bf3-060b77d7493b service placement] found 2 providers after filtering by previous result {{(pid=105090) get_provider_ids_matching /opt/stack/placement/placement/objects/research_context.py:594}}
Jun 21 14:04:56.869205 n-d-847009-1 devstack@placement-api.service[105090]: DEBUG placement.objects.allocation_candidate [req-a8687123-8358-4f0c-a2f7-e71c912cadbe req-c9fba7a1-b3bf-4203-9bf3-060b77d7493b service placement] RequestGroup(use_same_provider=False, resources={DISK_GB:1, MEMORY_MB:1024, VCPU:1}, traits=(), aggregates=[]) (suffix '') returned 2 matches {{(pid=105090) _get_by_requests /opt/stack/placement/placement/objects/allocation_candidate.py:156}}
Jun 21 14:04:56.869878 n-d-847009-1 devstack@placement-api.service[105090]: DEBUG placement.objects.allocation_candidate [req-a8687123-8358-4f0c-a2f7-e71c912cadbe req-c9fba7a1-b3bf-4203-9bf3-060b77d7493b service placement] Merging candidates yields 2 allocation requests and 2 provider summaries {{(pid=105090) _merge_candidates /opt/stack/placement/placement/objects/allocation_candidate.py:809}}
Jun 21 14:04:56.872508 n-d-847009-1 devstack@placement-api.service[105090]: INFO placement.requestlog [req-a8687123-8358-4f0c-a2f7-e71c912cadbe req-c9fba7a1-b3bf-4203-9bf3-060b77d7493b service placement] 10.222.0.20 "GET /placement/allocation_candidates?resources=DISK_GB%3A1%2CMEMORY_MB%3A1024%2CVCPU%3A1&root_required=%21COMPUTE_STATUS_DISABLED" status: 200 len: 1309 microversion: 1.36
Jun 21 14:04:56.879464 n-d-847009-1 devstack@placement-api.service[105090]: [pid: 105090|app: 0|req: 296/592] 10.222.0.20 () {60 vars in 1484 bytes} [Tue Jun 21 14:04:56 2022] GET /placement/allocation_candidates?resources=DISK_GB%3A1%2CMEMORY_MB%3A1024%2CVCPU%3A1&root_required=%21COMPUTE_STATUS_DISABLED => generated 1309 bytes in 196 msecs (HTTP/1.1 200) 8 headers in 297 bytes (1 switches on core 0)
Jun 21 14:04:56.989751 n-d-847009-1 devstack@placement-api.service[105091]: DEBUG placement.requestlog [req-a8687123-8358-4f0c-a2f7-e71c912cadbe req-02cb075f-f0a8-4e83-9bfb-19401e7c4e2f None None] Starting request: 10.222.0.20 "GET /placement/allocations/860a5cfc-1076-4a70-bbd1-5417fb2ac7bc" {{(pid=105091) __call__ /opt/stack/placement/placement/requestlog.py:55}}
Jun 21 14:04:57.007750 n-d-847009-1 devstack@placement-api.service[105091]: INFO placement.requestlog [req-a8687123-8358-4f0c-a2f7-e71c912cadbe req-02cb075f-f0a8-4e83-9bfb-19401e7c4e2f service placement] 10.222.0.20 "GET /placement/allocations/860a5cfc-1076-4a70-bbd1-5417fb2ac7bc" status: 200 len: 19 microversion: 1.28
Jun 21 14:04:57.010331 n-d-847009-1 devstack@placement-api.service[105091]: [pid: 105091|app: 0|req: 297/593] 10.222.0.20 () {60 vars in 1380 bytes} [Tue Jun 21 14:04:56 2022] GET /placement/allocations/860a5cfc-1076-4a70-bbd1-5417fb2ac7bc => generated 19 bytes in 20 msecs (HTTP/1.1 200) 8 headers in 295 bytes (1 switches on core 0)
Jun 21 14:04:57.015877 n-d-847009-1 devstack@placement-api.service[105090]: DEBUG placement.requestlog [req-a8687123-8358-4f0c-a2f7-e71c912cadbe req-e35749f0-182b-44bf-b422-3a05dfaecc1a None None] Starting request: 10.222.0.20 "PUT /placement/allocations/860a5cfc-1076-4a70-bbd1-5417fb2ac7bc" {{(pid=105090) __call__ /opt/stack/placement/placement/requestlog.py:55}}
Jun 21 14:04:57.099417 n-d-847009-1 devstack@placement-api.service[105090]: DEBUG placement.handlers.allocation [req-a8687123-8358-4f0c-a2f7-e71c912cadbe req-e35749f0-182b-44bf-b422-3a05dfaecc1a service placement] Successfully wrote allocations [, , ] {{(pid=105090) _update_consumers_and_create_allocations /opt/stack/placement/placement/handlers/allocation.py:462}}
Jun 21 14:04:57.104075 n-d-847009-1 devstack@placement-api.service[105090]: INFO placement.requestlog [req-a8687123-8358-4f0c-a2f7-e71c912cadbe req-e35749f0-182b-44bf-b422-3a05dfaecc1a service placement] 10.222.0.20 "PUT /placement/allocations/860a5cfc-1076-4a70-bbd1-5417fb2ac7bc" status: 204 len: 0 microversion: 1.36
Jun 21 14:04:57.112660 n-d-847009-1 devstack@placement-api.service[105090]: [pid: 105090|app: 0|req: 297/594] 10.222.0.20 () {64 vars in 1433 bytes} [Tue Jun 21 14:04:57 2022] PUT /placement/allocations/860a5cfc-1076-4a70-bbd1-5417fb2ac7bc => generated 0 bytes in 91 msecs (HTTP/1.1 204) 5 headers in 199 bytes (2 switches on core 0)
Jun 21 14:04:57.570956 n-d-847009-1 devstack@placement-api.service[105091]: DEBUG placement.requestlog [req-a8687123-8358-4f0c-a2f7-e71c912cadbe req-81cb9595-63be-4f81-a4c9-8da50ca6d242 None None] Starting request: 10.222.0.78 "GET /placement/allocations/860a5cfc-1076-4a70-bbd1-5417fb2ac7bc" {{(pid=105091) __call__ /opt/stack/placement/placement/requestlog.py:55}}
Jun 21 14:04:57.607013 n-d-847009-1 devstack@placement-api.service[105091]: INFO placement.requestlog [req-a8687123-8358-4f0c-a2f7-e71c912cadbe req-81cb9595-63be-4f81-a4c9-8da50ca6d242 service placement] 10.222.0.78 "GET /placement/allocations/860a5cfc-1076-4a70-bbd1-5417fb2ac7bc" status: 200 len: 259 microversion: 1.28
Jun 21 14:04:57.610282 n-d-847009-1 devstack@placement-api.service[105091]: [pid: 105091|app: 0|req: 298/595] 10.222.0.78 () {60 vars in 1377 bytes} [Tue Jun 21 14:04:57 2022] GET /placement/allocations/860a5cfc-1076-4a70-bbd1-5417fb2ac7bc => generated 259 bytes in 40 msecs (HTTP/1.1 200) 8 headers in 296 bytes (1 switches on core 0)
Jun 21 14:04:58.090053 n-d-847009-1 devstack@placement-api.service[105090]: DEBUG placement.requestlog [req-a8687123-8358-4f0c-a2f7-e71c912cadbe req-f8b9e807-769b-443a-a09b-f3f00e66d923 None None] Starting request: 10.222.0.78 "GET /placement/resource_providers/c145914a-9994-4c1a-8fcf-dae6dcc9f181/allocations" {{(pid=105090) __call__ /opt/stack/placement/placement/requestlog.py:55}}
Jun 21 14:04:58.149528 n-d-847009-1 devstack@placement-api.service[105090]: INFO placement.requestlog [req-a8687123-8358-4f0c-a2f7-e71c912cadbe req-f8b9e807-769b-443a-a09b-f3f00e66d923 service placement] 10.222.0.78 "GET /placement/resource_providers/c145914a-9994-4c1a-8fcf-dae6dcc9f181/allocations" status: 200 len: 759 microversion: 1.0
Jun 21 14:04:58.153977 n-d-847009-1 devstack@placement-api.service[105090]: [pid: 105090|app: 0|req: 298/596] 10.222.0.78 () {58 vars in 1390 bytes} [Tue Jun 21 14:04:58 2022] GET /placement/resource_providers/c145914a-9994-4c1a-8fcf-dae6dcc9f181/allocations => generated 759 bytes in 61 msecs (HTTP/1.1 200) 6 headers in 224 bytes (1 switches on core 0)
Jun 21 14:04:58.157098 n-d-847009-1 devstack@placement-api.service[105091]: DEBUG placement.requestlog [req-a8687123-8358-4f0c-a2f7-e71c912cadbe req-dfe4ca0f-f919-43ed-a665-c99ca41fb245 None None] Starting request: 10.222.0.78 "GET /placement/allocations/1aeb150d-5ef1-4b77-afe3-a86061f41bcc" {{(pid=105091) __call__ /opt/stack/placement/placement/requestlog.py:55}}
Jun 21 14:04:58.181303 n-d-847009-1 devstack@placement-api.service[105091]: INFO placement.requestlog [req-a8687123-8358-4f0c-a2f7-e71c912cadbe req-dfe4ca0f-f919-43ed-a665-c99ca41fb245 service placement] 10.222.0.78 "GET /placement/allocations/1aeb150d-5ef1-4b77-afe3-a86061f41bcc" status: 200 len: 258 microversion: 1.28
Jun 21 14:04:58.183856 n-d-847009-1 devstack@placement-api.service[105091]: [pid: 105091|app: 0|req: 299/597] 10.222.0.78 () {60 vars in 1377 bytes} [Tue Jun 21 14:04:58 2022] GET /placement/allocations/1aeb150d-5ef1-4b77-afe3-a86061f41bcc => generated 258 bytes in 27 msecs (HTTP/1.1 200) 8 headers in 296 bytes (1 switches on core 0)
Jun 21 14:04:58.190702 n-d-847009-1 devstack@placement-api.service[105090]: DEBUG placement.requestlog [req-a8687123-8358-4f0c-a2f7-e71c912cadbe req-17d4c3ff-d113-4a39-bf57-27f02058d1f0 None None] Starting request: 10.222.0.78 "GET /placement/allocations/9837e191-ace5-4ad6-8cc0-3236e4dfe414" {{(pid=105090) __call__ /opt/stack/placement/placement/requestlog.py:55}}
Jun 21 14:04:58.227019 n-d-847009-1 devstack@placement-api.service[105090]: INFO placement.requestlog [req-a8687123-8358-4f0c-a2f7-e71c912cadbe req-17d4c3ff-d113-4a39-bf57-27f02058d1f0 service placement] 10.222.0.78 "GET /placement/allocations/9837e191-ace5-4ad6-8cc0-3236e4dfe414" status: 200 len: 259 microversion: 1.28
