Jun 21 14:01:21.397538 n-d-847009-1 devstack@placement-api.service[105091]: [pid: 105091|app: 0|req: 31/62] 10.222.0.78 () {60 vars in 1377 bytes} [Tue Jun 21 14:01:21 2022] GET /placement/allocations/58381a8f-c1d8-4a53-9d04-d29b1c5bc655 => generated 258 bytes in 24 msecs (HTTP/1.1 200) 8 headers in 296 bytes (1 switches on core 0)
Jun 21 14:01:21.406032 n-d-847009-1 devstack@placement-api.service[105090]: DEBUG placement.requestlog [req-2c18aa33-a279-4d41-a84e-1fbfb569d225 req-d260446e-f3ba-4ecd-a37d-a7cd440bdb47 None None] Starting request: 10.222.0.78 "DELETE /placement/allocations/58381a8f-c1d8-4a53-9d04-d29b1c5bc655" {{(pid=105090) __call__ /opt/stack/placement/placement/requestlog.py:55}}
Jun 21 14:01:21.454792 n-d-847009-1 devstack@placement-api.service[105090]: DEBUG placement.handlers.allocation [req-2c18aa33-a279-4d41-a84e-1fbfb569d225 req-d260446e-f3ba-4ecd-a37d-a7cd440bdb47 service placement] Successfully deleted allocations [, , ] {{(pid=105090) delete_allocations /opt/stack/placement/placement/handlers/allocation.py:627}}
Jun 21 14:01:21.455789 n-d-847009-1 devstack@placement-api.service[105090]: INFO placement.requestlog [req-2c18aa33-a279-4d41-a84e-1fbfb569d225 req-d260446e-f3ba-4ecd-a37d-a7cd440bdb47 service placement] 10.222.0.78 "DELETE /placement/allocations/58381a8f-c1d8-4a53-9d04-d29b1c5bc655" status: 204 len: 0 microversion: 1.0
Jun 21 14:01:21.456501 n-d-847009-1 devstack@placement-api.service[105090]: [pid: 105090|app: 0|req: 32/63] 10.222.0.78 () {60 vars in 1355 bytes} [Tue Jun 21 14:01:21 2022] DELETE /placement/allocations/58381a8f-c1d8-4a53-9d04-d29b1c5bc655 => generated 0 bytes in 51 msecs (HTTP/1.1 204) 5 headers in 198 bytes (1 switches on core 0)
Jun 21 14:01:22.377746 n-d-847009-1 devstack@placement-api.service[105091]: DEBUG placement.requestlog [req-a0e56b56-0b73-40d0-bb94-593e5dff1bcf req-bc4d713f-681f-4ca4-8501-d63a7281443b None None] Starting request: 10.222.0.20 "GET /placement/resource_providers?name=n-h1-847009-1" {{(pid=105091) __call__ /opt/stack/placement/placement/requestlog.py:55}}
Jun 21 14:01:22.402122 n-d-847009-1 devstack@placement-api.service[105091]: INFO placement.requestlog [req-a0e56b56-0b73-40d0-bb94-593e5dff1bcf req-bc4d713f-681f-4ca4-8501-d63a7281443b service placement] 10.222.0.20 "GET /placement/resource_providers?name=n-h1-847009-1" status: 200 len: 440 microversion: 1.0
Jun 21 14:01:22.412877 n-d-847009-1 devstack@placement-api.service[105091]: [pid: 105091|app: 0|req: 32/64] 10.222.0.20 () {58 vars in 1274 bytes} [Tue Jun 21 14:01:22 2022] GET /placement/resource_providers?name=n-h1-847009-1 => generated 440 bytes in 37 msecs (HTTP/1.1 200) 6 headers in 224 bytes (1 switches on core 0)
Jun 21 14:01:22.414913 n-d-847009-1 devstack@placement-api.service[105090]: DEBUG placement.requestlog [req-a0e56b56-0b73-40d0-bb94-593e5dff1bcf req-868b5d71-7b21-4b96-b197-b21d11d355e5 None None] Starting request: 10.222.0.20 "GET /placement/resource_providers/c145914a-9994-4c1a-8fcf-dae6dcc9f181/aggregates" {{(pid=105090) __call__ /opt/stack/placement/placement/requestlog.py:55}}
Jun 21 14:01:22.434460 n-d-847009-1 devstack@placement-api.service[105090]: INFO placement.requestlog [req-a0e56b56-0b73-40d0-bb94-593e5dff1bcf req-868b5d71-7b21-4b96-b197-b21d11d355e5 service placement] 10.222.0.20 "GET /placement/resource_providers/c145914a-9994-4c1a-8fcf-dae6dcc9f181/aggregates" status: 200 len: 91 microversion: 1.19
Jun 21 14:01:22.435971 n-d-847009-1 devstack@placement-api.service[105090]: [pid: 105090|app: 0|req: 33/65] 10.222.0.20 () {60 vars in 1425 bytes} [Tue Jun 21 14:01:22 2022] GET /placement/resource_providers/c145914a-9994-4c1a-8fcf-dae6dcc9f181/aggregates => generated 91 bytes in 21 msecs (HTTP/1.1 200) 8 headers in 295 bytes (1 switches on core 0)
Jun 21 14:01:22.460565 n-d-847009-1 devstack@placement-api.service[105091]: DEBUG placement.requestlog [req-a0e56b56-0b73-40d0-bb94-593e5dff1bcf req-fea4b17c-904b-4476-aa67-63c6770ed097 None None] Starting request: 10.222.0.20 "PUT /placement/resource_providers/c145914a-9994-4c1a-8fcf-dae6dcc9f181/aggregates" {{(pid=105091) __call__ /opt/stack/placement/placement/requestlog.py:55}}
Jun 21 14:01:22.509988 n-d-847009-1 devstack@placement-api.service[105091]: DEBUG placement.objects.resource_provider [req-a0e56b56-0b73-40d0-bb94-593e5dff1bcf req-fea4b17c-904b-4476-aa67-63c6770ed097 service placement] Setting aggregates for provider c145914a-9994-4c1a-8fcf-dae6dcc9f181. Successfully disassociated aggregate ee373eed-5bb3-4390-8851-7dfeba05884b. {{(pid=105091) _set_aggregates /opt/stack/placement/placement/objects/resource_provider.py:404}}
Jun 21 14:01:22.521867 n-d-847009-1 devstack@placement-api.service[105091]: INFO placement.requestlog [req-a0e56b56-0b73-40d0-bb94-593e5dff1bcf req-fea4b17c-904b-4476-aa67-63c6770ed097 service placement] 10.222.0.20 "PUT /placement/resource_providers/c145914a-9994-4c1a-8fcf-dae6dcc9f181/aggregates" status: 200 len: 53 microversion: 1.19
Jun 21 14:01:22.523184 n-d-847009-1 devstack@placement-api.service[105091]: [pid: 105091|app: 0|req: 33/66] 10.222.0.20 () {64 vars in 1477 bytes} [Tue Jun 21 14:01:22 2022] PUT /placement/resource_providers/c145914a-9994-4c1a-8fcf-dae6dcc9f181/aggregates => generated 53 bytes in 63 msecs (HTTP/1.1 200) 8 headers in 295 bytes (2 switches on core 0)
Jun 21 14:01:23.741521 n-d-847009-1 devstack@placement-api.service[105090]: DEBUG placement.requestlog [None req-fe68b1b6-4c2c-4c17-9e40-9b8c77d9e4e9 None None] Starting request: 10.222.0.20 "GET /placement/" {{(pid=105090) __call__ /opt/stack/placement/placement/requestlog.py:55}}
Jun 21 14:01:23.742421 n-d-847009-1 devstack@placement-api.service[105090]: INFO placement.requestlog [None req-fe68b1b6-4c2c-4c17-9e40-9b8c77d9e4e9 None None] 10.222.0.20 "GET /placement/" status: 200 len: 136 microversion: 1.0
Jun 21 14:01:23.743122 n-d-847009-1 devstack@placement-api.service[105090]: [pid: 105090|app: 0|req: 34/67] 10.222.0.20 () {54 vars in 907 bytes} [Tue Jun 21 14:01:23 2022] GET /placement => generated 136 bytes in 2 msecs (HTTP/1.1 200) 6 headers in 224 bytes (1 switches on core 0)
Jun 21 14:01:23.757773 n-d-847009-1 devstack@placement-api.service[105091]: DEBUG placement.requestlog [req-4080bb58-7c37-4cde-81d0-adda9188eecf req-d5c24a2c-7e68-4f2b-8e02-5cb6094e96b2 None None] Starting request: 10.222.0.20 "GET /placement/resource_providers?name=n-h1-847009-1" {{(pid=105091) __call__ /opt/stack/placement/placement/requestlog.py:55}}
Jun 21 14:01:24.052037 n-d-847009-1 devstack@placement-api.service[105091]: INFO placement.requestlog [req-4080bb58-7c37-4cde-81d0-adda9188eecf req-d5c24a2c-7e68-4f2b-8e02-5cb6094e96b2 service placement] 10.222.0.20 "GET /placement/resource_providers?name=n-h1-847009-1" status: 200 len: 440 microversion: 1.0
Jun 21 14:01:24.055631 n-d-847009-1 devstack@placement-api.service[105091]: [pid: 105091|app: 0|req: 34/68] 10.222.0.20 () {58 vars in 1274 bytes} [Tue Jun 21 14:01:23 2022] GET /placement/resource_providers?name=n-h1-847009-1 => generated 440 bytes in 298 msecs (HTTP/1.1 200) 6 headers in 224 bytes (1 switches on core 0)
Jun 21 14:01:24.063470 n-d-847009-1 devstack@placement-api.service[105090]: DEBUG placement.requestlog [req-4080bb58-7c37-4cde-81d0-adda9188eecf req-2383c1b3-8e24-4896-8afe-e5e88ddaeb32 None None] Starting request: 10.222.0.20 "GET /placement/resource_providers/c145914a-9994-4c1a-8fcf-dae6dcc9f181/aggregates" {{(pid=105090) __call__ /opt/stack/placement/placement/requestlog.py:55}}
Jun 21 14:01:24.088976 n-d-847009-1 devstack@placement-api.service[105090]: INFO placement.requestlog [req-4080bb58-7c37-4cde-81d0-adda9188eecf req-2383c1b3-8e24-4896-8afe-e5e88ddaeb32 service placement] 10.222.0.20 "GET /placement/resource_providers/c145914a-9994-4c1a-8fcf-dae6dcc9f181/aggregates" status: 200 len: 53 microversion: 1.19
Jun 21 14:01:24.098282 n-d-847009-1 devstack@placement-api.service[105091]: DEBUG placement.requestlog [req-4080bb58-7c37-4cde-81d0-adda9188eecf req-22693fe9-5f40-4021-ada9-4e3194e530d4 None None] Starting request: 10.222.0.20 "PUT /placement/resource_providers/c145914a-9994-4c1a-8fcf-dae6dcc9f181/aggregates" {{(pid=105091) __call__ /opt/stack/placement/placement/requestlog.py:55}}
Jun 21 14:01:24.107021 n-d-847009-1 devstack@placement-api.service[105090]: [pid: 105090|app: 0|req: 35/69] 10.222.0.20 () {60 vars in 1425 bytes} [Tue Jun 21 14:01:24 2022] GET /placement/resource_providers/c145914a-9994-4c1a-8fcf-dae6dcc9f181/aggregates => generated 53 bytes in 42 msecs (HTTP/1.1 200) 8 headers in 295 bytes (1 switches on core 0)
Jun 21 14:01:24.124192 n-d-847009-1 devstack@placement-api.service[105091]: DEBUG placement.objects.resource_provider [req-4080bb58-7c37-4cde-81d0-adda9188eecf req-22693fe9-5f40-4021-ada9-4e3194e530d4 service placement] _ensure_aggregate() did not find aggregate b28d36a5-4c9c-4e78-ae5b-f05c89712add. Attempting to create it. {{(pid=105091) _ensure_aggregate /opt/stack/placement/placement/objects/resource_provider.py:321}}
Jun 21 14:01:24.127598 n-d-847009-1 devstack@placement-api.service[105091]: DEBUG placement.objects.resource_provider [req-4080bb58-7c37-4cde-81d0-adda9188eecf req-22693fe9-5f40-4021-ada9-4e3194e530d4 service placement] _ensure_aggregate() created new aggregate b28d36a5-4c9c-4e78-ae5b-f05c89712add (id=2). {{(pid=105091) _ensure_aggregate /opt/stack/placement/placement/objects/resource_provider.py:327}}
Jun 21 14:01:24.133363 n-d-847009-1 devstack@placement-api.service[105091]: DEBUG placement.objects.resource_provider [req-4080bb58-7c37-4cde-81d0-adda9188eecf req-22693fe9-5f40-4021-ada9-4e3194e530d4 service placement] Setting aggregates for provider c145914a-9994-4c1a-8fcf-dae6dcc9f181. Successfully associated aggregate b28d36a5-4c9c-4e78-ae5b-f05c89712add. {{(pid=105091) _set_aggregates /opt/stack/placement/placement/objects/resource_provider.py:389}}
Jun 21 14:01:24.140436 n-d-847009-1 devstack@placement-api.service[105091]: INFO placement.requestlog [req-4080bb58-7c37-4cde-81d0-adda9188eecf req-22693fe9-5f40-4021-ada9-4e3194e530d4 service placement] 10.222.0.20 "PUT /placement/resource_providers/c145914a-9994-4c1a-8fcf-dae6dcc9f181/aggregates" status: 200 len: 91 microversion: 1.19
Jun 21 14:01:24.142197 n-d-847009-1 devstack@placement-api.service[105091]: [pid: 105091|app: 0|req: 35/70] 10.222.0.20 () {64 vars in 1477 bytes} [Tue Jun 21 14:01:24 2022] PUT /placement/resource_providers/c145914a-9994-4c1a-8fcf-dae6dcc9f181/aggregates => generated 91 bytes in 44 msecs (HTTP/1.1 200) 8 headers in 295 bytes (2 switches on core 0)
Jun 21 14:01:24.326193 n-d-847009-1 devstack@placement-api.service[105090]: DEBUG placement.requestlog [req-61c7398b-3284-42d2-8908-258607caa215 req-af9d3caf-e1f0-43ec-b42a-4ae0e3ead1a4 None None] Starting request: 10.222.0.20 "GET /placement/resource_providers?name=n-h1-847009-1" {{(pid=105090) __call__ /opt/stack/placement/placement/requestlog.py:55}}
Jun 21 14:01:24.342448 n-d-847009-1 devstack@placement-api.service[105090]: INFO placement.requestlog [req-61c7398b-3284-42d2-8908-258607caa215 req-af9d3caf-e1f0-43ec-b42a-4ae0e3ead1a4 service placement] 10.222.0.20 "GET /placement/resource_providers?name=n-h1-847009-1" status: 200 len: 440 microversion: 1.0
Jun 21 14:01:24.344481 n-d-847009-1 devstack@placement-api.service[105090]: [pid: 105090|app: 0|req: 36/71] 10.222.0.20 () {58 vars in 1274 bytes} [Tue Jun 21 14:01:24 2022] GET /placement/resource_providers?name=n-h1-847009-1 => generated 440 bytes in 18 msecs (HTTP/1.1 200) 6 headers in 224 bytes (1 switches on core 0)
Jun 21 14:01:24.351427 n-d-847009-1 devstack@placement-api.service[105091]: DEBUG placement.requestlog [req-61c7398b-3284-42d2-8908-258607caa215 req-a25173a9-a225-4b92-be56-c1e3611a5d33 None None] Starting request: 10.222.0.20 "GET /placement/resource_providers/c145914a-9994-4c1a-8fcf-dae6dcc9f181/aggregates" {{(pid=105091) __call__ /opt/stack/placement/placement/requestlog.py:55}}
Jun 21 14:01:24.372510 n-d-847009-1 devstack@placement-api.service[105091]: INFO placement.requestlog [req-61c7398b-3284-42d2-8908-258607caa215 req-a25173a9-a225-4b92-be56-c1e3611a5d33 service placement] 10.222.0.20 "GET /placement/resource_providers/c145914a-9994-4c1a-8fcf-dae6dcc9f181/aggregates" status: 200 len: 91 microversion: 1.19
Jun 21 14:01:24.374552 n-d-847009-1 devstack@placement-api.service[105091]: [pid: 105091|app: 0|req: 36/72] 10.222.0.20 () {60 vars in 1425 bytes} [Tue Jun 21 14:01:24 2022] GET /placement/resource_providers/c145914a-9994-4c1a-8fcf-dae6dcc9f181/aggregates => generated 91 bytes in 23 msecs (HTTP/1.1 200) 8 headers in 295 bytes (2 switches on core 0)
Jun 21 14:01:24.383464 n-d-847009-1 devstack@placement-api.service[105090]: DEBUG placement.requestlog [req-61c7398b-3284-42d2-8908-258607caa215 req-df0cc34f-4914-49a7-8584-4c13789a3c2f None None] Starting request: 10.222.0.20 "PUT /placement/resource_providers/c145914a-9994-4c1a-8fcf-dae6dcc9f181/aggregates" {{(pid=105090) __call__ /opt/stack/placement/placement/requestlog.py:55}}
Jun 21 14:01:24.410048 n-d-847009-1 devstack@placement-api.service[105090]: DEBUG placement.objects.resource_provider [req-61c7398b-3284-42d2-8908-258607caa215 req-df0cc34f-4914-49a7-8584-4c13789a3c2f service placement] Setting aggregates for provider c145914a-9994-4c1a-8fcf-dae6dcc9f181. Successfully disassociated aggregate b28d36a5-4c9c-4e78-ae5b-f05c89712add. {{(pid=105090) _set_aggregates /opt/stack/placement/placement/objects/resource_provider.py:404}}
Jun 21 14:01:24.417826 n-d-847009-1 devstack@placement-api.service[105090]: INFO placement.requestlog [req-61c7398b-3284-42d2-8908-258607caa215 req-df0cc34f-4914-49a7-8584-4c13789a3c2f service placement] 10.222.0.20 "PUT /placement/resource_providers/c145914a-9994-4c1a-8fcf-dae6dcc9f181/aggregates" status: 200 len: 53 microversion: 1.19
Jun 21 14:01:24.418987 n-d-847009-1 devstack@placement-api.service[105090]: [pid: 105090|app: 0|req: 37/73] 10.222.0.20 () {64 vars in 1477 bytes} [Tue Jun 21 14:01:24 2022] PUT /placement/resource_providers/c145914a-9994-4c1a-8fcf-dae6dcc9f181/aggregates => generated 53 bytes in 36 msecs (HTTP/1.1 200) 8 headers in 295 bytes (1 switches on core 0)
Jun 21 14:01:24.610086 n-d-847009-1 devstack@placement-api.service[105091]: DEBUG placement.requestlog [req-3f4a85ea-8801-4aeb-b26c-c39bae7c17b5 req-1c5287fd-0ae2-46bb-b871-f575a01ba2c2 None None] Starting request: 10.222.0.83 "GET /placement/resource_providers/2e5da90c-752a-4fb0-be51-7163d7b42d30/allocations" {{(pid=105091) __call__ /opt/stack/placement/placement/requestlog.py:55}}
Jun 21 14:01:24.653417 n-d-847009-1 devstack@placement-api.service[105090]: DEBUG placement.requestlog [req-aeca062f-cf46-48cb-8b64-32329e626013 req-3f47d185-5152-4ab3-b598-477e94dc3291 None None] Starting request: 10.222.0.20 "GET /placement/resource_providers?name=n-h1-847009-1" {{(pid=105090) __call__ /opt/stack/placement/placement/requestlog.py:55}}
Jun 21 14:01:24.676707 n-d-847009-1 devstack@placement-api.service[105090]: INFO placement.requestlog [req-aeca062f-cf46-48cb-8b64-32329e626013 req-3f47d185-5152-4ab3-b598-477e94dc3291 service placement] 10.222.0.20 "GET /placement/resource_providers?name=n-h1-847009-1" status: 200 len: 440 microversion: 1.0
Jun 21 14:01:24.677101 n-d-847009-1 devstack@placement-api.service[105090]: [pid: 105090|app: 0|req: 38/74] 10.222.0.20 () {58 vars in 1274 bytes} [Tue Jun 21 14:01:24 2022] GET /placement/resource_providers?name=n-h1-847009-1 => generated 440 bytes in 24 msecs (HTTP/1.1 200) 6 headers in 224 bytes (2 switches on core 0)
Jun 21 14:01:24.685097 n-d-847009-1 devstack@placement-api.service[105090]: DEBUG placement.requestlog [req-aeca062f-cf46-48cb-8b64-32329e626013 req-29d2bbf6-c82e-45ef-8b4a-2a0064b147ca None None] Starting request: 10.222.0.20 "GET /placement/resource_providers/c145914a-9994-4c1a-8fcf-dae6dcc9f181/aggregates" {{(pid=105090) __call__ /opt/stack/placement/placement/requestlog.py:55}}
Jun 21 14:01:24.686639 n-d-847009-1 devstack@placement-api.service[105091]: INFO placement.requestlog [req-3f4a85ea-8801-4aeb-b26c-c39bae7c17b5 req-1c5287fd-0ae2-46bb-b871-f575a01ba2c2 service placement] 10.222.0.83 "GET /placement/resource_providers/2e5da90c-752a-4fb0-be51-7163d7b42d30/allocations" status: 200 len: 355 microversion: 1.0
Jun 21 14:01:24.687026 n-d-847009-1 devstack@placement-api.service[105091]: [pid: 105091|app: 0|req: 37/75] 10.222.0.83 () {58 vars in 1390 bytes} [Tue Jun 21 14:01:24 2022] GET /placement/resource_providers/2e5da90c-752a-4fb0-be51-7163d7b42d30/allocations => generated 355 bytes in 77 msecs (HTTP/1.1 200) 6 headers in 224 bytes (2 switches on core 0)
Jun 21 14:01:24.696073 n-d-847009-1 devstack@placement-api.service[105091]: DEBUG placement.requestlog [req-3f4a85ea-8801-4aeb-b26c-c39bae7c17b5 req-995cc6b4-f370-4021-8ff7-7fada9abbb5f None None] Starting request: 10.222.0.83 "GET /placement/allocations/29c7ec94-f141-4300-b132-0544f6af3ac1" {{(pid=105091) __call__ /opt/stack/placement/placement/requestlog.py:55}}
Jun 21 14:01:24.741173 n-d-847009-1 devstack@placement-api.service[105090]: INFO placement.requestlog [req-aeca062f-cf46-48cb-8b64-32329e626013 req-29d2bbf6-c82e-45ef-8b4a-2a0064b147ca service placement] 10.222.0.20 "GET /placement/resource_providers/c145914a-9994-4c1a-8fcf-dae6dcc9f181/aggregates" status: 200 len: 53 microversion: 1.19
Jun 21 14:01:24.742676 n-d-847009-1 devstack@placement-api.service[105090]: [pid: 105090|app: 0|req: 39/76] 10.222.0.20 () {60 vars in 1425 bytes} [Tue Jun 21 14:01:24 2022] GET /placement/resource_providers/c145914a-9994-4c1a-8fcf-dae6dcc9f181/aggregates => generated 53 bytes in 58 msecs (HTTP/1.1 200) 8 headers in 295 bytes (2 switches on core 0)
Jun 21 14:01:24.745633 n-d-847009-1 devstack@placement-api.service[105090]: DEBUG placement.requestlog [req-31f98bea-fd1d-4624-8cf2-cfcbd8d47455 req-ef0e6b2e-8117-40cd-b512-6443f9982312 None None] Starting request: 10.222.0.78 "GET /placement/resource_providers/c145914a-9994-4c1a-8fcf-dae6dcc9f181/allocations" {{(pid=105090) __call__ /opt/stack/placement/placement/requestlog.py:55}}
Jun 21 14:01:24.761358 n-d-847009-1 devstack@placement-api.service[105091]: INFO placement.requestlog [req-3f4a85ea-8801-4aeb-b26c-c39bae7c17b5 req-995cc6b4-f370-4021-8ff7-7fada9abbb5f service placement] 10.222.0.83 "GET /placement/allocations/29c7ec94-f141-4300-b132-0544f6af3ac1" status: 200 len: 258 microversion: 1.28
Jun 21 14:01:24.762065 n-d-847009-1 devstack@placement-api.service[105091]: [pid: 105091|app: 0|req: 38/77] 10.222.0.83 () {60 vars in 1377 bytes} [Tue Jun 21 14:01:24 2022] GET /placement/allocations/29c7ec94-f141-4300-b132-0544f6af3ac1 => generated 258 bytes in 67 msecs (HTTP/1.1 200) 8 headers in 296 bytes (2 switches on core 0)
Jun 21 14:01:24.762394 n-d-847009-1 devstack@placement-api.service[105091]: DEBUG placement.requestlog [req-aeca062f-cf46-48cb-8b64-32329e626013 req-f9356167-aed3-41bc-a76d-083496ec3c40 None None] Starting request: 10.222.0.20 "PUT /placement/resource_providers/c145914a-9994-4c1a-8fcf-dae6dcc9f181/aggregates" {{(pid=105091) __call__ /opt/stack/placement/placement/requestlog.py:55}}
Jun 21 14:01:24.802775 n-d-847009-1 devstack@placement-api.service[105091]: DEBUG placement.objects.resource_provider [req-aeca062f-cf46-48cb-8b64-32329e626013 req-f9356167-aed3-41bc-a76d-083496ec3c40 service placement] _ensure_aggregate() did not find aggregate 2d782d53-dc6e-4c12-b499-8c7120308393. Attempting to create it. {{(pid=105091) _ensure_aggregate /opt/stack/placement/placement/objects/resource_provider.py:321}}
Jun 21 14:01:24.806502 n-d-847009-1 devstack@placement-api.service[105091]: DEBUG placement.objects.resource_provider [req-aeca062f-cf46-48cb-8b64-32329e626013 req-f9356167-aed3-41bc-a76d-083496ec3c40 service placement] _ensure_aggregate() created new aggregate 2d782d53-dc6e-4c12-b499-8c7120308393 (id=3). {{(pid=105091) _ensure_aggregate /opt/stack/placement/placement/objects/resource_provider.py:327}}
Jun 21 14:01:24.809229 n-d-847009-1 devstack@placement-api.service[105091]: DEBUG placement.objects.resource_provider [req-aeca062f-cf46-48cb-8b64-32329e626013 req-f9356167-aed3-41bc-a76d-083496ec3c40 service placement] Setting aggregates for provider c145914a-9994-4c1a-8fcf-dae6dcc9f181. Successfully associated aggregate 2d782d53-dc6e-4c12-b499-8c7120308393. {{(pid=105091) _set_aggregates /opt/stack/placement/placement/objects/resource_provider.py:389}}
Jun 21 14:01:24.819769 n-d-847009-1 devstack@placement-api.service[105091]: INFO placement.requestlog [req-aeca062f-cf46-48cb-8b64-32329e626013 req-f9356167-aed3-41bc-a76d-083496ec3c40 service placement] 10.222.0.20 "PUT /placement/resource_providers/c145914a-9994-4c1a-8fcf-dae6dcc9f181/aggregates" status: 200 len: 91 microversion: 1.19
Jun 21 14:01:24.820368 n-d-847009-1 devstack@placement-api.service[105091]: [pid: 105091|app: 0|req: 39/78] 10.222.0.20 () {64 vars in 1477 bytes} [Tue Jun 21 14:01:24 2022] PUT /placement/resource_providers/c145914a-9994-4c1a-8fcf-dae6dcc9f181/aggregates => generated 91 bytes in 58 msecs (HTTP/1.1 200) 8 headers in 295 bytes (1 switches on core 0)
Jun 21 14:01:24.836609 n-d-847009-1 devstack@placement-api.service[105091]: DEBUG placement.requestlog [req-3f4a85ea-8801-4aeb-b26c-c39bae7c17b5 req-2c024108-ec16-4dbb-b3fe-7e7d6d4803ca None None] Starting request: 10.222.0.83 "GET /placement/allocations/04296eed-f12a-466d-9890-a9b8dea5308f" {{(pid=105091) __call__ /opt/stack/placement/placement/requestlog.py:55}}
Jun 21 14:01:24.838629 n-d-847009-1 devstack@placement-api.service[105090]: INFO placement.requestlog [req-31f98bea-fd1d-4624-8cf2-cfcbd8d47455 req-ef0e6b2e-8117-40cd-b512-6443f9982312 service placement] 10.222.0.78 "GET /placement/resource_providers/c145914a-9994-4c1a-8fcf-dae6dcc9f181/allocations" status: 200 len: 54 microversion: 1.0
Jun 21 14:01:24.843001 n-d-847009-1 devstack@placement-api.service[105090]: [pid: 105090|app: 0|req: 40/79] 10.222.0.78 () {58 vars in 1390 bytes} [Tue Jun 21 14:01:24 2022] GET /placement/resource_providers/c145914a-9994-4c1a-8fcf-dae6dcc9f181/allocations => generated 54 bytes in 98 msecs (HTTP/1.1 200) 6 headers in 223 bytes (1 switches on core 0)
Jun 21 14:01:24.885614 n-d-847009-1 devstack@placement-api.service[105091]: INFO placement.requestlog [req-3f4a85ea-8801-4aeb-b26c-c39bae7c17b5 req-2c024108-ec16-4dbb-b3fe-7e7d6d4803ca service placement] 10.222.0.83 "GET /placement/allocations/04296eed-f12a-466d-9890-a9b8dea5308f" status: 200 len: 258 microversion: 1.28
Jun 21 14:01:24.886041 n-d-847009-1 devstack@placement-api.service[105091]: [pid: 105091|app: 0|req: 40/80] 10.222.0.83 () {60 vars in 1377 bytes} [Tue Jun 21 14:01:24 2022] GET /placement/allocations/04296eed-f12a-466d-9890-a9b8dea5308f => generated 258 bytes in 50 msecs (HTTP/1.1 200) 8 headers in 296 bytes (2 switches on core 0)
Jun 21 14:01:24.892941 n-d-847009-1 devstack@placement-api.service[105090]: DEBUG placement.requestlog [req-3f4a85ea-8801-4aeb-b26c-c39bae7c17b5 req-1660dbd5-f658-424c-ac86-11f668143d06 None None] Starting request: 10.222.0.83 "GET /placement/allocations/d053b6f3-8f16-44cc-84cb-55bcbab611bc" {{(pid=105090) __call__ /opt/stack/placement/placement/requestlog.py:55}}
Jun 21 14:01:24.937409 n-d-847009-1 devstack@placement-api.service[105090]: INFO placement.requestlog [req-3f4a85ea-8801-4aeb-b26c-c39bae7c17b5 req-1660dbd5-f658-424c-ac86-11f668143d06 service placement] 10.222.0.83 "GET /placement/allocations/d053b6f3-8f16-44cc-84cb-55bcbab611bc" status: 200 len: 258 microversion: 1.28
Jun 21 14:01:24.940755 n-d-847009-1 devstack@placement-api.service[105090]: [pid: 105090|app: 0|req: 41/81] 10.222.0.83 () {60 vars in 1377 bytes} [Tue Jun 21 14:01:24 2022] GET /placement/allocations/d053b6f3-8f16-44cc-84cb-55bcbab611bc => generated 258 bytes in 48 msecs (HTTP/1.1 200) 8 headers in 296 bytes (1 switches on core 0)
Jun 21 14:01:24.955574 n-d-847009-1 devstack@placement-api.service[105091]: DEBUG placement.requestlog [req-3f4a85ea-8801-4aeb-b26c-c39bae7c17b5 req-53cc5a0a-2bb0-4e05-b7c8-7557f4959b30 None None] Starting request: 10.222.0.83 "DELETE /placement/allocations/04296eed-f12a-466d-9890-a9b8dea5308f" {{(pid=105091) __call__ /opt/stack/placement/placement/requestlog.py:55}}
Jun 21 14:01:25.009290 n-d-847009-1 devstack@placement-api.service[105090]: DEBUG placement.requestlog [req-0f6803aa-3122-4614-8df9-a5dbcd0304dd req-5a6ea78f-63d8-4690-b2fc-6094039615f4 None None] Starting request: 10.222.0.20 "GET /placement/resource_providers?name=n-h1-847009-1" {{(pid=105090) __call__ /opt/stack/placement/placement/requestlog.py:55}}
Jun 21 14:01:25.032851 n-d-847009-1 devstack@placement-api.service[105090]: INFO placement.requestlog [req-0f6803aa-3122-4614-8df9-a5dbcd0304dd req-5a6ea78f-63d8-4690-b2fc-6094039615f4 service placement] 10.222.0.20 "GET /placement/resource_providers?name=n-h1-847009-1" status: 200 len: 440 microversion: 1.0
Jun 21 14:01:25.034312 n-d-847009-1 devstack@placement-api.service[105090]: [pid: 105090|app: 0|req: 42/82] 10.222.0.20 () {58 vars in 1274 bytes} [Tue Jun 21 14:01:25 2022] GET /placement/resource_providers?name=n-h1-847009-1 => generated 440 bytes in 26 msecs (HTTP/1.1 200) 6 headers in 224 bytes (1 switches on core 0)
Jun 21 14:01:25.040785 n-d-847009-1 devstack@placement-api.service[105091]: DEBUG placement.handlers.allocation [req-3f4a85ea-8801-4aeb-b26c-c39bae7c17b5 req-53cc5a0a-2bb0-4e05-b7c8-7557f4959b30 service placement] Successfully deleted allocations [, , ] {{(pid=105091) delete_allocations /opt/stack/placement/placement/handlers/allocation.py:627}}
Jun 21 14:01:25.041642 n-d-847009-1 devstack@placement-api.service[105091]: INFO placement.requestlog [req-3f4a85ea-8801-4aeb-b26c-c39bae7c17b5 req-53cc5a0a-2bb0-4e05-b7c8-7557f4959b30 service placement] 10.222.0.83 "DELETE /placement/allocations/04296eed-f12a-466d-9890-a9b8dea5308f" status: 204 len: 0 microversion: 1.0
Jun 21 14:01:25.042399 n-d-847009-1 devstack@placement-api.service[105091]: [pid: 105091|app: 0|req: 41/83] 10.222.0.83 () {60 vars in 1355 bytes} [Tue Jun 21 14:01:24 2022] DELETE /placement/allocations/04296eed-f12a-466d-9890-a9b8dea5308f => generated 0 bytes in 87 msecs (HTTP/1.1 204) 5 headers in 198 bytes (1 switches on core 0)
Jun 21 14:01:25.046059 n-d-847009-1 devstack@placement-api.service[105090]: DEBUG placement.requestlog [req-0f6803aa-3122-4614-8df9-a5dbcd0304dd req-d9e43845-210f-4859-b94f-f43339c19d60 None None] Starting request: 10.222.0.20 "GET /placement/resource_providers/c145914a-9994-4c1a-8fcf-dae6dcc9f181/aggregates" {{(pid=105090) __call__ /opt/stack/placement/placement/requestlog.py:55}}
Jun 21 14:01:25.078119 n-d-847009-1 devstack@placement-api.service[105090]: INFO placement.requestlog [req-0f6803aa-3122-4614-8df9-a5dbcd0304dd req-d9e43845-210f-4859-b94f-f43339c19d60 service placement] 10.222.0.20 "GET /placement/resource_providers/c145914a-9994-4c1a-8fcf-dae6dcc9f181/aggregates" status: 200 len: 91 microversion: 1.19
Jun 21 14:01:25.078729 n-d-847009-1 devstack@placement-api.service[105090]: [pid: 105090|app: 0|req: 43/84] 10.222.0.20 () {60 vars in 1425 bytes} [Tue Jun 21 14:01:25 2022] GET /placement/resource_providers/c145914a-9994-4c1a-8fcf-dae6dcc9f181/aggregates => generated 91 bytes in 34 msecs (HTTP/1.1 200) 8 headers in 295 bytes (1 switches on core 0)
Jun 21 14:01:25.086691 n-d-847009-1 devstack@placement-api.service[105091]: DEBUG placement.requestlog [req-0f6803aa-3122-4614-8df9-a5dbcd0304dd req-58da7239-4c2b-4c9c-b4a0-3d336cdb9065 None None] Starting request: 10.222.0.20 "PUT /placement/resource_providers/c145914a-9994-4c1a-8fcf-dae6dcc9f181/aggregates" {{(pid=105091) __call__ /opt/stack/placement/placement/requestlog.py:55}}
Jun 21 14:01:25.119770 n-d-847009-1 devstack@placement-api.service[105090]: DEBUG placement.requestlog [req-31f98bea-fd1d-4624-8cf2-cfcbd8d47455 req-a988873e-08f4-438e-9cdf-62cf070abb64 None None] Starting request: 10.222.0.78 "GET /placement/resource_providers/c145914a-9994-4c1a-8fcf-dae6dcc9f181/allocations" {{(pid=105090) __call__ /opt/stack/placement/placement/requestlog.py:55}}
Jun 21 14:01:25.128456 n-d-847009-1 devstack@placement-api.service[105091]: DEBUG placement.objects.resource_provider [req-0f6803aa-3122-4614-8df9-a5dbcd0304dd req-58da7239-4c2b-4c9c-b4a0-3d336cdb9065 service placement] Setting aggregates for provider c145914a-9994-4c1a-8fcf-dae6dcc9f181. Successfully disassociated aggregate 2d782d53-dc6e-4c12-b499-8c7120308393. {{(pid=105091) _set_aggregates /opt/stack/placement/placement/objects/resource_provider.py:404}}
Jun 21 14:01:25.141688 n-d-847009-1 devstack@placement-api.service[105091]: INFO placement.requestlog [req-0f6803aa-3122-4614-8df9-a5dbcd0304dd req-58da7239-4c2b-4c9c-b4a0-3d336cdb9065 service placement] 10.222.0.20 "PUT /placement/resource_providers/c145914a-9994-4c1a-8fcf-dae6dcc9f181/aggregates" status: 200 len: 53 microversion: 1.19
Jun 21 14:01:25.142475 n-d-847009-1 devstack@placement-api.service[105091]: [pid: 105091|app: 0|req: 42/85] 10.222.0.20 () {64 vars in 1477 bytes} [Tue Jun 21 14:01:25 2022] PUT /placement/resource_providers/c145914a-9994-4c1a-8fcf-dae6dcc9f181/aggregates => generated 53 bytes in 56 msecs (HTTP/1.1 200) 8 headers in 295 bytes (1 switches on core 0)
Jun 21 14:01:25.168656 n-d-847009-1 devstack@placement-api.service[105090]: INFO placement.requestlog [req-31f98bea-fd1d-4624-8cf2-cfcbd8d47455 req-a988873e-08f4-438e-9cdf-62cf070abb64 service placement] 10.222.0.78 "GET /placement/resource_providers/c145914a-9994-4c1a-8fcf-dae6dcc9f181/allocations" status: 200 len: 54 microversion: 1.0
Jun 21 14:01:25.170891 n-d-847009-1 devstack@placement-api.service[105090]: [pid: 105090|app: 0|req: 44/86] 10.222.0.78 () {58 vars in 1390 bytes} [Tue Jun 21 14:01:25 2022] GET /placement/resource_providers/c145914a-9994-4c1a-8fcf-dae6dcc9f181/allocations => generated 54 bytes in 51 msecs (HTTP/1.1 200) 6 headers in 223 bytes (1 switches on core 0)
Jun 21 14:01:26.172511 n-d-847009-1 devstack@placement-api.service[105091]: DEBUG placement.requestlog [req-4eb17972-8f7f-4a3a-9fe6-989a5ef18758 req-4bbb2ea7-f55a-480d-a8e1-9f68f4063c6d None None] Starting request: 10.222.0.20 "GET /placement/resource_providers?name=n-h1-847009-1" {{(pid=105091) __call__ /opt/stack/placement/placement/requestlog.py:55}}
Jun 21 14:01:26.187312 n-d-847009-1 devstack@placement-api.service[105091]: INFO placement.requestlog [req-4eb17972-8f7f-4a3a-9fe6-989a5ef18758 req-4bbb2ea7-f55a-480d-a8e1-9f68f4063c6d service placement] 10.222.0.20 "GET /placement/resource_providers?name=n-h1-847009-1" status: 200 len: 440 microversion: 1.0
Jun 21 14:01:26.194659 n-d-847009-1 devstack@placement-api.service[105091]: [pid: 105091|app: 0|req: 43/87] 10.222.0.20 () {58 vars in 1274 bytes} [Tue Jun 21 14:01:26 2022] GET /placement/resource_providers?name=n-h1-847009-1 => generated 440 bytes in 22 msecs (HTTP/1.1 200) 6 headers in 224 bytes (1 switches on core 0)
Jun 21 14:01:26.198255 n-d-847009-1 devstack@placement-api.service[105090]: DEBUG placement.requestlog [req-4eb17972-8f7f-4a3a-9fe6-989a5ef18758 req-402a1b93-0334-4557-a36f-3ca9823734f5 None None] Starting request: 10.222.0.20 "GET /placement/resource_providers/c145914a-9994-4c1a-8fcf-dae6dcc9f181/aggregates" {{(pid=105090) __call__ /opt/stack/placement/placement/requestlog.py:55}}
Jun 21 14:01:26.217196 n-d-847009-1 devstack@placement-api.service[105090]: INFO placement.requestlog [req-4eb17972-8f7f-4a3a-9fe6-989a5ef18758 req-402a1b93-0334-4557-a36f-3ca9823734f5 service placement] 10.222.0.20 "GET /placement/resource_providers/c145914a-9994-4c1a-8fcf-dae6dcc9f181/aggregates" status: 200 len: 53 microversion: 1.19
Jun 21 14:01:26.218272 n-d-847009-1 devstack@placement-api.service[105090]: [pid: 105090|app: 0|req: 45/88] 10.222.0.20 () {60 vars in 1425 bytes} [Tue Jun 21 14:01:26 2022] GET /placement/resource_providers/c145914a-9994-4c1a-8fcf-dae6dcc9f181/aggregates => generated 53 bytes in 20 msecs (HTTP/1.1 200) 8 headers in 295 bytes (1 switches on core 0)
Jun 21 14:01:26.227015 n-d-847009-1 devstack@placement-api.service[105091]: DEBUG placement.requestlog [req-4eb17972-8f7f-4a3a-9fe6-989a5ef18758 req-0cafbea3-c671-4b31-9e1a-c7e09e702dea None None] Starting request: 10.222.0.20 "PUT /placement/resource_providers/c145914a-9994-4c1a-8fcf-dae6dcc9f181/aggregates" {{(pid=105091) __call__ /opt/stack/placement/placement/requestlog.py:55}}
Jun 21 14:01:26.249864 n-d-847009-1 devstack@placement-api.service[105091]: DEBUG placement.objects.resource_provider [req-4eb17972-8f7f-4a3a-9fe6-989a5ef18758 req-0cafbea3-c671-4b31-9e1a-c7e09e702dea service placement] _ensure_aggregate() did not find aggregate b1358eca-4671-47bc-ae0f-d84b3c26e17d. Attempting to create it. {{(pid=105091) _ensure_aggregate /opt/stack/placement/placement/objects/resource_provider.py:321}}
Jun 21 14:01:26.253789 n-d-847009-1 devstack@placement-api.service[105091]: DEBUG placement.objects.resource_provider [req-4eb17972-8f7f-4a3a-9fe6-989a5ef18758 req-0cafbea3-c671-4b31-9e1a-c7e09e702dea service placement] _ensure_aggregate() created new aggregate b1358eca-4671-47bc-ae0f-d84b3c26e17d (id=4). {{(pid=105091) _ensure_aggregate /opt/stack/placement/placement/objects/resource_provider.py:327}}
Jun 21 14:01:26.256700 n-d-847009-1 devstack@placement-api.service[105091]: DEBUG placement.objects.resource_provider [req-4eb17972-8f7f-4a3a-9fe6-989a5ef18758 req-0cafbea3-c671-4b31-9e1a-c7e09e702dea service placement] Setting aggregates for provider c145914a-9994-4c1a-8fcf-dae6dcc9f181. Successfully associated aggregate b1358eca-4671-47bc-ae0f-d84b3c26e17d. {{(pid=105091) _set_aggregates /opt/stack/placement/placement/objects/resource_provider.py:389}}
Jun 21 14:01:26.264894 n-d-847009-1 devstack@placement-api.service[105091]: INFO placement.requestlog [req-4eb17972-8f7f-4a3a-9fe6-989a5ef18758 req-0cafbea3-c671-4b31-9e1a-c7e09e702dea service placement] 10.222.0.20 "PUT /placement/resource_providers/c145914a-9994-4c1a-8fcf-dae6dcc9f181/aggregates" status: 200 len: 92 microversion: 1.19
Jun 21 14:01:26.282318 n-d-847009-1 devstack@placement-api.service[105091]: [pid: 105091|app: 0|req: 44/89] 10.222.0.20 () {64 vars in 1477 bytes} [Tue Jun 21 14:01:26 2022] PUT /placement/resource_providers/c145914a-9994-4c1a-8fcf-dae6dcc9f181/aggregates => generated 92 bytes in 55 msecs (HTTP/1.1 200) 8 headers in 295 bytes (1 switches on core 0)
Jun 21 14:01:26.749709 n-d-847009-1 devstack@placement-api.service[105090]: DEBUG placement.requestlog [req-57c8d10d-ed0e-4a46-9fe3-2750e5dab097 req-1677bd43-e062-41db-b8ce-bd235cdc7a66 None None] Starting request: 10.222.0.20 "GET /placement/resource_providers?name=n-h1-847009-1" {{(pid=105090) __call__ /opt/stack/placement/placement/requestlog.py:55}}
Jun 21 14:01:26.765224 n-d-847009-1 devstack@placement-api.service[105090]: INFO placement.requestlog [req-57c8d10d-ed0e-4a46-9fe3-2750e5dab097 req-1677bd43-e062-41db-b8ce-bd235cdc7a66 service placement] 10.222.0.20 "GET /placement/resource_providers?name=n-h1-847009-1" status: 200 len: 441 microversion: 1.0
Jun 21 14:01:26.767100 n-d-847009-1 devstack@placement-api.service[105090]: [pid: 105090|app: 0|req: 46/90] 10.222.0.20 () {58 vars in 1274 bytes} [Tue Jun 21 14:01:26 2022] GET /placement/resource_providers?name=n-h1-847009-1 => generated 441 bytes in 18 msecs (HTTP/1.1 200) 6 headers in 224 bytes (1 switches on core 0)
Jun 21 14:01:26.774180 n-d-847009-1 devstack@placement-api.service[105091]: DEBUG placement.requestlog [req-57c8d10d-ed0e-4a46-9fe3-2750e5dab097 req-dbc24276-c5e5-403c-9cfb-5d7fdd33b826 None None] Starting request: 10.222.0.20 "GET /placement/resource_providers/c145914a-9994-4c1a-8fcf-dae6dcc9f181/aggregates" {{(pid=105091) __call__ /opt/stack/placement/placement/requestlog.py:55}}
Jun 21 14:01:26.793012 n-d-847009-1 devstack@placement-api.service[105091]: INFO placement.requestlog [req-57c8d10d-ed0e-4a46-9fe3-2750e5dab097 req-dbc24276-c5e5-403c-9cfb-5d7fdd33b826 service placement] 10.222.0.20 "GET /placement/resource_providers/c145914a-9994-4c1a-8fcf-dae6dcc9f181/aggregates" status: 200 len: 92 microversion: 1.19
Jun 21 14:01:26.794162 n-d-847009-1 devstack@placement-api.service[105091]: [pid: 105091|app: 0|req: 45/91] 10.222.0.20 () {60 vars in 1425 bytes} [Tue Jun 21 14:01:26 2022] GET /placement/resource_providers/c145914a-9994-4c1a-8fcf-dae6dcc9f181/aggregates => generated 92 bytes in 20 msecs (HTTP/1.1 200) 8 headers in 295 bytes (1 switches on core 0)
Jun 21 14:01:26.800794 n-d-847009-1 devstack@placement-api.service[105090]: DEBUG placement.requestlog [req-57c8d10d-ed0e-4a46-9fe3-2750e5dab097 req-9dfb2730-4647-4be8-b37b-181548fb2e3c None None] Starting request: 10.222.0.20 "PUT /placement/resource_providers/c145914a-9994-4c1a-8fcf-dae6dcc9f181/aggregates" {{(pid=105090) __call__ /opt/stack/placement/placement/requestlog.py:55}}
Jun 21 14:01:26.818786 n-d-847009-1 devstack@placement-api.service[105090]: DEBUG placement.objects.resource_provider [req-57c8d10d-ed0e-4a46-9fe3-2750e5dab097 req-9dfb2730-4647-4be8-b37b-181548fb2e3c service placement] Setting aggregates for provider c145914a-9994-4c1a-8fcf-dae6dcc9f181. Successfully disassociated aggregate b1358eca-4671-47bc-ae0f-d84b3c26e17d. {{(pid=105090) _set_aggregates /opt/stack/placement/placement/objects/resource_provider.py:404}}
Jun 21 14:01:26.825215 n-d-847009-1 devstack@placement-api.service[105090]: INFO placement.requestlog [req-57c8d10d-ed0e-4a46-9fe3-2750e5dab097 req-9dfb2730-4647-4be8-b37b-181548fb2e3c service placement] 10.222.0.20 "PUT /placement/resource_providers/c145914a-9994-4c1a-8fcf-dae6dcc9f181/aggregates" status: 200 len: 54 microversion: 1.19
Jun 21 14:01:26.826406 n-d-847009-1 devstack@placement-api.service[105090]: [pid: 105090|app: 0|req: 47/92] 10.222.0.20 () {64 vars in 1477 bytes} [Tue Jun 21 14:01:26 2022] PUT /placement/resource_providers/c145914a-9994-4c1a-8fcf-dae6dcc9f181/aggregates => generated 54 bytes in 26 msecs (HTTP/1.1 200) 8 headers in 295 bytes (1 switches on core 0)
Jun 21 14:01:27.326930 n-d-847009-1 devstack@placement-api.service[105091]: DEBUG placement.requestlog [req-352ec139-26bc-4c5c-aadf-4826173d232e req-7b9994f7-be52-4c0a-b4c0-d736693b8ae3 None None] Starting request: 10.222.0.83 "GET /placement/resource_providers/2e5da90c-752a-4fb0-be51-7163d7b42d30/allocations" {{(pid=105091) __call__ /opt/stack/placement/placement/requestlog.py:55}}
Jun 21 14:01:27.366615 n-d-847009-1 devstack@placement-api.service[105091]: INFO placement.requestlog [req-352ec139-26bc-4c5c-aadf-4826173d232e req-7b9994f7-be52-4c0a-b4c0-d736693b8ae3 service placement] 10.222.0.83 "GET /placement/resource_providers/2e5da90c-752a-4fb0-be51-7163d7b42d30/allocations" status: 200 len: 254 microversion: 1.0
Jun 21 14:01:27.373120 n-d-847009-1 devstack@placement-api.service[105091]: [pid: 105091|app: 0|req: 46/93] 10.222.0.83 () {58 vars in 1390 bytes} [Tue Jun 21 14:01:27 2022] GET /placement/resource_providers/2e5da90c-752a-4fb0-be51-7163d7b42d30/allocations => generated 254 bytes in 40 msecs (HTTP/1.1 200) 6 headers in 224 bytes (1 switches on core 0)
Jun 21 14:01:27.775496 n-d-847009-1 devstack@placement-api.service[105090]: DEBUG placement.requestlog [req-352ec139-26bc-4c5c-aadf-4826173d232e req-120165f4-7b28-4b86-b946-fdb3264ba91f None None] Starting request: 10.222.0.83 "GET /placement/resource_providers/2e5da90c-752a-4fb0-be51-7163d7b42d30/allocations" {{(pid=105090) __call__ /opt/stack/placement/placement/requestlog.py:55}}
Jun 21 14:01:27.828175 n-d-847009-1 devstack@placement-api.service[105090]: INFO placement.requestlog [req-352ec139-26bc-4c5c-aadf-4826173d232e req-120165f4-7b28-4b86-b946-fdb3264ba91f service placement] 10.222.0.83 "GET /placement/resource_providers/2e5da90c-752a-4fb0-be51-7163d7b42d30/allocations" status: 200 len: 254 microversion: 1.0
Jun 21 14:01:27.828876 n-d-847009-1 devstack@placement-api.service[105090]: [pid: 105090|app: 0|req: 48/94] 10.222.0.83 () {58 vars in 1390 bytes} [Tue Jun 21 14:01:27 2022] GET /placement/resource_providers/2e5da90c-752a-4fb0-be51-7163d7b42d30/allocations => generated 254 bytes in 54 msecs (HTTP/1.1 200) 6 headers in 224 bytes (1 switches on core 0)
Jun 21 14:01:27.836604 n-d-847009-1 devstack@placement-api.service[105091]: DEBUG placement.requestlog [req-352ec139-26bc-4c5c-aadf-4826173d232e req-98ecb610-824b-464b-9945-e84b0dfc4420 None None] Starting request: 10.222.0.83 "GET /placement/allocations/29c7ec94-f141-4300-b132-0544f6af3ac1" {{(pid=105091) __call__ /opt/stack/placement/placement/requestlog.py:55}}
Jun 21 14:01:27.892843 n-d-847009-1 devstack@placement-api.service[105091]: INFO placement.requestlog [req-352ec139-26bc-4c5c-aadf-4826173d232e req-98ecb610-824b-464b-9945-e84b0dfc4420 service placement] 10.222.0.83 "GET /placement/allocations/29c7ec94-f141-4300-b132-0544f6af3ac1" status: 200 len: 258 microversion: 1.28
Jun 21 14:01:27.893543 n-d-847009-1 devstack@placement-api.service[105091]: [pid: 105091|app: 0|req: 47/95] 10.222.0.83 () {60 vars in 1377 bytes} [Tue Jun 21 14:01:27 2022] GET /placement/allocations/29c7ec94-f141-4300-b132-0544f6af3ac1 => generated 258 bytes in 57 msecs (HTTP/1.1 200) 8 headers in 296 bytes (2 switches on core 0)
Jun 21 14:01:27.900323 n-d-847009-1 devstack@placement-api.service[105090]: DEBUG placement.requestlog [req-352ec139-26bc-4c5c-aadf-4826173d232e req-e237800f-1e59-443d-bcc7-c1012354f8a9 None None] Starting request: 10.222.0.83 "GET /placement/allocations/d053b6f3-8f16-44cc-84cb-55bcbab611bc" {{(pid=105090) __call__ /opt/stack/placement/placement/requestlog.py:55}}
Jun 21 14:01:27.924771 n-d-847009-1 devstack@placement-api.service[105090]: INFO placement.requestlog [req-352ec139-26bc-4c5c-aadf-4826173d232e req-e237800f-1e59-443d-bcc7-c1012354f8a9 service placement] 10.222.0.83 "GET /placement/allocations/d053b6f3-8f16-44cc-84cb-55bcbab611bc" status: 200 len: 258 microversion: 1.28
Jun 21 14:01:27.925204 n-d-847009-1 devstack@placement-api.service[105090]: [pid: 105090|app: 0|req: 49/96] 10.222.0.83 () {60 vars in 1377 bytes} [Tue Jun 21 14:01:27 2022] GET /placement/allocations/d053b6f3-8f16-44cc-84cb-55bcbab611bc => generated 258 bytes in 25 msecs (HTTP/1.1 200) 8 headers in 296 bytes (2 switches on core 0)
Jun 21 14:01:28.403794 n-d-847009-1 devstack@placement-api.service[105091]: DEBUG placement.requestlog [req-453995b9-9cb0-4638-87a0-654efb09739b req-e6bbb06a-ddce-4a74-a3b6-a2452209221b None None] Starting request: 10.222.0.20 "GET /placement/resource_providers?name=n-h1-847009-1" {{(pid=105091) __call__ /opt/stack/placement/placement/requestlog.py:55}}
Jun 21 14:01:28.423891 n-d-847009-1 devstack@placement-api.service[105091]: INFO placement.requestlog [req-453995b9-9cb0-4638-87a0-654efb09739b req-e6bbb06a-ddce-4a74-a3b6-a2452209221b service placement] 10.222.0.20 "GET /placement/resource_providers?name=n-h1-847009-1" status: 200 len: 441 microversion: 1.0
Jun 21 14:01:28.430310 n-d-847009-1 devstack@placement-api.service[105091]: [pid: 105091|app: 0|req: 48/97] 10.222.0.20 () {58 vars in 1274 bytes} [Tue Jun 21 14:01:28 2022] GET /placement/resource_providers?name=n-h1-847009-1 => generated 441 bytes in 26 msecs (HTTP/1.1 200) 6 headers in 224 bytes (1 switches on core 0)
Jun 21 14:01:28.432600 n-d-847009-1 devstack@placement-api.service[105090]: DEBUG placement.requestlog [req-453995b9-9cb0-4638-87a0-654efb09739b req-3c79ac08-4e6b-4672-9ec7-11a711a92227 None None] Starting request: 10.222.0.20 "GET /placement/resource_providers/c145914a-9994-4c1a-8fcf-dae6dcc9f181/aggregates" {{(pid=105090) __call__ /opt/stack/placement/placement/requestlog.py:55}}
Jun 21 14:01:28.451179 n-d-847009-1 devstack@placement-api.service[105090]: INFO placement.requestlog [req-453995b9-9cb0-4638-87a0-654efb09739b req-3c79ac08-4e6b-4672-9ec7-11a711a92227 service placement] 10.222.0.20 "GET /placement/resource_providers/c145914a-9994-4c1a-8fcf-dae6dcc9f181/aggregates" status: 200 len: 54 microversion: 1.19
Jun 21 14:01:28.468462 n-d-847009-1 devstack@placement-api.service[105091]: DEBUG placement.requestlog [req-453995b9-9cb0-4638-87a0-654efb09739b req-03e6d12e-919e-4ad7-bbf8-c9f698eb3f30 None None] Starting request: 10.222.0.20 "PUT /placement/resource_providers/c145914a-9994-4c1a-8fcf-dae6dcc9f181/aggregates" {{(pid=105091) __call__ /opt/stack/placement/placement/requestlog.py:55}}
Jun 21 14:01:28.476882 n-d-847009-1 devstack@placement-api.service[105090]: [pid: 105090|app: 0|req: 50/98] 10.222.0.20 () {60 vars in 1425 bytes} [Tue Jun 21 14:01:28 2022] GET /placement/resource_providers/c145914a-9994-4c1a-8fcf-dae6dcc9f181/aggregates => generated 54 bytes in 34 msecs (HTTP/1.1 200) 8 headers in 295 bytes (2 switches on core 0)
Jun 21 14:01:28.503890 n-d-847009-1 devstack@placement-api.service[105091]: DEBUG placement.objects.resource_provider [req-453995b9-9cb0-4638-87a0-654efb09739b req-03e6d12e-919e-4ad7-bbf8-c9f698eb3f30 service placement] _ensure_aggregate() did not find aggregate 3763ae55-1776-49f4-ba2b-0fb832fdf5e0. Attempting to create it. {{(pid=105091) _ensure_aggregate /opt/stack/placement/placement/objects/resource_provider.py:321}}
Jun 21 14:01:28.506284 n-d-847009-1 devstack@placement-api.service[105091]: DEBUG placement.objects.resource_provider [req-453995b9-9cb0-4638-87a0-654efb09739b req-03e6d12e-919e-4ad7-bbf8-c9f698eb3f30 service placement] _ensure_aggregate() created new aggregate 3763ae55-1776-49f4-ba2b-0fb832fdf5e0 (id=5). {{(pid=105091) _ensure_aggregate /opt/stack/placement/placement/objects/resource_provider.py:327}}
Jun 21 14:01:28.510285 n-d-847009-1 devstack@placement-api.service[105091]: DEBUG placement.objects.resource_provider [req-453995b9-9cb0-4638-87a0-654efb09739b req-03e6d12e-919e-4ad7-bbf8-c9f698eb3f30 service placement] Setting aggregates for provider c145914a-9994-4c1a-8fcf-dae6dcc9f181. Successfully associated aggregate 3763ae55-1776-49f4-ba2b-0fb832fdf5e0. {{(pid=105091) _set_aggregates /opt/stack/placement/placement/objects/resource_provider.py:389}}
Jun 21 14:01:28.522769 n-d-847009-1 devstack@placement-api.service[105091]: INFO placement.requestlog [req-453995b9-9cb0-4638-87a0-654efb09739b req-03e6d12e-919e-4ad7-bbf8-c9f698eb3f30 service placement] 10.222.0.20 "PUT /placement/resource_providers/c145914a-9994-4c1a-8fcf-dae6dcc9f181/aggregates" status: 200 len: 92 microversion: 1.19
Jun 21 14:01:28.539424 n-d-847009-1 devstack@placement-api.service[105091]: [pid: 105091|app: 0|req: 49/99] 10.222.0.20 () {64 vars in 1477 bytes} [Tue Jun 21 14:01:28 2022] PUT /placement/resource_providers/c145914a-9994-4c1a-8fcf-dae6dcc9f181/aggregates => generated 92 bytes in 71 msecs (HTTP/1.1 200) 8 headers in 295 bytes (1 switches on core 0)
Jun 21 14:01:28.709737 n-d-847009-1 devstack@placement-api.service[105090]: DEBUG placement.requestlog [req-2c47fcf7-aafe-427f-8a9f-dd846d14f32b req-ebd69884-828c-46ec-9214-dc016e7bfa90 None None] Starting request: 10.222.0.20 "GET /placement/resource_providers?name=n-h1-847009-1" {{(pid=105090) __call__ /opt/stack/placement/placement/requestlog.py:55}}
Jun 21 14:01:28.728563 n-d-847009-1 devstack@placement-api.service[105090]: INFO placement.requestlog [req-2c47fcf7-aafe-427f-8a9f-dd846d14f32b req-ebd69884-828c-46ec-9214-dc016e7bfa90 service placement] 10.222.0.20 "GET /placement/resource_providers?name=n-h1-847009-1" status: 200 len: 441 microversion: 1.0
Jun 21 14:01:28.729342 n-d-847009-1 devstack@placement-api.service[105090]: [pid: 105090|app: 0|req: 51/100] 10.222.0.20 () {58 vars in 1274 bytes} [Tue Jun 21 14:01:28 2022] GET /placement/resource_providers?name=n-h1-847009-1 => generated 441 bytes in 20 msecs (HTTP/1.1 200) 6 headers in 224 bytes (1 switches on core 0)
Jun 21 14:01:28.757466 n-d-847009-1 devstack@placement-api.service[105091]: DEBUG placement.requestlog [req-2c47fcf7-aafe-427f-8a9f-dd846d14f32b req-7e149eea-4fc3-474e-8307-08dabd644dec None None] Starting request: 10.222.0.20 "GET /placement/resource_providers/c145914a-9994-4c1a-8fcf-dae6dcc9f181/aggregates" {{(pid=105091) __call__ /opt/stack/placement/placement/requestlog.py:55}}
Jun 21 14:01:28.761188 n-d-847009-1 devstack@placement-api.service[105090]: DEBUG placement.requestlog [req-2da5c967-f046-4b1e-aaf8-80f823cf8def req-6ebecac3-c371-4ee6-b092-94a8daab60a8 None None] Starting request: 10.222.0.20 "GET /placement/allocation_candidates?limit=1000&resources=DISK_GB%3A1%2CMEMORY_MB%3A1024%2CVCPU%3A1&root_required=%21COMPUTE_STATUS_DISABLED" {{(pid=105090) __call__ /opt/stack/placement/placement/requestlog.py:55}}
Jun 21 14:01:28.771605 n-d-847009-1 devstack@placement-api.service[105091]: DEBUG dbcounter [-] [105091] Writing DB stats placement:SELECT=82,placement:DELETE=4,placement:UPDATE=6,placement:INSERT=8 {{(pid=105091) stat_writer /usr/local/lib/python3.8/dist-packages/dbcounter.py:114}}
Jun 21 14:01:28.785684 n-d-847009-1 devstack@placement-api.service[105091]: INFO placement.requestlog [req-2c47fcf7-aafe-427f-8a9f-dd846d14f32b req-7e149eea-4fc3-474e-8307-08dabd644dec service placement] 10.222.0.20 "GET /placement/resource_providers/c145914a-9994-4c1a-8fcf-dae6dcc9f181/aggregates" status: 200 len: 92 microversion: 1.19
Jun 21 14:01:28.788117 n-d-847009-1 devstack@placement-api.service[105091]: [pid: 105091|app: 0|req: 50/101] 10.222.0.20 () {60 vars in 1425 bytes} [Tue Jun 21 14:01:28 2022] GET /placement/resource_providers/c145914a-9994-4c1a-8fcf-dae6dcc9f181/aggregates => generated 92 bytes in 31 msecs (HTTP/1.1 200) 8 headers in 295 bytes (1 switches on core 0)
Jun 21 14:01:28.796198 n-d-847009-1 devstack@placement-api.service[105091]: DEBUG placement.requestlog [req-2c47fcf7-aafe-427f-8a9f-dd846d14f32b req-092da64a-70f9-4fcc-8517-d39c7d43bd3e None None] Starting request: 10.222.0.20 "PUT /placement/resource_providers/c145914a-9994-4c1a-8fcf-dae6dcc9f181/aggregates" {{(pid=105091) __call__ /opt/stack/placement/placement/requestlog.py:55}}
